The Swift Package Index logo.Swift Package Index

Build Information

Failed to build DSFSecureTextField, reference 3.0.0 (5287ce), with Swift 6.3 for Wasm on 14 Aug 2026 07:23:52 UTC.

Build Command

bash -c docker run --pull=always --rm -v "checkouts-54344843-0":/host -w "$PWD" -e JAVA_HOME="/root/.sdkman/candidates/java/current" -e SPI_BUILD="1" -e SPI_PROCESSING="1" registry.gitlab.com/saguaro1/spi-images:wasm-6.3-latest swift build --swift-sdk swift-6.3.2-RELEASE_wasm 2>&1

Build Log

========================================
RunAll
========================================
Builder version: 5.0.1
Interrupt handler set up.
========================================
Checkout
========================================
Clone URL: https://github.com/dagronf/DSFSecureTextField.git
Reference: 3.0.0
Initialized empty Git repository in /host/spi-builder-workspace/.git/
hint: Using 'master' as the name for the initial branch. This default branch name
hint: is subject to change. To configure the initial branch name to use in all
hint: of your new repositories, which will suppress this warning, call:
hint:
hint: 	git config --global init.defaultBranch <name>
hint:
hint: Names commonly chosen instead of 'master' are 'main', 'trunk' and
hint: 'development'. The just-created branch can be renamed via this command:
hint:
hint: 	git branch -m <name>
From https://github.com/dagronf/DSFSecureTextField
 * tag               3.0.0      -> FETCH_HEAD
HEAD is now at 5287cea Small updates to handle Xcode previews
Cloned https://github.com/dagronf/DSFSecureTextField.git
Revision (git rev-parse @):
5287cea1657dc65db32516fd1698f3e1b9fb974b
SUCCESS checkout https://github.com/dagronf/DSFSecureTextField.git at 3.0.0
========================================
Build
========================================
Selected platform:         wasm
Swift version:             6.3
Building package at path:  $PWD
https://github.com/dagronf/DSFSecureTextField.git
Running build ...
bash -c docker run --pull=always --rm -v "checkouts-54344843-0":/host -w "$PWD" -e JAVA_HOME="/root/.sdkman/candidates/java/current" -e SPI_BUILD="1" -e SPI_PROCESSING="1" registry.gitlab.com/saguaro1/spi-images:wasm-6.3-latest swift build --swift-sdk swift-6.3.2-RELEASE_wasm 2>&1
wasm-6.3-latest: Pulling from saguaro1/spi-images
Digest: sha256:e92e38b97676c18adb57b57429ddfb766786102cb50cb918e0d9e8055d05b35d
Status: Image is up to date for registry.gitlab.com/saguaro1/spi-images:wasm-6.3-latest
Building for debugging...
[0/7] Write sources
[1/7] Write swift-version-24593BA9C3E375BF.txt
error: emit-module command failed with exit code 1 (use -v to see invocation)
[3/11] Emitting module DSFSecureTextField
/host/spi-builder-workspace/Sources/DSFSecureTextField/DSFSecureTextField.swift:27:8: error: no such module 'AppKit'
 25 | //  SOFTWARE.
 26 |
 27 | import AppKit
    |        `- error: no such module 'AppKit'
 28 |
 29 | /// A secure text field with the ability to (optionally) show the plain text password
[4/11] Compiling DSFSecureTextField DesignTime+PreviewBackport.swift
/host/spi-builder-workspace/Sources/DSFSecureTextField/DSFSecureTextField.swift:27:8: error: no such module 'AppKit'
 25 | //  SOFTWARE.
 26 |
 27 | import AppKit
    |        `- error: no such module 'AppKit'
 28 |
 29 | /// A secure text field with the ability to (optionally) show the plain text password
[5/11] Compiling DSFSecureTextField DSFSecureTextField.swift
/host/spi-builder-workspace/Sources/DSFSecureTextField/DSFSecureTextField.swift:27:8: error: no such module 'AppKit'
 25 | //  SOFTWARE.
 26 |
 27 | import AppKit
    |        `- error: no such module 'AppKit'
 28 |
 29 | /// A secure text field with the ability to (optionally) show the plain text password
[6/11] Compiling DSFSecureTextField DSFPasswordButton.swift
/host/spi-builder-workspace/Sources/DSFSecureTextField/DSFSecureTextField.swift:27:8: error: no such module 'AppKit'
 25 | //  SOFTWARE.
 26 |
 27 | import AppKit
    |        `- error: no such module 'AppKit'
 28 |
 29 | /// A secure text field with the ability to (optionally) show the plain text password
BUILD FAILURE 6.3 wasm