The Swift Package Index logo.Swift Package Index

Build Information

Failed to build NotationView, reference 0.1.0 (edf140), with Swift 6.4 for Wasm on 16 Sep 2026 16:00:49 UTC.

Build Command

bash -c docker run --pull=always --rm -v "checkouts-54344843-1":/host -w "$PWD" -e JAVA_HOME="/root/.sdkman/candidates/java/current" -e SPI_BUILD="1" -e SPI_PROCESSING="1" registry.gitlab.com/saguaro1/spi-images:wasm-6.4-latest swift build --swift-sdk swift-6.4.x-DEVELOPMENT-SNAPSHOT-2026-09-04-a_wasm 2>&1

Build Log

========================================
RunAll
========================================
Builder version: 5.1.0
Interrupt handler set up.
========================================
Checkout
========================================
Clone URL: https://github.com/dn-m/notationview.git
Reference: 0.1.0
Initialized empty Git repository in /host/spi-builder-workspace/.git/
hint: Using 'master' as the name for the initial branch. This default branch name
hint: is subject to change. To configure the initial branch name to use in all
hint: of your new repositories, which will suppress this warning, call:
hint:
hint: 	git config --global init.defaultBranch <name>
hint:
hint: Names commonly chosen instead of 'master' are 'main', 'trunk' and
hint: 'development'. The just-created branch can be renamed via this command:
hint:
hint: 	git branch -m <name>
From https://github.com/dn-m/notationview
 * tag               0.1.0      -> FETCH_HEAD
HEAD is now at edf1405 Merge pull request #18 from dn-m/update
Cloned https://github.com/dn-m/notationview.git
Revision (git rev-parse @):
edf1405c78b0b8c5d447164ce831a9adc5785d3f
SUCCESS checkout https://github.com/dn-m/notationview.git at 0.1.0
========================================
Build
========================================
Selected platform:         wasm
Swift version:             6.4
Building package at path:  $PWD
https://github.com/dn-m/notationview.git
Running build ...
bash -c docker run --pull=always --rm -v "checkouts-54344843-1":/host -w "$PWD" -e JAVA_HOME="/root/.sdkman/candidates/java/current" -e SPI_BUILD="1" -e SPI_PROCESSING="1" registry.gitlab.com/saguaro1/spi-images:wasm-6.4-latest swift build --swift-sdk swift-6.4.x-DEVELOPMENT-SNAPSHOT-2026-09-04-a_wasm 2>&1
wasm-6.4-latest: Pulling from saguaro1/spi-images
Digest: sha256:4328fdb43c680d205c1d6761b1e3267aa38277eefdda9ddfb17b6a0f1a77857a
Status: Image is up to date for registry.gitlab.com/saguaro1/spi-images:wasm-6.4-latest
Fetching https://github.com/dn-m/Graphics
Fetching https://github.com/dn-m/NotationModel
[1/13161] Fetching notationmodel
Fetched https://github.com/dn-m/NotationModel (0.57s)
[1/1158] Fetching graphics
Fetched https://github.com/dn-m/Graphics (0.69s)
Computing version for https://github.com/dn-m/NotationModel
Computed https://github.com/dn-m/NotationModel at 0.9.0 (1.76s)
Fetching https://github.com/dn-m/Music
Fetching https://github.com/dn-m/Structure
Fetching https://github.com/dn-m/Math
[1/5829] Fetching structure
[4840/10025] Fetching structure, music
[5831/10866] Fetching structure, music, math
Fetched https://github.com/dn-m/Math (0.49s)
Fetched https://github.com/dn-m/Structure (0.49s)
[504/4196] Fetching music
Fetched https://github.com/dn-m/Music (0.54s)
Computing version for https://github.com/dn-m/Math
Computed https://github.com/dn-m/Math at 0.8.0 (0.73s)
Computing version for https://github.com/dn-m/Music
Computed https://github.com/dn-m/Music at 0.17.1 (0.19s)
Computing version for https://github.com/dn-m/Graphics
Computed https://github.com/dn-m/Graphics at 0.4.1 (0.20s)
Fetching https://github.com/drmohundro/SWXMLHash
[1/2865] Fetching swxmlhash
Fetched https://github.com/drmohundro/SWXMLHash (1.17s)
Computing version for https://github.com/dn-m/Structure
Computed https://github.com/dn-m/Structure at 0.25.0 (1.36s)
Fetching https://github.com/dn-m/PerformanceTesting
[1/1525] Fetching performancetesting
Fetched https://github.com/dn-m/PerformanceTesting (0.50s)
Computing version for https://github.com/dn-m/PerformanceTesting
Computed https://github.com/dn-m/PerformanceTesting at 0.4.0 (0.72s)
Computing version for https://github.com/drmohundro/SWXMLHash
Computed https://github.com/drmohundro/SWXMLHash at 4.9.0 (1.41s)
Creating working copy for https://github.com/dn-m/Music
Working copy of https://github.com/dn-m/Music resolved at 0.17.1
Creating working copy for https://github.com/dn-m/Math
Working copy of https://github.com/dn-m/Math resolved at 0.8.0
Creating working copy for https://github.com/dn-m/Graphics
Working copy of https://github.com/dn-m/Graphics resolved at 0.4.1
Creating working copy for https://github.com/dn-m/NotationModel
Working copy of https://github.com/dn-m/NotationModel resolved at 0.9.0
Creating working copy for https://github.com/dn-m/PerformanceTesting
Working copy of https://github.com/dn-m/PerformanceTesting resolved at 0.4.0
Creating working copy for https://github.com/dn-m/Structure
Working copy of https://github.com/dn-m/Structure resolved at 0.25.0
Creating working copy for https://github.com/drmohundro/SWXMLHash
Working copy of https://github.com/drmohundro/SWXMLHash resolved at 4.9.0
Building for debugging...
[Computing dependencies]
[Pre-planning 1 / 655]
[Planning deferred tasks]
[108 / 238] Destructure
[123 / 258] Algebra
[124 / 258] Algorithms
[134 / 258] Algorithms
[136 / 258] Algebra
[140 / 258] Algebra-product
[153 / 270] DataStructures
[155 / 271] Destructure
[157 / 271] Algorithms
[162 / 271] DataStructures
[179 / 291] PlotModel
error: SwiftCompile normal wasm32 /host/spi-builder-workspace/.build/checkouts/Math/Sources/Math/Bitwise.swift failed with a nonzero exit code. Command line:     cd /host
    builtin-SwiftPerFileCompile Bitwise.swift
error: SwiftCompile normal wasm32 /host/spi-builder-workspace/.build/checkouts/Math/Sources/Math/CollectionExtensions.swift failed with a nonzero exit code. Command line:     cd /host
    builtin-SwiftPerFileCompile CollectionExtensions.swift
/host/spi-builder-workspace/.build/checkouts/Math/Sources/Math/DoubleExtensions.swift:15:8: error: no such module 'Darwin.C'
13 | import Glibc
14 | #else
15 | import Darwin.C
   |        `- error: no such module 'Darwin.C'
16 | #endif
17 |
Failed frontend command:
/usr/bin/swift-frontend -frontend -c -primary-file /host/spi-builder-workspace/.build/checkouts/Math/Sources/Math/Bitwise.swift -primary-file /host/spi-builder-workspace/.build/checkouts/Math/Sources/Math/CollectionExtensions.swift /host/spi-builder-workspace/.build/checkouts/Math/Sources/Math/DoubleExtensions.swift /host/spi-builder-workspace/.build/checkouts/Math/Sources/Math/Fraction.swift /host/spi-builder-workspace/.build/checkouts/Math/Sources/Math/Functions.swift /host/spi-builder-workspace/.build/checkouts/Math/Sources/Math/GCDDomain.swift /host/spi-builder-workspace/.build/checkouts/Math/Sources/Math/IntegerExtensions.swift /host/spi-builder-workspace/.build/checkouts/Math/Sources/Math/LinearRegression.swift /host/spi-builder-workspace/.build/checkouts/Math/Sources/Math/Power.swift /host/spi-builder-workspace/.build/checkouts/Math/Sources/Math/PowerOfTwoSequence.swift /host/spi-builder-workspace/.build/checkouts/Math/Sources/Math/Proximity.swift /host/spi-builder-workspace/.build/checkouts/Math/Sources/Math/Quadratic.swift /host/spi-builder-workspace/.build/checkouts/Math/Sources/Math/Rational.swift /host/spi-builder-workspace/.build/checkouts/Math/Sources/Math/Scale.swift -emit-dependencies-path /host/spi-builder-workspace/.build/out/Intermediates.noindex/Math.build/Debug-webassembly-wasm32/Math-t.build/Objects-normal/wasm32/Bitwise.d -emit-const-values-path /host/spi-builder-workspace/.build/out/Intermediates.noindex/Math.build/Debug-webassembly-wasm32/Math-t.build/Objects-normal/wasm32/Bitwise.swiftconstvalues -emit-reference-dependencies-path /host/spi-builder-workspace/.build/out/Intermediates.noindex/Math.build/Debug-webassembly-wasm32/Math-t.build/Objects-normal/wasm32/Bitwise.swiftdeps -serialize-diagnostics-path /host/spi-builder-workspace/.build/out/Intermediates.noindex/Math.build/Debug-webassembly-wasm32/Math-t.build/Objects-normal/wasm32/Bitwise.dia -emit-dependencies-path /host/spi-builder-workspace/.build/out/Intermediates.noindex/Math.build/Debug-webassembly-wasm32/Math-t.build/Objects-normal/wasm32/CollectionExtensions.d -emit-const-values-path /host/spi-builder-workspace/.build/out/Intermediates.noindex/Math.build/Debug-webassembly-wasm32/Math-t.build/Objects-normal/wasm32/CollectionExtensions.swiftconstvalues -emit-reference-dependencies-path /host/spi-builder-workspace/.build/out/Intermediates.noindex/Math.build/Debug-webassembly-wasm32/Math-t.build/Objects-normal/wasm32/CollectionExtensions.swiftdeps -serialize-diagnostics-path /host/spi-builder-workspace/.build/out/Intermediates.noindex/Math.build/Debug-webassembly-wasm32/Math-t.build/Objects-normal/wasm32/CollectionExtensions.dia -target wasm32-unknown-wasip1 -disable-objc-interop -sdk /root/.swiftpm/swift-sdks/swift-6.4.x-DEVELOPMENT-SNAPSHOT-2026-09-04-a_wasm.artifactbundle/swift-6.4.x-DEVELOPMENT-SNAPSHOT-2026-09-04-a_wasm/wasm32-unknown-wasip1/WASI.sdk -sysroot /root/.swiftpm/swift-sdks/swift-6.4.x-DEVELOPMENT-SNAPSHOT-2026-09-04-a_wasm.artifactbundle/swift-6.4.x-DEVELOPMENT-SNAPSHOT-2026-09-04-a_wasm/wasm32-unknown-wasip1/WASI.sdk -I /host/spi-builder-workspace/.build/out/Products/Debug-webassembly-wasm32 -module-cache-path /host/spi-builder-workspace/.build/out/ModuleCache.noindex -color-diagnostics -Xcc -fcolor-diagnostics -enable-testing -g -debug-info-format\=dwarf -dwarf-version\=4 -suppress-warnings -swift-version 4.2 -Onone -D SWIFT_PACKAGE -D DEBUG -D SWIFT_MODULE_RESOURCE_BUNDLE_UNAVAILABLE -D Xcode -serialize-debugging-options -enable-experimental-feature DebugDescriptionMacro -empty-abi-descriptor -external-plugin-path /usr/lib/swift/host/plugins/testing\#/usr/bin/swift-plugin-server -validate-clang-modules-once -clang-build-session-file /host/spi-builder-workspace/.build/out/ModuleCache.noindex/Session.modulevalidation -Xcc -working-directory -Xcc /host -resource-dir /root/.swiftpm/swift-sdks/swift-6.4.x-DEVELOPMENT-SNAPSHOT-2026-09-04-a_wasm.artifactbundle/swift-6.4.x-DEVELOPMENT-SNAPSHOT-2026-09-04-a_wasm/wasm32-unknown-wasip1/swift.xctoolchain/usr/lib/swift_static -use-static-resource-dir -enable-anonymous-context-mangled-names -file-compilation-dir /host -Xcc -resource-dir -Xcc /root/.swiftpm/swift-sdks/swift-6.4.x-DEVELOPMENT-SNAPSHOT-2026-09-04-a_wasm.artifactbundle/swift-6.4.x-DEVELOPMENT-SNAPSHOT-2026-09-04-a_wasm/wasm32-unknown-wasip1/swift.xctoolchain/usr/lib/swift_static/clang -Xcc -D_LIBCPP_HARDENING_MODE\=_LIBCPP_HARDENING_MODE_DEBUG -Xcc -fmodules-prune-interval\=86400 -Xcc -fmodules-prune-after\=345600 -Xcc -I/host/spi-builder-workspace/.build/out/Products/Debug-webassembly-wasm32/include -Xcc -I/host/spi-builder-workspace/.build/out/Intermediates.noindex/Math.build/Debug-webassembly-wasm32/Math-t.build/DerivedSources-normal/wasm32 -Xcc -I/host/spi-builder-workspace/.build/out/Intermediates.noindex/Math.build/Debug-webassembly-wasm32/Math-t.build/DerivedSources/wasm32 -Xcc -I/host/spi-builder-workspace/.build/out/Intermediates.noindex/Math.build/Debug-webassembly-wasm32/Math-t.build/DerivedSources -Xcc -DSWIFT_PACKAGE -Xcc -DDEBUG\=1 -no-auto-bridging-header-chaining -module-name Math -const-gather-protocols-file /host/spi-builder-workspace/.build/out/Intermediates.noindex/Math.build/Debug-webassembly-wasm32/Math-t.build/Objects-normal/wasm32/Math_const_extract_protocols.json -in-process-plugin-server-path /usr/lib/swift/host/libSwiftInProcPluginServer.so -plugin-path /usr/lib/swift/host/plugins -plugin-path /usr/local/lib/swift/host/plugins -parse-as-library -o /host/spi-builder-workspace/.build/out/Intermediates.noindex/Math.build/Debug-webassembly-wasm32/Math-t.build/Objects-normal/wasm32/Bitwise.o -o /host/spi-builder-workspace/.build/out/Intermediates.noindex/Math.build/Debug-webassembly-wasm32/Math-t.build/Objects-normal/wasm32/CollectionExtensions.o -index-unit-output-path /Math.build/Debug-webassembly-wasm32/Math-t.build/Objects-normal/wasm32/Bitwise.o -index-unit-output-path /Math.build/Debug-webassembly-wasm32/Math-t.build/Objects-normal/wasm32/CollectionExtensions.o -index-store-path /host/spi-builder-workspace/.build/out -index-system-modules
error: SwiftCompile normal wasm32 /host/spi-builder-workspace/.build/checkouts/Math/Sources/Math/Scale.swift failed with a nonzero exit code. Command line:     cd /host
    builtin-SwiftPerFileCompile Scale.swift
/host/spi-builder-workspace/.build/checkouts/Math/Sources/Math/DoubleExtensions.swift:15:8: error: no such module 'Darwin.C'
13 | import Glibc
14 | #else
15 | import Darwin.C
   |        `- error: no such module 'Darwin.C'
16 | #endif
17 |
Failed frontend command:
/usr/bin/swift-frontend -frontend -c /host/spi-builder-workspace/.build/checkouts/Math/Sources/Math/Bitwise.swift /host/spi-builder-workspace/.build/checkouts/Math/Sources/Math/CollectionExtensions.swift /host/spi-builder-workspace/.build/checkouts/Math/Sources/Math/DoubleExtensions.swift /host/spi-builder-workspace/.build/checkouts/Math/Sources/Math/Fraction.swift /host/spi-builder-workspace/.build/checkouts/Math/Sources/Math/Functions.swift /host/spi-builder-workspace/.build/checkouts/Math/Sources/Math/GCDDomain.swift /host/spi-builder-workspace/.build/checkouts/Math/Sources/Math/IntegerExtensions.swift /host/spi-builder-workspace/.build/checkouts/Math/Sources/Math/LinearRegression.swift /host/spi-builder-workspace/.build/checkouts/Math/Sources/Math/Power.swift /host/spi-builder-workspace/.build/checkouts/Math/Sources/Math/PowerOfTwoSequence.swift /host/spi-builder-workspace/.build/checkouts/Math/Sources/Math/Proximity.swift /host/spi-builder-workspace/.build/checkouts/Math/Sources/Math/Quadratic.swift /host/spi-builder-workspace/.build/checkouts/Math/Sources/Math/Rational.swift -primary-file /host/spi-builder-workspace/.build/checkouts/Math/Sources/Math/Scale.swift -emit-dependencies-path /host/spi-builder-workspace/.build/out/Intermediates.noindex/Math.build/Debug-webassembly-wasm32/Math-t.build/Objects-normal/wasm32/Scale.d -emit-const-values-path /host/spi-builder-workspace/.build/out/Intermediates.noindex/Math.build/Debug-webassembly-wasm32/Math-t.build/Objects-normal/wasm32/Scale.swiftconstvalues -emit-reference-dependencies-path /host/spi-builder-workspace/.build/out/Intermediates.noindex/Math.build/Debug-webassembly-wasm32/Math-t.build/Objects-normal/wasm32/Scale.swiftdeps -serialize-diagnostics-path /host/spi-builder-workspace/.build/out/Intermediates.noindex/Math.build/Debug-webassembly-wasm32/Math-t.build/Objects-normal/wasm32/Scale.dia -target wasm32-unknown-wasip1 -disable-objc-interop -sdk /root/.swiftpm/swift-sdks/swift-6.4.x-DEVELOPMENT-SNAPSHOT-2026-09-04-a_wasm.artifactbundle/swift-6.4.x-DEVELOPMENT-SNAPSHOT-2026-09-04-a_wasm/wasm32-unknown-wasip1/WASI.sdk -sysroot /root/.swiftpm/swift-sdks/swift-6.4.x-DEVELOPMENT-SNAPSHOT-2026-09-04-a_wasm.artifactbundle/swift-6.4.x-DEVELOPMENT-SNAPSHOT-2026-09-04-a_wasm/wasm32-unknown-wasip1/WASI.sdk -I /host/spi-builder-workspace/.build/out/Products/Debug-webassembly-wasm32 -module-cache-path /host/spi-builder-workspace/.build/out/ModuleCache.noindex -color-diagnostics -Xcc -fcolor-diagnostics -enable-testing -g -debug-info-format\=dwarf -dwarf-version\=4 -suppress-warnings -swift-version 4.2 -Onone -D SWIFT_PACKAGE -D DEBUG -D SWIFT_MODULE_RESOURCE_BUNDLE_UNAVAILABLE -D Xcode -serialize-debugging-options -enable-experimental-feature DebugDescriptionMacro -empty-abi-descriptor -external-plugin-path /usr/lib/swift/host/plugins/testing\#/usr/bin/swift-plugin-server -validate-clang-modules-once -clang-build-session-file /host/spi-builder-workspace/.build/out/ModuleCache.noindex/Session.modulevalidation -Xcc -working-directory -Xcc /host -resource-dir /root/.swiftpm/swift-sdks/swift-6.4.x-DEVELOPMENT-SNAPSHOT-2026-09-04-a_wasm.artifactbundle/swift-6.4.x-DEVELOPMENT-SNAPSHOT-2026-09-04-a_wasm/wasm32-unknown-wasip1/swift.xctoolchain/usr/lib/swift_static -use-static-resource-dir -enable-anonymous-context-mangled-names -file-compilation-dir /host -Xcc -resource-dir -Xcc /root/.swiftpm/swift-sdks/swift-6.4.x-DEVELOPMENT-SNAPSHOT-2026-09-04-a_wasm.artifactbundle/swift-6.4.x-DEVELOPMENT-SNAPSHOT-2026-09-04-a_wasm/wasm32-unknown-wasip1/swift.xctoolchain/usr/lib/swift_static/clang -Xcc -D_LIBCPP_HARDENING_MODE\=_LIBCPP_HARDENING_MODE_DEBUG -Xcc -fmodules-prune-interval\=86400 -Xcc -fmodules-prune-after\=345600 -Xcc -I/host/spi-builder-workspace/.build/out/Products/Debug-webassembly-wasm32/include -Xcc -I/host/spi-builder-workspace/.build/out/Intermediates.noindex/Math.build/Debug-webassembly-wasm32/Math-t.build/DerivedSources-normal/wasm32 -Xcc -I/host/spi-builder-workspace/.build/out/Intermediates.noindex/Math.build/Debug-webassembly-wasm32/Math-t.build/DerivedSources/wasm32 -Xcc -I/host/spi-builder-workspace/.build/out/Intermediates.noindex/Math.build/Debug-webassembly-wasm32/Math-t.build/DerivedSources -Xcc -DSWIFT_PACKAGE -Xcc -DDEBUG\=1 -no-auto-bridging-header-chaining -module-name Math -const-gather-protocols-file /host/spi-builder-workspace/.build/out/Intermediates.noindex/Math.build/Debug-webassembly-wasm32/Math-t.build/Objects-normal/wasm32/Math_const_extract_protocols.json -in-process-plugin-server-path /usr/lib/swift/host/libSwiftInProcPluginServer.so -plugin-path /usr/lib/swift/host/plugins -plugin-path /usr/local/lib/swift/host/plugins -parse-as-library -o /host/spi-builder-workspace/.build/out/Intermediates.noindex/Math.build/Debug-webassembly-wasm32/Math-t.build/Objects-normal/wasm32/Scale.o -index-unit-output-path /Math.build/Debug-webassembly-wasm32/Math-t.build/Objects-normal/wasm32/Scale.o -index-store-path /host/spi-builder-workspace/.build/out -index-system-modules
error: Build failed
BUILD FAILURE 6.4 wasm