The Swift Package Index logo.Swift Package Index

Build Information

Failed to build VisionPushSDK, reference 1.0.2 (423303), with Swift 6.1 for watchOS using Xcode 16.3 on 29 Jun 2026 12:45:40 UTC.

Build Command

env DEVELOPER_DIR=/Applications/Xcode-16.3.0.app xcrun xcodebuild -IDEClonedSourcePackagesDirPathOverride=$PWD/.dependencies -skipMacroValidation -skipPackagePluginValidation -derivedDataPath $PWD/.derivedData build -scheme VisionPushSDK -destination generic/platform=watchOS

Build Log

========================================
RunAll
========================================
Builder version: undefined version: run 'make version' to update
Interrupt handler set up.
========================================
Checkout
========================================
Clone URL: https://github.com/VisionLab-de/visionpush-ios-sdk.git
Reference: 1.0.2
Initialized empty Git repository in /Users/admin/builder/spi-builder-workspace/.git/
From https://github.com/VisionLab-de/visionpush-ios-sdk
 * tag               1.0.2      -> FETCH_HEAD
HEAD is now at 423303b docs(sdks/ios): Swift Package Index config + badges
Cloned https://github.com/VisionLab-de/visionpush-ios-sdk.git
Revision (git rev-parse @):
423303b3c37661c5a0fe6014dc9043b8441bf6b7
SPI manifest file found: $PWD/.spi.yml
SUCCESS checkout https://github.com/VisionLab-de/visionpush-ios-sdk.git at 1.0.2
========================================
Build
========================================
Selected platform:         watchOS
Swift version:             6.1
Building package at path:  $PWD
https://github.com/VisionLab-de/visionpush-ios-sdk.git
https://github.com/VisionLab-de/visionpush-ios-sdk.git
{
  "dependencies" : [
    {
      "identity" : "swift-docc-plugin",
      "requirement" : {
        "range" : [
          {
            "lower_bound" : "1.3.0",
            "upper_bound" : "2.0.0"
          }
        ]
      },
      "type" : "sourceControl",
      "url" : "https://github.com/apple/swift-docc-plugin"
    }
  ],
  "manifest_display_name" : "VisionPushSDK",
  "name" : "VisionPushSDK",
  "path" : "/Users/admin/builder/spi-builder-workspace",
  "platforms" : [
    {
      "name" : "ios",
      "version" : "15.0"
    },
    {
      "name" : "macos",
      "version" : "13.0"
    }
  ],
  "products" : [
    {
      "name" : "VisionPushSDK",
      "targets" : [
        "VisionPushSDK"
      ],
      "type" : {
        "library" : [
          "automatic"
        ]
      }
    }
  ],
  "swift_languages_versions" : [
    "5"
  ],
  "targets" : [
    {
      "c99name" : "VisionPushSDKTests",
      "module_type" : "SwiftTarget",
      "name" : "VisionPushSDKTests",
      "path" : "Tests/VisionPushSDKTests",
      "sources" : [
        "RealtimeChannelTests.swift",
        "SealedPayloadTests.swift",
        "VisionPushTests.swift"
      ],
      "target_dependencies" : [
        "VisionPushSDK"
      ],
      "type" : "test"
    },
    {
      "c99name" : "VisionPushSDK",
      "module_type" : "SwiftTarget",
      "name" : "VisionPushSDK",
      "path" : "Sources/VisionPushSDK",
      "product_memberships" : [
        "VisionPushSDK"
      ],
      "resources" : [
        {
          "path" : "/Users/admin/builder/spi-builder-workspace/Sources/VisionPushSDK/PrivacyInfo.xcprivacy",
          "rule" : {
            "process" : {
            }
          }
        }
      ],
      "sources" : [
        "ApiClient.swift",
        "DeviceRegistrar.swift",
        "Diagnostics.swift",
        "GeofenceManager.swift",
        "InAppMessage.swift",
        "LiveActivityHandler.swift",
        "Models.swift",
        "NotificationServiceExtension.swift",
        "NotificationTracker.swift",
        "RealtimeChannel.swift",
        "SealedPayload.swift",
        "VisionPush.swift",
        "VisionPushError.swift",
        "VoIPHandler.swift"
      ],
      "type" : "library"
    }
  ],
  "tools_version" : "5.9"
}
Command line invocation:
    /Applications/Xcode-16.3.0.app/Contents/Developer/usr/bin/xcodebuild -IDEClonedSourcePackagesDirPathOverride=/Users/admin/builder/spi-builder-workspace/.dependencies -resolvePackageDependencies
Resolve Package Graph
Fetching from https://github.com/apple/swift-docc-plugin
Fetching from https://github.com/swiftlang/swift-docc-symbolkit (cached)
Creating working copy of package ‘swift-docc-plugin’
Checking out 1.5.0 of package ‘swift-docc-plugin’
Creating working copy of package ‘swift-docc-symbolkit’
Checking out 1.0.0 of package ‘swift-docc-symbolkit’
Resolve Package Graph
Resolved source packages:
  SwiftDocCPlugin: https://github.com/apple/swift-docc-plugin @ 1.5.0
  VisionPushSDK: /Users/admin/builder/spi-builder-workspace
  SymbolKit: https://github.com/swiftlang/swift-docc-symbolkit @ 1.0.0
resolved source packages: SwiftDocCPlugin, VisionPushSDK, SymbolKit
{
  "dependencies" : [
    {
      "identity" : "swift-docc-plugin",
      "requirement" : {
        "range" : [
          {
            "lower_bound" : "1.3.0",
            "upper_bound" : "2.0.0"
          }
        ]
      },
      "type" : "sourceControl",
      "url" : "https://github.com/apple/swift-docc-plugin"
    }
  ],
  "manifest_display_name" : "VisionPushSDK",
  "name" : "VisionPushSDK",
  "path" : "/Users/admin/builder/spi-builder-workspace",
  "platforms" : [
    {
      "name" : "ios",
      "version" : "15.0"
    },
    {
      "name" : "macos",
      "version" : "13.0"
    }
  ],
  "products" : [
    {
      "name" : "VisionPushSDK",
      "targets" : [
        "VisionPushSDK"
      ],
      "type" : {
        "library" : [
          "automatic"
        ]
      }
    }
  ],
  "swift_languages_versions" : [
    "5"
  ],
  "targets" : [
    {
      "c99name" : "VisionPushSDKTests",
      "module_type" : "SwiftTarget",
      "name" : "VisionPushSDKTests",
      "path" : "Tests/VisionPushSDKTests",
      "sources" : [
        "RealtimeChannelTests.swift",
        "SealedPayloadTests.swift",
        "VisionPushTests.swift"
      ],
      "target_dependencies" : [
        "VisionPushSDK"
      ],
      "type" : "test"
    },
    {
      "c99name" : "VisionPushSDK",
      "module_type" : "SwiftTarget",
      "name" : "VisionPushSDK",
      "path" : "Sources/VisionPushSDK",
      "product_memberships" : [
        "VisionPushSDK"
      ],
      "resources" : [
        {
          "path" : "/Users/admin/builder/spi-builder-workspace/Sources/VisionPushSDK/PrivacyInfo.xcprivacy",
          "rule" : {
            "process" : {
            }
          }
        }
      ],
      "sources" : [
        "ApiClient.swift",
        "DeviceRegistrar.swift",
        "Diagnostics.swift",
        "GeofenceManager.swift",
        "InAppMessage.swift",
        "LiveActivityHandler.swift",
        "Models.swift",
        "NotificationServiceExtension.swift",
        "NotificationTracker.swift",
        "RealtimeChannel.swift",
        "SealedPayload.swift",
        "VisionPush.swift",
        "VisionPushError.swift",
        "VoIPHandler.swift"
      ],
      "type" : "library"
    }
  ],
  "tools_version" : "5.9"
}
{
  "workspace" : {
    "name" : "spi-builder-workspace",
    "schemes" : [
      "VisionPushSDK"
    ]
  }
}
Running build ...
env DEVELOPER_DIR=/Applications/Xcode-16.3.0.app xcrun xcodebuild -IDEClonedSourcePackagesDirPathOverride=$PWD/.dependencies -skipMacroValidation -skipPackagePluginValidation -derivedDataPath $PWD/.derivedData build -scheme VisionPushSDK -destination generic/platform=watchOS OTHER_SWIFT_FLAGS=-stats-output-dir .stats -strict-concurrency=complete -enable-upcoming-feature StrictConcurrency -enable-upcoming-feature DisableOutwardActorInference -enable-upcoming-feature GlobalActorIsolatedTypesUsability -enable-upcoming-feature InferSendableFromCaptures
Command line invocation:
    /Applications/Xcode-16.3.0.app/Contents/Developer/usr/bin/xcodebuild -IDEClonedSourcePackagesDirPathOverride=/Users/admin/builder/spi-builder-workspace/.dependencies -skipMacroValidation -skipPackagePluginValidation -derivedDataPath /Users/admin/builder/spi-builder-workspace/.derivedData build -scheme VisionPushSDK -destination generic/platform=watchOS "OTHER_SWIFT_FLAGS=-stats-output-dir .stats -strict-concurrency=complete -enable-upcoming-feature StrictConcurrency -enable-upcoming-feature DisableOutwardActorInference -enable-upcoming-feature GlobalActorIsolatedTypesUsability -enable-upcoming-feature InferSendableFromCaptures"
Build settings from command line:
    OTHER_SWIFT_FLAGS = -stats-output-dir .stats -strict-concurrency=complete -enable-upcoming-feature StrictConcurrency -enable-upcoming-feature DisableOutwardActorInference -enable-upcoming-feature GlobalActorIsolatedTypesUsability -enable-upcoming-feature InferSendableFromCaptures
Resolve Package Graph
Resolve Package Graph
Resolved source packages:
  VisionPushSDK: /Users/admin/builder/spi-builder-workspace
  SwiftDocCPlugin: https://github.com/apple/swift-docc-plugin @ 1.5.0
  SymbolKit: https://github.com/swiftlang/swift-docc-symbolkit @ 1.0.0
ComputePackagePrebuildTargetDependencyGraph
Prepare packages
CreateBuildRequest
SendProjectDescription
CreateBuildOperation
ComputeTargetDependencyGraph
note: Building targets in dependency order
note: Target dependency graph (3 targets)
    Target 'VisionPushSDK' in project 'VisionPushSDK'
        ➜ Explicit dependency on target 'VisionPushSDK' in project 'VisionPushSDK'
        ➜ Explicit dependency on target 'VisionPushSDK_VisionPushSDK' in project 'VisionPushSDK'
    Target 'VisionPushSDK' in project 'VisionPushSDK'
        ➜ Explicit dependency on target 'VisionPushSDK_VisionPushSDK' in project 'VisionPushSDK'
    Target 'VisionPushSDK_VisionPushSDK' in project 'VisionPushSDK' (no dependencies)
GatherProvisioningInputs
CreateBuildDescription
ExecuteExternalTool /Applications/Xcode-16.3.0.app/Contents/Developer/Toolchains/XcodeDefault.xctoolchain/usr/bin/clang -v -E -dM -isysroot /Applications/Xcode-16.3.0.app/Contents/Developer/Platforms/WatchOS.platform/Developer/SDKs/WatchOS11.4.sdk -x c -c /dev/null
ExecuteExternalTool /Applications/Xcode-16.3.0.app/Contents/Developer/Toolchains/XcodeDefault.xctoolchain/usr/bin/swiftc --version
ExecuteExternalTool /Applications/Xcode-16.3.0.app/Contents/Developer/Toolchains/XcodeDefault.xctoolchain/usr/bin/ld -version_details
ReadFileContents /Applications/Xcode-16.3.0.app/Contents/Developer/Toolchains/XcodeDefault.xctoolchain/usr/share/docc/features.json
Build description signature: 41bb2078fe2e3834ea62e0f9481cf245
Build description path: /Users/admin/builder/spi-builder-workspace/.derivedData/Build/Intermediates.noindex/XCBuildData/41bb2078fe2e3834ea62e0f9481cf245.xcbuilddata
ClangStatCache /Applications/Xcode-16.3.0.app/Contents/Developer/Toolchains/XcodeDefault.xctoolchain/usr/bin/clang-stat-cache /Applications/Xcode-16.3.0.app/Contents/Developer/Platforms/WatchOS.platform/Developer/SDKs/WatchOS11.4.sdk /Users/admin/builder/spi-builder-workspace/.derivedData/SDKStatCaches.noindex/watchos11.4-22T246-43efb940ff07ba2497b70ec94253f576.sdkstatcache
    cd /Users/admin/builder/spi-builder-workspace/.swiftpm/xcode
    /Applications/Xcode-16.3.0.app/Contents/Developer/Toolchains/XcodeDefault.xctoolchain/usr/bin/clang-stat-cache /Applications/Xcode-16.3.0.app/Contents/Developer/Platforms/WatchOS.platform/Developer/SDKs/WatchOS11.4.sdk -o /Users/admin/builder/spi-builder-workspace/.derivedData/SDKStatCaches.noindex/watchos11.4-22T246-43efb940ff07ba2497b70ec94253f576.sdkstatcache
CreateBuildDirectory /Users/admin/builder/spi-builder-workspace/.derivedData/Build/Products
    cd /Users/admin/builder/spi-builder-workspace/.swiftpm/xcode
    builtin-create-build-directory /Users/admin/builder/spi-builder-workspace/.derivedData/Build/Products
CreateBuildDirectory /Users/admin/builder/spi-builder-workspace/.derivedData/Build/Intermediates.noindex
    cd /Users/admin/builder/spi-builder-workspace/.swiftpm/xcode
    builtin-create-build-directory /Users/admin/builder/spi-builder-workspace/.derivedData/Build/Intermediates.noindex
CreateBuildDirectory /Users/admin/builder/spi-builder-workspace/.derivedData/Build/Products/Debug-watchos
    cd /Users/admin/builder/spi-builder-workspace/.swiftpm/xcode
    builtin-create-build-directory /Users/admin/builder/spi-builder-workspace/.derivedData/Build/Products/Debug-watchos
CreateBuildDirectory /Users/admin/builder/spi-builder-workspace/.derivedData/Build/Intermediates.noindex/EagerLinkingTBDs/Debug-watchos
    cd /Users/admin/builder/spi-builder-workspace/.swiftpm/xcode
    builtin-create-build-directory /Users/admin/builder/spi-builder-workspace/.derivedData/Build/Intermediates.noindex/EagerLinkingTBDs/Debug-watchos
CreateBuildDirectory /Users/admin/builder/spi-builder-workspace/.derivedData/Build/Products/Debug-watchos/PackageFrameworks
    cd /Users/admin/builder/spi-builder-workspace/.swiftpm/xcode
    builtin-create-build-directory /Users/admin/builder/spi-builder-workspace/.derivedData/Build/Products/Debug-watchos/PackageFrameworks
WriteAuxiliaryFile /Users/admin/builder/spi-builder-workspace/.derivedData/Build/Intermediates.noindex/VisionPushSDK.build/Debug-watchos/VisionPushSDK.build/VisionPushSDK.modulemap (in target 'VisionPushSDK' from project 'VisionPushSDK')
    cd /Users/admin/builder/spi-builder-workspace
    write-file /Users/admin/builder/spi-builder-workspace/.derivedData/Build/Intermediates.noindex/VisionPushSDK.build/Debug-watchos/VisionPushSDK.build/VisionPushSDK.modulemap
WriteAuxiliaryFile /Users/admin/builder/spi-builder-workspace/.derivedData/Build/Intermediates.noindex/VisionPushSDK.build/Debug-watchos/VisionPushSDK_VisionPushSDK.build/empty-VisionPushSDK_VisionPushSDK.plist (in target 'VisionPushSDK_VisionPushSDK' from project 'VisionPushSDK')
    cd /Users/admin/builder/spi-builder-workspace
    write-file /Users/admin/builder/spi-builder-workspace/.derivedData/Build/Intermediates.noindex/VisionPushSDK.build/Debug-watchos/VisionPushSDK_VisionPushSDK.build/empty-VisionPushSDK_VisionPushSDK.plist
WriteAuxiliaryFile /Users/admin/builder/spi-builder-workspace/.derivedData/Build/Intermediates.noindex/VisionPushSDK.build/Debug-watchos/VisionPushSDK.build/Objects-normal/armv7k/VisionPushSDK_const_extract_protocols.json (in target 'VisionPushSDK' from project 'VisionPushSDK')
    cd /Users/admin/builder/spi-builder-workspace
    write-file /Users/admin/builder/spi-builder-workspace/.derivedData/Build/Intermediates.noindex/VisionPushSDK.build/Debug-watchos/VisionPushSDK.build/Objects-normal/armv7k/VisionPushSDK_const_extract_protocols.json
WriteAuxiliaryFile /Users/admin/builder/spi-builder-workspace/.derivedData/Build/Intermediates.noindex/VisionPushSDK.build/Debug-watchos/VisionPushSDK.build/Objects-normal/armv7k/VisionPushSDK-OutputFileMap.json (in target 'VisionPushSDK' from project 'VisionPushSDK')
    cd /Users/admin/builder/spi-builder-workspace
    write-file /Users/admin/builder/spi-builder-workspace/.derivedData/Build/Intermediates.noindex/VisionPushSDK.build/Debug-watchos/VisionPushSDK.build/Objects-normal/armv7k/VisionPushSDK-OutputFileMap.json
WriteAuxiliaryFile /Users/admin/builder/spi-builder-workspace/.derivedData/Build/Intermediates.noindex/VisionPushSDK.build/Debug-watchos/VisionPushSDK.build/Objects-normal/arm64/VisionPushSDK_const_extract_protocols.json (in target 'VisionPushSDK' from project 'VisionPushSDK')
    cd /Users/admin/builder/spi-builder-workspace
    write-file /Users/admin/builder/spi-builder-workspace/.derivedData/Build/Intermediates.noindex/VisionPushSDK.build/Debug-watchos/VisionPushSDK.build/Objects-normal/arm64/VisionPushSDK_const_extract_protocols.json
WriteAuxiliaryFile /Users/admin/builder/spi-builder-workspace/.derivedData/Build/Intermediates.noindex/VisionPushSDK.build/Debug-watchos/VisionPushSDK.build/Objects-normal/arm64_32/VisionPushSDK-OutputFileMap.json (in target 'VisionPushSDK' from project 'VisionPushSDK')
    cd /Users/admin/builder/spi-builder-workspace
    write-file /Users/admin/builder/spi-builder-workspace/.derivedData/Build/Intermediates.noindex/VisionPushSDK.build/Debug-watchos/VisionPushSDK.build/Objects-normal/arm64_32/VisionPushSDK-OutputFileMap.json
WriteAuxiliaryFile /Users/admin/builder/spi-builder-workspace/.derivedData/Build/Intermediates.noindex/VisionPushSDK.build/Debug-watchos/VisionPushSDK.build/Objects-normal/armv7k/VisionPushSDK.LinkFileList (in target 'VisionPushSDK' from project 'VisionPushSDK')
    cd /Users/admin/builder/spi-builder-workspace
    write-file /Users/admin/builder/spi-builder-workspace/.derivedData/Build/Intermediates.noindex/VisionPushSDK.build/Debug-watchos/VisionPushSDK.build/Objects-normal/armv7k/VisionPushSDK.LinkFileList
WriteAuxiliaryFile /Users/admin/builder/spi-builder-workspace/.derivedData/Build/Intermediates.noindex/VisionPushSDK.build/Debug-watchos/VisionPushSDK.build/Objects-normal/arm64_32/VisionPushSDK.SwiftConstValuesFileList (in target 'VisionPushSDK' from project 'VisionPushSDK')
    cd /Users/admin/builder/spi-builder-workspace
    write-file /Users/admin/builder/spi-builder-workspace/.derivedData/Build/Intermediates.noindex/VisionPushSDK.build/Debug-watchos/VisionPushSDK.build/Objects-normal/arm64_32/VisionPushSDK.SwiftConstValuesFileList
WriteAuxiliaryFile /Users/admin/builder/spi-builder-workspace/.derivedData/Build/Intermediates.noindex/VisionPushSDK.build/Debug-watchos/VisionPushSDK.build/Objects-normal/arm64_32/VisionPushSDK_const_extract_protocols.json (in target 'VisionPushSDK' from project 'VisionPushSDK')
    cd /Users/admin/builder/spi-builder-workspace
    write-file /Users/admin/builder/spi-builder-workspace/.derivedData/Build/Intermediates.noindex/VisionPushSDK.build/Debug-watchos/VisionPushSDK.build/Objects-normal/arm64_32/VisionPushSDK_const_extract_protocols.json
WriteAuxiliaryFile /Users/admin/builder/spi-builder-workspace/.derivedData/Build/Intermediates.noindex/VisionPushSDK.build/Debug-watchos/VisionPushSDK_VisionPushSDK.build/VisionPushSDK_VisionPushSDK.DependencyStaticMetadataFileList (in target 'VisionPushSDK_VisionPushSDK' from project 'VisionPushSDK')
    cd /Users/admin/builder/spi-builder-workspace
    write-file /Users/admin/builder/spi-builder-workspace/.derivedData/Build/Intermediates.noindex/VisionPushSDK.build/Debug-watchos/VisionPushSDK_VisionPushSDK.build/VisionPushSDK_VisionPushSDK.DependencyStaticMetadataFileList
WriteAuxiliaryFile /Users/admin/builder/spi-builder-workspace/.derivedData/Build/Intermediates.noindex/VisionPushSDK.build/Debug-watchos/VisionPushSDK_VisionPushSDK.build/VisionPushSDK_VisionPushSDK.DependencyMetadataFileList (in target 'VisionPushSDK_VisionPushSDK' from project 'VisionPushSDK')
    cd /Users/admin/builder/spi-builder-workspace
    write-file /Users/admin/builder/spi-builder-workspace/.derivedData/Build/Intermediates.noindex/VisionPushSDK.build/Debug-watchos/VisionPushSDK_VisionPushSDK.build/VisionPushSDK_VisionPushSDK.DependencyMetadataFileList
WriteAuxiliaryFile /Users/admin/builder/spi-builder-workspace/.derivedData/Build/Intermediates.noindex/VisionPushSDK.build/Debug-watchos/VisionPushSDK.build/VisionPushSDK.DependencyStaticMetadataFileList (in target 'VisionPushSDK' from project 'VisionPushSDK')
    cd /Users/admin/builder/spi-builder-workspace
    write-file /Users/admin/builder/spi-builder-workspace/.derivedData/Build/Intermediates.noindex/VisionPushSDK.build/Debug-watchos/VisionPushSDK.build/VisionPushSDK.DependencyStaticMetadataFileList
WriteAuxiliaryFile /Users/admin/builder/spi-builder-workspace/.derivedData/Build/Intermediates.noindex/VisionPushSDK.build/Debug-watchos/VisionPushSDK.build/VisionPushSDK.DependencyMetadataFileList (in target 'VisionPushSDK' from project 'VisionPushSDK')
    cd /Users/admin/builder/spi-builder-workspace
    write-file /Users/admin/builder/spi-builder-workspace/.derivedData/Build/Intermediates.noindex/VisionPushSDK.build/Debug-watchos/VisionPushSDK.build/VisionPushSDK.DependencyMetadataFileList
WriteAuxiliaryFile /Users/admin/builder/spi-builder-workspace/.derivedData/Build/Intermediates.noindex/VisionPushSDK.build/Debug-watchos/VisionPushSDK.build/Objects-normal/armv7k/VisionPushSDK.SwiftFileList (in target 'VisionPushSDK' from project 'VisionPushSDK')
    cd /Users/admin/builder/spi-builder-workspace
    write-file /Users/admin/builder/spi-builder-workspace/.derivedData/Build/Intermediates.noindex/VisionPushSDK.build/Debug-watchos/VisionPushSDK.build/Objects-normal/armv7k/VisionPushSDK.SwiftFileList
WriteAuxiliaryFile /Users/admin/builder/spi-builder-workspace/.derivedData/Build/Intermediates.noindex/VisionPushSDK.build/Debug-watchos/VisionPushSDK.build/Objects-normal/armv7k/VisionPushSDK.SwiftConstValuesFileList (in target 'VisionPushSDK' from project 'VisionPushSDK')
    cd /Users/admin/builder/spi-builder-workspace
    write-file /Users/admin/builder/spi-builder-workspace/.derivedData/Build/Intermediates.noindex/VisionPushSDK.build/Debug-watchos/VisionPushSDK.build/Objects-normal/armv7k/VisionPushSDK.SwiftConstValuesFileList
WriteAuxiliaryFile /Users/admin/builder/spi-builder-workspace/.derivedData/Build/Intermediates.noindex/VisionPushSDK.build/Debug-watchos/VisionPushSDK.build/Objects-normal/arm64_32/VisionPushSDK.SwiftFileList (in target 'VisionPushSDK' from project 'VisionPushSDK')
    cd /Users/admin/builder/spi-builder-workspace
    write-file /Users/admin/builder/spi-builder-workspace/.derivedData/Build/Intermediates.noindex/VisionPushSDK.build/Debug-watchos/VisionPushSDK.build/Objects-normal/arm64_32/VisionPushSDK.SwiftFileList
WriteAuxiliaryFile /Users/admin/builder/spi-builder-workspace/.derivedData/Build/Intermediates.noindex/VisionPushSDK.build/Debug-watchos/VisionPushSDK.build/Objects-normal/arm64_32/VisionPushSDK.LinkFileList (in target 'VisionPushSDK' from project 'VisionPushSDK')
    cd /Users/admin/builder/spi-builder-workspace
    write-file /Users/admin/builder/spi-builder-workspace/.derivedData/Build/Intermediates.noindex/VisionPushSDK.build/Debug-watchos/VisionPushSDK.build/Objects-normal/arm64_32/VisionPushSDK.LinkFileList
WriteAuxiliaryFile /Users/admin/builder/spi-builder-workspace/.derivedData/Build/Intermediates.noindex/VisionPushSDK.build/Debug-watchos/VisionPushSDK.build/Objects-normal/arm64/VisionPushSDK.SwiftFileList (in target 'VisionPushSDK' from project 'VisionPushSDK')
    cd /Users/admin/builder/spi-builder-workspace
    write-file /Users/admin/builder/spi-builder-workspace/.derivedData/Build/Intermediates.noindex/VisionPushSDK.build/Debug-watchos/VisionPushSDK.build/Objects-normal/arm64/VisionPushSDK.SwiftFileList
WriteAuxiliaryFile /Users/admin/builder/spi-builder-workspace/.derivedData/Build/Intermediates.noindex/VisionPushSDK.build/Debug-watchos/VisionPushSDK.build/Objects-normal/arm64/VisionPushSDK.SwiftConstValuesFileList (in target 'VisionPushSDK' from project 'VisionPushSDK')
    cd /Users/admin/builder/spi-builder-workspace
    write-file /Users/admin/builder/spi-builder-workspace/.derivedData/Build/Intermediates.noindex/VisionPushSDK.build/Debug-watchos/VisionPushSDK.build/Objects-normal/arm64/VisionPushSDK.SwiftConstValuesFileList
WriteAuxiliaryFile /Users/admin/builder/spi-builder-workspace/.derivedData/Build/Intermediates.noindex/VisionPushSDK.build/Debug-watchos/VisionPushSDK.build/Objects-normal/arm64/VisionPushSDK.LinkFileList (in target 'VisionPushSDK' from project 'VisionPushSDK')
    cd /Users/admin/builder/spi-builder-workspace
    write-file /Users/admin/builder/spi-builder-workspace/.derivedData/Build/Intermediates.noindex/VisionPushSDK.build/Debug-watchos/VisionPushSDK.build/Objects-normal/arm64/VisionPushSDK.LinkFileList
WriteAuxiliaryFile /Users/admin/builder/spi-builder-workspace/.derivedData/Build/Intermediates.noindex/VisionPushSDK.build/Debug-watchos/VisionPushSDK.build/Objects-normal/arm64/VisionPushSDK-OutputFileMap.json (in target 'VisionPushSDK' from project 'VisionPushSDK')
    cd /Users/admin/builder/spi-builder-workspace
    write-file /Users/admin/builder/spi-builder-workspace/.derivedData/Build/Intermediates.noindex/VisionPushSDK.build/Debug-watchos/VisionPushSDK.build/Objects-normal/arm64/VisionPushSDK-OutputFileMap.json
WriteAuxiliaryFile /Users/admin/builder/spi-builder-workspace/.derivedData/Build/Intermediates.noindex/VisionPushSDK.build/Debug-watchos/VisionPushSDK.build/DerivedSources/resource_bundle_accessor.swift (in target 'VisionPushSDK' from project 'VisionPushSDK')
    cd /Users/admin/builder/spi-builder-workspace
    write-file /Users/admin/builder/spi-builder-workspace/.derivedData/Build/Intermediates.noindex/VisionPushSDK.build/Debug-watchos/VisionPushSDK.build/DerivedSources/resource_bundle_accessor.swift
Copy /Users/admin/builder/spi-builder-workspace/.derivedData/Build/Intermediates.noindex/GeneratedModuleMaps-watchos/VisionPushSDK.modulemap /Users/admin/builder/spi-builder-workspace/.derivedData/Build/Intermediates.noindex/VisionPushSDK.build/Debug-watchos/VisionPushSDK.build/VisionPushSDK.modulemap (in target 'VisionPushSDK' from project 'VisionPushSDK')
    cd /Users/admin/builder/spi-builder-workspace
    builtin-copy -exclude .DS_Store -exclude CVS -exclude .svn -exclude .git -exclude .hg -resolve-src-symlinks /Users/admin/builder/spi-builder-workspace/.derivedData/Build/Intermediates.noindex/VisionPushSDK.build/Debug-watchos/VisionPushSDK.build/VisionPushSDK.modulemap /Users/admin/builder/spi-builder-workspace/.derivedData/Build/Intermediates.noindex/GeneratedModuleMaps-watchos
MkDir /Users/admin/builder/spi-builder-workspace/.derivedData/Build/Products/Debug-watchos/VisionPushSDK_VisionPushSDK.bundle (in target 'VisionPushSDK_VisionPushSDK' from project 'VisionPushSDK')
    cd /Users/admin/builder/spi-builder-workspace
    /bin/mkdir -p /Users/admin/builder/spi-builder-workspace/.derivedData/Build/Products/Debug-watchos/VisionPushSDK_VisionPushSDK.bundle
ProcessInfoPlistFile /Users/admin/builder/spi-builder-workspace/.derivedData/Build/Products/Debug-watchos/VisionPushSDK_VisionPushSDK.bundle/Info.plist /Users/admin/builder/spi-builder-workspace/.derivedData/Build/Intermediates.noindex/VisionPushSDK.build/Debug-watchos/VisionPushSDK_VisionPushSDK.build/empty-VisionPushSDK_VisionPushSDK.plist (in target 'VisionPushSDK_VisionPushSDK' from project 'VisionPushSDK')
    cd /Users/admin/builder/spi-builder-workspace
    builtin-infoPlistUtility /Users/admin/builder/spi-builder-workspace/.derivedData/Build/Intermediates.noindex/VisionPushSDK.build/Debug-watchos/VisionPushSDK_VisionPushSDK.build/empty-VisionPushSDK_VisionPushSDK.plist -producttype com.apple.product-type.bundle -expandbuildsettings -format binary -platform watchos -o /Users/admin/builder/spi-builder-workspace/.derivedData/Build/Products/Debug-watchos/VisionPushSDK_VisionPushSDK.bundle/Info.plist
CpResource /Users/admin/builder/spi-builder-workspace/.derivedData/Build/Products/Debug-watchos/VisionPushSDK_VisionPushSDK.bundle/PrivacyInfo.xcprivacy /Users/admin/builder/spi-builder-workspace/Sources/VisionPushSDK/PrivacyInfo.xcprivacy (in target 'VisionPushSDK_VisionPushSDK' from project 'VisionPushSDK')
    cd /Users/admin/builder/spi-builder-workspace
    builtin-copy -exclude .DS_Store -exclude CVS -exclude .svn -exclude .git -exclude .hg -resolve-src-symlinks /Users/admin/builder/spi-builder-workspace/Sources/VisionPushSDK/PrivacyInfo.xcprivacy /Users/admin/builder/spi-builder-workspace/.derivedData/Build/Products/Debug-watchos/VisionPushSDK_VisionPushSDK.bundle
RegisterExecutionPolicyException /Users/admin/builder/spi-builder-workspace/.derivedData/Build/Products/Debug-watchos/VisionPushSDK_VisionPushSDK.bundle (in target 'VisionPushSDK_VisionPushSDK' from project 'VisionPushSDK')
    cd /Users/admin/builder/spi-builder-workspace
    builtin-RegisterExecutionPolicyException /Users/admin/builder/spi-builder-workspace/.derivedData/Build/Products/Debug-watchos/VisionPushSDK_VisionPushSDK.bundle
Touch /Users/admin/builder/spi-builder-workspace/.derivedData/Build/Products/Debug-watchos/VisionPushSDK_VisionPushSDK.bundle (in target 'VisionPushSDK_VisionPushSDK' from project 'VisionPushSDK')
    cd /Users/admin/builder/spi-builder-workspace
    /usr/bin/touch -c /Users/admin/builder/spi-builder-workspace/.derivedData/Build/Products/Debug-watchos/VisionPushSDK_VisionPushSDK.bundle
SwiftDriver VisionPushSDK normal arm64 com.apple.xcode.tools.swift.compiler (in target 'VisionPushSDK' from project 'VisionPushSDK')
    cd /Users/admin/builder/spi-builder-workspace/.swiftpm/xcode
    builtin-SwiftDriver -- /Applications/Xcode-16.3.0.app/Contents/Developer/Toolchains/XcodeDefault.xctoolchain/usr/bin/swiftc -module-name VisionPushSDK -Onone -enforce-exclusivity\=checked @/Users/admin/builder/spi-builder-workspace/.derivedData/Build/Intermediates.noindex/VisionPushSDK.build/Debug-watchos/VisionPushSDK.build/Objects-normal/arm64/VisionPushSDK.SwiftFileList -DSWIFT_PACKAGE -DDEBUG -stats-output-dir .stats -strict-concurrency\=complete -enable-upcoming-feature StrictConcurrency -enable-upcoming-feature DisableOutwardActorInference -enable-upcoming-feature GlobalActorIsolatedTypesUsability -enable-upcoming-feature InferSendableFromCaptures -plugin-path /Applications/Xcode-16.3.0.app/Contents/Developer/Toolchains/XcodeDefault.xctoolchain/usr/lib/swift/host/plugins/testing -enable-experimental-feature DebugDescriptionMacro -sdk /Applications/Xcode-16.3.0.app/Contents/Developer/Platforms/WatchOS.platform/Developer/SDKs/WatchOS11.4.sdk -target arm64-apple-watchos8.0 -g -module-cache-path /Users/admin/builder/spi-builder-workspace/.derivedData/ModuleCache.noindex -Xfrontend -serialize-debugging-options -profile-coverage-mapping -profile-generate -enable-testing -index-store-path /Users/admin/builder/spi-builder-workspace/.derivedData/Index.noindex/DataStore -swift-version 5 -I /Users/admin/builder/spi-builder-workspace/.derivedData/Build/Products/Debug-watchos -I /Applications/Xcode-16.3.0.app/Contents/Developer/Platforms/WatchOS.platform/Developer/usr/lib -F /Users/admin/builder/spi-builder-workspace/.derivedData/Build/Products/Debug-watchos -F /Applications/Xcode-16.3.0.app/Contents/Developer/Platforms/WatchOS.platform/Developer/Library/Frameworks -F /Applications/Xcode-16.3.0.app/Contents/Developer/Platforms/WatchOS.platform/Developer/SDKs/WatchOS11.4.sdk/Developer/Library/Frameworks -c -j10 -enable-batch-mode -incremental -Xcc -ivfsstatcache -Xcc /Users/admin/builder/spi-builder-workspace/.derivedData/SDKStatCaches.noindex/watchos11.4-22T246-43efb940ff07ba2497b70ec94253f576.sdkstatcache -output-file-map /Users/admin/builder/spi-builder-workspace/.derivedData/Build/Intermediates.noindex/VisionPushSDK.build/Debug-watchos/VisionPushSDK.build/Objects-normal/arm64/VisionPushSDK-OutputFileMap.json -use-frontend-parseable-output -save-temps -no-color-diagnostics -serialize-diagnostics -emit-dependencies -emit-module -emit-module-path /Users/admin/builder/spi-builder-workspace/.derivedData/Build/Intermediates.noindex/VisionPushSDK.build/Debug-watchos/VisionPushSDK.build/Objects-normal/arm64/VisionPushSDK.swiftmodule -validate-clang-modules-once -clang-build-session-file /Users/admin/builder/spi-builder-workspace/.derivedData/ModuleCache.noindex/Session.modulevalidation -package-name spi_builder_workspace -Xcc -I/Users/admin/builder/spi-builder-workspace/.derivedData/Build/Intermediates.noindex/VisionPushSDK.build/Debug-watchos/VisionPushSDK.build/swift-overrides.hmap -emit-const-values -Xfrontend -const-gather-protocols-file -Xfrontend /Users/admin/builder/spi-builder-workspace/.derivedData/Build/Intermediates.noindex/VisionPushSDK.build/Debug-watchos/VisionPushSDK.build/Objects-normal/arm64/VisionPushSDK_const_extract_protocols.json -Xcc -I/Users/admin/builder/spi-builder-workspace/.derivedData/Build/Products/Debug-watchos/include -Xcc -I/Users/admin/builder/spi-builder-workspace/.derivedData/Build/Intermediates.noindex/VisionPushSDK.build/Debug-watchos/VisionPushSDK.build/DerivedSources-normal/arm64 -Xcc -I/Users/admin/builder/spi-builder-workspace/.derivedData/Build/Intermediates.noindex/VisionPushSDK.build/Debug-watchos/VisionPushSDK.build/DerivedSources/arm64 -Xcc -I/Users/admin/builder/spi-builder-workspace/.derivedData/Build/Intermediates.noindex/VisionPushSDK.build/Debug-watchos/VisionPushSDK.build/DerivedSources -Xcc -DSWIFT_PACKAGE -Xcc -DDEBUG\=1 -emit-objc-header -emit-objc-header-path /Users/admin/builder/spi-builder-workspace/.derivedData/Build/Intermediates.noindex/VisionPushSDK.build/Debug-watchos/VisionPushSDK.build/Objects-normal/arm64/VisionPushSDK-Swift.h -working-directory /Users/admin/builder/spi-builder-workspace/.swiftpm/xcode -experimental-emit-module-separately -disable-cmo
SwiftDriver VisionPushSDK normal arm64_32 com.apple.xcode.tools.swift.compiler (in target 'VisionPushSDK' from project 'VisionPushSDK')
    cd /Users/admin/builder/spi-builder-workspace/.swiftpm/xcode
    builtin-SwiftDriver -- /Applications/Xcode-16.3.0.app/Contents/Developer/Toolchains/XcodeDefault.xctoolchain/usr/bin/swiftc -module-name VisionPushSDK -Onone -enforce-exclusivity\=checked @/Users/admin/builder/spi-builder-workspace/.derivedData/Build/Intermediates.noindex/VisionPushSDK.build/Debug-watchos/VisionPushSDK.build/Objects-normal/arm64_32/VisionPushSDK.SwiftFileList -DSWIFT_PACKAGE -DDEBUG -stats-output-dir .stats -strict-concurrency\=complete -enable-upcoming-feature StrictConcurrency -enable-upcoming-feature DisableOutwardActorInference -enable-upcoming-feature GlobalActorIsolatedTypesUsability -enable-upcoming-feature InferSendableFromCaptures -plugin-path /Applications/Xcode-16.3.0.app/Contents/Developer/Toolchains/XcodeDefault.xctoolchain/usr/lib/swift/host/plugins/testing -enable-experimental-feature DebugDescriptionMacro -sdk /Applications/Xcode-16.3.0.app/Contents/Developer/Platforms/WatchOS.platform/Developer/SDKs/WatchOS11.4.sdk -target arm64_32-apple-watchos8.0 -g -module-cache-path /Users/admin/builder/spi-builder-workspace/.derivedData/ModuleCache.noindex -Xfrontend -serialize-debugging-options -profile-coverage-mapping -profile-generate -enable-testing -index-store-path /Users/admin/builder/spi-builder-workspace/.derivedData/Index.noindex/DataStore -swift-version 5 -I /Users/admin/builder/spi-builder-workspace/.derivedData/Build/Products/Debug-watchos -I /Applications/Xcode-16.3.0.app/Contents/Developer/Platforms/WatchOS.platform/Developer/usr/lib -F /Users/admin/builder/spi-builder-workspace/.derivedData/Build/Products/Debug-watchos -F /Applications/Xcode-16.3.0.app/Contents/Developer/Platforms/WatchOS.platform/Developer/Library/Frameworks -F /Applications/Xcode-16.3.0.app/Contents/Developer/Platforms/WatchOS.platform/Developer/SDKs/WatchOS11.4.sdk/Developer/Library/Frameworks -c -j10 -enable-batch-mode -incremental -Xcc -ivfsstatcache -Xcc /Users/admin/builder/spi-builder-workspace/.derivedData/SDKStatCaches.noindex/watchos11.4-22T246-43efb940ff07ba2497b70ec94253f576.sdkstatcache -output-file-map /Users/admin/builder/spi-builder-workspace/.derivedData/Build/Intermediates.noindex/VisionPushSDK.build/Debug-watchos/VisionPushSDK.build/Objects-normal/arm64_32/VisionPushSDK-OutputFileMap.json -use-frontend-parseable-output -save-temps -no-color-diagnostics -serialize-diagnostics -emit-dependencies -emit-module -emit-module-path /Users/admin/builder/spi-builder-workspace/.derivedData/Build/Intermediates.noindex/VisionPushSDK.build/Debug-watchos/VisionPushSDK.build/Objects-normal/arm64_32/VisionPushSDK.swiftmodule -validate-clang-modules-once -clang-build-session-file /Users/admin/builder/spi-builder-workspace/.derivedData/ModuleCache.noindex/Session.modulevalidation -package-name spi_builder_workspace -Xcc -I/Users/admin/builder/spi-builder-workspace/.derivedData/Build/Intermediates.noindex/VisionPushSDK.build/Debug-watchos/VisionPushSDK.build/swift-overrides.hmap -emit-const-values -Xfrontend -const-gather-protocols-file -Xfrontend /Users/admin/builder/spi-builder-workspace/.derivedData/Build/Intermediates.noindex/VisionPushSDK.build/Debug-watchos/VisionPushSDK.build/Objects-normal/arm64_32/VisionPushSDK_const_extract_protocols.json -Xcc -I/Users/admin/builder/spi-builder-workspace/.derivedData/Build/Products/Debug-watchos/include -Xcc -I/Users/admin/builder/spi-builder-workspace/.derivedData/Build/Intermediates.noindex/VisionPushSDK.build/Debug-watchos/VisionPushSDK.build/DerivedSources-normal/arm64_32 -Xcc -I/Users/admin/builder/spi-builder-workspace/.derivedData/Build/Intermediates.noindex/VisionPushSDK.build/Debug-watchos/VisionPushSDK.build/DerivedSources/arm64_32 -Xcc -I/Users/admin/builder/spi-builder-workspace/.derivedData/Build/Intermediates.noindex/VisionPushSDK.build/Debug-watchos/VisionPushSDK.build/DerivedSources -Xcc -DSWIFT_PACKAGE -Xcc -DDEBUG\=1 -emit-objc-header -emit-objc-header-path /Users/admin/builder/spi-builder-workspace/.derivedData/Build/Intermediates.noindex/VisionPushSDK.build/Debug-watchos/VisionPushSDK.build/Objects-normal/arm64_32/VisionPushSDK-Swift.h -working-directory /Users/admin/builder/spi-builder-workspace/.swiftpm/xcode -experimental-emit-module-separately -disable-cmo
SwiftDriver VisionPushSDK normal armv7k com.apple.xcode.tools.swift.compiler (in target 'VisionPushSDK' from project 'VisionPushSDK')
    cd /Users/admin/builder/spi-builder-workspace/.swiftpm/xcode
    builtin-SwiftDriver -- /Applications/Xcode-16.3.0.app/Contents/Developer/Toolchains/XcodeDefault.xctoolchain/usr/bin/swiftc -module-name VisionPushSDK -Onone -enforce-exclusivity\=checked @/Users/admin/builder/spi-builder-workspace/.derivedData/Build/Intermediates.noindex/VisionPushSDK.build/Debug-watchos/VisionPushSDK.build/Objects-normal/armv7k/VisionPushSDK.SwiftFileList -DSWIFT_PACKAGE -DDEBUG -stats-output-dir .stats -strict-concurrency\=complete -enable-upcoming-feature StrictConcurrency -enable-upcoming-feature DisableOutwardActorInference -enable-upcoming-feature GlobalActorIsolatedTypesUsability -enable-upcoming-feature InferSendableFromCaptures -plugin-path /Applications/Xcode-16.3.0.app/Contents/Developer/Toolchains/XcodeDefault.xctoolchain/usr/lib/swift/host/plugins/testing -enable-experimental-feature DebugDescriptionMacro -sdk /Applications/Xcode-16.3.0.app/Contents/Developer/Platforms/WatchOS.platform/Developer/SDKs/WatchOS11.4.sdk -target armv7k-apple-watchos8.0 -g -module-cache-path /Users/admin/builder/spi-builder-workspace/.derivedData/ModuleCache.noindex -Xfrontend -serialize-debugging-options -profile-coverage-mapping -profile-generate -enable-testing -index-store-path /Users/admin/builder/spi-builder-workspace/.derivedData/Index.noindex/DataStore -swift-version 5 -I /Users/admin/builder/spi-builder-workspace/.derivedData/Build/Products/Debug-watchos -I /Applications/Xcode-16.3.0.app/Contents/Developer/Platforms/WatchOS.platform/Developer/usr/lib -F /Users/admin/builder/spi-builder-workspace/.derivedData/Build/Products/Debug-watchos -F /Applications/Xcode-16.3.0.app/Contents/Developer/Platforms/WatchOS.platform/Developer/Library/Frameworks -F /Applications/Xcode-16.3.0.app/Contents/Developer/Platforms/WatchOS.platform/Developer/SDKs/WatchOS11.4.sdk/Developer/Library/Frameworks -c -j10 -enable-batch-mode -incremental -Xcc -ivfsstatcache -Xcc /Users/admin/builder/spi-builder-workspace/.derivedData/SDKStatCaches.noindex/watchos11.4-22T246-43efb940ff07ba2497b70ec94253f576.sdkstatcache -output-file-map /Users/admin/builder/spi-builder-workspace/.derivedData/Build/Intermediates.noindex/VisionPushSDK.build/Debug-watchos/VisionPushSDK.build/Objects-normal/armv7k/VisionPushSDK-OutputFileMap.json -use-frontend-parseable-output -save-temps -no-color-diagnostics -serialize-diagnostics -emit-dependencies -emit-module -emit-module-path /Users/admin/builder/spi-builder-workspace/.derivedData/Build/Intermediates.noindex/VisionPushSDK.build/Debug-watchos/VisionPushSDK.build/Objects-normal/armv7k/VisionPushSDK.swiftmodule -validate-clang-modules-once -clang-build-session-file /Users/admin/builder/spi-builder-workspace/.derivedData/ModuleCache.noindex/Session.modulevalidation -package-name spi_builder_workspace -Xcc -I/Users/admin/builder/spi-builder-workspace/.derivedData/Build/Intermediates.noindex/VisionPushSDK.build/Debug-watchos/VisionPushSDK.build/swift-overrides.hmap -emit-const-values -Xfrontend -const-gather-protocols-file -Xfrontend /Users/admin/builder/spi-builder-workspace/.derivedData/Build/Intermediates.noindex/VisionPushSDK.build/Debug-watchos/VisionPushSDK.build/Objects-normal/armv7k/VisionPushSDK_const_extract_protocols.json -Xcc -I/Users/admin/builder/spi-builder-workspace/.derivedData/Build/Products/Debug-watchos/include -Xcc -I/Users/admin/builder/spi-builder-workspace/.derivedData/Build/Intermediates.noindex/VisionPushSDK.build/Debug-watchos/VisionPushSDK.build/DerivedSources-normal/armv7k -Xcc -I/Users/admin/builder/spi-builder-workspace/.derivedData/Build/Intermediates.noindex/VisionPushSDK.build/Debug-watchos/VisionPushSDK.build/DerivedSources/armv7k -Xcc -I/Users/admin/builder/spi-builder-workspace/.derivedData/Build/Intermediates.noindex/VisionPushSDK.build/Debug-watchos/VisionPushSDK.build/DerivedSources -Xcc -DSWIFT_PACKAGE -Xcc -DDEBUG\=1 -emit-objc-header -emit-objc-header-path /Users/admin/builder/spi-builder-workspace/.derivedData/Build/Intermediates.noindex/VisionPushSDK.build/Debug-watchos/VisionPushSDK.build/Objects-normal/armv7k/VisionPushSDK-Swift.h -working-directory /Users/admin/builder/spi-builder-workspace/.swiftpm/xcode -experimental-emit-module-separately -disable-cmo
SwiftEmitModule normal arm64_32 Emitting\ module\ for\ VisionPushSDK (in target 'VisionPushSDK' from project 'VisionPushSDK')
EmitSwiftModule normal arm64_32 (in target 'VisionPushSDK' from project 'VisionPushSDK')
    cd /Users/admin/builder/spi-builder-workspace/.swiftpm/xcode

SwiftCompile normal arm64_32 Compiling\ NotificationServiceExtension.swift,\ NotificationTracker.swift /Users/admin/builder/spi-builder-workspace/Sources/VisionPushSDK/NotificationServiceExtension.swift /Users/admin/builder/spi-builder-workspace/Sources/VisionPushSDK/NotificationTracker.swift (in target 'VisionPushSDK' from project 'VisionPushSDK')
SwiftCompile normal arm64_32 /Users/admin/builder/spi-builder-workspace/Sources/VisionPushSDK/NotificationServiceExtension.swift (in target 'VisionPushSDK' from project 'VisionPushSDK')
    cd /Users/admin/builder/spi-builder-workspace/.swiftpm/xcode

SwiftCompile normal arm64_32 /Users/admin/builder/spi-builder-workspace/Sources/VisionPushSDK/NotificationTracker.swift (in target 'VisionPushSDK' from project 'VisionPushSDK')
    cd /Users/admin/builder/spi-builder-workspace/.swiftpm/xcode

SwiftCompile normal arm64_32 Compiling\ GeofenceManager.swift,\ InAppMessage.swift /Users/admin/builder/spi-builder-workspace/Sources/VisionPushSDK/GeofenceManager.swift /Users/admin/builder/spi-builder-workspace/Sources/VisionPushSDK/InAppMessage.swift (in target 'VisionPushSDK' from project 'VisionPushSDK')
SwiftCompile normal arm64_32 /Users/admin/builder/spi-builder-workspace/Sources/VisionPushSDK/GeofenceManager.swift (in target 'VisionPushSDK' from project 'VisionPushSDK')
    cd /Users/admin/builder/spi-builder-workspace/.swiftpm/xcode

SwiftCompile normal arm64_32 /Users/admin/builder/spi-builder-workspace/Sources/VisionPushSDK/InAppMessage.swift (in target 'VisionPushSDK' from project 'VisionPushSDK')
    cd /Users/admin/builder/spi-builder-workspace/.swiftpm/xcode

SwiftCompile normal arm64_32 Compiling\ DeviceRegistrar.swift,\ Diagnostics.swift /Users/admin/builder/spi-builder-workspace/Sources/VisionPushSDK/DeviceRegistrar.swift /Users/admin/builder/spi-builder-workspace/Sources/VisionPushSDK/Diagnostics.swift (in target 'VisionPushSDK' from project 'VisionPushSDK')
SwiftCompile normal arm64_32 /Users/admin/builder/spi-builder-workspace/Sources/VisionPushSDK/DeviceRegistrar.swift (in target 'VisionPushSDK' from project 'VisionPushSDK')
    cd /Users/admin/builder/spi-builder-workspace/.swiftpm/xcode

SwiftCompile normal arm64_32 /Users/admin/builder/spi-builder-workspace/Sources/VisionPushSDK/Diagnostics.swift (in target 'VisionPushSDK' from project 'VisionPushSDK')
    cd /Users/admin/builder/spi-builder-workspace/.swiftpm/xcode

SwiftCompile normal arm64_32 Compiling\ LiveActivityHandler.swift,\ Models.swift /Users/admin/builder/spi-builder-workspace/Sources/VisionPushSDK/LiveActivityHandler.swift /Users/admin/builder/spi-builder-workspace/Sources/VisionPushSDK/Models.swift (in target 'VisionPushSDK' from project 'VisionPushSDK')
SwiftCompile normal arm64_32 /Users/admin/builder/spi-builder-workspace/Sources/VisionPushSDK/LiveActivityHandler.swift (in target 'VisionPushSDK' from project 'VisionPushSDK')
    cd /Users/admin/builder/spi-builder-workspace/.swiftpm/xcode

SwiftCompile normal arm64_32 /Users/admin/builder/spi-builder-workspace/Sources/VisionPushSDK/Models.swift (in target 'VisionPushSDK' from project 'VisionPushSDK')
    cd /Users/admin/builder/spi-builder-workspace/.swiftpm/xcode

SwiftCompile normal arm64_32 Compiling\ resource_bundle_accessor.swift,\ ApiClient.swift /Users/admin/builder/spi-builder-workspace/.derivedData/Build/Intermediates.noindex/VisionPushSDK.build/Debug-watchos/VisionPushSDK.build/DerivedSources/resource_bundle_accessor.swift /Users/admin/builder/spi-builder-workspace/Sources/VisionPushSDK/ApiClient.swift (in target 'VisionPushSDK' from project 'VisionPushSDK')
SwiftCompile normal arm64_32 /Users/admin/builder/spi-builder-workspace/.derivedData/Build/Intermediates.noindex/VisionPushSDK.build/Debug-watchos/VisionPushSDK.build/DerivedSources/resource_bundle_accessor.swift (in target 'VisionPushSDK' from project 'VisionPushSDK')
    cd /Users/admin/builder/spi-builder-workspace/.swiftpm/xcode

SwiftCompile normal arm64_32 /Users/admin/builder/spi-builder-workspace/Sources/VisionPushSDK/ApiClient.swift (in target 'VisionPushSDK' from project 'VisionPushSDK')
    cd /Users/admin/builder/spi-builder-workspace/.swiftpm/xcode

SwiftCompile normal arm64_32 Compiling\ VisionPush.swift /Users/admin/builder/spi-builder-workspace/Sources/VisionPushSDK/VisionPush.swift (in target 'VisionPushSDK' from project 'VisionPushSDK')
SwiftCompile normal arm64_32 /Users/admin/builder/spi-builder-workspace/Sources/VisionPushSDK/VisionPush.swift (in target 'VisionPushSDK' from project 'VisionPushSDK')
    cd /Users/admin/builder/spi-builder-workspace/.swiftpm/xcode

SwiftCompile normal arm64_32 Compiling\ VisionPushError.swift /Users/admin/builder/spi-builder-workspace/Sources/VisionPushSDK/VisionPushError.swift (in target 'VisionPushSDK' from project 'VisionPushSDK')
SwiftCompile normal arm64_32 /Users/admin/builder/spi-builder-workspace/Sources/VisionPushSDK/VisionPushError.swift (in target 'VisionPushSDK' from project 'VisionPushSDK')
    cd /Users/admin/builder/spi-builder-workspace/.swiftpm/xcode

SwiftCompile normal arm64_32 Compiling\ SealedPayload.swift /Users/admin/builder/spi-builder-workspace/Sources/VisionPushSDK/SealedPayload.swift (in target 'VisionPushSDK' from project 'VisionPushSDK')
SwiftCompile normal arm64_32 /Users/admin/builder/spi-builder-workspace/Sources/VisionPushSDK/SealedPayload.swift (in target 'VisionPushSDK' from project 'VisionPushSDK')
    cd /Users/admin/builder/spi-builder-workspace/.swiftpm/xcode

SwiftEmitModule normal armv7k Emitting\ module\ for\ VisionPushSDK (in target 'VisionPushSDK' from project 'VisionPushSDK')
Failed frontend command:
/Applications/Xcode-16.3.0.app/Contents/Developer/Toolchains/XcodeDefault.xctoolchain/usr/bin/swift-frontend -frontend -emit-module -experimental-skip-non-inlinable-function-bodies-without-types /Users/admin/builder/spi-builder-workspace/.derivedData/Build/Intermediates.noindex/VisionPushSDK.build/Debug-watchos/VisionPushSDK.build/DerivedSources/resource_bundle_accessor.swift /Users/admin/builder/spi-builder-workspace/Sources/VisionPushSDK/ApiClient.swift /Users/admin/builder/spi-builder-workspace/Sources/VisionPushSDK/DeviceRegistrar.swift /Users/admin/builder/spi-builder-workspace/Sources/VisionPushSDK/Diagnostics.swift /Users/admin/builder/spi-builder-workspace/Sources/VisionPushSDK/GeofenceManager.swift /Users/admin/builder/spi-builder-workspace/Sources/VisionPushSDK/InAppMessage.swift /Users/admin/builder/spi-builder-workspace/Sources/VisionPushSDK/LiveActivityHandler.swift /Users/admin/builder/spi-builder-workspace/Sources/VisionPushSDK/Models.swift /Users/admin/builder/spi-builder-workspace/Sources/VisionPushSDK/NotificationServiceExtension.swift /Users/admin/builder/spi-builder-workspace/Sources/VisionPushSDK/NotificationTracker.swift /Users/admin/builder/spi-builder-workspace/Sources/VisionPushSDK/RealtimeChannel.swift /Users/admin/builder/spi-builder-workspace/Sources/VisionPushSDK/SealedPayload.swift /Users/admin/builder/spi-builder-workspace/Sources/VisionPushSDK/VisionPush.swift /Users/admin/builder/spi-builder-workspace/Sources/VisionPushSDK/VisionPushError.swift /Users/admin/builder/spi-builder-workspace/Sources/VisionPushSDK/VoIPHandler.swift -target armv7k-apple-watchos8.0 -enable-objc-interop -stack-check -sdk /Applications/Xcode-16.3.0.app/Contents/Developer/Platforms/WatchOS.platform/Developer/SDKs/WatchOS11.4.sdk -I /Users/admin/builder/spi-builder-workspace/.derivedData/Build/Products/Debug-watchos -I /Applications/Xcode-16.3.0.app/Contents/Developer/Platforms/WatchOS.platform/Developer/usr/lib -F /Users/admin/builder/spi-builder-workspace/.derivedData/Build/Products/Debug-watchos -F /Applications/Xcode-16.3.0.app/Contents/Developer/Platforms/WatchOS.platform/Developer/Library/Frameworks -F /Applications/Xcode-16.3.0.app/Contents/Developer/Platforms/WatchOS.platform/Developer/SDKs/WatchOS11.4.sdk/Developer/Library/Frameworks -no-color-diagnostics -enable-testing -g -debug-info-format\=dwarf -dwarf-version\=4 -module-cache-path /Users/admin/builder/spi-builder-workspace/.derivedData/ModuleCache.noindex -profile-generate -profile-coverage-mapping -swift-version 5 -enforce-exclusivity\=checked -stats-output-dir /Users/admin/builder/spi-builder-workspace/.swiftpm/xcode/.stats -Onone -D SWIFT_PACKAGE -D DEBUG -serialize-debugging-options -const-gather-protocols-file /Users/admin/builder/spi-builder-workspace/.derivedData/Build/Intermediates.noindex/VisionPushSDK.build/Debug-watchos/VisionPushSDK.build/Objects-normal/armv7k/VisionPushSDK_const_extract_protocols.json -enable-upcoming-feature StrictConcurrency -enable-upcoming-feature DisableOutwardActorInference -enable-upcoming-feature GlobalActorIsolatedTypesUsability -enable-upcoming-feature InferSendableFromCaptures -enable-experimental-feature DebugDescriptionMacro -strict-concurrency\=complete -empty-abi-descriptor -plugin-path /Applications/Xcode-16.3.0.app/Contents/Developer/Toolchains/XcodeDefault.xctoolchain/usr/lib/swift/host/plugins/testing -validate-clang-modules-once -clang-build-session-file /Users/admin/builder/spi-builder-workspace/.derivedData/ModuleCache.noindex/Session.modulevalidation -Xcc -working-directory -Xcc /Users/admin/builder/spi-builder-workspace/.swiftpm/xcode -resource-dir /Applications/Xcode-16.3.0.app/Contents/Developer/Toolchains/XcodeDefault.xctoolchain/usr/lib/swift -enable-anonymous-context-mangled-names -file-compilation-dir /Users/admin/builder/spi-builder-workspace/.swiftpm/xcode -Xcc -ivfsstatcache -Xcc /Users/admin/builder/spi-builder-workspace/.derivedData/SDKStatCaches.noindex/watchos11.4-22T246-43efb940ff07ba2497b70ec94253f576.sdkstatcache -Xcc -I/Users/admin/builder/spi-builder-workspace/.derivedData/Build/Intermediates.noindex/VisionPushSDK.build/Debug-watchos/VisionPushSDK.build/swift-overrides.hmap -Xcc -I/Users/admin/builder/spi-builder-workspace/.derivedData/Build/Products/Debug-watchos/include -Xcc -I/Users/admin/builder/spi-builder-workspace/.derivedData/Build/Intermediates.noindex/VisionPushSDK.build/Debug-watchos/VisionPushSDK.build/DerivedSources-normal/armv7k -Xcc -I/Users/admin/builder/spi-builder-workspace/.derivedData/Build/Intermediates.noindex/VisionPushSDK.build/Debug-watchos/VisionPushSDK.build/DerivedSources/armv7k -Xcc -I/Users/admin/builder/spi-builder-workspace/.derivedData/Build/Intermediates.noindex/VisionPushSDK.build/Debug-watchos/VisionPushSDK.build/DerivedSources -Xcc -DSWIFT_PACKAGE -Xcc -DDEBUG\=1 -module-name VisionPushSDK -package-name spi_builder_workspace -frontend-parseable-output -disable-clang-spi -target-sdk-version 11.4 -target-sdk-name watchos11.4 -external-plugin-path /Applications/Xcode-16.3.0.app/Contents/Developer/Platforms/WatchOS.platform/Developer/usr/lib/swift/host/plugins\#/Applications/Xcode-16.3.0.app/Contents/Developer/Platforms/WatchOS.platform/Developer/usr/bin/swift-plugin-server -external-plugin-path /Applications/Xcode-16.3.0.app/Contents/Developer/Platforms/WatchOS.platform/Developer/usr/local/lib/swift/host/plugins\#/Applications/Xcode-16.3.0.app/Contents/Developer/Platforms/WatchOS.platform/Developer/usr/bin/swift-plugin-server -in-process-plugin-server-path /Applications/Xcode-16.3.0.app/Contents/Developer/Toolchains/XcodeDefault.xctoolchain/usr/lib/swift/host/libSwiftInProcPluginServer.dylib -plugin-path /Applications/Xcode-16.3.0.app/Contents/Developer/Toolchains/XcodeDefault.xctoolchain/usr/lib/swift/host/plugins -plugin-path /Applications/Xcode-16.3.0.app/Contents/Developer/Toolchains/XcodeDefault.xctoolchain/usr/local/lib/swift/host/plugins -emit-module-doc-path /Users/admin/builder/spi-builder-workspace/.derivedData/Build/Intermediates.noindex/VisionPushSDK.build/Debug-watchos/VisionPushSDK.build/Objects-normal/armv7k/VisionPushSDK.swiftdoc -emit-module-source-info-path /Users/admin/builder/spi-builder-workspace/.derivedData/Build/Intermediates.noindex/VisionPushSDK.build/Debug-watchos/VisionPushSDK.build/Objects-normal/armv7k/VisionPushSDK.swiftsourceinfo -emit-objc-header-path /Users/admin/builder/spi-builder-workspace/.derivedData/Build/Intermediates.noindex/VisionPushSDK.build/Debug-watchos/VisionPushSDK.build/Objects-normal/armv7k/VisionPushSDK-Swift.h -serialize-diagnostics-path /Users/admin/builder/spi-builder-workspace/.derivedData/Build/Intermediates.noindex/VisionPushSDK.build/Debug-watchos/VisionPushSDK.build/Objects-normal/armv7k/VisionPushSDK-master-emit-module.dia -emit-dependencies-path /Users/admin/builder/spi-builder-workspace/.derivedData/Build/Intermediates.noindex/VisionPushSDK.build/Debug-watchos/VisionPushSDK.build/Objects-normal/armv7k/VisionPushSDK-master-emit-module.d -o /Users/admin/builder/spi-builder-workspace/.derivedData/Build/Intermediates.noindex/VisionPushSDK.build/Debug-watchos/VisionPushSDK.build/Objects-normal/armv7k/VisionPushSDK.swiftmodule -emit-abi-descriptor-path /Users/admin/builder/spi-builder-workspace/.derivedData/Build/Intermediates.noindex/VisionPushSDK.build/Debug-watchos/VisionPushSDK.build/Objects-normal/armv7k/VisionPushSDK.abi.json
EmitSwiftModule normal armv7k (in target 'VisionPushSDK' from project 'VisionPushSDK')
    cd /Users/admin/builder/spi-builder-workspace/.swiftpm/xcode

/Users/admin/builder/spi-builder-workspace/Sources/VisionPushSDK/GeofenceManager.swift:187:22: error: cannot override 'locationManager' which has been marked unavailable
    nonisolated func locationManager(_ manager: CLLocationManager, didEnterRegion region: CLRegion) {
                     ^
CoreLocation.CLLocationManagerDelegate.locationManager:3:17: note: 'locationManager(_:didEnterRegion:)' has been explicitly marked unavailable here
  optional func locationManager(_ manager: CLLocationManager, didEnterRegion region: CLRegion)}
                ^
/Users/admin/builder/spi-builder-workspace/Sources/VisionPushSDK/GeofenceManager.swift:196:22: error: cannot override 'locationManager' which has been marked unavailable
    nonisolated func locationManager(_ manager: CLLocationManager, didExitRegion region: CLRegion) {
                     ^
CoreLocation.CLLocationManagerDelegate.locationManager:3:17: note: 'locationManager(_:didExitRegion:)' has been explicitly marked unavailable here
  optional func locationManager(_ manager: CLLocationManager, didExitRegion region: CLRegion)}
                ^
/Users/admin/builder/spi-builder-workspace/Sources/VisionPushSDK/GeofenceManager.swift:205:22: error: cannot override 'locationManager' which has been marked unavailable
    nonisolated func locationManager(_ manager: CLLocationManager, monitoringDidFailFor region: CLRegion?, withError error: Error) {}
                     ^
CoreLocation.CLLocationManagerDelegate.locationManager:3:17: note: 'locationManager(_:monitoringDidFailFor:withError:)' has been explicitly marked unavailable here
  optional func locationManager(_ manager: CLLocationManager, monitoringDidFailFor region: CLRegion?, withError error: any Error)}
                ^
/Users/admin/builder/spi-builder-workspace/Sources/VisionPushSDK/InAppMessage.swift:245:39: error: cannot find type 'UIViewController' in scope
    private var activeViewController: UIViewController? {
                                      ^~~~~~~~~~~~~~~~
/Users/admin/builder/spi-builder-workspace/Sources/VisionPushSDK/InAppMessage.swift:249:35: error: cannot find type 'UIView' in scope
    private var activeBannerView: UIView? {
                                  ^~~~~~
/Applications/Xcode-16.3.0.app/Contents/Developer/Platforms/WatchOS.platform/Developer/SDKs/WatchOS11.4.sdk/System/Library/Frameworks/UIKit.framework/Headers/NSTextAttachment.h:23:1: note: interface 'UIView' forward declared here
@class UIView;
^
/Users/admin/builder/spi-builder-workspace/Sources/VisionPushSDK/InAppMessage.swift:357:33: error: cannot find type 'UIWindow' in scope
    private func keyWindow() -> UIWindow? {
                                ^~~~~~~~
/Users/admin/builder/spi-builder-workspace/Sources/VisionPushSDK/InAppMessage.swift:364:68: error: cannot find type 'UIViewController' in scope
    private func topViewController(from root: UIViewController) -> UIViewController {
                                                                   ^~~~~~~~~~~~~~~~
/Users/admin/builder/spi-builder-workspace/Sources/VisionPushSDK/InAppMessage.swift:364:47: error: cannot find type 'UIViewController' in scope
    private func topViewController(from root: UIViewController) -> UIViewController {
                                              ^~~~~~~~~~~~~~~~
/Users/admin/builder/spi-builder-workspace/Sources/VisionPushSDK/InAppMessage.swift:380:41: error: cannot find type 'UIViewController' in scope
final class InAppMessageViewController: UIViewController {
                                        ^~~~~~~~~~~~~~~~
/Users/admin/builder/spi-builder-workspace/Sources/VisionPushSDK/InAppMessage.swift:394:19: error: method does not override any method from its superclass
    override func viewDidLoad() {
    ~~~~~~~~      ^
/Users/admin/builder/spi-builder-workspace/Sources/VisionPushSDK/InAppMessage.swift:401:19: error: method does not override any method from its superclass
    override func viewDidDisappear(_ animated: Bool) {
    ~~~~~~~~      ^
/Users/admin/builder/spi-builder-workspace/Sources/VisionPushSDK/InAppMessage.swift:510:57: error: cannot find type 'UIButton' in scope
    private func makeUIButton(for iamBtn: IAMButton) -> UIButton {
                                                        ^~~~~~~~
/Users/admin/builder/spi-builder-workspace/Sources/VisionPushSDK/InAppMessage.swift:524:50: error: cannot find type 'UIButton' in scope
    @objc private func iamButtonTapped(_ sender: UIButton) {
                                                 ^~~~~~~~
/Users/admin/builder/spi-builder-workspace/Sources/VisionPushSDK/InAppMessage.swift:534:28: error: cannot find type 'UIView' in scope
final class IAMBannerView: UIView {
                           ^~~~~~
/Applications/Xcode-16.3.0.app/Contents/Developer/Platforms/WatchOS.platform/Developer/SDKs/WatchOS11.4.sdk/System/Library/Frameworks/UIKit.framework/Headers/NSTextAttachment.h:23:1: note: interface 'UIView' forward declared here
@class UIView;
^
/Users/admin/builder/spi-builder-workspace/Sources/VisionPushSDK/VisionPush.swift:744:16: error: cannot find type 'UIBackgroundFetchResult' in scope
    ) async -> UIBackgroundFetchResult {
               ^~~~~~~~~~~~~~~~~~~~~~~
SwiftEmitModule normal arm64 Emitting\ module\ for\ VisionPushSDK (in target 'VisionPushSDK' from project 'VisionPushSDK')
Command SwiftEmitModule failed with a nonzero exit code
** BUILD FAILED **
The following build commands failed:
	SwiftEmitModule normal armv7k Emitting\ module\ for\ VisionPushSDK (in target 'VisionPushSDK' from project 'VisionPushSDK')
	EmitSwiftModule normal armv7k (in target 'VisionPushSDK' from project 'VisionPushSDK')
	SwiftEmitModule normal arm64 Emitting\ module\ for\ VisionPushSDK (in target 'VisionPushSDK' from project 'VisionPushSDK')
	Building workspace spi-builder-workspace with scheme VisionPushSDK
(4 failures)
Command line invocation:
    /Applications/Xcode-16.3.0.app/Contents/Developer/usr/bin/xcodebuild -IDEClonedSourcePackagesDirPathOverride=/Users/admin/builder/spi-builder-workspace/.dependencies -resolvePackageDependencies
Resolve Package Graph
Resolved source packages:
  SwiftDocCPlugin: https://github.com/apple/swift-docc-plugin @ 1.5.0
  VisionPushSDK: /Users/admin/builder/spi-builder-workspace
  SymbolKit: https://github.com/swiftlang/swift-docc-symbolkit @ 1.0.0
resolved source packages: SwiftDocCPlugin, VisionPushSDK, SymbolKit
{
  "dependencies" : [
    {
      "identity" : "swift-docc-plugin",
      "requirement" : {
        "range" : [
          {
            "lower_bound" : "1.3.0",
            "upper_bound" : "2.0.0"
          }
        ]
      },
      "type" : "sourceControl",
      "url" : "https://github.com/apple/swift-docc-plugin"
    }
  ],
  "manifest_display_name" : "VisionPushSDK",
  "name" : "VisionPushSDK",
  "path" : "/Users/admin/builder/spi-builder-workspace",
  "platforms" : [
    {
      "name" : "ios",
      "version" : "15.0"
    },
    {
      "name" : "macos",
      "version" : "13.0"
    }
  ],
  "products" : [
    {
      "name" : "VisionPushSDK",
      "targets" : [
        "VisionPushSDK"
      ],
      "type" : {
        "library" : [
          "automatic"
        ]
      }
    }
  ],
  "swift_languages_versions" : [
    "5"
  ],
  "targets" : [
    {
      "c99name" : "VisionPushSDKTests",
      "module_type" : "SwiftTarget",
      "name" : "VisionPushSDKTests",
      "path" : "Tests/VisionPushSDKTests",
      "sources" : [
        "RealtimeChannelTests.swift",
        "SealedPayloadTests.swift",
        "VisionPushTests.swift"
      ],
      "target_dependencies" : [
        "VisionPushSDK"
      ],
      "type" : "test"
    },
    {
      "c99name" : "VisionPushSDK",
      "module_type" : "SwiftTarget",
      "name" : "VisionPushSDK",
      "path" : "Sources/VisionPushSDK",
      "product_memberships" : [
        "VisionPushSDK"
      ],
      "resources" : [
        {
          "path" : "/Users/admin/builder/spi-builder-workspace/Sources/VisionPushSDK/PrivacyInfo.xcprivacy",
          "rule" : {
            "process" : {
            }
          }
        }
      ],
      "sources" : [
        "ApiClient.swift",
        "DeviceRegistrar.swift",
        "Diagnostics.swift",
        "GeofenceManager.swift",
        "InAppMessage.swift",
        "LiveActivityHandler.swift",
        "Models.swift",
        "NotificationServiceExtension.swift",
        "NotificationTracker.swift",
        "RealtimeChannel.swift",
        "SealedPayload.swift",
        "VisionPush.swift",
        "VisionPushError.swift",
        "VoIPHandler.swift"
      ],
      "type" : "library"
    }
  ],
  "tools_version" : "5.9"
}
{
  "workspace" : {
    "name" : "spi-builder-workspace",
    "schemes" : [
      "VisionPushSDK"
    ]
  }
}
Running build ...
env DEVELOPER_DIR=/Applications/Xcode-16.3.0.app xcrun xcodebuild -IDEClonedSourcePackagesDirPathOverride=$PWD/.dependencies -skipMacroValidation -skipPackagePluginValidation -derivedDataPath $PWD/.derivedData build -scheme VisionPushSDK -destination generic/platform=watchOS
Command line invocation:
    /Applications/Xcode-16.3.0.app/Contents/Developer/usr/bin/xcodebuild -IDEClonedSourcePackagesDirPathOverride=/Users/admin/builder/spi-builder-workspace/.dependencies -skipMacroValidation -skipPackagePluginValidation -derivedDataPath /Users/admin/builder/spi-builder-workspace/.derivedData build -scheme VisionPushSDK -destination generic/platform=watchOS
Resolve Package Graph
Resolved source packages:
  SymbolKit: https://github.com/swiftlang/swift-docc-symbolkit @ 1.0.0
  VisionPushSDK: /Users/admin/builder/spi-builder-workspace
  SwiftDocCPlugin: https://github.com/apple/swift-docc-plugin @ 1.5.0
ComputePackagePrebuildTargetDependencyGraph
Prepare packages
CreateBuildRequest
SendProjectDescription
CreateBuildOperation
ComputeTargetDependencyGraph
note: Building targets in dependency order
note: Target dependency graph (3 targets)
    Target 'VisionPushSDK' in project 'VisionPushSDK'
        ➜ Explicit dependency on target 'VisionPushSDK' in project 'VisionPushSDK'
        ➜ Explicit dependency on target 'VisionPushSDK_VisionPushSDK' in project 'VisionPushSDK'
    Target 'VisionPushSDK' in project 'VisionPushSDK'
        ➜ Explicit dependency on target 'VisionPushSDK_VisionPushSDK' in project 'VisionPushSDK'
    Target 'VisionPushSDK_VisionPushSDK' in project 'VisionPushSDK' (no dependencies)
GatherProvisioningInputs
CreateBuildDescription
ExecuteExternalTool /Applications/Xcode-16.3.0.app/Contents/Developer/Toolchains/XcodeDefault.xctoolchain/usr/bin/clang -v -E -dM -isysroot /Applications/Xcode-16.3.0.app/Contents/Developer/Platforms/WatchOS.platform/Developer/SDKs/WatchOS11.4.sdk -x c -c /dev/null
ExecuteExternalTool /Applications/Xcode-16.3.0.app/Contents/Developer/Toolchains/XcodeDefault.xctoolchain/usr/bin/swiftc --version
ExecuteExternalTool /Applications/Xcode-16.3.0.app/Contents/Developer/Toolchains/XcodeDefault.xctoolchain/usr/bin/ld -version_details
ReadFileContents /Applications/Xcode-16.3.0.app/Contents/Developer/Toolchains/XcodeDefault.xctoolchain/usr/share/docc/features.json
Build description signature: 4798d1ef0fb2e3d91235c7c37bb3a4cc
Build description path: /Users/admin/builder/spi-builder-workspace/.derivedData/Build/Intermediates.noindex/XCBuildData/4798d1ef0fb2e3d91235c7c37bb3a4cc.xcbuilddata
ClangStatCache /Applications/Xcode-16.3.0.app/Contents/Developer/Toolchains/XcodeDefault.xctoolchain/usr/bin/clang-stat-cache /Applications/Xcode-16.3.0.app/Contents/Developer/Platforms/WatchOS.platform/Developer/SDKs/WatchOS11.4.sdk /Users/admin/builder/spi-builder-workspace/.derivedData/SDKStatCaches.noindex/watchos11.4-22T246-43efb940ff07ba2497b70ec94253f576.sdkstatcache
    cd /Users/admin/builder/spi-builder-workspace/.swiftpm/xcode
    /Applications/Xcode-16.3.0.app/Contents/Developer/Toolchains/XcodeDefault.xctoolchain/usr/bin/clang-stat-cache /Applications/Xcode-16.3.0.app/Contents/Developer/Platforms/WatchOS.platform/Developer/SDKs/WatchOS11.4.sdk -o /Users/admin/builder/spi-builder-workspace/.derivedData/SDKStatCaches.noindex/watchos11.4-22T246-43efb940ff07ba2497b70ec94253f576.sdkstatcache
ProcessInfoPlistFile /Users/admin/builder/spi-builder-workspace/.derivedData/Build/Products/Debug-watchos/VisionPushSDK_VisionPushSDK.bundle/Info.plist /Users/admin/builder/spi-builder-workspace/.derivedData/Build/Intermediates.noindex/VisionPushSDK.build/Debug-watchos/VisionPushSDK_VisionPushSDK.build/empty-VisionPushSDK_VisionPushSDK.plist (in target 'VisionPushSDK_VisionPushSDK' from project 'VisionPushSDK')
    cd /Users/admin/builder/spi-builder-workspace
    builtin-infoPlistUtility /Users/admin/builder/spi-builder-workspace/.derivedData/Build/Intermediates.noindex/VisionPushSDK.build/Debug-watchos/VisionPushSDK_VisionPushSDK.build/empty-VisionPushSDK_VisionPushSDK.plist -producttype com.apple.product-type.bundle -expandbuildsettings -format binary -platform watchos -o /Users/admin/builder/spi-builder-workspace/.derivedData/Build/Products/Debug-watchos/VisionPushSDK_VisionPushSDK.bundle/Info.plist
SwiftDriver VisionPushSDK normal arm64_32 com.apple.xcode.tools.swift.compiler (in target 'VisionPushSDK' from project 'VisionPushSDK')
    cd /Users/admin/builder/spi-builder-workspace/.swiftpm/xcode
    builtin-SwiftDriver -- /Applications/Xcode-16.3.0.app/Contents/Developer/Toolchains/XcodeDefault.xctoolchain/usr/bin/swiftc -module-name VisionPushSDK -Onone -enforce-exclusivity\=checked @/Users/admin/builder/spi-builder-workspace/.derivedData/Build/Intermediates.noindex/VisionPushSDK.build/Debug-watchos/VisionPushSDK.build/Objects-normal/arm64_32/VisionPushSDK.SwiftFileList -DSWIFT_PACKAGE -DDEBUG -DXcode -enable-experimental-feature StrictConcurrency -plugin-path /Applications/Xcode-16.3.0.app/Contents/Developer/Toolchains/XcodeDefault.xctoolchain/usr/lib/swift/host/plugins/testing -enable-experimental-feature DebugDescriptionMacro -sdk /Applications/Xcode-16.3.0.app/Contents/Developer/Platforms/WatchOS.platform/Developer/SDKs/WatchOS11.4.sdk -target arm64_32-apple-watchos8.0 -g -module-cache-path /Users/admin/builder/spi-builder-workspace/.derivedData/ModuleCache.noindex -Xfrontend -serialize-debugging-options -profile-coverage-mapping -profile-generate -enable-testing -index-store-path /Users/admin/builder/spi-builder-workspace/.derivedData/Index.noindex/DataStore -swift-version 5 -I /Users/admin/builder/spi-builder-workspace/.derivedData/Build/Products/Debug-watchos -I /Applications/Xcode-16.3.0.app/Contents/Developer/Platforms/WatchOS.platform/Developer/usr/lib -F /Users/admin/builder/spi-builder-workspace/.derivedData/Build/Products/Debug-watchos -F /Applications/Xcode-16.3.0.app/Contents/Developer/Platforms/WatchOS.platform/Developer/Library/Frameworks -F /Applications/Xcode-16.3.0.app/Contents/Developer/Platforms/WatchOS.platform/Developer/SDKs/WatchOS11.4.sdk/Developer/Library/Frameworks -c -j10 -enable-batch-mode -incremental -Xcc -ivfsstatcache -Xcc /Users/admin/builder/spi-builder-workspace/.derivedData/SDKStatCaches.noindex/watchos11.4-22T246-43efb940ff07ba2497b70ec94253f576.sdkstatcache -output-file-map /Users/admin/builder/spi-builder-workspace/.derivedData/Build/Intermediates.noindex/VisionPushSDK.build/Debug-watchos/VisionPushSDK.build/Objects-normal/arm64_32/VisionPushSDK-OutputFileMap.json -use-frontend-parseable-output -save-temps -no-color-diagnostics -serialize-diagnostics -emit-dependencies -emit-module -emit-module-path /Users/admin/builder/spi-builder-workspace/.derivedData/Build/Intermediates.noindex/VisionPushSDK.build/Debug-watchos/VisionPushSDK.build/Objects-normal/arm64_32/VisionPushSDK.swiftmodule -validate-clang-modules-once -clang-build-session-file /Users/admin/builder/spi-builder-workspace/.derivedData/ModuleCache.noindex/Session.modulevalidation -package-name spi_builder_workspace -Xcc -I/Users/admin/builder/spi-builder-workspace/.derivedData/Build/Intermediates.noindex/VisionPushSDK.build/Debug-watchos/VisionPushSDK.build/swift-overrides.hmap -emit-const-values -Xfrontend -const-gather-protocols-file -Xfrontend /Users/admin/builder/spi-builder-workspace/.derivedData/Build/Intermediates.noindex/VisionPushSDK.build/Debug-watchos/VisionPushSDK.build/Objects-normal/arm64_32/VisionPushSDK_const_extract_protocols.json -Xcc -I/Users/admin/builder/spi-builder-workspace/.derivedData/Build/Products/Debug-watchos/include -Xcc -I/Users/admin/builder/spi-builder-workspace/.derivedData/Build/Intermediates.noindex/VisionPushSDK.build/Debug-watchos/VisionPushSDK.build/DerivedSources-normal/arm64_32 -Xcc -I/Users/admin/builder/spi-builder-workspace/.derivedData/Build/Intermediates.noindex/VisionPushSDK.build/Debug-watchos/VisionPushSDK.build/DerivedSources/arm64_32 -Xcc -I/Users/admin/builder/spi-builder-workspace/.derivedData/Build/Intermediates.noindex/VisionPushSDK.build/Debug-watchos/VisionPushSDK.build/DerivedSources -Xcc -DSWIFT_PACKAGE -Xcc -DDEBUG\=1 -emit-objc-header -emit-objc-header-path /Users/admin/builder/spi-builder-workspace/.derivedData/Build/Intermediates.noindex/VisionPushSDK.build/Debug-watchos/VisionPushSDK.build/Objects-normal/arm64_32/VisionPushSDK-Swift.h -working-directory /Users/admin/builder/spi-builder-workspace/.swiftpm/xcode -experimental-emit-module-separately -disable-cmo
SwiftDriver VisionPushSDK normal armv7k com.apple.xcode.tools.swift.compiler (in target 'VisionPushSDK' from project 'VisionPushSDK')
    cd /Users/admin/builder/spi-builder-workspace/.swiftpm/xcode
    builtin-SwiftDriver -- /Applications/Xcode-16.3.0.app/Contents/Developer/Toolchains/XcodeDefault.xctoolchain/usr/bin/swiftc -module-name VisionPushSDK -Onone -enforce-exclusivity\=checked @/Users/admin/builder/spi-builder-workspace/.derivedData/Build/Intermediates.noindex/VisionPushSDK.build/Debug-watchos/VisionPushSDK.build/Objects-normal/armv7k/VisionPushSDK.SwiftFileList -DSWIFT_PACKAGE -DDEBUG -DXcode -enable-experimental-feature StrictConcurrency -plugin-path /Applications/Xcode-16.3.0.app/Contents/Developer/Toolchains/XcodeDefault.xctoolchain/usr/lib/swift/host/plugins/testing -enable-experimental-feature DebugDescriptionMacro -sdk /Applications/Xcode-16.3.0.app/Contents/Developer/Platforms/WatchOS.platform/Developer/SDKs/WatchOS11.4.sdk -target armv7k-apple-watchos8.0 -g -module-cache-path /Users/admin/builder/spi-builder-workspace/.derivedData/ModuleCache.noindex -Xfrontend -serialize-debugging-options -profile-coverage-mapping -profile-generate -enable-testing -index-store-path /Users/admin/builder/spi-builder-workspace/.derivedData/Index.noindex/DataStore -swift-version 5 -I /Users/admin/builder/spi-builder-workspace/.derivedData/Build/Products/Debug-watchos -I /Applications/Xcode-16.3.0.app/Contents/Developer/Platforms/WatchOS.platform/Developer/usr/lib -F /Users/admin/builder/spi-builder-workspace/.derivedData/Build/Products/Debug-watchos -F /Applications/Xcode-16.3.0.app/Contents/Developer/Platforms/WatchOS.platform/Developer/Library/Frameworks -F /Applications/Xcode-16.3.0.app/Contents/Developer/Platforms/WatchOS.platform/Developer/SDKs/WatchOS11.4.sdk/Developer/Library/Frameworks -c -j10 -enable-batch-mode -incremental -Xcc -ivfsstatcache -Xcc /Users/admin/builder/spi-builder-workspace/.derivedData/SDKStatCaches.noindex/watchos11.4-22T246-43efb940ff07ba2497b70ec94253f576.sdkstatcache -output-file-map /Users/admin/builder/spi-builder-workspace/.derivedData/Build/Intermediates.noindex/VisionPushSDK.build/Debug-watchos/VisionPushSDK.build/Objects-normal/armv7k/VisionPushSDK-OutputFileMap.json -use-frontend-parseable-output -save-temps -no-color-diagnostics -serialize-diagnostics -emit-dependencies -emit-module -emit-module-path /Users/admin/builder/spi-builder-workspace/.derivedData/Build/Intermediates.noindex/VisionPushSDK.build/Debug-watchos/VisionPushSDK.build/Objects-normal/armv7k/VisionPushSDK.swiftmodule -validate-clang-modules-once -clang-build-session-file /Users/admin/builder/spi-builder-workspace/.derivedData/ModuleCache.noindex/Session.modulevalidation -package-name spi_builder_workspace -Xcc -I/Users/admin/builder/spi-builder-workspace/.derivedData/Build/Intermediates.noindex/VisionPushSDK.build/Debug-watchos/VisionPushSDK.build/swift-overrides.hmap -emit-const-values -Xfrontend -const-gather-protocols-file -Xfrontend /Users/admin/builder/spi-builder-workspace/.derivedData/Build/Intermediates.noindex/VisionPushSDK.build/Debug-watchos/VisionPushSDK.build/Objects-normal/armv7k/VisionPushSDK_const_extract_protocols.json -Xcc -I/Users/admin/builder/spi-builder-workspace/.derivedData/Build/Products/Debug-watchos/include -Xcc -I/Users/admin/builder/spi-builder-workspace/.derivedData/Build/Intermediates.noindex/VisionPushSDK.build/Debug-watchos/VisionPushSDK.build/DerivedSources-normal/armv7k -Xcc -I/Users/admin/builder/spi-builder-workspace/.derivedData/Build/Intermediates.noindex/VisionPushSDK.build/Debug-watchos/VisionPushSDK.build/DerivedSources/armv7k -Xcc -I/Users/admin/builder/spi-builder-workspace/.derivedData/Build/Intermediates.noindex/VisionPushSDK.build/Debug-watchos/VisionPushSDK.build/DerivedSources -Xcc -DSWIFT_PACKAGE -Xcc -DDEBUG\=1 -emit-objc-header -emit-objc-header-path /Users/admin/builder/spi-builder-workspace/.derivedData/Build/Intermediates.noindex/VisionPushSDK.build/Debug-watchos/VisionPushSDK.build/Objects-normal/armv7k/VisionPushSDK-Swift.h -working-directory /Users/admin/builder/spi-builder-workspace/.swiftpm/xcode -experimental-emit-module-separately -disable-cmo
SwiftDriver VisionPushSDK normal arm64 com.apple.xcode.tools.swift.compiler (in target 'VisionPushSDK' from project 'VisionPushSDK')
    cd /Users/admin/builder/spi-builder-workspace/.swiftpm/xcode
    builtin-SwiftDriver -- /Applications/Xcode-16.3.0.app/Contents/Developer/Toolchains/XcodeDefault.xctoolchain/usr/bin/swiftc -module-name VisionPushSDK -Onone -enforce-exclusivity\=checked @/Users/admin/builder/spi-builder-workspace/.derivedData/Build/Intermediates.noindex/VisionPushSDK.build/Debug-watchos/VisionPushSDK.build/Objects-normal/arm64/VisionPushSDK.SwiftFileList -DSWIFT_PACKAGE -DDEBUG -DXcode -enable-experimental-feature StrictConcurrency -plugin-path /Applications/Xcode-16.3.0.app/Contents/Developer/Toolchains/XcodeDefault.xctoolchain/usr/lib/swift/host/plugins/testing -enable-experimental-feature DebugDescriptionMacro -sdk /Applications/Xcode-16.3.0.app/Contents/Developer/Platforms/WatchOS.platform/Developer/SDKs/WatchOS11.4.sdk -target arm64-apple-watchos8.0 -g -module-cache-path /Users/admin/builder/spi-builder-workspace/.derivedData/ModuleCache.noindex -Xfrontend -serialize-debugging-options -profile-coverage-mapping -profile-generate -enable-testing -index-store-path /Users/admin/builder/spi-builder-workspace/.derivedData/Index.noindex/DataStore -swift-version 5 -I /Users/admin/builder/spi-builder-workspace/.derivedData/Build/Products/Debug-watchos -I /Applications/Xcode-16.3.0.app/Contents/Developer/Platforms/WatchOS.platform/Developer/usr/lib -F /Users/admin/builder/spi-builder-workspace/.derivedData/Build/Products/Debug-watchos -F /Applications/Xcode-16.3.0.app/Contents/Developer/Platforms/WatchOS.platform/Developer/Library/Frameworks -F /Applications/Xcode-16.3.0.app/Contents/Developer/Platforms/WatchOS.platform/Developer/SDKs/WatchOS11.4.sdk/Developer/Library/Frameworks -c -j10 -enable-batch-mode -incremental -Xcc -ivfsstatcache -Xcc /Users/admin/builder/spi-builder-workspace/.derivedData/SDKStatCaches.noindex/watchos11.4-22T246-43efb940ff07ba2497b70ec94253f576.sdkstatcache -output-file-map /Users/admin/builder/spi-builder-workspace/.derivedData/Build/Intermediates.noindex/VisionPushSDK.build/Debug-watchos/VisionPushSDK.build/Objects-normal/arm64/VisionPushSDK-OutputFileMap.json -use-frontend-parseable-output -save-temps -no-color-diagnostics -serialize-diagnostics -emit-dependencies -emit-module -emit-module-path /Users/admin/builder/spi-builder-workspace/.derivedData/Build/Intermediates.noindex/VisionPushSDK.build/Debug-watchos/VisionPushSDK.build/Objects-normal/arm64/VisionPushSDK.swiftmodule -validate-clang-modules-once -clang-build-session-file /Users/admin/builder/spi-builder-workspace/.derivedData/ModuleCache.noindex/Session.modulevalidation -package-name spi_builder_workspace -Xcc -I/Users/admin/builder/spi-builder-workspace/.derivedData/Build/Intermediates.noindex/VisionPushSDK.build/Debug-watchos/VisionPushSDK.build/swift-overrides.hmap -emit-const-values -Xfrontend -const-gather-protocols-file -Xfrontend /Users/admin/builder/spi-builder-workspace/.derivedData/Build/Intermediates.noindex/VisionPushSDK.build/Debug-watchos/VisionPushSDK.build/Objects-normal/arm64/VisionPushSDK_const_extract_protocols.json -Xcc -I/Users/admin/builder/spi-builder-workspace/.derivedData/Build/Products/Debug-watchos/include -Xcc -I/Users/admin/builder/spi-builder-workspace/.derivedData/Build/Intermediates.noindex/VisionPushSDK.build/Debug-watchos/VisionPushSDK.build/DerivedSources-normal/arm64 -Xcc -I/Users/admin/builder/spi-builder-workspace/.derivedData/Build/Intermediates.noindex/VisionPushSDK.build/Debug-watchos/VisionPushSDK.build/DerivedSources/arm64 -Xcc -I/Users/admin/builder/spi-builder-workspace/.derivedData/Build/Intermediates.noindex/VisionPushSDK.build/Debug-watchos/VisionPushSDK.build/DerivedSources -Xcc -DSWIFT_PACKAGE -Xcc -DDEBUG\=1 -emit-objc-header -emit-objc-header-path /Users/admin/builder/spi-builder-workspace/.derivedData/Build/Intermediates.noindex/VisionPushSDK.build/Debug-watchos/VisionPushSDK.build/Objects-normal/arm64/VisionPushSDK-Swift.h -working-directory /Users/admin/builder/spi-builder-workspace/.swiftpm/xcode -experimental-emit-module-separately -disable-cmo
SwiftCompile normal arm64 Compiling\ DeviceRegistrar.swift,\ Diagnostics.swift /Users/admin/builder/spi-builder-workspace/Sources/VisionPushSDK/DeviceRegistrar.swift /Users/admin/builder/spi-builder-workspace/Sources/VisionPushSDK/Diagnostics.swift (in target 'VisionPushSDK' from project 'VisionPushSDK')
SwiftCompile normal arm64 /Users/admin/builder/spi-builder-workspace/Sources/VisionPushSDK/DeviceRegistrar.swift (in target 'VisionPushSDK' from project 'VisionPushSDK')
    cd /Users/admin/builder/spi-builder-workspace/.swiftpm/xcode

SwiftCompile normal arm64 /Users/admin/builder/spi-builder-workspace/Sources/VisionPushSDK/Diagnostics.swift (in target 'VisionPushSDK' from project 'VisionPushSDK')
    cd /Users/admin/builder/spi-builder-workspace/.swiftpm/xcode

SwiftEmitModule normal arm64 Emitting\ module\ for\ VisionPushSDK (in target 'VisionPushSDK' from project 'VisionPushSDK')
EmitSwiftModule normal arm64 (in target 'VisionPushSDK' from project 'VisionPushSDK')
    cd /Users/admin/builder/spi-builder-workspace/.swiftpm/xcode

SwiftCompile normal arm64 Compiling\ GeofenceManager.swift,\ InAppMessage.swift /Users/admin/builder/spi-builder-workspace/Sources/VisionPushSDK/GeofenceManager.swift /Users/admin/builder/spi-builder-workspace/Sources/VisionPushSDK/InAppMessage.swift (in target 'VisionPushSDK' from project 'VisionPushSDK')
SwiftCompile normal arm64 /Users/admin/builder/spi-builder-workspace/Sources/VisionPushSDK/GeofenceManager.swift (in target 'VisionPushSDK' from project 'VisionPushSDK')
    cd /Users/admin/builder/spi-builder-workspace/.swiftpm/xcode

SwiftCompile normal arm64 /Users/admin/builder/spi-builder-workspace/Sources/VisionPushSDK/InAppMessage.swift (in target 'VisionPushSDK' from project 'VisionPushSDK')
    cd /Users/admin/builder/spi-builder-workspace/.swiftpm/xcode

SwiftEmitModule normal arm64_32 Emitting\ module\ for\ VisionPushSDK (in target 'VisionPushSDK' from project 'VisionPushSDK')
Failed frontend command:
/Applications/Xcode-16.3.0.app/Contents/Developer/Toolchains/XcodeDefault.xctoolchain/usr/bin/swift-frontend -frontend -emit-module -experimental-skip-non-inlinable-function-bodies-without-types /Users/admin/builder/spi-builder-workspace/.derivedData/Build/Intermediates.noindex/VisionPushSDK.build/Debug-watchos/VisionPushSDK.build/DerivedSources/resource_bundle_accessor.swift /Users/admin/builder/spi-builder-workspace/Sources/VisionPushSDK/ApiClient.swift /Users/admin/builder/spi-builder-workspace/Sources/VisionPushSDK/DeviceRegistrar.swift /Users/admin/builder/spi-builder-workspace/Sources/VisionPushSDK/Diagnostics.swift /Users/admin/builder/spi-builder-workspace/Sources/VisionPushSDK/GeofenceManager.swift /Users/admin/builder/spi-builder-workspace/Sources/VisionPushSDK/InAppMessage.swift /Users/admin/builder/spi-builder-workspace/Sources/VisionPushSDK/LiveActivityHandler.swift /Users/admin/builder/spi-builder-workspace/Sources/VisionPushSDK/Models.swift /Users/admin/builder/spi-builder-workspace/Sources/VisionPushSDK/NotificationServiceExtension.swift /Users/admin/builder/spi-builder-workspace/Sources/VisionPushSDK/NotificationTracker.swift /Users/admin/builder/spi-builder-workspace/Sources/VisionPushSDK/RealtimeChannel.swift /Users/admin/builder/spi-builder-workspace/Sources/VisionPushSDK/SealedPayload.swift /Users/admin/builder/spi-builder-workspace/Sources/VisionPushSDK/VisionPush.swift /Users/admin/builder/spi-builder-workspace/Sources/VisionPushSDK/VisionPushError.swift /Users/admin/builder/spi-builder-workspace/Sources/VisionPushSDK/VoIPHandler.swift -target arm64_32-apple-watchos8.0 -enable-objc-interop -sdk /Applications/Xcode-16.3.0.app/Contents/Developer/Platforms/WatchOS.platform/Developer/SDKs/WatchOS11.4.sdk -I /Users/admin/builder/spi-builder-workspace/.derivedData/Build/Products/Debug-watchos -I /Applications/Xcode-16.3.0.app/Contents/Developer/Platforms/WatchOS.platform/Developer/usr/lib -F /Users/admin/builder/spi-builder-workspace/.derivedData/Build/Products/Debug-watchos -F /Applications/Xcode-16.3.0.app/Contents/Developer/Platforms/WatchOS.platform/Developer/Library/Frameworks -F /Applications/Xcode-16.3.0.app/Contents/Developer/Platforms/WatchOS.platform/Developer/SDKs/WatchOS11.4.sdk/Developer/Library/Frameworks -no-color-diagnostics -enable-testing -g -debug-info-format\=dwarf -dwarf-version\=4 -module-cache-path /Users/admin/builder/spi-builder-workspace/.derivedData/ModuleCache.noindex -profile-generate -profile-coverage-mapping -swift-version 5 -enforce-exclusivity\=checked -Onone -D SWIFT_PACKAGE -D DEBUG -D Xcode -serialize-debugging-options -const-gather-protocols-file /Users/admin/builder/spi-builder-workspace/.derivedData/Build/Intermediates.noindex/VisionPushSDK.build/Debug-watchos/VisionPushSDK.build/Objects-normal/arm64_32/VisionPushSDK_const_extract_protocols.json -enable-experimental-feature StrictConcurrency -enable-experimental-feature DebugDescriptionMacro -empty-abi-descriptor -plugin-path /Applications/Xcode-16.3.0.app/Contents/Developer/Toolchains/XcodeDefault.xctoolchain/usr/lib/swift/host/plugins/testing -validate-clang-modules-once -clang-build-session-file /Users/admin/builder/spi-builder-workspace/.derivedData/ModuleCache.noindex/Session.modulevalidation -Xcc -working-directory -Xcc /Users/admin/builder/spi-builder-workspace/.swiftpm/xcode -resource-dir /Applications/Xcode-16.3.0.app/Contents/Developer/Toolchains/XcodeDefault.xctoolchain/usr/lib/swift -enable-anonymous-context-mangled-names -file-compilation-dir /Users/admin/builder/spi-builder-workspace/.swiftpm/xcode -Xcc -ivfsstatcache -Xcc /Users/admin/builder/spi-builder-workspace/.derivedData/SDKStatCaches.noindex/watchos11.4-22T246-43efb940ff07ba2497b70ec94253f576.sdkstatcache -Xcc -I/Users/admin/builder/spi-builder-workspace/.derivedData/Build/Intermediates.noindex/VisionPushSDK.build/Debug-watchos/VisionPushSDK.build/swift-overrides.hmap -Xcc -I/Users/admin/builder/spi-builder-workspace/.derivedData/Build/Products/Debug-watchos/include -Xcc -I/Users/admin/builder/spi-builder-workspace/.derivedData/Build/Intermediates.noindex/VisionPushSDK.build/Debug-watchos/VisionPushSDK.build/DerivedSources-normal/arm64_32 -Xcc -I/Users/admin/builder/spi-builder-workspace/.derivedData/Build/Intermediates.noindex/VisionPushSDK.build/Debug-watchos/VisionPushSDK.build/DerivedSources/arm64_32 -Xcc -I/Users/admin/builder/spi-builder-workspace/.derivedData/Build/Intermediates.noindex/VisionPushSDK.build/Debug-watchos/VisionPushSDK.build/DerivedSources -Xcc -DSWIFT_PACKAGE -Xcc -DDEBUG\=1 -module-name VisionPushSDK -package-name spi_builder_workspace -frontend-parseable-output -disable-clang-spi -target-sdk-version 11.4 -target-sdk-name watchos11.4 -external-plugin-path /Applications/Xcode-16.3.0.app/Contents/Developer/Platforms/WatchOS.platform/Developer/usr/lib/swift/host/plugins\#/Applications/Xcode-16.3.0.app/Contents/Developer/Platforms/WatchOS.platform/Developer/usr/bin/swift-plugin-server -external-plugin-path /Applications/Xcode-16.3.0.app/Contents/Developer/Platforms/WatchOS.platform/Developer/usr/local/lib/swift/host/plugins\#/Applications/Xcode-16.3.0.app/Contents/Developer/Platforms/WatchOS.platform/Developer/usr/bin/swift-plugin-server -in-process-plugin-server-path /Applications/Xcode-16.3.0.app/Contents/Developer/Toolchains/XcodeDefault.xctoolchain/usr/lib/swift/host/libSwiftInProcPluginServer.dylib -plugin-path /Applications/Xcode-16.3.0.app/Contents/Developer/Toolchains/XcodeDefault.xctoolchain/usr/lib/swift/host/plugins -plugin-path /Applications/Xcode-16.3.0.app/Contents/Developer/Toolchains/XcodeDefault.xctoolchain/usr/local/lib/swift/host/plugins -emit-module-doc-path /Users/admin/builder/spi-builder-workspace/.derivedData/Build/Intermediates.noindex/VisionPushSDK.build/Debug-watchos/VisionPushSDK.build/Objects-normal/arm64_32/VisionPushSDK.swiftdoc -emit-module-source-info-path /Users/admin/builder/spi-builder-workspace/.derivedData/Build/Intermediates.noindex/VisionPushSDK.build/Debug-watchos/VisionPushSDK.build/Objects-normal/arm64_32/VisionPushSDK.swiftsourceinfo -emit-objc-header-path /Users/admin/builder/spi-builder-workspace/.derivedData/Build/Intermediates.noindex/VisionPushSDK.build/Debug-watchos/VisionPushSDK.build/Objects-normal/arm64_32/VisionPushSDK-Swift.h -serialize-diagnostics-path /Users/admin/builder/spi-builder-workspace/.derivedData/Build/Intermediates.noindex/VisionPushSDK.build/Debug-watchos/VisionPushSDK.build/Objects-normal/arm64_32/VisionPushSDK-master-emit-module.dia -emit-dependencies-path /Users/admin/builder/spi-builder-workspace/.derivedData/Build/Intermediates.noindex/VisionPushSDK.build/Debug-watchos/VisionPushSDK.build/Objects-normal/arm64_32/VisionPushSDK-master-emit-module.d -o /Users/admin/builder/spi-builder-workspace/.derivedData/Build/Intermediates.noindex/VisionPushSDK.build/Debug-watchos/VisionPushSDK.build/Objects-normal/arm64_32/VisionPushSDK.swiftmodule -emit-abi-descriptor-path /Users/admin/builder/spi-builder-workspace/.derivedData/Build/Intermediates.noindex/VisionPushSDK.build/Debug-watchos/VisionPushSDK.build/Objects-normal/arm64_32/VisionPushSDK.abi.json
EmitSwiftModule normal arm64_32 (in target 'VisionPushSDK' from project 'VisionPushSDK')
    cd /Users/admin/builder/spi-builder-workspace/.swiftpm/xcode

/Users/admin/builder/spi-builder-workspace/Sources/VisionPushSDK/GeofenceManager.swift:187:22: error: cannot override 'locationManager' which has been marked unavailable
    nonisolated func locationManager(_ manager: CLLocationManager, didEnterRegion region: CLRegion) {
                     ^
CoreLocation.CLLocationManagerDelegate.locationManager:3:17: note: 'locationManager(_:didEnterRegion:)' has been explicitly marked unavailable here
  optional func locationManager(_ manager: CLLocationManager, didEnterRegion region: CLRegion)}
                ^
/Users/admin/builder/spi-builder-workspace/Sources/VisionPushSDK/GeofenceManager.swift:196:22: error: cannot override 'locationManager' which has been marked unavailable
    nonisolated func locationManager(_ manager: CLLocationManager, didExitRegion region: CLRegion) {
                     ^
CoreLocation.CLLocationManagerDelegate.locationManager:3:17: note: 'locationManager(_:didExitRegion:)' has been explicitly marked unavailable here
  optional func locationManager(_ manager: CLLocationManager, didExitRegion region: CLRegion)}
                ^
/Users/admin/builder/spi-builder-workspace/Sources/VisionPushSDK/GeofenceManager.swift:205:22: error: cannot override 'locationManager' which has been marked unavailable
    nonisolated func locationManager(_ manager: CLLocationManager, monitoringDidFailFor region: CLRegion?, withError error: Error) {}
                     ^
CoreLocation.CLLocationManagerDelegate.locationManager:3:17: note: 'locationManager(_:monitoringDidFailFor:withError:)' has been explicitly marked unavailable here
  optional func locationManager(_ manager: CLLocationManager, monitoringDidFailFor region: CLRegion?, withError error: any Error)}
                ^
/Users/admin/builder/spi-builder-workspace/Sources/VisionPushSDK/InAppMessage.swift:245:39: error: cannot find type 'UIViewController' in scope
    private var activeViewController: UIViewController? {
                                      ^~~~~~~~~~~~~~~~
/Users/admin/builder/spi-builder-workspace/Sources/VisionPushSDK/InAppMessage.swift:249:35: error: cannot find type 'UIView' in scope
    private var activeBannerView: UIView? {
                                  ^~~~~~
/Applications/Xcode-16.3.0.app/Contents/Developer/Platforms/WatchOS.platform/Developer/SDKs/WatchOS11.4.sdk/System/Library/Frameworks/UIKit.framework/Headers/NSTextAttachment.h:23:1: note: interface 'UIView' forward declared here
@class UIView;
^
/Users/admin/builder/spi-builder-workspace/Sources/VisionPushSDK/InAppMessage.swift:357:33: error: cannot find type 'UIWindow' in scope
    private func keyWindow() -> UIWindow? {
                                ^~~~~~~~
/Users/admin/builder/spi-builder-workspace/Sources/VisionPushSDK/InAppMessage.swift:364:68: error: cannot find type 'UIViewController' in scope
    private func topViewController(from root: UIViewController) -> UIViewController {
                                                                   ^~~~~~~~~~~~~~~~
/Users/admin/builder/spi-builder-workspace/Sources/VisionPushSDK/InAppMessage.swift:364:47: error: cannot find type 'UIViewController' in scope
    private func topViewController(from root: UIViewController) -> UIViewController {
                                              ^~~~~~~~~~~~~~~~
/Users/admin/builder/spi-builder-workspace/Sources/VisionPushSDK/InAppMessage.swift:380:41: error: cannot find type 'UIViewController' in scope
final class InAppMessageViewController: UIViewController {
                                        ^~~~~~~~~~~~~~~~
/Users/admin/builder/spi-builder-workspace/Sources/VisionPushSDK/InAppMessage.swift:394:19: error: method does not override any method from its superclass
    override func viewDidLoad() {
    ~~~~~~~~      ^
/Users/admin/builder/spi-builder-workspace/Sources/VisionPushSDK/InAppMessage.swift:401:19: error: method does not override any method from its superclass
    override func viewDidDisappear(_ animated: Bool) {
    ~~~~~~~~      ^
/Users/admin/builder/spi-builder-workspace/Sources/VisionPushSDK/InAppMessage.swift:510:57: error: cannot find type 'UIButton' in scope
    private func makeUIButton(for iamBtn: IAMButton) -> UIButton {
                                                        ^~~~~~~~
/Users/admin/builder/spi-builder-workspace/Sources/VisionPushSDK/InAppMessage.swift:524:50: error: cannot find type 'UIButton' in scope
    @objc private func iamButtonTapped(_ sender: UIButton) {
                                                 ^~~~~~~~
/Users/admin/builder/spi-builder-workspace/Sources/VisionPushSDK/InAppMessage.swift:534:28: error: cannot find type 'UIView' in scope
final class IAMBannerView: UIView {
                           ^~~~~~
/Applications/Xcode-16.3.0.app/Contents/Developer/Platforms/WatchOS.platform/Developer/SDKs/WatchOS11.4.sdk/System/Library/Frameworks/UIKit.framework/Headers/NSTextAttachment.h:23:1: note: interface 'UIView' forward declared here
@class UIView;
^
/Users/admin/builder/spi-builder-workspace/Sources/VisionPushSDK/VisionPush.swift:744:16: error: cannot find type 'UIBackgroundFetchResult' in scope
    ) async -> UIBackgroundFetchResult {
               ^~~~~~~~~~~~~~~~~~~~~~~
SwiftEmitModule normal armv7k Emitting\ module\ for\ VisionPushSDK (in target 'VisionPushSDK' from project 'VisionPushSDK')
EmitSwiftModule normal armv7k (in target 'VisionPushSDK' from project 'VisionPushSDK')
    cd /Users/admin/builder/spi-builder-workspace/.swiftpm/xcode

SwiftCompile normal armv7k Compiling\ RealtimeChannel.swift /Users/admin/builder/spi-builder-workspace/Sources/VisionPushSDK/RealtimeChannel.swift (in target 'VisionPushSDK' from project 'VisionPushSDK')
SwiftCompile normal armv7k /Users/admin/builder/spi-builder-workspace/Sources/VisionPushSDK/RealtimeChannel.swift (in target 'VisionPushSDK' from project 'VisionPushSDK')
    cd /Users/admin/builder/spi-builder-workspace/.swiftpm/xcode

SwiftCompile normal arm64_32 Compiling\ VisionPush.swift /Users/admin/builder/spi-builder-workspace/Sources/VisionPushSDK/VisionPush.swift (in target 'VisionPushSDK' from project 'VisionPushSDK')
SwiftCompile normal arm64_32 /Users/admin/builder/spi-builder-workspace/Sources/VisionPushSDK/VisionPush.swift (in target 'VisionPushSDK' from project 'VisionPushSDK')
    cd /Users/admin/builder/spi-builder-workspace/.swiftpm/xcode

SwiftCompile normal arm64_32 Compiling\ VoIPHandler.swift /Users/admin/builder/spi-builder-workspace/Sources/VisionPushSDK/VoIPHandler.swift (in target 'VisionPushSDK' from project 'VisionPushSDK')
SwiftCompile normal arm64_32 /Users/admin/builder/spi-builder-workspace/Sources/VisionPushSDK/VoIPHandler.swift (in target 'VisionPushSDK' from project 'VisionPushSDK')
    cd /Users/admin/builder/spi-builder-workspace/.swiftpm/xcode

SwiftCompile normal arm64_32 Compiling\ SealedPayload.swift /Users/admin/builder/spi-builder-workspace/Sources/VisionPushSDK/SealedPayload.swift (in target 'VisionPushSDK' from project 'VisionPushSDK')
SwiftCompile normal arm64_32 /Users/admin/builder/spi-builder-workspace/Sources/VisionPushSDK/SealedPayload.swift (in target 'VisionPushSDK' from project 'VisionPushSDK')
    cd /Users/admin/builder/spi-builder-workspace/.swiftpm/xcode

SwiftCompile normal arm64 Compiling\ VisionPush.swift /Users/admin/builder/spi-builder-workspace/Sources/VisionPushSDK/VisionPush.swift (in target 'VisionPushSDK' from project 'VisionPushSDK')
SwiftCompile normal arm64 /Users/admin/builder/spi-builder-workspace/Sources/VisionPushSDK/VisionPush.swift (in target 'VisionPushSDK' from project 'VisionPushSDK')
    cd /Users/admin/builder/spi-builder-workspace/.swiftpm/xcode

SwiftCompile normal armv7k Compiling\ SealedPayload.swift /Users/admin/builder/spi-builder-workspace/Sources/VisionPushSDK/SealedPayload.swift (in target 'VisionPushSDK' from project 'VisionPushSDK')
Command SwiftCompile failed with a nonzero exit code
** BUILD FAILED **
The following build commands failed:
	SwiftEmitModule normal arm64_32 Emitting\ module\ for\ VisionPushSDK (in target 'VisionPushSDK' from project 'VisionPushSDK')
	EmitSwiftModule normal arm64_32 (in target 'VisionPushSDK' from project 'VisionPushSDK')
	SwiftCompile normal armv7k Compiling\ SealedPayload.swift /Users/admin/builder/spi-builder-workspace/Sources/VisionPushSDK/SealedPayload.swift (in target 'VisionPushSDK' from project 'VisionPushSDK')
	Building workspace spi-builder-workspace with scheme VisionPushSDK
(4 failures)
BUILD FAILURE 6.1 watchOS