The Swift Package Index logo.Swift Package Index

Build Information

Failed to build PostgresConnectionPool, reference main (1da6fa), with Swift 6.2 for watchOS using Xcode 26.3 on 16 Jul 2026 14:52:55 UTC.

Build Command

No build command. This typically means the build failed at an early stage where we determine the build command.

Build Log

========================================
RunAll
========================================
Builder version: undefined version: run 'make version' to update
Interrupt handler set up.
========================================
Checkout
========================================
Clone URL: https://github.com/Outdooractive/PostgresConnectionPool.git
Reference: main
Initialized empty Git repository in /Users/admin/builder/spi-builder-workspace/.git/
From https://github.com/Outdooractive/PostgresConnectionPool
 * branch            main       -> FETCH_HEAD
 * [new branch]      main       -> origin/main
HEAD is now at 1da6fa2 Merge pull request #11 from Outdooractive/code_update
Cloned https://github.com/Outdooractive/PostgresConnectionPool.git
Revision (git rev-parse @):
1da6fa2cc5ed1d2a70bcf9f7ab53cbd15202d107
SPI manifest file found: $PWD/.spi.yml
SUCCESS checkout https://github.com/Outdooractive/PostgresConnectionPool.git at main
========================================
Build
========================================
Selected platform:         watchOS
Swift version:             6.2
Building package at path:  $PWD
https://github.com/Outdooractive/PostgresConnectionPool.git
Command line invocation:
    /Applications/Xcode-26.3.0.app/Contents/Developer/usr/bin/xcodebuild -IDEClonedSourcePackagesDirPathOverride=/Users/admin/builder/spi-builder-workspace/.dependencies -resolvePackageDependencies
Resolve Package Graph
package 'spi-builder-workspace' is using Swift tools version 6.3.0 but the installed version is 6.2.4
Resolved source packages:
  spi-builder-workspace: (null)
2026-07-16 10:52:54.121 xcodebuild[538:3103] Writing error result bundle to /var/folders/xq/y_g06wb113726d38xsyx71_h0000gn/T/ResultBundle_2026-16-07_10-52-0054.xcresult
xcodebuild: error: Could not resolve package dependencies:
  package 'spi-builder-workspace' is using Swift tools version 6.3.0 but the installed version is 6.2.4
Command line invocation:
    /Applications/Xcode-26.3.0.app/Contents/Developer/usr/bin/xcodebuild -IDEClonedSourcePackagesDirPathOverride=/Users/admin/builder/spi-builder-workspace/.dependencies -resolvePackageDependencies
Resolve Package Graph
package 'spi-builder-workspace' is using Swift tools version 6.3.0 but the installed version is 6.2.4
Resolved source packages:
  spi-builder-workspace: (null)
2026-07-16 10:52:54.986 xcodebuild[600:3633] Writing error result bundle to /var/folders/xq/y_g06wb113726d38xsyx71_h0000gn/T/ResultBundle_2026-16-07_10-52-0054.xcresult
xcodebuild: error: Could not resolve package dependencies:
  package 'spi-builder-workspace' is using Swift tools version 6.3.0 but the installed version is 6.2.4
BUILD FAILURE 6.2 watchOS