Build Information
Failed to build SplunkAgent, reference 2.4.3 (99e4b0), with Swift 6.1 for Android on 14 Oct 2026 20:10:45 UTC.
Build Command
bash -c docker run --pull=always --rm -v "checkouts-54344843-2":/host -w "$PWD" -e JAVA_HOME="/root/.sdkman/candidates/java/current" -e SPI_BUILD="1" -e SPI_PROCESSING="1" registry.gitlab.com/saguaro1/spi-images:android-6.1-latest swift build --swift-sdk aarch64-unknown-linux-android24 2>&1Build Log
========================================
RunAll
========================================
Builder version: 5.1.3
Interrupt handler set up.
========================================
Checkout
========================================
Clone URL: https://github.com/signalfx/splunk-otel-ios.git
Reference: 2.4.3
Initialized empty Git repository in /host/spi-builder-workspace/.git/
hint: Using 'master' as the name for the initial branch. This default branch name
hint: is subject to change. To configure the initial branch name to use in all
hint: of your new repositories, which will suppress this warning, call:
hint:
hint: git config --global init.defaultBranch <name>
hint:
hint: Names commonly chosen instead of 'master' are 'main', 'trunk' and
hint: 'development'. The just-created branch can be renamed via this command:
hint:
hint: git branch -m <name>
From https://github.com/signalfx/splunk-otel-ios
* tag 2.4.3 -> FETCH_HEAD
HEAD is now at 99e4b05 Merge pull request #731 from signalfx/release/2.4.3
Cloned https://github.com/signalfx/splunk-otel-ios.git
Revision (git rev-parse @):
99e4b0549b3460bf4f4f570fea5e02b34d56d4c8
SUCCESS checkout https://github.com/signalfx/splunk-otel-ios.git at 2.4.3
========================================
Build
========================================
Selected platform: android
Swift version: 6.1
Building package at path: $PWD
https://github.com/signalfx/splunk-otel-ios.git
https://github.com/signalfx/splunk-otel-ios.git
WARNING: environment variable SUPPRESS_SWIFT_6_FLAGS is not set
Running build ...
bash -c docker run --pull=always --rm -v "checkouts-54344843-2":/host -w "$PWD" -e JAVA_HOME="/root/.sdkman/candidates/java/current" -e SPI_BUILD="1" -e SPI_PROCESSING="1" registry.gitlab.com/saguaro1/spi-images:android-6.1-latest swift build --swift-sdk aarch64-unknown-linux-android24 -Xswiftc -Xfrontend -Xswiftc -stats-output-dir -Xswiftc -Xfrontend -Xswiftc .stats -Xswiftc -strict-concurrency=complete -Xswiftc -enable-upcoming-feature -Xswiftc StrictConcurrency -Xswiftc -enable-upcoming-feature -Xswiftc DisableOutwardActorInference -Xswiftc -enable-upcoming-feature -Xswiftc GlobalActorIsolatedTypesUsability -Xswiftc -enable-upcoming-feature -Xswiftc InferSendableFromCaptures 2>&1
android-6.1-latest: Pulling from saguaro1/spi-images
Digest: sha256:639806e3270a7d76362a869fc7a464db4368085eea7ecdf63d02ce60a0298950
Status: Image is up to date for registry.gitlab.com/saguaro1/spi-images:android-6.1-latest
Fetching https://github.com/open-telemetry/opentelemetry-swift-core
[1/15187] Fetching opentelemetry-swift-core
Fetched https://github.com/open-telemetry/opentelemetry-swift-core from cache (1.10s)
Computing version for https://github.com/open-telemetry/opentelemetry-swift-core
Computed https://github.com/open-telemetry/opentelemetry-swift-core at 2.3.0 (1.46s)
Fetching https://github.com/apple/swift-atomics.git
[1/1889] Fetching swift-atomics
Fetched https://github.com/apple/swift-atomics.git from cache (0.54s)
Computing version for https://github.com/apple/swift-atomics.git
Computed https://github.com/apple/swift-atomics.git at 1.3.1 (0.90s)
Creating working copy for https://github.com/open-telemetry/opentelemetry-swift-core
Working copy of https://github.com/open-telemetry/opentelemetry-swift-core resolved at 2.3.0
Creating working copy for https://github.com/apple/swift-atomics.git
Working copy of https://github.com/apple/swift-atomics.git resolved at 1.3.1
Downloading binary artifact https://sdk.smartlook.com/cisco-session-replay/ios/1.1.4/staticlib/cisco-swizzling-1.1.4.267.zip
Downloading binary artifact https://sdk.smartlook.com/cisco-session-replay/ios/1.1.4/staticlib/cisco-interactions-1.1.4.267.zip
Downloading binary artifact https://sdk.smartlook.com/cisco-session-replay/ios/1.1.4/staticlib/cisco-common-1.1.4.267.zip
Downloading binary artifact https://sdk.smartlook.com/cisco-session-replay/ios/1.1.4/staticlib/cisco-disk-storage-1.1.4.267.zip
Downloading binary artifact https://sdk.smartlook.com/cisco-session-replay/ios/1.1.4/staticlib/cisco-logger-1.1.4.267.zip
Downloading binary artifact https://sdk.smartlook.com/cisco-session-replay/ios/1.1.4/staticlib/cisco-encryption-1.1.4.267.zip
Downloading binary artifact https://sdk.smartlook.com/cisco-session-replay/ios/1.1.4/staticlib/cisco-runtime-cache-1.1.4.267.zip
Downloading binary artifact https://sdk.smartlook.com/cisco-session-replay/ios/1.1.4/staticlib/cisco-instance-manager-1.1.4.267.zip
Downloading binary artifact https://sdk.smartlook.com/cisco-session-replay/ios/1.1.4/staticlib/cisco-session-replay-1.1.4.267.zip
[15853/775327] Downloading https://sdk.smartlook.com/cisco-session-replay/ios/1.1.4/staticlib/cisco-disk-storage-1.1.4.267.zip
[97299/3741014] Downloading https://sdk.smartlook.com/cisco-session-replay/ios/1.1.4/staticlib/cisco-disk-storage-1.1.4.267.zip, https://sdk.smartlook.com/cisco-session-replay/ios/1.1.4/staticlib/cisco-swizzling-1.1.4.267.zip
[178749/5116759] Downloading https://sdk.smartlook.com/cisco-session-replay/ios/1.1.4/staticlib/cisco-disk-storage-1.1.4.267.zip, https://sdk.smartlook.com/cisco-session-replay/ios/1.1.4/staticlib/cisco-swizzling-1.1.4.267.zip, https://sdk.smartlook.com/cisco-session-replay/ios/1.1.4/staticlib/cisco-interactions-1.1.4.267.zip
[260196/5409606] Downloading https://sdk.smartlook.com/cisco-session-replay/ios/1.1.4/staticlib/cisco-disk-storage-1.1.4.267.zip, https://sdk.smartlook.com/cisco-session-replay/ios/1.1.4/staticlib/cisco-swizzling-1.1.4.267.zip, https://sdk.smartlook.com/cisco-session-replay/ios/1.1.4/staticlib/cisco-interactions-1.1.4.267.zip, https://sdk.smartlook.com/cisco-session-replay/ios/1.1.4/staticlib/cisco-runtime-cache-1.1.4.267.zip
[341646/5794885] Downloading https://sdk.smartlook.com/cisco-session-replay/ios/1.1.4/staticlib/cisco-disk-storage-1.1.4.267.zip, https://sdk.smartlook.com/cisco-session-replay/ios/1.1.4/staticlib/cisco-swizzling-1.1.4.267.zip, https://sdk.smartlook.com/cisco-session-replay/ios/1.1.4/staticlib/cisco-interactions-1.1.4.267.zip, https://sdk.smartlook.com/cisco-session-replay/ios/1.1.4/staticlib/cisco-runtime-cache-1.1.4.267.zip, https://sdk.smartlook.com/cisco-session-replay/ios/1.1.4/staticlib/cisco-encryption-1.1.4.267.zip
[432047/6033211] Downloading https://sdk.smartlook.com/cisco-session-replay/ios/1.1.4/staticlib/cisco-disk-storage-1.1.4.267.zip, https://sdk.smartlook.com/cisco-session-replay/ios/1.1.4/staticlib/cisco-swizzling-1.1.4.267.zip, https://sdk.smartlook.com/cisco-session-replay/ios/1.1.4/staticlib/cisco-interactions-1.1.4.267.zip, https://sdk.smartlook.com/cisco-session-replay/ios/1.1.4/staticlib/cisco-runtime-cache-1.1.4.267.zip, https://sdk.smartlook.com/cisco-session-replay/ios/1.1.4/staticlib/cisco-encryption-1.1.4.267.zip, https://sdk.smartlook.com/cisco-session-replay/ios/1.1.4/staticlib/cisco-common-1.1.4.267.zip
[1020709/7109241] Downloading https://sdk.smartlook.com/cisco-session-replay/ios/1.1.4/staticlib/cisco-disk-storage-1.1.4.267.zip, https://sdk.smartlook.com/cisco-session-replay/ios/1.1.4/staticlib/cisco-swizzling-1.1.4.267.zip, https://sdk.smartlook.com/cisco-session-replay/ios/1.1.4/staticlib/cisco-interactions-1.1.4.267.zip, https://sdk.smartlook.com/cisco-session-replay/ios/1.1.4/staticlib/cisco-runtime-cache-1.1.4.267.zip, https://sdk.smartlook.com/cisco-session-replay/ios/1.1.4/staticlib/cisco-encryption-1.1.4.267.zip, https://sdk.smartlook.com/cisco-session-replay/ios/1.1.4/staticlib/cisco-common-1.1.4.267.zip, https://sdk.smartlook.com/cisco-session-replay/ios/1.1.4/staticlib/cisco-logger-1.1.4.267.zip
[2115180/8369953] Downloading https://sdk.smartlook.com/cisco-session-replay/ios/1.1.4/staticlib/cisco-disk-storage-1.1.4.267.zip, https://sdk.smartlook.com/cisco-session-replay/ios/1.1.4/staticlib/cisco-swizzling-1.1.4.267.zip, https://sdk.smartlook.com/cisco-session-replay/ios/1.1.4/staticlib/cisco-interactions-1.1.4.267.zip, https://sdk.smartlook.com/cisco-session-replay/ios/1.1.4/staticlib/cisco-runtime-cache-1.1.4.267.zip, https://sdk.smartlook.com/cisco-session-replay/ios/1.1.4/staticlib/cisco-encryption-1.1.4.267.zip, https://sdk.smartlook.com/cisco-session-replay/ios/1.1.4/staticlib/cisco-common-1.1.4.267.zip, https://sdk.smartlook.com/cisco-session-replay/ios/1.1.4/staticlib/cisco-logger-1.1.4.267.zip, https://sdk.smartlook.com/cisco-session-replay/ios/1.1.4/staticlib/cisco-instance-manager-1.1.4.267.zip
Downloaded https://sdk.smartlook.com/cisco-session-replay/ios/1.1.4/staticlib/cisco-common-1.1.4.267.zip (0.34s)
[7041985/8131627] Downloading https://sdk.smartlook.com/cisco-session-replay/ios/1.1.4/staticlib/cisco-disk-storage-1.1.4.267.zip, https://sdk.smartlook.com/cisco-session-replay/ios/1.1.4/staticlib/cisco-swizzling-1.1.4.267.zip, https://sdk.smartlook.com/cisco-session-replay/ios/1.1.4/staticlib/cisco-interactions-1.1.4.267.zip, https://sdk.smartlook.com/cisco-session-replay/ios/1.1.4/staticlib/cisco-runtime-cache-1.1.4.267.zip, https://sdk.smartlook.com/cisco-session-replay/ios/1.1.4/staticlib/cisco-encryption-1.1.4.267.zip, https://sdk.smartlook.com/cisco-session-replay/ios/1.1.4/staticlib/cisco-logger-1.1.4.267.zip, https://sdk.smartlook.com/cisco-session-replay/ios/1.1.4/staticlib/cisco-instance-manager-1.1.4.267.zip
Downloaded https://sdk.smartlook.com/cisco-session-replay/ios/1.1.4/staticlib/cisco-runtime-cache-1.1.4.267.zip (0.35s)
[6928028/7838780] Downloading https://sdk.smartlook.com/cisco-session-replay/ios/1.1.4/staticlib/cisco-disk-storage-1.1.4.267.zip, https://sdk.smartlook.com/cisco-session-replay/ios/1.1.4/staticlib/cisco-swizzling-1.1.4.267.zip, https://sdk.smartlook.com/cisco-session-replay/ios/1.1.4/staticlib/cisco-interactions-1.1.4.267.zip, https://sdk.smartlook.com/cisco-session-replay/ios/1.1.4/staticlib/cisco-encryption-1.1.4.267.zip, https://sdk.smartlook.com/cisco-session-replay/ios/1.1.4/staticlib/cisco-logger-1.1.4.267.zip, https://sdk.smartlook.com/cisco-session-replay/ios/1.1.4/staticlib/cisco-instance-manager-1.1.4.267.zip
[7641865/25075528] Downloading https://sdk.smartlook.com/cisco-session-replay/ios/1.1.4/staticlib/cisco-disk-storage-1.1.4.267.zip, https://sdk.smartlook.com/cisco-session-replay/ios/1.1.4/staticlib/cisco-swizzling-1.1.4.267.zip, https://sdk.smartlook.com/cisco-session-replay/ios/1.1.4/staticlib/cisco-interactions-1.1.4.267.zip, https://sdk.smartlook.com/cisco-session-replay/ios/1.1.4/staticlib/cisco-encryption-1.1.4.267.zip, https://sdk.smartlook.com/cisco-session-replay/ios/1.1.4/staticlib/cisco-logger-1.1.4.267.zip, https://sdk.smartlook.com/cisco-session-replay/ios/1.1.4/staticlib/cisco-instance-manager-1.1.4.267.zip, https://sdk.smartlook.com/cisco-session-replay/ios/1.1.4/staticlib/cisco-session-replay-1.1.4.267.zip
Downloaded https://sdk.smartlook.com/cisco-session-replay/ios/1.1.4/staticlib/cisco-encryption-1.1.4.267.zip (0.39s)
[9751831/24690249] Downloading https://sdk.smartlook.com/cisco-session-replay/ios/1.1.4/staticlib/cisco-disk-storage-1.1.4.267.zip, https://sdk.smartlook.com/cisco-session-replay/ios/1.1.4/staticlib/cisco-swizzling-1.1.4.267.zip, https://sdk.smartlook.com/cisco-session-replay/ios/1.1.4/staticlib/cisco-interactions-1.1.4.267.zip, https://sdk.smartlook.com/cisco-session-replay/ios/1.1.4/staticlib/cisco-logger-1.1.4.267.zip, https://sdk.smartlook.com/cisco-session-replay/ios/1.1.4/staticlib/cisco-instance-manager-1.1.4.267.zip, https://sdk.smartlook.com/cisco-session-replay/ios/1.1.4/staticlib/cisco-session-replay-1.1.4.267.zip
Downloaded https://sdk.smartlook.com/cisco-session-replay/ios/1.1.4/staticlib/cisco-disk-storage-1.1.4.267.zip (0.45s)
[19103880/23914922] Downloading https://sdk.smartlook.com/cisco-session-replay/ios/1.1.4/staticlib/cisco-swizzling-1.1.4.267.zip, https://sdk.smartlook.com/cisco-session-replay/ios/1.1.4/staticlib/cisco-interactions-1.1.4.267.zip, https://sdk.smartlook.com/cisco-session-replay/ios/1.1.4/staticlib/cisco-logger-1.1.4.267.zip, https://sdk.smartlook.com/cisco-session-replay/ios/1.1.4/staticlib/cisco-instance-manager-1.1.4.267.zip, https://sdk.smartlook.com/cisco-session-replay/ios/1.1.4/staticlib/cisco-session-replay-1.1.4.267.zip
Downloaded https://sdk.smartlook.com/cisco-session-replay/ios/1.1.4/staticlib/cisco-instance-manager-1.1.4.267.zip (0.52s)
Downloaded https://sdk.smartlook.com/cisco-session-replay/ios/1.1.4/staticlib/cisco-interactions-1.1.4.267.zip (0.52s)
Downloaded https://sdk.smartlook.com/cisco-session-replay/ios/1.1.4/staticlib/cisco-logger-1.1.4.267.zip (0.52s)
Downloaded https://sdk.smartlook.com/cisco-session-replay/ios/1.1.4/staticlib/cisco-swizzling-1.1.4.267.zip (0.64s)
Downloaded https://sdk.smartlook.com/cisco-session-replay/ios/1.1.4/staticlib/cisco-session-replay-1.1.4.267.zip (1.60s)
warning: 'spi-builder-workspace': ignoring target 'SplunkAgentObjCTests' in package 'spi-builder-workspace'; C language in tests is not yet supported
warning: 'spi-builder-workspace': found 7 file(s) which are unhandled; explicitly declare them as resources or exclude from the target
/host/spi-builder-workspace/SplunkWebView/Tests/SplunkWebViewTests/Testing Support/MockWKWebViewConfiguration.swift
/host/spi-builder-workspace/SplunkWebView/Tests/SplunkWebViewTests/Testing Support/MockLogAgent.swift
/host/spi-builder-workspace/SplunkWebView/Tests/SplunkWebViewTests/Testing Support/MockAgentSharedState.swift
/host/spi-builder-workspace/SplunkWebView/Tests/SplunkWebViewTests/WebViewInstrumentationTests.swift
/host/spi-builder-workspace/SplunkWebView/Tests/SplunkWebViewTests/Testing Support/MockWKUserContentController.swift
/host/spi-builder-workspace/SplunkWebView/Tests/SplunkWebViewTests/Testing Support/MockWKScriptMessage.swift
/host/spi-builder-workspace/SplunkWebView/Tests/SplunkWebViewTests/Testing Support/MockWKWebView.swift
Building for debugging...
[0/28] Write sources
[2/28] Copying WebViewBridgeScript.js
[2/28] Write sources
[27/28] Write swift-version-24593BA9C3E375BF.txt
[29/182] Emitting module CiscoEncryptionWrapper
[30/182] Emitting module CiscoLoggerWrapper
[31/182] Compiling CiscoLoggerWrapper Empty.swift
[32/183] Compiling OpenTelemetryApi Source_attributes.swift
[33/183] Compiling OpenTelemetryApi System_attributes.swift
[34/183] Compiling OpenTelemetryApi Telemetry_attributes.swift
[35/183] Compiling OpenTelemetryApi Test_attributes.swift
[36/183] Compiling OpenTelemetryApi Thread_attributes.swift
[37/183] Compiling OpenTelemetryApi Tls_attributes.swift
[38/183] Compiling OpenTelemetryApi Url_attributes.swift
[39/183] Compiling OpenTelemetryApi UserAgent_attributes.swift
[40/183] Compiling OpenTelemetryApi User_attributes.swift
[41/183] Compiling OpenTelemetryApi V8js_attributes.swift
[42/183] Compiling OpenTelemetryApi Vcs_attributes.swift
[43/183] Compiling OpenTelemetryApi Webengine_attributes.swift
[44/183] Compiling OpenTelemetryApi Zos_attributes.swift
[45/183] Compiling OpenTelemetryApi SemanticConventions.swift
[46/183] Compiling OpenTelemetryApi ActivityContextManager.swift
[47/183] Compiling OpenTelemetryApi ContextManager.swift
[48/183] Compiling OpenTelemetryApi OpenTelemetryContextProvider.swift
[49/183] Compiling OpenTelemetryApi TaskLocalContextManager.swift
[50/183] Compiling OpenTelemetryApi StringUtils.swift
[51/183] Compiling OpenTelemetryApi SwiftExtensions.swift
[52/183] Compiling OpenTelemetryApi TracestateUtils.swift
[53/183] Emitting module CiscoCommonWrapper
[54/186] Compiling CiscoCommonWrapper Empty.swift
[56/204] Compiling OpenTelemetryApi Disk_attributes.swift
[57/204] Compiling OpenTelemetryApi Dns_attributes.swift
[58/204] Compiling OpenTelemetryApi Dotnet_attributes.swift
[59/204] Compiling OpenTelemetryApi Elasticsearch_attributes.swift
[60/204] Compiling OpenTelemetryApi Enduser_attributes.swift
[61/204] Compiling OpenTelemetryApi Error_attributes.swift
[62/204] Compiling OpenTelemetryApi Exception_attributes.swift
[63/204] Compiling OpenTelemetryApi Faas_attributes.swift
[64/204] Compiling OpenTelemetryApi FeatureFlag_attributes.swift
[65/204] Compiling OpenTelemetryApi File_attributes.swift
[66/204] Compiling OpenTelemetryApi Gcp_attributes.swift
[67/204] Compiling OpenTelemetryApi GenAi_attributes.swift
[68/204] Compiling OpenTelemetryApi Geo_attributes.swift
[69/204] Compiling OpenTelemetryApi Go_attributes.swift
[70/204] Compiling OpenTelemetryApi Graphql_attributes.swift
[71/204] Compiling OpenTelemetryApi Heroku_attributes.swift
[72/204] Compiling OpenTelemetryApi Host_attributes.swift
[73/204] Compiling OpenTelemetryApi Http_attributes.swift
[74/204] Compiling OpenTelemetryApi Hw_attributes.swift
[75/204] Compiling OpenTelemetryApi Ios_attributes.swift
[76/204] Compiling OpenTelemetryApi Jvm_attributes.swift
[77/204] Compiling OpenTelemetryApi Android_attributes.swift
[78/204] Compiling OpenTelemetryApi App_attributes.swift
[79/204] Compiling OpenTelemetryApi Artifact_attributes.swift
[80/204] Compiling OpenTelemetryApi Aspnetcore_attributes.swift
[81/204] Compiling OpenTelemetryApi Aws_attributes.swift
[82/204] Compiling OpenTelemetryApi Azure_attributes.swift
[83/204] Compiling OpenTelemetryApi Browser_attributes.swift
[84/204] Compiling OpenTelemetryApi Cassandra_attributes.swift
[85/204] Compiling OpenTelemetryApi Cicd_attributes.swift
[86/204] Compiling OpenTelemetryApi Client_attributes.swift
[87/204] Compiling OpenTelemetryApi Cloud_attributes.swift
[88/204] Compiling OpenTelemetryApi Cloudevents_attributes.swift
[89/204] Compiling OpenTelemetryApi Cloudfoundry_attributes.swift
[90/204] Compiling OpenTelemetryApi Code_attributes.swift
[91/204] Compiling OpenTelemetryApi Container_attributes.swift
[92/204] Compiling OpenTelemetryApi Cpu_attributes.swift
[93/204] Compiling OpenTelemetryApi Cpython_attributes.swift
[94/204] Compiling OpenTelemetryApi Db_attributes.swift
[95/204] Compiling OpenTelemetryApi Deployment_attributes.swift
[96/204] Compiling OpenTelemetryApi Destination_attributes.swift
[97/204] Compiling OpenTelemetryApi Device_attributes.swift
error: emit-module command failed with exit code 1 (use -v to see invocation)
[98/204] Emitting module OpenTelemetryApi
/host/spi-builder-workspace/.build/checkouts/opentelemetry-swift-core/Sources/OpenTelemetryApi/Trace/SpanException.swift:30:13: error: cannot find type 'NSException' in scope
28 |
29 | #if !os(Linux)
30 | extension NSException: SpanException {
| `- error: cannot find type 'NSException' in scope
31 | public var type: String {
32 | name.rawValue
[99/204] Compiling OpenTelemetryApi Baggage.swift
[100/204] Compiling OpenTelemetryApi BaggageBuilder.swift
[101/204] Compiling OpenTelemetryApi BaggageManager.swift
[102/204] Compiling OpenTelemetryApi BaggageManagerProvider.swift
[103/204] Compiling OpenTelemetryApi DefaultBaggage.swift
[104/204] Compiling OpenTelemetryApi DefaultBaggageBuilder.swift
[105/204] Compiling OpenTelemetryApi DefaultBaggageManager.swift
[106/204] Compiling OpenTelemetryApi DefaultBaggageManagerProvider.swift
[107/204] Compiling OpenTelemetryApi EmptyBaggage.swift
[108/204] Compiling OpenTelemetryApi EmptyBaggageBuilder.swift
[109/204] Compiling OpenTelemetryApi Entry.swift
[110/204] Compiling OpenTelemetryApi EntryKey.swift
[111/204] Compiling OpenTelemetryApi EntryMetadata.swift
[112/204] Compiling OpenTelemetryApi EntryValue.swift
[113/204] Compiling OpenTelemetryApi JaegerBaggagePropagator.swift
[114/204] Compiling OpenTelemetryApi TextMapBaggagePropagator.swift
[115/204] Compiling OpenTelemetryApi W3CBaggagePropagator.swift
[116/204] Compiling OpenTelemetryApi ZipkinBaggagePropagator.swift
[117/204] Compiling OpenTelemetryApi AttributeArray.swift
[118/204] Compiling OpenTelemetryApi AttributeSet.swift
[119/204] Compiling OpenTelemetryApi AttributeValue.swift
[120/204] Compiling CiscoEncryptionWrapper Empty.swift
[122/205] Compiling OpenTelemetryApi DefaultLogger.swift
[123/205] Compiling OpenTelemetryApi DefaultLoggerProvider.swift
[124/205] Compiling OpenTelemetryApi EventBuilder.swift
[125/205] Compiling OpenTelemetryApi LogRecordBuilder.swift
[126/205] Compiling OpenTelemetryApi Logger.swift
[127/205] Compiling OpenTelemetryApi LoggerBuilder.swift
[128/205] Compiling OpenTelemetryApi LoggerProvider.swift
[129/205] Compiling OpenTelemetryApi Severity.swift
[130/205] Compiling OpenTelemetryApi DefaultMeter.swift
[131/205] Compiling OpenTelemetryApi DefaultMeterProvider.swift
[132/205] Compiling OpenTelemetryApi DoubleCounter.swift
[133/205] Compiling OpenTelemetryApi DoubleCounterBuilder.swift
[134/205] Compiling OpenTelemetryApi DoubleGauge.swift
[135/205] Compiling OpenTelemetryApi DoubleGaugeBuilder.swift
[136/205] Compiling OpenTelemetryApi DoubleHistogram.swift
[137/205] Compiling OpenTelemetryApi DoubleHistogramBuilder.swift
[138/205] Compiling OpenTelemetryApi DoubleUpDownCounter.swift
[139/205] Compiling OpenTelemetryApi DoubleUpDownCounterBuilder.swift
[140/205] Compiling OpenTelemetryApi LongCounter.swift
[141/205] Compiling OpenTelemetryApi LongCounterBuilder.swift
[142/205] Compiling OpenTelemetryApi LongGauge.swift
[143/205] Compiling OpenTelemetryApi LongGaugeBuilder.swift
[144/205] Compiling OpenTelemetryApi LongHistogram.swift
[145/205] Compiling OpenTelemetryApi LongHistogramBuilder.swift
[146/205] Compiling OpenTelemetryApi LongUpDownCounter.swift
[147/205] Compiling OpenTelemetryApi LongUpDownCounterBuilder.swift
[148/205] Compiling OpenTelemetryApi Meter.swift
[149/205] Compiling OpenTelemetryApi MeterBuilder.swift
[150/205] Compiling OpenTelemetryApi MeterProvider.swift
[151/205] Compiling OpenTelemetryApi ObservableDoubleCounter.swift
[152/205] Compiling OpenTelemetryApi ObservableDoubleGauge.swift
[153/205] Compiling OpenTelemetryApi ObservableDoubleMeasurement.swift
[154/205] Compiling OpenTelemetryApi ObservableDoubleUpDownCounter.swift
[155/205] Compiling OpenTelemetryApi ObservableLongCounter.swift
[156/205] Compiling OpenTelemetryApi ObservableLongGauge.swift
[157/205] Compiling OpenTelemetryApi ObservableLongMeasurement.swift
[158/205] Compiling OpenTelemetryApi ObservableLongUpDownCounter.swift
[159/205] Compiling OpenTelemetryApi OpenTelemetry.swift
[160/205] Compiling OpenTelemetryApi ContextPropagators.swift
[161/205] Compiling OpenTelemetryApi DefaultContextPropagators.swift
[162/205] Compiling OpenTelemetryApi DefaultTracer.swift
[163/205] Compiling OpenTelemetryApi DefaultTracerProvider.swift
[164/205] Compiling OpenTelemetryApi K8s_attributes.swift
[165/205] Compiling OpenTelemetryApi Linux_attributes.swift
[166/205] Compiling OpenTelemetryApi Log_attributes.swift
[167/205] Compiling OpenTelemetryApi Mainframe_attributes.swift
[168/205] Compiling OpenTelemetryApi Messaging_attributes.swift
[169/205] Compiling OpenTelemetryApi Network_attributes.swift
[170/205] Compiling OpenTelemetryApi Nodejs_attributes.swift
[171/205] Compiling OpenTelemetryApi Oci_attributes.swift
[172/205] Compiling OpenTelemetryApi Openai_attributes.swift
[173/205] Compiling OpenTelemetryApi Opentracing_attributes.swift
[174/205] Compiling OpenTelemetryApi Os_attributes.swift
[175/205] Compiling OpenTelemetryApi Otel_attributes.swift
[176/205] Compiling OpenTelemetryApi Peer_attributes.swift
[177/205] Compiling OpenTelemetryApi Process_attributes.swift
[178/205] Compiling OpenTelemetryApi Profile_attributes.swift
[179/205] Compiling OpenTelemetryApi Rpc_attributes.swift
[180/205] Compiling OpenTelemetryApi SecurityRule_attributes.swift
[181/205] Compiling OpenTelemetryApi Server_attributes.swift
[182/205] Compiling OpenTelemetryApi Service_attributes.swift
[183/205] Compiling OpenTelemetryApi Session_attributes.swift
[184/205] Compiling OpenTelemetryApi Signalr_attributes.swift
[186/211] Emitting module CiscoRuntimeCacheWrapper
[187/211] Compiling CiscoRuntimeCacheWrapper Empty.swift
[188/212] Compiling CiscoInstanceManagerWrapper Empty.swift
[189/212] Emitting module CiscoInstanceManagerWrapper
[191/215] Emitting module CiscoSwizzlingWrapper
[192/215] Compiling CiscoSwizzlingWrapper Empty.swift
[195/216] Emitting module CiscoDiskStorageWrapper
[196/216] Compiling CiscoDiskStorageWrapper Empty.swift
[198/219] Emitting module CiscoInteractionsWrapper
[199/219] Compiling CiscoInteractionsWrapper Empty.swift
[200/220] Compiling OpenTelemetryApi PropagatedSpan.swift
/host/spi-builder-workspace/.build/checkouts/opentelemetry-swift-core/Sources/OpenTelemetryApi/Trace/SpanException.swift:30:13: error: cannot find type 'NSException' in scope
28 |
29 | #if !os(Linux)
30 | extension NSException: SpanException {
| `- error: cannot find type 'NSException' in scope
31 | public var type: String {
32 | name.rawValue
[201/220] Compiling OpenTelemetryApi PropagatedSpanBuilder.swift
/host/spi-builder-workspace/.build/checkouts/opentelemetry-swift-core/Sources/OpenTelemetryApi/Trace/SpanException.swift:30:13: error: cannot find type 'NSException' in scope
28 |
29 | #if !os(Linux)
30 | extension NSException: SpanException {
| `- error: cannot find type 'NSException' in scope
31 | public var type: String {
32 | name.rawValue
[202/220] Compiling OpenTelemetryApi B3Propagator.swift
/host/spi-builder-workspace/.build/checkouts/opentelemetry-swift-core/Sources/OpenTelemetryApi/Trace/SpanException.swift:30:13: error: cannot find type 'NSException' in scope
28 |
29 | #if !os(Linux)
30 | extension NSException: SpanException {
| `- error: cannot find type 'NSException' in scope
31 | public var type: String {
32 | name.rawValue
[203/220] Compiling OpenTelemetryApi BinaryFormattable.swift
/host/spi-builder-workspace/.build/checkouts/opentelemetry-swift-core/Sources/OpenTelemetryApi/Trace/SpanException.swift:30:13: error: cannot find type 'NSException' in scope
28 |
29 | #if !os(Linux)
30 | extension NSException: SpanException {
| `- error: cannot find type 'NSException' in scope
31 | public var type: String {
32 | name.rawValue
[204/220] Compiling OpenTelemetryApi JaegerPropagator.swift
/host/spi-builder-workspace/.build/checkouts/opentelemetry-swift-core/Sources/OpenTelemetryApi/Trace/SpanException.swift:30:13: error: cannot find type 'NSException' in scope
28 |
29 | #if !os(Linux)
30 | extension NSException: SpanException {
| `- error: cannot find type 'NSException' in scope
31 | public var type: String {
32 | name.rawValue
[205/220] Compiling OpenTelemetryApi TextMapPropagator.swift
/host/spi-builder-workspace/.build/checkouts/opentelemetry-swift-core/Sources/OpenTelemetryApi/Trace/SpanException.swift:30:13: error: cannot find type 'NSException' in scope
28 |
29 | #if !os(Linux)
30 | extension NSException: SpanException {
| `- error: cannot find type 'NSException' in scope
31 | public var type: String {
32 | name.rawValue
[206/220] Compiling OpenTelemetryApi W3CTraceContextPropagator.swift
/host/spi-builder-workspace/.build/checkouts/opentelemetry-swift-core/Sources/OpenTelemetryApi/Trace/SpanException.swift:30:13: error: cannot find type 'NSException' in scope
28 |
29 | #if !os(Linux)
30 | extension NSException: SpanException {
| `- error: cannot find type 'NSException' in scope
31 | public var type: String {
32 | name.rawValue
[207/220] Compiling OpenTelemetryApi SemanticAttributes.swift
/host/spi-builder-workspace/.build/checkouts/opentelemetry-swift-core/Sources/OpenTelemetryApi/Trace/SpanException.swift:30:13: error: cannot find type 'NSException' in scope
28 |
29 | #if !os(Linux)
30 | extension NSException: SpanException {
| `- error: cannot find type 'NSException' in scope
31 | public var type: String {
32 | name.rawValue
[208/220] Compiling OpenTelemetryApi Span.swift
/host/spi-builder-workspace/.build/checkouts/opentelemetry-swift-core/Sources/OpenTelemetryApi/Trace/SpanException.swift:30:13: error: cannot find type 'NSException' in scope
28 |
29 | #if !os(Linux)
30 | extension NSException: SpanException {
| `- error: cannot find type 'NSException' in scope
31 | public var type: String {
32 | name.rawValue
[209/220] Compiling OpenTelemetryApi SpanBuilder.swift
/host/spi-builder-workspace/.build/checkouts/opentelemetry-swift-core/Sources/OpenTelemetryApi/Trace/SpanException.swift:30:13: error: cannot find type 'NSException' in scope
28 |
29 | #if !os(Linux)
30 | extension NSException: SpanException {
| `- error: cannot find type 'NSException' in scope
31 | public var type: String {
32 | name.rawValue
[210/220] Compiling OpenTelemetryApi SpanContext.swift
/host/spi-builder-workspace/.build/checkouts/opentelemetry-swift-core/Sources/OpenTelemetryApi/Trace/SpanException.swift:30:13: error: cannot find type 'NSException' in scope
28 |
29 | #if !os(Linux)
30 | extension NSException: SpanException {
| `- error: cannot find type 'NSException' in scope
31 | public var type: String {
32 | name.rawValue
[211/220] Compiling OpenTelemetryApi SpanException.swift
/host/spi-builder-workspace/.build/checkouts/opentelemetry-swift-core/Sources/OpenTelemetryApi/Trace/SpanException.swift:30:13: error: cannot find type 'NSException' in scope
28 |
29 | #if !os(Linux)
30 | extension NSException: SpanException {
| `- error: cannot find type 'NSException' in scope
31 | public var type: String {
32 | name.rawValue
[212/220] Compiling OpenTelemetryApi SpanId.swift
/host/spi-builder-workspace/.build/checkouts/opentelemetry-swift-core/Sources/OpenTelemetryApi/Trace/SpanException.swift:30:13: error: cannot find type 'NSException' in scope
28 |
29 | #if !os(Linux)
30 | extension NSException: SpanException {
| `- error: cannot find type 'NSException' in scope
31 | public var type: String {
32 | name.rawValue
[213/220] Compiling OpenTelemetryApi SpanKind.swift
/host/spi-builder-workspace/.build/checkouts/opentelemetry-swift-core/Sources/OpenTelemetryApi/Trace/SpanException.swift:30:13: error: cannot find type 'NSException' in scope
28 |
29 | #if !os(Linux)
30 | extension NSException: SpanException {
| `- error: cannot find type 'NSException' in scope
31 | public var type: String {
32 | name.rawValue
[214/220] Compiling OpenTelemetryApi Status.swift
/host/spi-builder-workspace/.build/checkouts/opentelemetry-swift-core/Sources/OpenTelemetryApi/Trace/SpanException.swift:30:13: error: cannot find type 'NSException' in scope
28 |
29 | #if !os(Linux)
30 | extension NSException: SpanException {
| `- error: cannot find type 'NSException' in scope
31 | public var type: String {
32 | name.rawValue
[215/220] Compiling OpenTelemetryApi TraceFlags.swift
/host/spi-builder-workspace/.build/checkouts/opentelemetry-swift-core/Sources/OpenTelemetryApi/Trace/SpanException.swift:30:13: error: cannot find type 'NSException' in scope
28 |
29 | #if !os(Linux)
30 | extension NSException: SpanException {
| `- error: cannot find type 'NSException' in scope
31 | public var type: String {
32 | name.rawValue
[216/220] Compiling OpenTelemetryApi TraceId.swift
/host/spi-builder-workspace/.build/checkouts/opentelemetry-swift-core/Sources/OpenTelemetryApi/Trace/SpanException.swift:30:13: error: cannot find type 'NSException' in scope
28 |
29 | #if !os(Linux)
30 | extension NSException: SpanException {
| `- error: cannot find type 'NSException' in scope
31 | public var type: String {
32 | name.rawValue
[217/220] Compiling OpenTelemetryApi TraceState.swift
/host/spi-builder-workspace/.build/checkouts/opentelemetry-swift-core/Sources/OpenTelemetryApi/Trace/SpanException.swift:30:13: error: cannot find type 'NSException' in scope
28 |
29 | #if !os(Linux)
30 | extension NSException: SpanException {
| `- error: cannot find type 'NSException' in scope
31 | public var type: String {
32 | name.rawValue
[218/220] Compiling OpenTelemetryApi Tracer.swift
/host/spi-builder-workspace/.build/checkouts/opentelemetry-swift-core/Sources/OpenTelemetryApi/Trace/SpanException.swift:30:13: error: cannot find type 'NSException' in scope
28 |
29 | #if !os(Linux)
30 | extension NSException: SpanException {
| `- error: cannot find type 'NSException' in scope
31 | public var type: String {
32 | name.rawValue
[219/220] Compiling OpenTelemetryApi TracerProvider.swift
/host/spi-builder-workspace/.build/checkouts/opentelemetry-swift-core/Sources/OpenTelemetryApi/Trace/SpanException.swift:30:13: error: cannot find type 'NSException' in scope
28 |
29 | #if !os(Linux)
30 | extension NSException: SpanException {
| `- error: cannot find type 'NSException' in scope
31 | public var type: String {
32 | name.rawValue
Running build ...
bash -c docker run --pull=always --rm -v "checkouts-54344843-2":/host -w "$PWD" -e JAVA_HOME="/root/.sdkman/candidates/java/current" -e SPI_BUILD="1" -e SPI_PROCESSING="1" registry.gitlab.com/saguaro1/spi-images:android-6.1-latest swift build --swift-sdk aarch64-unknown-linux-android24 2>&1
android-6.1-latest: Pulling from saguaro1/spi-images
Digest: sha256:639806e3270a7d76362a869fc7a464db4368085eea7ecdf63d02ce60a0298950
Status: Image is up to date for registry.gitlab.com/saguaro1/spi-images:android-6.1-latest
warning: 'spi-builder-workspace': ignoring target 'SplunkAgentObjCTests' in package 'spi-builder-workspace'; C language in tests is not yet supported
warning: 'spi-builder-workspace': found 7 file(s) which are unhandled; explicitly declare them as resources or exclude from the target
/host/spi-builder-workspace/SplunkWebView/Tests/SplunkWebViewTests/Testing Support/MockWKScriptMessage.swift
/host/spi-builder-workspace/SplunkWebView/Tests/SplunkWebViewTests/Testing Support/MockWKWebViewConfiguration.swift
/host/spi-builder-workspace/SplunkWebView/Tests/SplunkWebViewTests/Testing Support/MockWKWebView.swift
/host/spi-builder-workspace/SplunkWebView/Tests/SplunkWebViewTests/WebViewInstrumentationTests.swift
/host/spi-builder-workspace/SplunkWebView/Tests/SplunkWebViewTests/Testing Support/MockAgentSharedState.swift
/host/spi-builder-workspace/SplunkWebView/Tests/SplunkWebViewTests/Testing Support/MockLogAgent.swift
/host/spi-builder-workspace/SplunkWebView/Tests/SplunkWebViewTests/Testing Support/MockWKUserContentController.swift
[0/1] Planning build
Building for debugging...
[0/1] Write swift-version-24593BA9C3E375BF.txt
[2/7] Compiling CiscoLoggerWrapper Empty.swift
[3/7] Emitting module CiscoLoggerWrapper
[4/8] Compiling CiscoEncryptionWrapper Empty.swift
[5/13] Emitting module CiscoEncryptionWrapper
[7/99] Emitting module CiscoCommonWrapper
[8/99] Compiling CiscoCommonWrapper Empty.swift
[11/166] Compiling CiscoRuntimeCacheWrapper Empty.swift
[12/166] Emitting module CiscoSwizzlingWrapper
[13/166] Emitting module CiscoRuntimeCacheWrapper
[14/167] Compiling CiscoDiskStorageWrapper Empty.swift
[15/167] Emitting module CiscoDiskStorageWrapper
[16/168] Compiling CiscoInstanceManagerWrapper Empty.swift
[17/168] Emitting module CiscoInstanceManagerWrapper
[18/169] Compiling CiscoSwizzlingWrapper Empty.swift
[23/170] Compiling OpenTelemetryApi LongGaugeBuilder.swift
[24/170] Compiling OpenTelemetryApi LongHistogram.swift
[25/170] Compiling OpenTelemetryApi LongHistogramBuilder.swift
[26/170] Compiling OpenTelemetryApi LongUpDownCounter.swift
[27/170] Compiling OpenTelemetryApi LongUpDownCounterBuilder.swift
[28/170] Compiling OpenTelemetryApi Meter.swift
[29/170] Compiling OpenTelemetryApi MeterBuilder.swift
[30/170] Compiling OpenTelemetryApi MeterProvider.swift
[31/170] Compiling OpenTelemetryApi ObservableDoubleCounter.swift
[32/170] Compiling OpenTelemetryApi ObservableDoubleGauge.swift
[33/170] Compiling OpenTelemetryApi ObservableDoubleMeasurement.swift
[34/170] Compiling OpenTelemetryApi ObservableDoubleUpDownCounter.swift
[35/170] Compiling OpenTelemetryApi ObservableLongCounter.swift
[36/170] Compiling OpenTelemetryApi ObservableLongGauge.swift
[37/170] Compiling OpenTelemetryApi ObservableLongMeasurement.swift
[38/170] Compiling OpenTelemetryApi ObservableLongUpDownCounter.swift
[39/170] Compiling OpenTelemetryApi OpenTelemetry.swift
[40/170] Compiling OpenTelemetryApi ContextPropagators.swift
[41/170] Compiling OpenTelemetryApi DefaultContextPropagators.swift
[42/170] Compiling OpenTelemetryApi DefaultTracer.swift
[43/170] Compiling OpenTelemetryApi DefaultTracerProvider.swift
[44/192] Compiling CiscoInteractionsWrapper Empty.swift
[45/192] Emitting module CiscoInteractionsWrapper
[47/195] Emitting module CiscoSessionReplayWrapper
[48/195] Compiling CiscoSessionReplayWrapper Empty.swift
[49/196] Compiling OpenTelemetryApi PropagatedSpan.swift
/host/spi-builder-workspace/.build/checkouts/opentelemetry-swift-core/Sources/OpenTelemetryApi/Trace/SpanException.swift:30:13: error: cannot find type 'NSException' in scope
28 |
29 | #if !os(Linux)
30 | extension NSException: SpanException {
| `- error: cannot find type 'NSException' in scope
31 | public var type: String {
32 | name.rawValue
[50/196] Compiling OpenTelemetryApi PropagatedSpanBuilder.swift
/host/spi-builder-workspace/.build/checkouts/opentelemetry-swift-core/Sources/OpenTelemetryApi/Trace/SpanException.swift:30:13: error: cannot find type 'NSException' in scope
28 |
29 | #if !os(Linux)
30 | extension NSException: SpanException {
| `- error: cannot find type 'NSException' in scope
31 | public var type: String {
32 | name.rawValue
[51/196] Compiling OpenTelemetryApi B3Propagator.swift
/host/spi-builder-workspace/.build/checkouts/opentelemetry-swift-core/Sources/OpenTelemetryApi/Trace/SpanException.swift:30:13: error: cannot find type 'NSException' in scope
28 |
29 | #if !os(Linux)
30 | extension NSException: SpanException {
| `- error: cannot find type 'NSException' in scope
31 | public var type: String {
32 | name.rawValue
[52/196] Compiling OpenTelemetryApi BinaryFormattable.swift
/host/spi-builder-workspace/.build/checkouts/opentelemetry-swift-core/Sources/OpenTelemetryApi/Trace/SpanException.swift:30:13: error: cannot find type 'NSException' in scope
28 |
29 | #if !os(Linux)
30 | extension NSException: SpanException {
| `- error: cannot find type 'NSException' in scope
31 | public var type: String {
32 | name.rawValue
[53/196] Compiling OpenTelemetryApi JaegerPropagator.swift
/host/spi-builder-workspace/.build/checkouts/opentelemetry-swift-core/Sources/OpenTelemetryApi/Trace/SpanException.swift:30:13: error: cannot find type 'NSException' in scope
28 |
29 | #if !os(Linux)
30 | extension NSException: SpanException {
| `- error: cannot find type 'NSException' in scope
31 | public var type: String {
32 | name.rawValue
[54/196] Compiling OpenTelemetryApi TextMapPropagator.swift
/host/spi-builder-workspace/.build/checkouts/opentelemetry-swift-core/Sources/OpenTelemetryApi/Trace/SpanException.swift:30:13: error: cannot find type 'NSException' in scope
28 |
29 | #if !os(Linux)
30 | extension NSException: SpanException {
| `- error: cannot find type 'NSException' in scope
31 | public var type: String {
32 | name.rawValue
[55/196] Compiling OpenTelemetryApi W3CTraceContextPropagator.swift
/host/spi-builder-workspace/.build/checkouts/opentelemetry-swift-core/Sources/OpenTelemetryApi/Trace/SpanException.swift:30:13: error: cannot find type 'NSException' in scope
28 |
29 | #if !os(Linux)
30 | extension NSException: SpanException {
| `- error: cannot find type 'NSException' in scope
31 | public var type: String {
32 | name.rawValue
[56/196] Compiling OpenTelemetryApi SemanticAttributes.swift
/host/spi-builder-workspace/.build/checkouts/opentelemetry-swift-core/Sources/OpenTelemetryApi/Trace/SpanException.swift:30:13: error: cannot find type 'NSException' in scope
28 |
29 | #if !os(Linux)
30 | extension NSException: SpanException {
| `- error: cannot find type 'NSException' in scope
31 | public var type: String {
32 | name.rawValue
[57/196] Compiling OpenTelemetryApi Span.swift
/host/spi-builder-workspace/.build/checkouts/opentelemetry-swift-core/Sources/OpenTelemetryApi/Trace/SpanException.swift:30:13: error: cannot find type 'NSException' in scope
28 |
29 | #if !os(Linux)
30 | extension NSException: SpanException {
| `- error: cannot find type 'NSException' in scope
31 | public var type: String {
32 | name.rawValue
[58/196] Compiling OpenTelemetryApi SpanBuilder.swift
/host/spi-builder-workspace/.build/checkouts/opentelemetry-swift-core/Sources/OpenTelemetryApi/Trace/SpanException.swift:30:13: error: cannot find type 'NSException' in scope
28 |
29 | #if !os(Linux)
30 | extension NSException: SpanException {
| `- error: cannot find type 'NSException' in scope
31 | public var type: String {
32 | name.rawValue
[59/196] Compiling OpenTelemetryApi SpanContext.swift
/host/spi-builder-workspace/.build/checkouts/opentelemetry-swift-core/Sources/OpenTelemetryApi/Trace/SpanException.swift:30:13: error: cannot find type 'NSException' in scope
28 |
29 | #if !os(Linux)
30 | extension NSException: SpanException {
| `- error: cannot find type 'NSException' in scope
31 | public var type: String {
32 | name.rawValue
[60/196] Compiling OpenTelemetryApi SpanException.swift
/host/spi-builder-workspace/.build/checkouts/opentelemetry-swift-core/Sources/OpenTelemetryApi/Trace/SpanException.swift:30:13: error: cannot find type 'NSException' in scope
28 |
29 | #if !os(Linux)
30 | extension NSException: SpanException {
| `- error: cannot find type 'NSException' in scope
31 | public var type: String {
32 | name.rawValue
[61/196] Compiling OpenTelemetryApi SpanId.swift
/host/spi-builder-workspace/.build/checkouts/opentelemetry-swift-core/Sources/OpenTelemetryApi/Trace/SpanException.swift:30:13: error: cannot find type 'NSException' in scope
28 |
29 | #if !os(Linux)
30 | extension NSException: SpanException {
| `- error: cannot find type 'NSException' in scope
31 | public var type: String {
32 | name.rawValue
[62/196] Compiling OpenTelemetryApi SpanKind.swift
/host/spi-builder-workspace/.build/checkouts/opentelemetry-swift-core/Sources/OpenTelemetryApi/Trace/SpanException.swift:30:13: error: cannot find type 'NSException' in scope
28 |
29 | #if !os(Linux)
30 | extension NSException: SpanException {
| `- error: cannot find type 'NSException' in scope
31 | public var type: String {
32 | name.rawValue
[63/196] Compiling OpenTelemetryApi Status.swift
/host/spi-builder-workspace/.build/checkouts/opentelemetry-swift-core/Sources/OpenTelemetryApi/Trace/SpanException.swift:30:13: error: cannot find type 'NSException' in scope
28 |
29 | #if !os(Linux)
30 | extension NSException: SpanException {
| `- error: cannot find type 'NSException' in scope
31 | public var type: String {
32 | name.rawValue
[64/196] Compiling OpenTelemetryApi TraceFlags.swift
/host/spi-builder-workspace/.build/checkouts/opentelemetry-swift-core/Sources/OpenTelemetryApi/Trace/SpanException.swift:30:13: error: cannot find type 'NSException' in scope
28 |
29 | #if !os(Linux)
30 | extension NSException: SpanException {
| `- error: cannot find type 'NSException' in scope
31 | public var type: String {
32 | name.rawValue
[65/196] Compiling OpenTelemetryApi TraceId.swift
/host/spi-builder-workspace/.build/checkouts/opentelemetry-swift-core/Sources/OpenTelemetryApi/Trace/SpanException.swift:30:13: error: cannot find type 'NSException' in scope
28 |
29 | #if !os(Linux)
30 | extension NSException: SpanException {
| `- error: cannot find type 'NSException' in scope
31 | public var type: String {
32 | name.rawValue
[66/196] Compiling OpenTelemetryApi TraceState.swift
/host/spi-builder-workspace/.build/checkouts/opentelemetry-swift-core/Sources/OpenTelemetryApi/Trace/SpanException.swift:30:13: error: cannot find type 'NSException' in scope
28 |
29 | #if !os(Linux)
30 | extension NSException: SpanException {
| `- error: cannot find type 'NSException' in scope
31 | public var type: String {
32 | name.rawValue
[67/196] Compiling OpenTelemetryApi Tracer.swift
/host/spi-builder-workspace/.build/checkouts/opentelemetry-swift-core/Sources/OpenTelemetryApi/Trace/SpanException.swift:30:13: error: cannot find type 'NSException' in scope
28 |
29 | #if !os(Linux)
30 | extension NSException: SpanException {
| `- error: cannot find type 'NSException' in scope
31 | public var type: String {
32 | name.rawValue
[68/196] Compiling OpenTelemetryApi TracerProvider.swift
/host/spi-builder-workspace/.build/checkouts/opentelemetry-swift-core/Sources/OpenTelemetryApi/Trace/SpanException.swift:30:13: error: cannot find type 'NSException' in scope
28 |
29 | #if !os(Linux)
30 | extension NSException: SpanException {
| `- error: cannot find type 'NSException' in scope
31 | public var type: String {
32 | name.rawValue
[70/196] Compiling OpenTelemetryApi Baggage.swift
[71/196] Compiling OpenTelemetryApi BaggageBuilder.swift
[72/196] Compiling OpenTelemetryApi BaggageManager.swift
[73/196] Compiling OpenTelemetryApi BaggageManagerProvider.swift
[74/196] Compiling OpenTelemetryApi DefaultBaggage.swift
[75/196] Compiling OpenTelemetryApi DefaultBaggageBuilder.swift
[76/196] Compiling OpenTelemetryApi DefaultBaggageManager.swift
[77/196] Compiling OpenTelemetryApi DefaultBaggageManagerProvider.swift
[78/196] Compiling OpenTelemetryApi EmptyBaggage.swift
[79/196] Compiling OpenTelemetryApi EmptyBaggageBuilder.swift
[80/196] Compiling OpenTelemetryApi Entry.swift
[81/196] Compiling OpenTelemetryApi EntryKey.swift
[82/196] Compiling OpenTelemetryApi EntryMetadata.swift
[83/196] Compiling OpenTelemetryApi EntryValue.swift
[84/196] Compiling OpenTelemetryApi JaegerBaggagePropagator.swift
[85/196] Compiling OpenTelemetryApi TextMapBaggagePropagator.swift
[86/196] Compiling OpenTelemetryApi W3CBaggagePropagator.swift
[87/196] Compiling OpenTelemetryApi ZipkinBaggagePropagator.swift
[88/196] Compiling OpenTelemetryApi AttributeArray.swift
[89/196] Compiling OpenTelemetryApi AttributeSet.swift
[90/196] Compiling OpenTelemetryApi AttributeValue.swift
[91/196] Compiling OpenTelemetryApi Disk_attributes.swift
[92/196] Compiling OpenTelemetryApi Dns_attributes.swift
[93/196] Compiling OpenTelemetryApi Dotnet_attributes.swift
[94/196] Compiling OpenTelemetryApi Elasticsearch_attributes.swift
[95/196] Compiling OpenTelemetryApi Enduser_attributes.swift
[96/196] Compiling OpenTelemetryApi Error_attributes.swift
[97/196] Compiling OpenTelemetryApi Exception_attributes.swift
[98/196] Compiling OpenTelemetryApi Faas_attributes.swift
[99/196] Compiling OpenTelemetryApi FeatureFlag_attributes.swift
[100/196] Compiling OpenTelemetryApi File_attributes.swift
[101/196] Compiling OpenTelemetryApi Gcp_attributes.swift
[102/196] Compiling OpenTelemetryApi GenAi_attributes.swift
[103/196] Compiling OpenTelemetryApi Geo_attributes.swift
[104/196] Compiling OpenTelemetryApi Go_attributes.swift
[105/196] Compiling OpenTelemetryApi Graphql_attributes.swift
[106/196] Compiling OpenTelemetryApi Heroku_attributes.swift
[107/196] Compiling OpenTelemetryApi Host_attributes.swift
[108/196] Compiling OpenTelemetryApi Http_attributes.swift
[109/196] Compiling OpenTelemetryApi Hw_attributes.swift
[110/196] Compiling OpenTelemetryApi Ios_attributes.swift
[111/196] Compiling OpenTelemetryApi Jvm_attributes.swift
[112/196] Compiling OpenTelemetryApi Source_attributes.swift
[113/196] Compiling OpenTelemetryApi System_attributes.swift
[114/196] Compiling OpenTelemetryApi Telemetry_attributes.swift
[115/196] Compiling OpenTelemetryApi Test_attributes.swift
[116/196] Compiling OpenTelemetryApi Thread_attributes.swift
[117/196] Compiling OpenTelemetryApi Tls_attributes.swift
[118/196] Compiling OpenTelemetryApi Url_attributes.swift
[119/196] Compiling OpenTelemetryApi UserAgent_attributes.swift
[120/196] Compiling OpenTelemetryApi User_attributes.swift
[121/196] Compiling OpenTelemetryApi V8js_attributes.swift
[122/196] Compiling OpenTelemetryApi Vcs_attributes.swift
[123/196] Compiling OpenTelemetryApi Webengine_attributes.swift
[124/196] Compiling OpenTelemetryApi Zos_attributes.swift
[125/196] Compiling OpenTelemetryApi SemanticConventions.swift
[126/196] Compiling OpenTelemetryApi ActivityContextManager.swift
[127/196] Compiling OpenTelemetryApi ContextManager.swift
[128/196] Compiling OpenTelemetryApi OpenTelemetryContextProvider.swift
[129/196] Compiling OpenTelemetryApi TaskLocalContextManager.swift
[130/196] Compiling OpenTelemetryApi StringUtils.swift
[131/196] Compiling OpenTelemetryApi SwiftExtensions.swift
[132/196] Compiling OpenTelemetryApi TracestateUtils.swift
error: emit-module command failed with exit code 1 (use -v to see invocation)
[133/196] Compiling OpenTelemetryApi Android_attributes.swift
[134/196] Compiling OpenTelemetryApi App_attributes.swift
[135/196] Compiling OpenTelemetryApi Artifact_attributes.swift
[136/196] Compiling OpenTelemetryApi Aspnetcore_attributes.swift
[137/196] Compiling OpenTelemetryApi Aws_attributes.swift
[138/196] Compiling OpenTelemetryApi Azure_attributes.swift
[139/196] Compiling OpenTelemetryApi Browser_attributes.swift
[140/196] Compiling OpenTelemetryApi Cassandra_attributes.swift
[141/196] Compiling OpenTelemetryApi Cicd_attributes.swift
[142/196] Compiling OpenTelemetryApi Client_attributes.swift
[143/196] Compiling OpenTelemetryApi Cloud_attributes.swift
[144/196] Compiling OpenTelemetryApi Cloudevents_attributes.swift
[145/196] Compiling OpenTelemetryApi Cloudfoundry_attributes.swift
[146/196] Compiling OpenTelemetryApi Code_attributes.swift
[147/196] Compiling OpenTelemetryApi Container_attributes.swift
[148/196] Compiling OpenTelemetryApi Cpu_attributes.swift
[149/196] Compiling OpenTelemetryApi Cpython_attributes.swift
[150/196] Compiling OpenTelemetryApi Db_attributes.swift
[151/196] Compiling OpenTelemetryApi Deployment_attributes.swift
[152/196] Compiling OpenTelemetryApi Destination_attributes.swift
[153/196] Compiling OpenTelemetryApi Device_attributes.swift
[154/196] Emitting module OpenTelemetryApi
/host/spi-builder-workspace/.build/checkouts/opentelemetry-swift-core/Sources/OpenTelemetryApi/Trace/SpanException.swift:30:13: error: cannot find type 'NSException' in scope
28 |
29 | #if !os(Linux)
30 | extension NSException: SpanException {
| `- error: cannot find type 'NSException' in scope
31 | public var type: String {
32 | name.rawValue
[155/196] Compiling OpenTelemetryApi DefaultLogger.swift
[156/196] Compiling OpenTelemetryApi DefaultLoggerProvider.swift
[157/196] Compiling OpenTelemetryApi EventBuilder.swift
[158/196] Compiling OpenTelemetryApi LogRecordBuilder.swift
[159/196] Compiling OpenTelemetryApi Logger.swift
[160/196] Compiling OpenTelemetryApi LoggerBuilder.swift
[161/196] Compiling OpenTelemetryApi LoggerProvider.swift
[162/196] Compiling OpenTelemetryApi Severity.swift
[163/196] Compiling OpenTelemetryApi DefaultMeter.swift
[164/196] Compiling OpenTelemetryApi DefaultMeterProvider.swift
[165/196] Compiling OpenTelemetryApi DoubleCounter.swift
[166/196] Compiling OpenTelemetryApi DoubleCounterBuilder.swift
[167/196] Compiling OpenTelemetryApi DoubleGauge.swift
[168/196] Compiling OpenTelemetryApi DoubleGaugeBuilder.swift
[169/196] Compiling OpenTelemetryApi DoubleHistogram.swift
[170/196] Compiling OpenTelemetryApi DoubleHistogramBuilder.swift
[171/196] Compiling OpenTelemetryApi DoubleUpDownCounter.swift
[172/196] Compiling OpenTelemetryApi DoubleUpDownCounterBuilder.swift
[173/196] Compiling OpenTelemetryApi LongCounter.swift
[174/196] Compiling OpenTelemetryApi LongCounterBuilder.swift
[175/196] Compiling OpenTelemetryApi LongGauge.swift
[176/196] Compiling OpenTelemetryApi K8s_attributes.swift
[177/196] Compiling OpenTelemetryApi Linux_attributes.swift
[178/196] Compiling OpenTelemetryApi Log_attributes.swift
[179/196] Compiling OpenTelemetryApi Mainframe_attributes.swift
[180/196] Compiling OpenTelemetryApi Messaging_attributes.swift
[181/196] Compiling OpenTelemetryApi Network_attributes.swift
[182/196] Compiling OpenTelemetryApi Nodejs_attributes.swift
[183/196] Compiling OpenTelemetryApi Oci_attributes.swift
[184/196] Compiling OpenTelemetryApi Openai_attributes.swift
[185/196] Compiling OpenTelemetryApi Opentracing_attributes.swift
[186/196] Compiling OpenTelemetryApi Os_attributes.swift
[187/196] Compiling OpenTelemetryApi Otel_attributes.swift
[188/196] Compiling OpenTelemetryApi Peer_attributes.swift
[189/196] Compiling OpenTelemetryApi Process_attributes.swift
[190/196] Compiling OpenTelemetryApi Profile_attributes.swift
[191/196] Compiling OpenTelemetryApi Rpc_attributes.swift
[192/196] Compiling OpenTelemetryApi SecurityRule_attributes.swift
[193/196] Compiling OpenTelemetryApi Server_attributes.swift
[194/196] Compiling OpenTelemetryApi Service_attributes.swift
[195/196] Compiling OpenTelemetryApi Session_attributes.swift
[196/196] Compiling OpenTelemetryApi Signalr_attributes.swift
BUILD FAILURE 6.1 android