Build Information
Failed to build LambdaKit, reference 1.0.1 (691e2f), with Swift 6.2 for Wasm on 31 Aug 2026 17:31:42 UTC.
Build Command
bash -c docker run --pull=always --rm -v "checkouts-54344849-2":/host -w "$PWD" -e JAVA_HOME="/root/.sdkman/candidates/java/current" -e SPI_BUILD="1" -e SPI_PROCESSING="1" registry.gitlab.com/saguaro1/spi-images:wasm-6.2-latest swift build --swift-sdk swift-6.2-RELEASE_wasm 2>&1Build Log
========================================
RunAll
========================================
Builder version: 5.0.2
Interrupt handler set up.
========================================
Checkout
========================================
Clone URL: https://github.com/SongShift/lambda-kit.git
Reference: 1.0.1
Initialized empty Git repository in /host/spi-builder-workspace/.git/
hint: Using 'master' as the name for the initial branch. This default branch name
hint: is subject to change. To configure the initial branch name to use in all
hint: of your new repositories, which will suppress this warning, call:
hint:
hint: git config --global init.defaultBranch <name>
hint:
hint: Names commonly chosen instead of 'master' are 'main', 'trunk' and
hint: 'development'. The just-created branch can be renamed via this command:
hint:
hint: git branch -m <name>
From https://github.com/SongShift/lambda-kit
* tag 1.0.1 -> FETCH_HEAD
HEAD is now at 691e2f4 Support to run more than one local API Gateway server (#14)
Cloned https://github.com/SongShift/lambda-kit.git
Revision (git rev-parse @):
691e2f425255622912801d80d5e4547b28bfb6d3
SPI manifest file found: $PWD/.spi.yml
SUCCESS checkout https://github.com/SongShift/lambda-kit.git at 1.0.1
========================================
Build
========================================
Selected platform: wasm
Swift version: 6.2
Building package at path: $PWD
https://github.com/SongShift/lambda-kit.git
Running build ...
bash -c docker run --pull=always --rm -v "checkouts-54344849-2":/host -w "$PWD" -e JAVA_HOME="/root/.sdkman/candidates/java/current" -e SPI_BUILD="1" -e SPI_PROCESSING="1" registry.gitlab.com/saguaro1/spi-images:wasm-6.2-latest swift build --swift-sdk swift-6.2-RELEASE_wasm 2>&1
wasm-6.2-latest: Pulling from saguaro1/spi-images
Digest: sha256:70428a4f4110aef5b17a27427e965f31cf3855e8cf1dfdc416ed61c780337965
Status: Image is up to date for registry.gitlab.com/saguaro1/spi-images:wasm-6.2-latest
Fetching https://github.com/hummingbird-project/hummingbird.git
Fetching https://github.com/awslabs/swift-aws-lambda-runtime
Fetching https://github.com/swiftlang/swift-syntax.git
Fetching https://github.com/swift-server/async-http-client.git
Fetching https://github.com/apple/swift-log.git
Fetching https://github.com/pointfreeco/swift-snapshot-testing
[1/7972] Fetching swift-log
[7973/35840] Fetching swift-log, hummingbird
Fetched https://github.com/apple/swift-log.git from cache (0.84s)
[558/27868] Fetching hummingbird
Fetching https://github.com/apple/swift-docc-plugin
[7247/45786] Fetching hummingbird, swift-aws-lambda-runtime
[30916/48131] Fetching hummingbird, swift-aws-lambda-runtime, swift-docc-plugin
[37601/64523] Fetching hummingbird, swift-aws-lambda-runtime, swift-docc-plugin, swift-snapshot-testing
[37602/80692] Fetching hummingbird, swift-aws-lambda-runtime, swift-docc-plugin, swift-snapshot-testing, async-http-client
[39863/160073] Fetching hummingbird, swift-aws-lambda-runtime, swift-docc-plugin, swift-snapshot-testing, async-http-client, swift-syntax
Fetched https://github.com/apple/swift-docc-plugin from cache (0.90s)
[49881/157728] Fetching hummingbird, swift-aws-lambda-runtime, swift-snapshot-testing, async-http-client, swift-syntax
Fetching https://github.com/soto-project/soto.git
Fetched https://github.com/pointfreeco/swift-snapshot-testing from cache (3.06s)
[131811/141336] Fetching hummingbird, swift-aws-lambda-runtime, async-http-client, swift-syntax
Fetching https://github.com/awslabs/swift-aws-lambda-events
[141337/144177] Fetching hummingbird, swift-aws-lambda-runtime, async-http-client, swift-syntax, swift-aws-lambda-events
Fetched https://github.com/awslabs/swift-aws-lambda-events from cache (0.61s)
Fetching https://github.com/apple/swift-http-types.git
[19/1821] Fetching swift-http-types
Fetched https://github.com/apple/swift-http-types.git from cache (0.66s)
Fetching https://github.com/vapor/routing-kit.git
[1/21550] Fetching routing-kit
Fetched https://github.com/vapor/routing-kit.git from cache (1.02s)
Fetched https://github.com/swift-server/async-http-client.git from cache (5.71s)
Fetched https://github.com/hummingbird-project/hummingbird.git from cache (5.72s)
Fetched https://github.com/swiftlang/swift-syntax.git from cache (5.73s)
Fetched https://github.com/awslabs/swift-aws-lambda-runtime from cache (5.73s)
[1/144161] Fetching soto
Fetched https://github.com/soto-project/soto.git from cache (51.92s)
Computing version for https://github.com/awslabs/swift-aws-lambda-events
Computed https://github.com/awslabs/swift-aws-lambda-events at 1.5.0 (53.95s)
Computing version for https://github.com/apple/swift-http-types.git
Computed https://github.com/apple/swift-http-types.git at 1.6.0 (0.32s)
Computing version for https://github.com/awslabs/swift-aws-lambda-runtime
Computed https://github.com/awslabs/swift-aws-lambda-runtime at 2.11.0 (0.30s)
Fetching https://github.com/swift-server/swift-service-lifecycle.git
Fetching https://github.com/apple/swift-collections.git
[1/2822] Fetching swift-service-lifecycle
[2823/29819] Fetching swift-service-lifecycle, swift-collections
Fetched https://github.com/swift-server/swift-service-lifecycle.git from cache (0.70s)
[2160/26997] Fetching swift-collections
Fetching https://github.com/apple/swift-nio.git
Fetched https://github.com/apple/swift-collections.git from cache (1.45s)
[1/85683] Fetching swift-nio
Fetched https://github.com/apple/swift-nio.git from cache (4.54s)
Computing version for https://github.com/apple/swift-collections.git
Computed https://github.com/apple/swift-collections.git at 1.6.0 (6.38s)
Computing version for https://github.com/swift-server/swift-service-lifecycle.git
Computed https://github.com/swift-server/swift-service-lifecycle.git at 2.12.0 (0.25s)
Fetching https://github.com/apple/swift-async-algorithms.git
[1/6704] Fetching swift-async-algorithms
Fetched https://github.com/apple/swift-async-algorithms.git from cache (1.25s)
Computing version for https://github.com/apple/swift-log.git
Computed https://github.com/apple/swift-log.git at 1.15.0 (1.56s)
Computing version for https://github.com/apple/swift-async-algorithms.git
Computed https://github.com/apple/swift-async-algorithms.git at 1.1.5 (0.35s)
Computing version for https://github.com/apple/swift-nio.git
Computed https://github.com/apple/swift-nio.git at 2.101.3 (0.61s)
Fetching https://github.com/apple/swift-system.git
Fetching https://github.com/apple/swift-atomics.git
[1/1875] Fetching swift-atomics
[1876/8729] Fetching swift-atomics, swift-system
Fetched https://github.com/apple/swift-atomics.git from cache (0.70s)
[3907/6854] Fetching swift-system
Fetched https://github.com/apple/swift-system.git from cache (0.82s)
Computing version for https://github.com/apple/swift-atomics.git
Computed https://github.com/apple/swift-atomics.git at 1.3.1 (1.07s)
Computing version for https://github.com/swiftlang/swift-syntax.git
Computed https://github.com/swiftlang/swift-syntax.git at 603.0.2 (1.86s)
Computing version for https://github.com/apple/swift-docc-plugin
Computed https://github.com/apple/swift-docc-plugin at 1.5.0 (0.33s)
Fetching https://github.com/swiftlang/swift-docc-symbolkit
[1/3817] Fetching swift-docc-symbolkit
Fetched https://github.com/swiftlang/swift-docc-symbolkit from cache (0.94s)
Computing version for https://github.com/swiftlang/swift-docc-symbolkit
Computed https://github.com/swiftlang/swift-docc-symbolkit at 1.0.0 (1.29s)
Computing version for https://github.com/soto-project/soto.git
Computed https://github.com/soto-project/soto.git at 7.15.0 (5.55s)
Fetching https://github.com/soto-project/soto-core.git
[1/72608] Fetching soto-core
Fetched https://github.com/soto-project/soto-core.git from cache (2.72s)
Computing version for https://github.com/soto-project/soto-core.git
Computed https://github.com/soto-project/soto-core.git at 7.14.0 (3.04s)
Fetching https://github.com/apple/swift-metrics.git
Fetching https://github.com/apple/swift-nio-transport-services.git
Fetching https://github.com/apple/swift-crypto.git
Fetching https://github.com/apple/swift-distributed-tracing.git
Fetching https://github.com/jmespath/jmespath.swift.git
[1/2860] Fetching swift-nio-transport-services
[2861/21277] Fetching swift-nio-transport-services, swift-crypto
[3414/27275] Fetching swift-nio-transport-services, swift-crypto, swift-distributed-tracing
[3783/27928] Fetching swift-nio-transport-services, swift-crypto, swift-distributed-tracing, jmespath.swift
[4864/31422] Fetching swift-nio-transport-services, swift-crypto, swift-distributed-tracing, jmespath.swift, swift-metrics
Fetched https://github.com/jmespath/jmespath.swift.git from cache (0.67s)
[4579/30769] Fetching swift-nio-transport-services, swift-crypto, swift-distributed-tracing, swift-metrics
Fetched https://github.com/apple/swift-metrics.git from cache (1.08s)
Fetched https://github.com/apple/swift-distributed-tracing.git from cache (1.08s)
[8754/21277] Fetching swift-nio-transport-services, swift-crypto
Fetched https://github.com/apple/swift-nio-transport-services.git from cache (1.69s)
Fetching https://github.com/apple/swift-nio-ssl.git
Fetched https://github.com/apple/swift-crypto.git from cache (1.71s)
[1/16001] Fetching swift-nio-ssl
Fetched https://github.com/apple/swift-nio-ssl.git from cache (1.74s)
Computing version for https://github.com/jmespath/jmespath.swift.git
Computed https://github.com/jmespath/jmespath.swift.git at 1.0.3 (3.75s)
Computing version for https://github.com/apple/swift-distributed-tracing.git
Computed https://github.com/apple/swift-distributed-tracing.git at 1.4.1 (0.29s)
Fetching https://github.com/apple/swift-service-context.git
[1/1324] Fetching swift-service-context
Fetched https://github.com/apple/swift-service-context.git from cache (1.04s)
Computing version for https://github.com/apple/swift-service-context.git
Computed https://github.com/apple/swift-service-context.git at 1.3.0 (1.36s)
Computing version for https://github.com/swift-server/async-http-client.git
Computed https://github.com/swift-server/async-http-client.git at 1.36.0 (0.32s)
Fetching https://github.com/apple/swift-configuration.git
Fetching https://github.com/apple/swift-algorithms.git
Fetching https://github.com/apple/swift-nio-http2.git
Fetching https://github.com/apple/swift-nio-extras.git
[1/3635] Fetching swift-configuration
[3636/9769] Fetching swift-configuration, swift-algorithms
[3759/16430] Fetching swift-configuration, swift-algorithms, swift-nio-extras
Fetched https://github.com/apple/swift-configuration.git from cache (0.65s)
[457/12795] Fetching swift-algorithms, swift-nio-extras
[8012/25041] Fetching swift-algorithms, swift-nio-extras, swift-nio-http2
Fetched https://github.com/apple/swift-nio-extras.git from cache (0.81s)
[5273/18380] Fetching swift-algorithms, swift-nio-http2
Fetched https://github.com/apple/swift-algorithms.git from cache (1.47s)
Fetched https://github.com/apple/swift-nio-http2.git from cache (1.47s)
Computing version for https://github.com/apple/swift-algorithms.git
Computed https://github.com/apple/swift-algorithms.git at 1.2.1 (1.75s)
Fetching https://github.com/apple/swift-numerics.git
[1/6553] Fetching swift-numerics
Fetched https://github.com/apple/swift-numerics.git from cache (0.84s)
Computing version for https://github.com/apple/swift-configuration.git
Computed https://github.com/apple/swift-configuration.git at 1.2.0 (2.20s)
Computing version for https://github.com/apple/swift-numerics.git
Computed https://github.com/apple/swift-numerics.git at 1.1.1 (0.29s)
Computing version for https://github.com/apple/swift-nio-transport-services.git
Computed https://github.com/apple/swift-nio-transport-services.git at 1.28.0 (0.35s)
Computing version for https://github.com/apple/swift-nio-http2.git
Computed https://github.com/apple/swift-nio-http2.git at 1.45.0 (0.33s)
Computing version for https://github.com/apple/swift-nio-ssl.git
Computed https://github.com/apple/swift-nio-ssl.git at 2.37.2 (0.33s)
Computing version for https://github.com/apple/swift-system.git
Computed https://github.com/apple/swift-system.git at 1.8.1 (0.32s)
Computing version for https://github.com/apple/swift-nio-extras.git
Computed https://github.com/apple/swift-nio-extras.git at 1.34.3 (0.66s)
Fetching https://github.com/apple/swift-http-structured-headers.git
Fetching https://github.com/apple/swift-certificates.git
Fetching https://github.com/apple/swift-asn1.git
[39/1939] Fetching swift-asn1
[389/3192] Fetching swift-asn1, swift-http-structured-headers
[466/10696] Fetching swift-asn1, swift-http-structured-headers, swift-certificates
Fetched https://github.com/apple/swift-http-structured-headers.git from cache (0.76s)
[2596/9443] Fetching swift-asn1, swift-certificates
Fetched https://github.com/apple/swift-asn1.git from cache (0.95s)
Fetched https://github.com/apple/swift-certificates.git from cache (0.95s)
Computing version for https://github.com/apple/swift-asn1.git
Computed https://github.com/apple/swift-asn1.git at 1.7.1 (1.33s)
Computing version for https://github.com/apple/swift-http-structured-headers.git
Computed https://github.com/apple/swift-http-structured-headers.git at 1.7.0 (0.29s)
Computing version for https://github.com/apple/swift-certificates.git
Computed https://github.com/apple/swift-certificates.git at 1.19.4 (0.38s)
Computing version for https://github.com/apple/swift-crypto.git
Computed https://github.com/apple/swift-crypto.git at 4.5.1 (0.78s)
Computing version for https://github.com/pointfreeco/swift-snapshot-testing
Computed https://github.com/pointfreeco/swift-snapshot-testing at 1.19.4 (0.31s)
Fetching https://github.com/pointfreeco/swift-custom-dump
[1/5701] Fetching swift-custom-dump
Fetched https://github.com/pointfreeco/swift-custom-dump from cache (1.21s)
Computing version for https://github.com/pointfreeco/swift-custom-dump
Computed https://github.com/pointfreeco/swift-custom-dump at 1.7.3 (1.50s)
Fetching https://github.com/pointfreeco/xctest-dynamic-overlay
[1/2727] Fetching xctest-dynamic-overlay
Fetched https://github.com/pointfreeco/xctest-dynamic-overlay from cache (1.08s)
Computing version for https://github.com/pointfreeco/xctest-dynamic-overlay
Computed https://github.com/pointfreeco/xctest-dynamic-overlay at 1.13.1 (1.44s)
Computing version for https://github.com/apple/swift-metrics.git
Computed https://github.com/apple/swift-metrics.git at 2.11.0 (0.25s)
Computing version for https://github.com/hummingbird-project/hummingbird.git
Computed https://github.com/hummingbird-project/hummingbird.git at 2.26.0 (0.33s)
Computing version for https://github.com/vapor/routing-kit.git
Computed https://github.com/vapor/routing-kit.git at 5.0.0-beta.2 (0.29s)
Creating working copy for https://github.com/apple/swift-async-algorithms.git
Working copy of https://github.com/apple/swift-async-algorithms.git resolved at 1.1.5
Creating working copy for https://github.com/apple/swift-crypto.git
Working copy of https://github.com/apple/swift-crypto.git resolved at 4.5.1
Creating working copy for https://github.com/apple/swift-collections.git
Working copy of https://github.com/apple/swift-collections.git resolved at 1.6.0
Creating working copy for https://github.com/apple/swift-system.git
Working copy of https://github.com/apple/swift-system.git resolved at 1.8.1
Creating working copy for https://github.com/swift-server/swift-service-lifecycle.git
Working copy of https://github.com/swift-server/swift-service-lifecycle.git resolved at 2.12.0
Creating working copy for https://github.com/pointfreeco/xctest-dynamic-overlay
Working copy of https://github.com/pointfreeco/xctest-dynamic-overlay resolved at 1.13.1
Creating working copy for https://github.com/apple/swift-nio.git
Working copy of https://github.com/apple/swift-nio.git resolved at 2.101.3
Creating working copy for https://github.com/awslabs/swift-aws-lambda-events
Working copy of https://github.com/awslabs/swift-aws-lambda-events resolved at 1.5.0
Creating working copy for https://github.com/swiftlang/swift-docc-symbolkit
Working copy of https://github.com/swiftlang/swift-docc-symbolkit resolved at 1.0.0
Creating working copy for https://github.com/apple/swift-log.git
Working copy of https://github.com/apple/swift-log.git resolved at 1.15.0
Creating working copy for https://github.com/apple/swift-docc-plugin
Working copy of https://github.com/apple/swift-docc-plugin resolved at 1.5.0
Creating working copy for https://github.com/apple/swift-distributed-tracing.git
Working copy of https://github.com/apple/swift-distributed-tracing.git resolved at 1.4.1
Creating working copy for https://github.com/vapor/routing-kit.git
Working copy of https://github.com/vapor/routing-kit.git resolved at 5.0.0-beta.2
Creating working copy for https://github.com/apple/swift-atomics.git
Working copy of https://github.com/apple/swift-atomics.git resolved at 1.3.1
Creating working copy for https://github.com/apple/swift-algorithms.git
Working copy of https://github.com/apple/swift-algorithms.git resolved at 1.2.1
Creating working copy for https://github.com/swift-server/async-http-client.git
Working copy of https://github.com/swift-server/async-http-client.git resolved at 1.36.0
Creating working copy for https://github.com/apple/swift-numerics.git
Working copy of https://github.com/apple/swift-numerics.git resolved at 1.1.1
Creating working copy for https://github.com/apple/swift-http-types.git
Working copy of https://github.com/apple/swift-http-types.git resolved at 1.6.0
Creating working copy for https://github.com/soto-project/soto.git
Working copy of https://github.com/soto-project/soto.git resolved at 7.15.0
Creating working copy for https://github.com/pointfreeco/swift-snapshot-testing
Working copy of https://github.com/pointfreeco/swift-snapshot-testing resolved at 1.19.4
Creating working copy for https://github.com/apple/swift-nio-http2.git
Working copy of https://github.com/apple/swift-nio-http2.git resolved at 1.45.0
Creating working copy for https://github.com/apple/swift-nio-extras.git
Working copy of https://github.com/apple/swift-nio-extras.git resolved at 1.34.3
Creating working copy for https://github.com/awslabs/swift-aws-lambda-runtime
Working copy of https://github.com/awslabs/swift-aws-lambda-runtime resolved at 2.11.0
Creating working copy for https://github.com/apple/swift-asn1.git
Working copy of https://github.com/apple/swift-asn1.git resolved at 1.7.1
Creating working copy for https://github.com/hummingbird-project/hummingbird.git
Working copy of https://github.com/hummingbird-project/hummingbird.git resolved at 2.26.0
Creating working copy for https://github.com/apple/swift-http-structured-headers.git
Working copy of https://github.com/apple/swift-http-structured-headers.git resolved at 1.7.0
Creating working copy for https://github.com/apple/swift-nio-ssl.git
Working copy of https://github.com/apple/swift-nio-ssl.git resolved at 2.37.2
Creating working copy for https://github.com/apple/swift-nio-transport-services.git
Working copy of https://github.com/apple/swift-nio-transport-services.git resolved at 1.28.0
Creating working copy for https://github.com/soto-project/soto-core.git
Working copy of https://github.com/soto-project/soto-core.git resolved at 7.14.0
Creating working copy for https://github.com/apple/swift-certificates.git
Working copy of https://github.com/apple/swift-certificates.git resolved at 1.19.4
Creating working copy for https://github.com/apple/swift-metrics.git
Working copy of https://github.com/apple/swift-metrics.git resolved at 2.11.0
Creating working copy for https://github.com/apple/swift-configuration.git
Working copy of https://github.com/apple/swift-configuration.git resolved at 1.2.0
Creating working copy for https://github.com/jmespath/jmespath.swift.git
Working copy of https://github.com/jmespath/jmespath.swift.git resolved at 1.0.3
Creating working copy for https://github.com/apple/swift-service-context.git
Working copy of https://github.com/apple/swift-service-context.git resolved at 1.3.0
Creating working copy for https://github.com/swiftlang/swift-syntax.git
Working copy of https://github.com/swiftlang/swift-syntax.git resolved at 603.0.2
Creating working copy for https://github.com/pointfreeco/swift-custom-dump
Working copy of https://github.com/pointfreeco/swift-custom-dump resolved at 1.7.3
[1/1] Compiling plugin AWSLambdaPackager
[2/2] Compiling plugin Swift-DocC Preview
[3/3] Compiling plugin Swift-DocC
Building for debugging...
[3/1830] Write sources
[78/1830] Compiling _NumericsShims _NumericsShims.c
[79/1830] Compiling _AtomicsShims.c
[80/1830] Compiling _SwiftSyntaxCShims PlatformMutex.c
[81/1830] Compiling SimpleFIPS202.c
[81/1830] Compiling CXKCPShims shims.c
[83/1830] Compiling CSotoExpat xmltok_ns.c
[84/1830] Compiling KeccakSponge.c
[85/1830] Compiling KeccakHash.c
[86/1830] Compiling CSotoExpat xmltok_impl.c
[87/1830] Compiling CNIOWindows shim.c
[88/1830] Compiling CSystem shims.c
[89/1830] Compiling CNIOWindows WSAStartup.c
[90/1830] Write swift-version-24593BA9C3E375BF.txt
[91/1830] Compiling CNIOWASI CNIOWASI.c
[92/1830] Compiling CNIOPosix event_loop_id.c
[93/1830] Compiling CNIOOpenBSD shim.c
[94/1830] Compiling CSotoExpat xmlrole.c
[95/1875] Compiling CNIOLinux shim.c
[96/1875] Compiling KeccakP-1600-opt64.c
[97/1877] Compiling CSotoExpat xmlparse.c
[98/1881] Compiling CSotoExpat xmltok.c
[100/1883] Emitting module SwiftSyntax510
[101/1883] Emitting module SystemPackage
[102/1888] Compiling SwiftSyntax603 Empty.swift
[103/1888] Emitting module SwiftSyntax603
[104/1889] Compiling SystemPackage SystemString.swift
[105/1889] Compiling SystemPackage Util+StringArray.swift
[106/1889] Compiling SystemPackage Util.swift
[107/1889] Compiling SystemPackage UtilConsumers.swift
[108/1889] Compiling SystemPackage WinSDK+Overlay.swift
[109/1889] Emitting module SwiftSyntax601
[110/1889] Compiling SwiftSyntax601 Empty.swift
[113/1890] Compiling SwiftSyntax602 Empty.swift
[114/1890] Emitting module SwiftSyntax602
[115/1891] Compiling SwiftSyntax510 Empty.swift
[118/1899] Compiling SwiftSyntax509 Empty.swift
[119/1899] Emitting module SwiftSyntax600
[120/1899] Compiling SwiftSyntax600 Empty.swift
[121/1900] Emitting module SwiftSyntax509
[124/1935] Compiling _NIOBase64 Base64.swift
[125/1935] Emitting module _NIOBase64
[127/1947] Compiling ServiceContextModule ServiceContextKey.swift
[128/1958] Compiling _NIODataStructures PriorityQueue.swift
[129/1958] Compiling _NIODataStructures _TinyArray.swift
[130/1958] Compiling RealModule RealFunctions.swift
[131/2022] Compiling RealModule RelaxedArithmetic.swift
[132/2022] Compiling RealModule Real.swift
[133/2022] Compiling SwiftSyntax Identifier.swift
[134/2022] Compiling SwiftSyntax MemoryLayout.swift
[135/2022] Emitting module ServiceContextModule
[136/2022] Compiling ServiceContextModule ServiceContext.swift
[137/2023] Compiling Logging Logger+With.swift
[139/2032] Compiling RealModule Float80+Real.swift
[140/2035] Compiling Logging LoggingSystem.swift
[141/2035] Compiling RealModule Float16+Real.swift
[142/2035] Emitting module RealModule
[143/2035] Compiling JMESPath Interpreter.swift
[144/2035] Compiling JMESPath Lexer.swift
[145/2035] Compiling JMESPath Expression.swift
[146/2035] Compiling JMESPath Functions.swift
[148/2057] Compiling IssueReporting Deprecations.swift
[149/2057] Compiling IssueReporting XCTest.swift
[150/2057] Compiling Logging Logger+Attributes.swift
[151/2057] Emitting module Logging
[152/2057] Compiling Logging MetadataProvider.swift
[153/2057] Compiling Logging Logger.swift
[154/2057] Compiling SwiftSyntax SyntaxIdentifier.swift
[155/2057] Compiling SwiftSyntax SyntaxNodeStructure.swift
[156/2057] Compiling SwiftSyntax SyntaxProtocol.swift
[157/2057] Compiling SwiftSyntax SyntaxText.swift
[158/2057] Compiling SwiftSyntax SyntaxTreeViewMode.swift
[159/2057] Compiling IssueReporting ErrorReporting.swift
[160/2057] Compiling IssueReporting AppHostWarning.swift
[163/2057] Compiling IssueReporting IsTesting.swift
[164/2057] Compiling SwiftSyntax TokenDiagnostic.swift
[165/2057] Compiling SwiftSyntax TokenSequence.swift
[166/2057] Compiling SwiftSyntax TokenSyntax.swift
[167/2057] Compiling SwiftSyntax Trivia.swift
[168/2057] Compiling SwiftSyntax Utils.swift
[170/2057] Compiling IssueReporting IssueReporter.swift
[172/2057] Compiling IssueReporting FailureObserver.swift
[173/2057] Compiling IssueReporting LockIsolated.swift
[174/2057] Compiling IssueReporting Rethrows.swift
[175/2057] Compiling IssueReporting BreakpointReporter.swift
[176/2057] Compiling _NIODataStructures Heap.swift
[177/2057] Emitting module _NIODataStructures
[182/2083] Compiling Instrumentation NoOpInstrument.swift
[183/2083] Emitting module Instrumentation
[184/2083] Compiling Instrumentation MultiplexInstrument.swift
[185/2083] Compiling InternalCollectionsUtilities UnsafeMutableRawBufferPointer+Extras.swift
[186/2083] Compiling InternalCollectionsUtilities UnsafeRawBufferPointer+Extras.swift
[187/2085] Compiling Instrumentation InstrumentationSystem.swift
[188/2085] Compiling Instrumentation Instrument.swift
[189/2085] Compiling Instrumentation Locks.swift
[190/2086] Compiling InternalCollectionsUtilities _SortedCollection.swift
[191/2086] Compiling InternalCollectionsUtilities _UniqueCollection.swift
[193/2088] Compiling InternalCollectionsUtilities UnsafeBufferPointer+Extras.swift
[194/2088] Compiling InternalCollectionsUtilities UnsafeMutableBufferPointer+Extras.swift
[195/2088] Emitting module INIParser
[196/2088] Compiling InternalCollectionsUtilities Debugging.swift
[197/2088] Compiling InternalCollectionsUtilities Descriptions.swift
[198/2088] Compiling InternalCollectionsUtilities FixedWidthInteger+roundUpToPowerOfTwo.swift
[199/2088] Compiling InternalCollectionsUtilities Integer rank.swift
[200/2088] Compiling InternalCollectionsUtilities UInt+first and last set bit.swift
[201/2088] Compiling InternalCollectionsUtilities UInt+reversed.swift
[202/2088] Compiling INIParser INIParser.swift
[206/2089] Compiling IssueReporting _Test.swift
[207/2089] Compiling InternalCollectionsUtilities _UnsafeBitSet.swift
[209/2099] Compiling JMESPath Sendable.swift
[210/2100] Emitting module InternalCollectionsUtilities
[211/2100] Compiling JMESPath Runtime.swift
[212/2100] Compiling JMESPath Token.swift
[213/2100] Compiling InternalCollectionsUtilities _UnsafeBitSet+_Word.swift
[215/2100] Compiling InternalCollectionsUtilities String+Padding.swift
[216/2100] Compiling InternalCollectionsUtilities _UnsafeBitSet+Index.swift
[217/2100] Compiling InternalCollectionsUtilities LifetimeOverride.swift
[218/2100] Compiling InternalCollectionsUtilities RandomAccessCollection+Offsets.swift
[219/2100] Compiling InternalCollectionsUtilities Span+Extras.swift
[220/2101] Compiling Tracing TracingTime.swift
[222/2101] Emitting module JMESPath
[223/2101] Emitting module Tracing
[224/2101] Compiling Tracing TracerProtocol.swift
[225/2110] Compiling Tracing Tracer.swift
[226/2110] Compiling JMESPath Parser.swift
[230/2110] Compiling Tracing TracerProtocol+Legacy.swift
[233/2110] Compiling SwiftSyntax Syntax.swift
[234/2110] Compiling SwiftSyntax SyntaxChildren.swift
[235/2110] Compiling SwiftSyntax SyntaxCollection.swift
[236/2110] Compiling SwiftSyntax SyntaxHashable.swift
[237/2110] Compiling SotoXML XMLDecoder.swift
[238/2114] Compiling IssueReporting WithExpectedIssue.swift
[239/2114] Compiling IssueReporting WithIssueContext.swift
[240/2114] Emitting module IssueReporting
[241/2114] Compiling HTTPTypes HTTPField.swift
[242/2114] Compiling HTTPTypes HTTPFieldName.swift
[244/2114] Compiling SotoXML Expat.swift
[245/2114] Emitting module SotoXML
[255/2115] Compiling JMESPath Variable.swift
[257/2115] Compiling SotoXML XMLEncoder.swift
[258/2115] Compiling SotoXML XML.swift
[259/2116] Compiling Tracing SpanProtocol.swift
[260/2116] Compiling Tracing InstrumentationSystem+Tracing.swift
[261/2116] Compiling Tracing NoOpTracer.swift
[262/2116] Compiling HTTPTypes ISOLatin1String.swift
[264/2118] Compiling HTTPTypes HTTPParsedFields.swift
[266/2208] Compiling CustomDump GameKit.swift
[267/2208] Compiling CustomDump KeyPath.swift
[268/2208] Compiling CustomDump Photos.swift
[269/2208] Compiling CustomDump Speech.swift
[270/2211] Compiling CustomDump CoreImage.swift
[271/2211] Compiling CustomDump CoreLocation.swift
[274/2212] Compiling CoreMetrics WithMetricsFactory.swift
[275/2212] Compiling OrderedCollections OrderedDictionary+Sendable.swift
[276/2212] Compiling OrderedCollections OrderedDictionary+Sequence.swift
[277/2212] Compiling OrderedCollections OrderedSet+Partial SetAlgebra isSuperset.swift
[278/2212] Compiling OrderedCollections OrderedSet+Partial SetAlgebra subtract.swift
[280/2212] Compiling CoreMetrics MappingMetricsFactory.swift
[281/2212] Compiling HTTPTypes NIOLock.swift
[282/2248] Compiling ContainersPreview BorrowingIteratorProtocol+Map.swift
[283/2248] Compiling ContainersPreview BorrowingIteratorProtocol+Reduce.swift
[284/2248] Compiling ContainersPreview BorrowingIteratorProtocol+SpanwiseZip.swift
[285/2248] Compiling ContainersPreview BorrowingIteratorProtocol.swift
[286/2248] Compiling ContainersPreview BorrowingSequence+Algorithms.swift
[287/2248] Compiling ContainersPreview MutableContainer.swift
[288/2248] Compiling ContainersPreview PermutableContainer.swift
[289/2248] Compiling ContainersPreview RandomAccessContainer.swift
[290/2248] Compiling ContainersPreview RangeExpression2.swift
[291/2248] Compiling ContainersPreview Container+SpanwiseZip.swift
[292/2248] Compiling ContainersPreview Container.swift
[293/2248] Compiling ContainersPreview ContainerIterator.swift
[294/2248] Compiling ContainersPreview DynamicContainer.swift
[295/2248] Compiling HTTPTypes HTTPRequest+URL.swift
[296/2248] Compiling ContainersPreview BorrowingIteratorProtocol+Filter.swift
[300/2248] Compiling CoreMetrics Locks.swift
[306/2248] Compiling ContainersPreview Drain+Map.swift
[307/2248] Compiling ContainersPreview Drain+Reduce.swift
[308/2248] Compiling ContainersPreview Drain.swift
[309/2248] Compiling ContainersPreview Producer+Collect.swift
[310/2248] Compiling ContainersPreview Producer+Filter.swift
[311/2252] Compiling ContainersPreview Producer+Map.swift
[312/2252] Compiling ContainersPreview Producer+Reduce.swift
[313/2252] Compiling ContainersPreview Producer.swift
[314/2252] Compiling ContainersPreview InputSpan.swift
[315/2252] Compiling ContainersPreview MutableRef.swift
[324/2252] Compiling ContainersPreview RangeReplaceableContainer.swift
[325/2252] Compiling ContainersPreview Strideable+Limits.swift
[326/2252] Compiling ContainersPreview BorrowingSequence+Standard Conformances.swift
[327/2252] Compiling ContainersPreview BorrowingSequence+Utilities.swift
[328/2252] Compiling ContainersPreview BorrowingSequence.swift
[329/2252] Compiling ContainersPreview BidirectionalContainer.swift
[330/2252] Compiling ContainersPreview Container+Filter.swift
[331/2252] Compiling HTTPTypes HTTPResponse.swift
[332/2252] Compiling HTTPTypes HTTPRequest.swift
[333/2252] Emitting module SnapshotTesting
[334/2252] Compiling ContainersPreview OutputSpan+Extras.swift
[335/2252] Compiling ContainersPreview TemporaryAllocation.swift
[336/2252] Compiling ContainersPreview BorrowingIteratorProtocol+Copy.swift
[337/2252] Compiling ContainersPreview BorrowingIteratorProtocol+ElementsEqual.swift
[359/2260] Emitting module ContainersPreview
[365/2260] Compiling ContainersPreview Ref.swift
[366/2260] Compiling ContainersPreview Shared.swift
[367/2260] Compiling ContainersPreview SpanIterator.swift
[368/2260] Compiling ContainersPreview UniqueBox.swift
[372/2261] Emitting module CoreMetrics
[381/2261] Compiling OrderedCollections OrderedSet+ReserveCapacity.swift
[398/2272] Emitting module CustomDump
[400/2272] Compiling ConcurrencyHelpers LockedValueBox.swift
[409/2272] Compiling HTTPTypes HTTPFields.swift
[410/2272] Emitting module HTTPTypes
[413/2277] Compiling OrderedCollections OrderedSet+Partial SetAlgebra formSymmetricDifference.swift
[414/2277] Compiling OrderedCollections OrderedSet+Partial SetAlgebra formUnion.swift
[415/2277] Compiling OrderedCollections OrderedSet+Partial SetAlgebra intersection.swift
[416/2277] Compiling OrderedCollections OrderedSet+Partial SetAlgebra isDisjoint.swift
[417/2277] Compiling OrderedCollections OrderedSet+Partial SetAlgebra isEqualSet.swift
[418/2277] Compiling OrderedCollections OrderedSet+Partial SetAlgebra isStrictSubset.swift
[419/2277] Compiling OrderedCollections OrderedSet+Partial SetAlgebra isStrictSuperset.swift
[420/2277] Compiling OrderedCollections OrderedSet+Partial SetAlgebra isSubset.swift
[421/2277] Compiling OrderedCollections OrderedDictionary+Values.swift
[422/2277] Compiling OrderedCollections OrderedDictionary.swift
[423/2277] Compiling OrderedCollections OrderedSet+Codable.swift
[424/2277] Compiling OrderedCollections OrderedSet+CustomReflectable.swift
[425/2277] Compiling OrderedCollections OrderedSet+Descriptions.swift
[426/2277] Compiling OrderedCollections OrderedSet+Diffing.swift
[427/2277] Compiling OrderedCollections OrderedSet+Equatable.swift
[428/2277] Compiling OrderedCollections OrderedSet+ExpressibleByArrayLiteral.swift
[430/2314] Compiling ConcurrencyHelpers Lock.swift
[431/2314] Emitting module ConcurrencyHelpers
[431/2315] Wrapping AST for SwiftSyntax603 for debugging
[433/2315] Wrapping AST for SwiftSyntax602 for debugging
[435/2342] Compiling DequeModule UniqueDeque+Container.swift
[436/2342] Compiling DequeModule UniqueDeque+Deprecated.swift
[437/2342] Compiling DequeModule UniqueDeque+Descriptions.swift
[438/2342] Compiling DequeModule UniqueDeque+Equatable.swift
[439/2342] Compiling DequeModule UniqueDeque+Experimental.swift
[440/2347] Emitting module UnixSignals
[441/2347] Compiling AWSLambdaEvents DecodableRequest.swift
[442/2347] Compiling AWSLambdaEvents EncodableResponse.swift
[443/2347] Compiling AWSLambdaEvents SQS+Decode.swift
[444/2350] Compiling DequeModule UniqueDeque+Hashable.swift
[445/2350] Compiling DequeModule UniqueDeque+Initializers.swift
[446/2350] Compiling DequeModule UniqueDeque+Insertions.swift
[447/2350] Compiling DequeModule UniqueDeque+Prepend.swift
[448/2350] Compiling DequeModule UniqueDeque+Removals.swift
[451/2350] Compiling AWSLambdaEvents Cognito.swift
[452/2350] Compiling AWSLambdaEvents DynamoDB.swift
[453/2350] Compiling AWSLambdaEvents FunctionURL.swift
[454/2350] Compiling AWSLambdaEvents SNS.swift
[455/2350] Compiling AWSLambdaEvents HTTP.swift
[456/2350] Compiling AWSLambdaEvents RFC5322DateParseStrategy.swift
[457/2350] Compiling DequeModule RigidDeque+Testing.swift
[458/2350] Compiling DequeModule RigidDeque.swift
[459/2350] Compiling DequeModule UniqueDeque+Append.swift
[460/2350] Compiling DequeModule UniqueDeque+Consumption.swift
[461/2350] Compiling AWSLambdaEvents SQS.swift
[462/2350] Compiling AWSLambdaEvents Base64.swift
[463/2350] Compiling AWSLambdaEvents LambdaGatewayProxyEvent.swift
[464/2350] Compiling AWSLambdaEvents S3.swift
[465/2350] Compiling AWSLambdaEvents SES.swift
[466/2350] Compiling AWSLambdaEvents DateWrappers.swift
[467/2350] Compiling AWSLambdaEvents BedrockAgent.swift
[468/2350] Compiling AWSLambdaEvents CloudFormation.swift
[469/2350] Compiling AWSLambdaEvents Cloudwatch.swift
[470/2350] Compiling AWSLambdaEvents APIGateway.swift
[471/2350] Compiling AWSLambdaEvents APIGatewayLambdaAuthorizers.swift
[472/2350] Compiling AWSLambdaEvents AWSRegion.swift
[473/2350] Compiling AWSLambdaEvents AppSync.swift
[474/2350] Compiling AWSLambdaEvents ALB.swift
[491/2350] Compiling AWSLambdaEvents APIGateway+Encodable.swift
[492/2350] Compiling AWSLambdaEvents APIGateway+V2.swift
[493/2350] Compiling AWSLambdaEvents APIGateway+WebSockets.swift
[499/2350] Compiling CoreMetrics Metrics.swift
[501/2351] Compiling UnixSignals UnixSignal.swift
[502/2351] Compiling UnixSignals UnixSignalsSequence.swift
[515/2353] Wrapping AST for SwiftSyntax601 for debugging
[517/2353] Wrapping AST for SwiftSyntax600 for debugging
[518/2355] Wrapping AST for SwiftSyntax509 for debugging
[518/2355] Wrapping AST for SwiftSyntax510 for debugging
[520/2355] Compiling CNIOLinux liburing_shims.c
[521/2355] Compiling CNIOLLHTTP c_nio_http.c
[523/2355] Compiling OrderedCollections OrderedSet+Sendable.swift
[524/2355] Compiling OrderedCollections OrderedSet+SubSequence.swift
[525/2355] Compiling OrderedCollections OrderedSet+Testing.swift
[526/2355] Compiling OrderedCollections OrderedSet+UnorderedView.swift
[527/2355] Compiling OrderedCollections OrderedSet+UnstableInternals.swift
[528/2355] Compiling OrderedCollections OrderedSet.swift
[529/2355] Compiling OrderedCollections _UnsafeBitset.swift
[530/2355] Emitting module Metrics
[530/2355] Compiling CNIOLLHTTP c_nio_api.c
[531/2355] Compiling CNIOFreeBSD shim.c
[533/2355] Compiling Metrics Metrics.swift
[533/2356] Compiling CNIOExtrasZlib zutil.c
[535/2356] Compiling CNIOLLHTTP c_nio_llhttp.c
[536/2356] Compiling CNIOExtrasZlib inftrees.c
[537/2356] Compiling CNIOExtrasZlib trees.c
[538/2356] Compiling CNIOExtrasZlib inffast.c
[551/2356] Compiling CNIOExtrasZlib inflate.c
[552/2356] Compiling CNIOExtrasZlib crc32.c
[553/2356] Compiling CNIODarwin shim.c
[554/2356] Compiling CNIOExtrasZlib deflate.c
[555/2356] Compiling CNIOExtrasZlib adler32.c
[557/2356] Emitting module OrderedCollections
[557/2357] Compiling fiat_p256_adx_mul.S
[558/2357] Compiling fiat_p256_adx_sqr.S
[563/2357] Compiling fiat_curve25519_adx_mul.S
[564/2357] Compiling fiat_curve25519_adx_square.S
[568/2357] Compiling CNIOBoringSSLShims shims.c
[576/2358] Emitting module AWSLambdaEvents
[576/2358] Compiling tls_method.cc
[577/2358] Compiling tls_record.cc
[579/2360] Emitting module SnapshotTestingCustomDump
[580/2360] Compiling SnapshotTestingCustomDump CustomDump.swift
[580/2361] Compiling tls13_server.cc
[582/2361] Compiling tls13_enc.cc
[601/2362] Compiling DequeModule UniqueDeque+Replacements.swift
[602/2362] Compiling DequeModule UniqueDeque.swift
[603/2362] Compiling DequeModule _DequeSlot.swift
[604/2362] Compiling DequeModule _UnsafeDequeHandle.swift
[605/2362] Compiling DequeModule _UnsafeDequeSegments.swift
[607/2362] Emitting module DequeModule
[608/2363] Compiling tls13_client.cc
[609/2363] Compiling tls13_both.cc
[610/2363] Compiling t1_enc.cc
[611/2406] Compiling ssl_x509.cc
[612/2406] Compiling ssl_versions.cc
[613/2406] Compiling ssl_transcript.cc
[614/2406] Compiling ssl_stat.cc
[616/2406] Compiling Configuration Deprecations.swift
[617/2406] Compiling Configuration ExpressibleByConfigInt.swift
[618/2406] Compiling Configuration ExpressibleByConfigString.swift
[619/2406] Compiling Configuration CLIKeyEncoder.swift
[620/2406] Compiling Configuration ConfigKeyEncoder.swift
[621/2406] Compiling Configuration DotSeparatorKeyDecoder.swift
[621/2411] Compiling ssl_session.cc
[623/2411] Compiling Configuration CombineLatestManyStorage.swift
[624/2411] Compiling Configuration AsyncSequences.swift
[625/2411] Compiling Configuration FoundationExtensions.swift
[626/2411] Compiling Configuration Span.swift
[627/2411] Compiling Configuration ConfigBytesFromStringDecoder.swift
[628/2411] Compiling Configuration SeparatorKeyEncoder.swift
[629/2411] Compiling Configuration MultiProvider.swift
[630/2411] Compiling Configuration CLIArgumentParser.swift
[631/2411] Compiling Configuration CLISnapshot.swift
[632/2411] Compiling Configuration CommandLineArgumentsProvider.swift
[633/2411] Compiling Configuration EnvironmentFileParser.swift
[634/2411] Compiling Configuration EnvironmentKeyEncoder.swift
[635/2411] Compiling Configuration EnvironmentVariablesProvider.swift
[636/2411] Compiling Configuration CommonProviderFileSystem.swift
[637/2411] Compiling Configuration DirectoryFilesProvider.swift
[638/2411] Compiling Configuration FileProvider.swift
[639/2411] Compiling Configuration FileProviderSnapshot.swift
[640/2411] Compiling Configuration AccessReporter.swift
[641/2411] Compiling Configuration AccessLogger.swift
[642/2411] Compiling Configuration FileAccessLogger.swift
[643/2411] Compiling Configuration ConfigContext.swift
[644/2411] Compiling Configuration ConfigKey.swift
[645/2411] Compiling Configuration ConfigProvider.swift
[646/2411] Compiling Configuration MutableInMemoryProvider.swift
[647/2411] Compiling Configuration ConfigProvider+Operators.swift
[648/2411] Compiling Configuration KeyMappingProvider.swift
[649/2411] Compiling Configuration SecretsSpecifier.swift
[650/2411] Compiling Configuration AsyncCombineLatestManySequence.swift
[651/2411] Compiling Configuration CombineLatestManyStateMachine.swift
[652/2411] Compiling Configuration JSONSnapshot.swift
[653/2411] Compiling Configuration PropertyListSnapshot.swift
[654/2411] Compiling Configuration ReloadingFileProvider.swift
[655/2411] Compiling Configuration ReloadingFileProviderMetrics.swift
[656/2411] Compiling Configuration YAMLSnapshot.swift
[657/2411] Compiling Configuration InMemoryProvider.swift
[657/2411] Compiling ssl_privkey.cc
[658/2411] Compiling ssl_file.cc
[659/2411] Compiling ssl_key_share.cc
[660/2411] Compiling ssl_credential.cc
[661/2411] Compiling ssl_cipher.cc
[662/2411] Compiling ssl_lib.cc
[664/2411] Emitting module SwiftSyntax
[664/2411] Compiling ssl_cert.cc
[665/2411] Compiling ssl_buffer.cc
[666/2411] Compiling ssl_asn1.cc
[667/2411] Compiling ssl_aead_ctx.cc
[668/2411] Compiling s3_pkt.cc
[669/2411] Compiling s3_lib.cc
[671/2411] Compiling Configuration ConfigProviderHelpers.swift
[672/2411] Compiling Configuration ConfigReader+internalHelpers.swift
[673/2411] Compiling Configuration ConfigReader+methods.swift
[674/2411] Compiling Configuration ConfigReader.swift
[675/2411] Compiling Configuration ConfigSnapshotReader+methods.swift
[676/2411] Compiling Configuration ConfigSnapshotReader.swift
[677/2411] Emitting module Configuration
[678/2412] Compiling s3_both.cc
[679/2412] Compiling handshake_client.cc
[680/2412] Compiling handshake_server.cc
[681/2412] Compiling handshake.cc
[682/2412] Compiling handoff.cc
[683/2412] Compiling extensions.cc
[684/2412] Compiling encrypted_client_hello.cc
[685/2412] Compiling dtls_record.cc
[686/2412] Compiling d1_srtp.cc
[687/2412] Compiling md5-x86_64-linux.S
[688/2412] Compiling md5-x86_64-apple.S
[689/2412] Compiling md5-586-linux.S
[690/2412] Compiling md5-586-apple.S
[691/2412] Compiling chacha20_poly1305_x86_64-linux.S
[692/2412] Compiling chacha20_poly1305_x86_64-apple.S
[693/2412] Compiling chacha20_poly1305_armv8-win.S
[694/2412] Compiling chacha20_poly1305_armv8-linux.S
[695/2412] Compiling d1_pkt.cc
[696/2412] Compiling chacha20_poly1305_armv8-apple.S
[697/2412] Compiling err_data.cc
[698/2412] Compiling dtls_method.cc
[699/2412] Compiling chacha-x86_64-linux.S
[700/2412] Compiling chacha-x86_64-apple.S
[701/2412] Compiling chacha-x86-linux.S
[702/2412] Compiling chacha-x86-apple.S
[703/2412] Compiling chacha-armv8-win.S
[703/2412] Compiling chacha-armv8-apple.S
[705/2412] Compiling chacha-armv8-linux.S
[706/2412] Compiling aes128gcmsiv-x86_64-apple.S
[707/2412] Compiling x86_64-mont5-linux.S
[708/2412] Compiling chacha-armv4-linux.S
[709/2412] Compiling x86_64-mont5-apple.S
[710/2412] Compiling aes128gcmsiv-x86_64-linux.S
[711/2412] Compiling x86-mont-linux.S
[712/2412] Compiling x86_64-mont-apple.S
[713/2412] Compiling x86_64-mont-linux.S
[714/2412] Compiling x86-mont-apple.S
[715/2412] Compiling vpaes-x86_64-apple.S
[716/2412] Compiling vpaes-x86_64-linux.S
[717/2412] Compiling vpaes-x86-apple.S
[718/2412] Compiling vpaes-x86-linux.S
[719/2412] Compiling d1_lib.cc
[720/2412] Compiling bio_ssl.cc
[721/2412] Compiling vpaes-armv8-win.S
[722/2412] Compiling vpaes-armv8-apple.S
[723/2412] Compiling vpaes-armv8-linux.S
[724/2412] Compiling vpaes-armv7-linux.S
[725/2412] Compiling sha512-x86_64-apple.S
[726/2412] Compiling sha512-armv8-win.S
[727/2412] Compiling sha512-x86_64-linux.S
[728/2412] Compiling sha512-armv8-linux.S
[729/2412] Compiling sha512-armv4-linux.S
[730/2412] Compiling sha512-armv8-apple.S
[730/2412] Compiling sha512-586-linux.S
[732/2412] Compiling sha512-586-apple.S
[733/2412] Compiling sha256-x86_64-linux.S
[734/2412] Compiling sha256-armv8-apple.S
[735/2412] Compiling sha256-x86_64-apple.S
[736/2412] Compiling sha256-armv8-linux.S
[737/2412] Compiling sha256-armv8-win.S
[738/2412] Compiling sha256-armv4-linux.S
[739/2412] Compiling sha256-586-linux.S
[740/2412] Compiling sha256-586-apple.S
[741/2412] Compiling sha1-armv8-win.S
[742/2412] Compiling sha1-x86_64-apple.S
[743/2412] Compiling sha1-armv8-linux.S
[744/2412] Compiling sha1-x86_64-linux.S
[745/2412] Compiling sha1-armv8-apple.S
[746/2412] Compiling sha1-586-linux.S
[747/2412] Compiling sha1-armv4-large-linux.S
[748/2412] Compiling sha1-586-apple.S
[749/2412] Compiling rsaz-avx2-linux.S
[750/2412] Compiling rsaz-avx2-apple.S
[751/2412] Compiling rdrand-x86_64-apple.S
[752/2412] Compiling rdrand-x86_64-linux.S
[753/2412] Compiling p256_beeu-x86_64-asm-linux.S
[754/2412] Compiling p256_beeu-armv8-asm-apple.S
[755/2412] Compiling p256_beeu-x86_64-asm-apple.S
[756/2412] Compiling p256-armv8-asm-win.S
[757/2412] Compiling p256_beeu-armv8-asm-win.S
[758/2412] Compiling p256_beeu-armv8-asm-linux.S
[759/2412] Compiling p256-x86_64-asm-linux.S
[760/2412] Compiling p256-armv8-asm-linux.S
[761/2412] Compiling p256-x86_64-asm-apple.S
[762/2412] Compiling p256-armv8-asm-apple.S
[763/2412] Compiling ghashv8-armv8-linux.S
[764/2412] Compiling ghashv8-armv8-apple.S
[765/2412] Compiling ghashv8-armv8-win.S
[766/2412] Compiling ghashv8-armv7-linux.S
[767/2412] Compiling ghash-x86_64-linux.S
[768/2412] Compiling d1_both.cc
[769/2412] Compiling ghash-x86_64-apple.S
[770/2412] Compiling ghash-x86-linux.S
[771/2412] Compiling ghash-ssse3-x86_64-linux.S
[772/2412] Compiling ghash-x86-apple.S
[773/2412] Compiling ghash-ssse3-x86-linux.S
[773/2412] Compiling ghash-ssse3-x86_64-apple.S
[775/2412] Compiling ghash-neon-armv8-win.S
[776/2412] Compiling ghash-ssse3-x86-apple.S
[777/2412] Compiling ghash-neon-armv8-linux.S
[778/2412] Compiling ghash-armv4-linux.S
[779/2412] Compiling ghash-neon-armv8-apple.S
[780/2412] Compiling co-586-linux.S
[781/2412] Compiling co-586-apple.S
[782/2412] Compiling bsaes-armv7-linux.S
[783/2412] Compiling bn-armv8-win.S
[784/2412] Compiling bn-armv8-linux.S
[785/2412] Compiling bn-armv8-apple.S
[786/2412] Compiling bn-586-linux.S
[787/2412] Compiling armv8-mont-win.S
[788/2412] Compiling bn-586-apple.S
[789/2412] Compiling armv8-mont-apple.S
[790/2412] Compiling armv8-mont-linux.S
[791/2412] Compiling armv4-mont-linux.S
[792/2412] Compiling aesv8-gcm-armv8-win.S
[793/2412] Compiling aesv8-gcm-armv8-linux.S
[794/2412] Compiling aesv8-gcm-armv8-apple.S
[795/2412] Compiling aesv8-armv8-linux.S
[796/2412] Compiling aesv8-armv7-linux.S
[797/2412] Compiling aesv8-armv8-apple.S
[798/2412] Compiling aesv8-armv8-win.S
[799/2412] Compiling aesni-x86_64-apple.S
[800/2412] Compiling aesni-x86-linux.S
[801/2412] Compiling aesni-x86-apple.S
[802/2412] Compiling aesni-x86_64-linux.S
[803/2412] Compiling aesni-gcm-x86_64-apple.S
[804/2412] Compiling aesni-gcm-x86_64-linux.S
[805/2412] Compiling aes-gcm-avx2-x86_64-apple.S
[806/2412] Compiling aes-gcm-avx2-x86_64-linux.S
[807/2412] Compiling aes-gcm-avx10-x86_64-linux.S
[808/2412] Compiling aes-gcm-avx10-x86_64-apple.S
[809/2412] Compiling x_x509a.cc
[810/2412] Compiling x_spki.cc
[811/2412] Compiling x_sig.cc
[812/2412] Compiling x_pubkey.cc
[813/2412] Compiling x_req.cc
[814/2412] Compiling x_x509.cc
[815/2412] Compiling x_val.cc
[816/2412] Compiling x509spki.cc
[817/2412] Compiling x_name.cc
[817/2412] Compiling x_algor.cc
[819/2412] Compiling x_attrib.cc
[820/2412] Compiling x_exten.cc
[821/2412] Compiling x_crl.cc
[822/2412] Compiling x_all.cc
[823/2412] Compiling x509rset.cc
[824/2412] Compiling x509_txt.cc
[825/2412] Compiling x509name.cc
[826/2412] Compiling x509cset.cc
[827/2412] Compiling x509_vpm.cc
[828/2412] Compiling x509_v3.cc
[829/2412] Compiling x509_vfy.cc
[830/2412] Compiling x509_trs.cc
[831/2412] Compiling x509_set.cc
[832/2412] Compiling x509_req.cc
[833/2412] Compiling x509_lu.cc
[834/2412] Compiling x509_def.cc
[835/2412] Compiling x509_obj.cc
[836/2412] Compiling x509_ext.cc
[837/2412] Compiling x509_d2.cc
[838/2412] Compiling x509_cmp.cc
[839/2412] Compiling x509.cc
[840/2412] Compiling v3_skey.cc
[841/2412] Compiling x509_att.cc
[842/2412] Compiling v3_utl.cc
[843/2412] Compiling v3_purp.cc
[853/2412] Compiling v3_prn.cc
[854/2412] Compiling v3_ocsp.cc
[855/2412] Compiling v3_pcons.cc
[856/2412] Compiling v3_pmaps.cc
[857/2412] Compiling v3_ncons.cc
[858/2412] Compiling v3_int.cc
[859/2412] Compiling v3_lib.cc
[860/2412] Compiling v3_ia5.cc
[861/2412] Compiling v3_info.cc
[862/2412] Compiling v3_extku.cc
[863/2412] Compiling v3_crld.cc
[864/2412] Compiling v3_genn.cc
[865/2412] Compiling v3_cpols.cc
[866/2412] Compiling v3_enum.cc
[875/2412] Compiling v3_bcons.cc
[876/2412] Compiling v3_akeya.cc
[877/2412] Compiling v3_conf.cc
[878/2412] Compiling v3_bitst.cc
[879/2412] Compiling v3_alt.cc
[880/2412] Compiling v3_akey.cc
[881/2412] Compiling t_x509a.cc
[882/2412] Compiling t_x509.cc
[883/2412] Compiling i2d_pr.cc
[884/2412] Compiling t_crl.cc
[885/2412] Compiling t_req.cc
[886/2412] Compiling rsa_pss.cc
[887/2412] Compiling policy.cc
[888/2412] Compiling name_print.cc
[889/2412] Compiling by_file.cc
[890/2412] Compiling asn1_gen.cc
[891/2412] Compiling by_dir.cc
[892/2412] Compiling algorithm.cc
[893/2412] Compiling a_verify.cc
[894/2412] Compiling a_digest.cc
[895/2412] Compiling a_sign.cc
[896/2412] Compiling voprf.cc
[897/2412] Compiling thread_win.cc
[898/2412] Compiling trust_token.cc
[899/2412] Compiling thread_pthread.cc
[900/2412] Compiling thread_none.cc
[901/2412] Compiling thread.cc
[902/2412] Compiling stack.cc
[903/2412] Compiling pmbtoken.cc
[904/2412] Compiling sha256.cc
[905/2412] Compiling sha512.cc
[906/2412] Compiling siphash.cc
[907/2412] Compiling slhdsa.cc
[908/2412] Compiling sha1.cc
[909/2412] Compiling spake2plus.cc
[910/2412] Compiling rsa_extra.cc
[911/2412] Compiling rsa_print.cc
[912/2412] Compiling refcount.cc
[913/2412] Compiling rsa_crypt.cc
[914/2412] Compiling rc4.cc
[915/2412] Compiling windows.cc
[916/2412] Compiling trusty.cc
[917/2412] Compiling urandom.cc
[918/2412] Compiling rsa_asn1.cc
[919/2412] Compiling rand.cc
[920/2412] Compiling passive.cc
[921/2412] Compiling getentropy.cc
[922/2412] Compiling ios.cc
[923/2412] Compiling poly1305_arm_asm.S
[924/2412] Compiling deterministic.cc
[925/2412] Compiling forkunsafe.cc
[926/2412] Compiling fork_detect.cc
[927/2412] Compiling poly1305_arm.cc
[928/2412] Compiling poly1305.cc
[929/2412] Compiling pool.cc
[930/2412] Compiling poly1305_vec.cc
[931/2412] Compiling pkcs7.cc
[932/2412] Compiling pkcs8.cc
[933/2412] Compiling pkcs8_x509.cc
[934/2412] Compiling p5_pbev2.cc
[935/2412] Compiling pem_xaux.cc
[936/2412] Compiling pem_x509.cc
[937/2412] Compiling pkcs7_x509.cc
[938/2412] Compiling obj_xref.cc
[939/2412] Compiling pem_pkey.cc
[940/2412] Compiling pem_oth.cc
[941/2412] Compiling pem_pk8.cc
[942/2412] Compiling pem_lib.cc
[943/2412] Compiling pem_info.cc
[944/2412] Compiling pem_all.cc
[945/2412] Compiling mlkem.cc
[946/2412] Compiling mldsa.cc
[947/2412] Compiling mem.cc
[948/2412] Compiling md5.cc
[949/2412] Compiling poly_rq_mul.S
[950/2412] Compiling md4.cc
[951/2412] Compiling fips_shared_support.cc
[952/2412] Compiling lhash.cc
[953/2412] Compiling kyber.cc
[954/2412] Compiling obj.cc
[955/2412] Compiling hrss.cc
[956/2412] Compiling sign.cc
[957/2412] Compiling ex_data.cc
[958/2412] Compiling scrypt.cc
[959/2412] Compiling pbkdf.cc
[960/2412] Compiling print.cc
[961/2412] Compiling hpke.cc
[962/2412] Compiling p_x25519.cc
[963/2412] Compiling p_x25519_asn1.cc
[964/2412] Compiling p_rsa_asn1.cc
[965/2412] Compiling p_rsa.cc
[966/2412] Compiling p_ed25519.cc
[967/2412] Compiling p_ed25519_asn1.cc
[968/2412] Compiling p_hkdf.cc
[969/2412] Compiling p_ec.cc
[970/2412] Compiling p_dh.cc
[971/2412] Compiling p_dh_asn1.cc
[972/2412] Compiling evp_ctx.cc
[973/2412] Compiling p_ec_asn1.cc
[974/2412] Compiling p_dsa_asn1.cc
[975/2412] Compiling evp.cc
[976/2412] Compiling err.cc
[977/2412] Compiling engine.cc
[978/2412] Compiling evp_asn1.cc
[979/2412] Compiling ecdsa_asn1.cc
[980/2412] Compiling ecdh.cc
[981/2412] Compiling ec_derive.cc
[982/2412] Compiling hash_to_curve.cc
[983/2412] Compiling params.cc
[984/2412] Compiling ec_asn1.cc
[985/2412] Compiling dsa_asn1.cc
[986/2412] Compiling dsa.cc
[987/2412] Compiling digest_extra.cc
[988/2412] Compiling dh_asn1.cc
[989/2412] Compiling x25519-asm-arm.S
[990/2412] Compiling des.cc
[991/2412] Compiling cpu_arm_linux.cc
[992/2412] Compiling crypto.cc
[993/2412] Compiling spake25519.cc
[994/2412] Compiling curve25519.cc
[995/2412] Compiling cpu_intel.cc
[996/2412] Compiling bcm.cc
[997/2412] Compiling cpu_arm_freebsd.cc
[998/2412] Compiling cpu_aarch64_openbsd.cc
[999/2412] Compiling cpu_aarch64_sysreg.cc
[1000/2412] Compiling cpu_aarch64_win.cc
[1001/2412] Compiling cpu_aarch64_linux.cc
[1002/2412] Compiling cpu_aarch64_apple.cc
[1003/2412] Compiling curve25519_64_adx.cc
[1004/2412] Compiling cpu_aarch64_fuchsia.cc
[1005/2412] Compiling conf.cc
[1006/2412] Compiling get_cipher.cc
[1007/2412] Compiling e_rc4.cc
[1008/2412] Compiling tls_cbc.cc
[1009/2412] Compiling e_tls.cc
[1010/2412] Compiling e_des.cc
[1011/2412] Compiling e_null.cc
[1012/2412] Compiling e_rc2.cc
[1013/2412] Compiling e_aesctrhmac.cc
[1014/2412] Compiling e_chacha20poly1305.cc
[1015/2412] Compiling chacha.cc
[1016/2412] Compiling derive_key.cc
[1017/2412] Compiling e_aesgcmsiv.cc
[1018/2412] Compiling unicode.cc
[1019/2412] Compiling buf.cc
[1020/2412] Compiling asn1_compat.cc
[1021/2412] Compiling cbs.cc
[1022/2412] Compiling ber.cc
[1023/2412] Compiling cbb.cc
[1024/2412] Compiling bn_asn1.cc
[1025/2412] Compiling convert.cc
[1026/2412] Compiling blake2.cc
[1027/2412] Compiling printf.cc
[1028/2412] Compiling socket_helper.cc
[1029/2412] Compiling socket.cc
[1030/2412] Compiling pair.cc
[1031/2412] Compiling file.cc
[1032/2412] Compiling hexdump.cc
[1033/2412] Compiling connect.cc
[1034/2412] Compiling fd.cc
[1035/2412] Compiling errno.cc
[1036/2412] Compiling bio_mem.cc
[1037/2412] Compiling bio.cc
[1038/2412] Compiling base64.cc
[1039/2412] Compiling tasn_fre.cc
[1040/2412] Compiling tasn_typ.cc
[1041/2412] Compiling tasn_enc.cc
[1042/2412] Compiling tasn_utl.cc
[1043/2412] Compiling tasn_new.cc
[1044/2412] Compiling f_string.cc
[1045/2412] Compiling f_int.cc
[1046/2412] Compiling posix_time.cc
[1047/2412] Compiling tasn_dec.cc
[1048/2412] Compiling asn1_par.cc
[1049/2412] Compiling asn_pack.cc
[1050/2412] Compiling asn1_lib.cc
[1051/2412] Compiling a_type.cc
[1052/2412] Compiling a_octet.cc
[1053/2412] Compiling a_time.cc
[1054/2412] Compiling a_utctm.cc
[1055/2412] Compiling a_strnid.cc
[1056/2412] Compiling a_strex.cc
[1057/2412] Compiling a_i2d_fp.cc
[1058/2412] Compiling a_mbstr.cc
[1059/2412] Compiling a_dup.cc
[1060/2412] Compiling a_object.cc
[1061/2412] Compiling a_d2i_fp.cc
[1062/2412] Compiling a_gentm.cc
[1063/2412] Compiling a_int.cc
[1064/2412] Compiling fiat_p256_adx_sqr.S
[1065/2412] Compiling fiat_p256_adx_mul.S
[1066/2412] Compiling fiat_curve25519_adx_square.S
[1067/2412] Compiling fiat_curve25519_adx_mul.S
[1095/2412] Compiling md5-x86_64-apple.S
[1096/2412] Compiling md5-x86_64-linux.S
[1097/2412] Compiling md5-586-linux.S
[1098/2412] Compiling CCryptoBoringSSLShims shims.c
[1099/2412] Compiling md5-586-apple.S
[1100/2412] Compiling chacha20_poly1305_x86_64-apple.S
[1101/2412] Compiling chacha20_poly1305_x86_64-linux.S
[1102/2412] Compiling chacha20_poly1305_armv8-win.S
[1103/2412] Compiling chacha20_poly1305_armv8-apple.S
[1104/2412] Compiling a_bitstr.cc
[1105/2412] Compiling chacha-x86_64-linux.S
[1106/2412] Compiling chacha20_poly1305_armv8-linux.S
[1107/2412] Compiling a_bool.cc
[1108/2412] Compiling chacha-x86-linux.S
[1109/2412] Compiling chacha-x86_64-apple.S
[1110/2412] Compiling chacha-x86-apple.S
[1111/2412] Compiling chacha-armv8-apple.S
[1112/2412] Compiling chacha-armv8-linux.S
[1113/2412] Compiling chacha-armv8-win.S
[1114/2412] Compiling aes128gcmsiv-x86_64-apple.S
[1115/2412] Compiling chacha-armv4-linux.S
[1116/2412] Compiling aes128gcmsiv-x86_64-linux.S
[1117/2412] Compiling x86_64-mont5-apple.S
[1118/2412] Compiling x86_64-mont5-linux.S
[1119/2412] Compiling err_data.cc
[1120/2412] Compiling x86_64-mont-linux.S
[1121/2412] Compiling x86_64-mont-apple.S
[1122/2412] Compiling x86-mont-linux.S
[1123/2412] Compiling x86-mont-apple.S
[1124/2412] Compiling vpaes-x86_64-linux.S
[1125/2412] Compiling vpaes-x86-linux.S
[1126/2412] Compiling vpaes-x86_64-apple.S
[1127/2412] Compiling vpaes-x86-apple.S
[1128/2412] Compiling vpaes-armv8-win.S
[1129/2412] Compiling vpaes-armv8-linux.S
[1130/2412] Compiling vpaes-armv7-linux.S
[1131/2412] Compiling vpaes-armv8-apple.S
[1132/2412] Compiling sha512-armv8-win.S
[1133/2412] Compiling sha512-x86_64-apple.S
[1134/2412] Compiling sha512-x86_64-linux.S
[1135/2412] Compiling sha512-armv8-apple.S
[1136/2412] Compiling sha512-armv8-linux.S
[1137/2412] Compiling sha512-armv4-linux.S
[1138/2412] Compiling sha512-586-linux.S
[1139/2412] Compiling sha256-x86_64-apple.S
[1140/2412] Compiling sha512-586-apple.S
[1141/2412] Compiling sha256-x86_64-linux.S
[1142/2412] Compiling sha256-armv8-win.S
[1143/2412] Compiling sha256-armv8-apple.S
[1144/2412] Compiling sha256-armv8-linux.S
[1145/2412] Compiling sha256-armv4-linux.S
[1146/2412] Compiling sha256-586-linux.S
[1147/2412] Compiling sha256-586-apple.S
[1148/2412] Compiling sha1-x86_64-apple.S
[1149/2412] Compiling sha1-armv8-linux.S
[1150/2412] Compiling sha1-armv8-win.S
[1151/2412] Compiling sha1-x86_64-linux.S
[1152/2412] Compiling sha1-armv8-apple.S
[1153/2412] Compiling sha1-586-linux.S
[1154/2412] Compiling sha1-armv4-large-linux.S
[1155/2412] Compiling sha1-586-apple.S
[1156/2412] Compiling rsaz-avx2-apple.S
[1157/2412] Compiling rsaz-avx2-linux.S
[1158/2412] Compiling rdrand-x86_64-apple.S
[1159/2412] Compiling rdrand-x86_64-linux.S
[1160/2412] Compiling p256_beeu-armv8-asm-win.S
[1160/2412] Compiling p256_beeu-x86_64-asm-linux.S
[1162/2412] Compiling p256_beeu-armv8-asm-linux.S
[1163/2412] Compiling p256_beeu-x86_64-asm-apple.S
[1164/2412] Compiling p256_beeu-armv8-asm-apple.S
[1165/2412] Compiling p256-x86_64-asm-apple.S
[1166/2412] Compiling p256-armv8-asm-win.S
[1167/2412] Compiling p256-x86_64-asm-linux.S
[1168/2412] Compiling p256-armv8-asm-linux.S
[1169/2412] Compiling ghashv8-armv8-win.S
[1170/2412] Compiling p256-armv8-asm-apple.S
[1171/2412] Compiling ghashv8-armv8-linux.S
[1172/2412] Compiling ghashv8-armv8-apple.S
[1173/2412] Compiling ghashv8-armv7-linux.S
[1174/2412] Compiling ghash-x86_64-apple.S
[1175/2412] Compiling ghash-x86_64-linux.S
[1176/2412] Compiling ghash-x86-linux.S
[1177/2412] Compiling ghash-x86-apple.S
[1178/2412] Compiling ghash-ssse3-x86_64-linux.S
[1179/2412] Compiling ghash-ssse3-x86_64-apple.S
[1180/2412] Compiling ghash-ssse3-x86-linux.S
[1181/2412] Compiling ghash-neon-armv8-win.S
[1182/2412] Compiling ghash-neon-armv8-apple.S
[1183/2412] Compiling ghash-ssse3-x86-apple.S
[1184/2412] Compiling ghash-armv4-linux.S
[1185/2412] Compiling ghash-neon-armv8-linux.S
[1186/2412] Compiling bn-armv8-linux.S
[1187/2412] Compiling co-586-apple.S
[1188/2412] Compiling bsaes-armv7-linux.S
[1189/2412] Compiling co-586-linux.S
[1190/2412] Compiling bn-armv8-win.S
[1191/2412] Compiling armv8-mont-win.S
[1192/2412] Compiling bn-armv8-apple.S
[1193/2412] Compiling bn-586-linux.S
[1193/2412] Compiling bn-586-apple.S
[1195/2412] Compiling armv8-mont-linux.S
[1196/2412] Compiling armv8-mont-apple.S
[1197/2412] Compiling aesv8-gcm-armv8-win.S
[1198/2412] Compiling aesv8-gcm-armv8-linux.S
[1199/2412] Compiling armv4-mont-linux.S
[1200/2412] Compiling aesv8-gcm-armv8-apple.S
[1201/2412] Compiling aesv8-armv8-win.S
[1202/2412] Compiling aesv8-armv8-linux.S
[1203/2412] Compiling aesv8-armv7-linux.S
[1204/2412] Compiling aesv8-armv8-apple.S
[1205/2412] Compiling aesni-x86_64-linux.S
[1206/2412] Compiling aesni-x86_64-apple.S
[1207/2412] Compiling aesni-x86-apple.S
[1208/2412] Compiling aesni-x86-linux.S
[1209/2412] Compiling aesni-gcm-x86_64-linux.S
[1210/2412] Compiling aesni-gcm-x86_64-apple.S
[1211/2412] Compiling aes-gcm-avx512-x86_64-linux.S
[1212/2412] Compiling aes-gcm-avx2-x86_64-apple.S
[1213/2412] Compiling aes-gcm-avx512-x86_64-apple.S
[1214/2412] Compiling aes-gcm-avx2-x86_64-linux.S
[1215/2412] Compiling xwing.cc
[1216/2412] Compiling x_sig.cc
[1217/2412] Compiling x_spki.cc
[1218/2412] Compiling c-nioatomics.c
[1219/2412] Compiling x_x509a.cc
[1220/2412] Compiling x_x509.cc
[1221/2412] Compiling x_req.cc
[1222/2412] Compiling c-atomics.c
[1223/2412] Compiling x_exten.cc
[1224/2412] Compiling x_crl.cc
[1225/2419] Compiling x_name.cc
[1226/2419] Compiling x_pubkey.cc
[1227/2419] Compiling x_attrib.cc
[1229/2419] Compiling NIOConcurrencyHelpers NIOLock.swift
[1230/2419] Compiling NIOConcurrencyHelpers lock.swift
[1231/2419] Compiling NIOConcurrencyHelpers atomics.swift
[1232/2419] Compiling NIOConcurrencyHelpers NIOLockedValueBox.swift
[1233/2419] Compiling NIOConcurrencyHelpers NIOThreadPoolWorkAvailable.swift
[1234/2419] Compiling NIOConcurrencyHelpers NIOAtomic.swift
[1235/2419] Emitting module NIOConcurrencyHelpers
[1235/2420] Compiling x_all.cc
[1237/2420] Compiling x_algor.cc
[1238/2420] Compiling x509spki.cc
[1239/2420] Compiling x509rset.cc
[1240/2420] Compiling x509name.cc
[1241/2420] Compiling x509cset.cc
[1242/2420] Compiling x509_vpm.cc
[1243/2420] Compiling x509_vfy.cc
[1244/2420] Compiling x509_txt.cc
[1245/2420] Compiling x509_v3.cc
[1246/2420] Compiling x509_set.cc
[1247/2420] Compiling x509_trs.cc
[1248/2420] Compiling x509_req.cc
[1249/2420] Compiling x509_obj.cc
[1250/2420] Compiling x509_def.cc
[1251/2420] Compiling x509_cmp.cc
[1252/2420] Compiling x509_lu.cc
[1253/2420] Compiling x509_ext.cc
[1254/2420] Compiling x509_d2.cc
[1255/2420] Compiling x509_att.cc
[1256/2420] Compiling x509.cc
[1257/2420] Compiling v3_skey.cc
[1258/2420] Compiling v3_purp.cc
[1259/2420] Compiling v3_utl.cc
[1260/2420] Compiling v3_prn.cc
[1261/2420] Compiling v3_pmaps.cc
[1262/2420] Compiling v3_pcons.cc
[1263/2420] Compiling v3_ocsp.cc
[1264/2420] Compiling v3_ncons.cc
[1265/2420] Compiling v3_int.cc
[1266/2420] Compiling v3_lib.cc
[1267/2420] Compiling v3_ia5.cc
[1268/2420] Compiling v3_info.cc
[1269/2420] Compiling v3_genn.cc
[1270/2420] Compiling v3_extku.cc
[1271/2420] Compiling v3_enum.cc
[1272/2420] Compiling v3_cpols.cc
[1273/2420] Compiling v3_crld.cc
[1274/2420] Compiling v3_conf.cc
[1275/2420] Compiling v3_bitst.cc
[1276/2420] Compiling v3_bcons.cc
[1277/2420] Compiling v3_alt.cc
[1278/2420] Compiling v3_akeya.cc
[1279/2420] Compiling v3_akey.cc
[1280/2420] Compiling t_x509a.cc
[1281/2420] Compiling t_x509.cc
[1282/2420] Compiling t_crl.cc
[1283/2420] Compiling t_req.cc
[1284/2420] Compiling i2d_pr.cc
[1285/2420] Compiling rsa_pss.cc
[1286/2420] Compiling policy.cc
[1287/2420] Compiling name_print.cc
[1288/2420] Compiling by_file.cc
[1291/2420] Compiling SwiftSyntax SyntaxNodesD.swift
[1292/2420] Compiling SwiftSyntax SyntaxNodesEF.swift
[1293/2420] Compiling SwiftSyntax SyntaxNodesGHI.swift
[1294/2420] Compiling SwiftSyntax SyntaxNodesJKLMN.swift
[1295/2420] Compiling SwiftSyntax SyntaxNodesOP.swift
[1296/2420] Compiling SwiftSyntax SyntaxNodesQRS.swift
[1297/2420] Compiling SwiftSyntax SyntaxNodesTUVWXYZ.swift
[1297/2420] Compiling asn1_gen.cc
[1298/2421] Compiling by_dir.cc
[1300/2421] Compiling algorithm.cc
[1301/2421] Compiling a_verify.cc
[1302/2421] Compiling a_digest.cc
[1303/2425] Compiling thread_win.cc
[1303/2428] Compiling a_sign.cc
[1303/2428] Compiling voprf.cc
[1306/2473] Compiling thread_pthread.cc
[1307/2480] Wrapping AST for SwiftSyntax for debugging
[1309/2480] Compiling SwiftDiagnostics Message.swift
[1310/2481] Emitting module SwiftDiagnostics
[1311/2481] Compiling SwiftBasicFormat Syntax+Extensions.swift
[1312/2481] Compiling SwiftBasicFormat SyntaxProtocol+Formatted.swift
[1313/2481] Compiling SwiftBasicFormat Trivia+FormatExtensions.swift
[1313/2481] Compiling thread_none.cc
[1315/2481] Compiling SwiftParser Lexeme.swift
[1316/2481] Compiling SwiftParser LexemeSequence.swift
[1317/2481] Compiling SwiftDiagnostics DiagnosticDecorator.swift
[1317/2481] Compiling thread.cc
[1319/2481] Compiling SwiftDiagnostics Note.swift
[1319/2481] Compiling pmbtoken.cc
[1320/2481] Compiling trust_token.cc
[1321/2481] Compiling stack.cc
[1323/2481] Compiling SwiftDiagnostics GroupedDiagnostics.swift
[1324/2481] Compiling SwiftBasicFormat InferIndentation.swift
[1325/2481] Compiling SwiftBasicFormat Indenter.swift
[1326/2481] Compiling SwiftParser Lexer.swift
[1327/2481] Compiling SwiftParser RegexLiteralLexer.swift
[1328/2481] Compiling SwiftDiagnostics FixIt.swift
[1329/2481] Compiling SwiftDiagnostics DiagnosticsFormatter.swift
[1330/2482] Compiling sha512.cc
[1331/2482] Compiling siphash.cc
[1332/2482] Compiling sha256.cc
[1333/2482] Wrapping AST for SwiftDiagnostics for debugging
[1334/2482] Compiling slhdsa.cc
[1335/2482] Compiling sha1.cc
[1336/2482] Compiling rsa_extra.cc
[1338/2482] Compiling SwiftBasicFormat BasicFormat.swift
[1339/2482] Emitting module SwiftBasicFormat
[1339/2483] Compiling spake2plus.cc
[1340/2483] Compiling rsa_print.cc
[1342/2483] Wrapping AST for SwiftBasicFormat for debugging
[1343/2483] Compiling refcount.cc
[1344/2483] Compiling rc4.cc
[1345/2483] Compiling rsa_crypt.cc
[1346/2483] Compiling rsa_asn1.cc
[1347/2483] Compiling trusty.cc
[1349/2483] Compiling SwiftParser LoopProgressCondition.swift
[1350/2483] Compiling SwiftParser Modifiers.swift
[1351/2483] Compiling SwiftParser Names.swift
[1352/2483] Compiling SwiftParser Nominals.swift
[1353/2483] Compiling SwiftParser Parameters.swift
[1354/2483] Compiling SwiftParser ParseSourceFile.swift
[1359/2488] Compiling SwiftParser UnicodeScalarExtensions.swift
[1360/2488] Compiling SwiftParser Lookahead.swift
[1360/2488] Compiling urandom.cc
[1361/2488] Compiling windows.cc
[1362/2488] Compiling rand.cc
[1363/2488] Compiling ios.cc
[1364/2488] Compiling passive.cc
[1365/2488] Compiling deterministic.cc
[1366/2488] Compiling getentropy.cc
[1367/2488] Compiling poly1305_arm_asm.S
[1368/2488] Compiling forkunsafe.cc
[1369/2488] Compiling fork_detect.cc
[1370/2488] Compiling poly1305_arm.cc
[1371/2488] Compiling poly1305_vec.cc
[1372/2488] Compiling poly1305.cc
[1373/2488] Compiling pool.cc
[1374/2488] Compiling pkcs7.cc
[1375/2488] Compiling pkcs8.cc
[1376/2488] Compiling p5_pbev2.cc
[1378/2488] Compiling SwiftParser TokenSpec.swift
[1379/2488] Compiling SwiftParser TokenSpecSet.swift
[1380/2488] Compiling SwiftParser TopLevel.swift
[1381/2488] Compiling SwiftParser TriviaParser.swift
[1382/2488] Compiling SwiftParser Types.swift
[1383/2488] Compiling SwiftParser StringLiterals.swift
[1384/2488] Compiling SwiftParser SwiftParserCompatibility.swift
[1385/2488] Compiling SwiftParser SwiftVersion.swift
[1386/2488] Compiling SwiftParser SyntaxUtils.swift
[1387/2488] Compiling SwiftParser TokenConsumer.swift
[1388/2488] Compiling SwiftParser TokenPrecedence.swift
[1388/2488] Compiling pkcs8_x509.cc
[1390/2488] Emitting module SwiftParser
[1390/2488] Compiling pem_xaux.cc
[1391/2488] Compiling pkcs7_x509.cc
[1392/2488] Compiling pem_x509.cc
[1394/2488] Compiling SwiftParser Parser.swift
[1395/2488] Compiling SwiftParser Patterns.swift
[1396/2488] Compiling SwiftParser Recovery.swift
[1397/2488] Compiling SwiftParser Specifiers.swift
[1398/2488] Compiling SwiftParser Statements.swift
[1399/2488] Compiling SwiftParser StringLiteralRepresentedLiteralValue.swift
[1399/2488] Compiling pem_pkey.cc
[1400/2488] Compiling pem_oth.cc
[1401/2488] Compiling pem_pk8.cc
[1402/2488] Compiling pem_info.cc
[1403/2488] Compiling mlkem.cc
[1404/2488] Compiling pem_all.cc
[1405/2488] Compiling obj_xref.cc
[1406/2488] Compiling pem_lib.cc
[1407/2488] Compiling mldsa.cc
[1409/2488] Compiling SwiftParser Directives.swift
[1410/2488] Compiling SwiftParser ExpressionInterpretedAsVersionTuple.swift
[1411/2488] Compiling SwiftParser Expressions.swift
[1412/2488] Compiling SwiftParser IncrementalParseTransition.swift
[1413/2488] Compiling SwiftParser IsValidIdentifier.swift
[1414/2488] Compiling SwiftParser Cursor.swift
[1415/2488] Compiling SwiftParser Attributes.swift
[1416/2488] Compiling SwiftParser Availability.swift
[1417/2488] Compiling SwiftParser CharacterInfo.swift
[1418/2488] Compiling SwiftParser CollectionNodes+Parsable.swift
[1419/2488] Compiling SwiftParser CompilerFiles.swift
[1420/2488] Compiling SwiftParser Declarations.swift
[1420/2488] Compiling mem.cc
[1421/2488] Compiling lhash.cc
[1422/2488] Compiling obj.cc
[1423/2488] Compiling poly_rq_mul.S
[1424/2488] Compiling fips_shared_support.cc
[1425/2488] Compiling kyber.cc
[1426/2488] Compiling md4.cc
[1427/2488] Compiling md5.cc
[1428/2488] Compiling fuzzer_mode.cc
[1429/2488] Compiling ex_data.cc
[1430/2488] Compiling hrss.cc
[1431/2488] Compiling scrypt.cc
[1432/2488] Compiling hpke.cc
[1433/2488] Compiling print.cc
[1434/2488] Compiling sign.cc
[1435/2488] Compiling pbkdf.cc
[1436/2488] Compiling p_x25519_asn1.cc
[1438/2488] Compiling SwiftParser ExperimentalFeatures.swift
[1439/2488] Compiling SwiftParser IsLexerClassified.swift
[1440/2488] Compiling SwiftParser LayoutNodes+Parsable.swift
[1441/2488] Compiling SwiftParser Parser+TokenSpecSet.swift
[1442/2488] Compiling SwiftParser TokenSpecStaticMembers.swift
[1443/2489] Compiling p_x25519.cc
[1444/2489] Compiling p_hkdf.cc
[1445/2489] Compiling p_rsa_asn1.cc
[1446/2512] Compiling p_ed25519_asn1.cc
[1447/2512] Wrapping AST for SwiftParser for debugging
[1448/2512] Compiling p_rsa.cc
[1450/2512] Compiling SwiftParserDiagnostics SyntaxKindNameForDiagnostics.swift
[1451/2513] Compiling SwiftOperators PrecedenceGroup.swift
[1451/2513] Compiling p_ed25519.cc
[1453/2514] Compiling SwiftParserDiagnostics TokenNameForDiagnostics.swift
[1454/2514] Compiling SwiftOperators PrecedenceGraph.swift
[1455/2514] Compiling SwiftOperators OperatorTable.swift
[1455/2514] Compiling p_ec_asn1.cc
[1457/2514] Compiling SwiftOperators SyntaxSynthesis.swift
[1457/2514] Compiling p_ec.cc
[1459/2514] Compiling SwiftOperators OperatorTable+Semantics.swift
[1460/2514] Compiling SwiftOperators OperatorError.swift
[1461/2514] Compiling SwiftOperators OperatorTable+Defaults.swift
[1462/2514] Compiling SwiftOperators OperatorTable+Folding.swift
[1463/2514] Emitting module SwiftOperators
[1464/2514] Compiling SwiftParserDiagnostics MissingNodesError.swift
[1465/2514] Compiling SwiftParserDiagnostics MissingTokenError.swift
[1466/2515] Compiling p_dsa_asn1.cc
[1467/2515] Compiling p_dh_asn1.cc
[1468/2515] Wrapping AST for SwiftOperators for debugging
[1469/2515] Compiling p_dh.cc
[1471/2515] Compiling SwiftParserDiagnostics SyntaxExtensions.swift
[1472/2515] Compiling SwiftParserDiagnostics Utils.swift
[1473/2515] Compiling SwiftParserDiagnostics ChildNameForDiagnostics.swift
[1474/2515] Emitting module SwiftParserDiagnostics
[1474/2515] Compiling evp_ctx.cc
[1475/2515] Compiling err.cc
[1476/2515] Compiling engine.cc
[1478/2515] Compiling SwiftParserDiagnostics ParserDiagnosticMessages.swift
[1479/2515] Compiling SwiftParserDiagnostics PresenceUtils.swift
[1479/2515] Compiling ecdsa_p1363.cc
[1480/2515] Compiling evp_asn1.cc
[1483/2515] Compiling evp.cc
[1484/2515] Compiling ecdh.cc
[1485/2515] Compiling ecdsa_asn1.cc
[1486/2515] Compiling ec_derive.cc
[1487/2515] Compiling hash_to_curve.cc
[1488/2515] Compiling dsa_asn1.cc
[1489/2515] Compiling dsa.cc
[1490/2515] Compiling ec_asn1.cc
[1491/2515] Compiling digest_extra.cc
[1492/2515] Compiling des.cc
[1493/2515] Compiling params.cc
[1494/2515] Compiling x25519-asm-arm.S
[1495/2515] Compiling dh_asn1.cc
[1496/2515] Compiling cpu_intel.cc
[1497/2515] Compiling crypto.cc
[1498/2515] Compiling curve25519.cc
[1500/2515] Compiling SwiftParserDiagnostics MultiLineStringLiteralDiagnosticsGenerator.swift
[1501/2515] Compiling SwiftParserDiagnostics ParseDiagnosticsGenerator.swift
[1503/2515] Compiling spake25519.cc
[1504/2516] Compiling cpu_arm_linux.cc
[1506/2516] Compiling curve25519_64_adx.cc
[1507/2516] Compiling cpu_arm_freebsd.cc
[1508/2516] Compiling cpu_aarch64_win.cc
[1509/2516] Compiling cpu_aarch64_openbsd.cc
[1510/2516] Compiling cpu_aarch64_sysreg.cc
[1511/2531] Wrapping AST for SwiftParserDiagnostics for debugging
[1512/2531] Compiling cpu_aarch64_linux.cc
[1513/2531] Compiling cpu_aarch64_fuchsia.cc
[1514/2531] Compiling cpu_aarch64_apple.cc
[1516/2531] Compiling SwiftSyntaxBuilder SyntaxParsable+ExpressibleByStringInterpolation.swift
[1517/2531] Compiling SwiftSyntaxBuilder ValidatingSyntaxNodes.swift
[1517/2532] Compiling conf.cc
[1518/2532] Compiling tls_cbc.cc
[1520/2532] Compiling SwiftSyntaxBuilder ResultBuilderExtensions.swift
[1521/2532] Compiling SwiftSyntaxBuilder SwiftSyntaxBuilderCompatibility.swift
[1521/2532] Compiling get_cipher.cc
[1522/2532] Compiling e_tls.cc
[1523/2532] Compiling e_rc4.cc
[1524/2532] Compiling e_rc2.cc
[1525/2532] Compiling e_des.cc
[1527/2532] Compiling SwiftSyntaxBuilder SyntaxExpressibleByStringInterpolationConformances.swift
[1527/2532] Compiling e_null.cc
[1529/2532] Emitting module SwiftSyntaxBuilder
[1529/2532] Compiling e_aesgcmsiv.cc
[1531/2532] Compiling SwiftSyntaxBuilder WithTrailingCommaSyntax+EnsuringTrailingComma.swift
[1532/2532] Compiling SwiftSyntaxBuilder BuildableNodes.swift
[1532/2532] Compiling e_chacha20poly1305.cc
[1533/2532] Compiling cms.cc
[1534/2532] Compiling e_aesctrhmac.cc
[1536/2532] Compiling SwiftSyntaxBuilder Syntax+StringInterpolation.swift
[1537/2532] Compiling SwiftSyntaxBuilder SyntaxNodeWithBody.swift
[1537/2532] Compiling derive_key.cc
[1538/2532] Compiling e_aeseax.cc
[1539/2532] Compiling chacha.cc
[1541/2532] Compiling SwiftSyntaxBuilder RenamedChildrenBuilderCompatibility.swift
[1542/2532] Compiling SwiftSyntaxBuilder ResultBuilders.swift
[1543/2532] Compiling SwiftSyntaxBuilder Indenter.swift
[1544/2532] Compiling SwiftSyntaxBuilder ListBuilder.swift
[1545/2532] Compiling SwiftSyntaxBuilder ConvenienceInitializers.swift
[1546/2532] Compiling SwiftSyntaxBuilder DeclSyntaxParseable.swift
[1546/2533] Compiling unicode.cc
[1548/2533] Compiling cbs.cc
[1549/2533] Compiling buf.cc
[1550/2536] Compiling cbb.cc
[1551/2551] Wrapping AST for SwiftSyntaxBuilder for debugging
[1552/2551] Compiling sqrt.cc
[1553/2551] Compiling asn1_compat.cc
[1554/2551] Compiling ber.cc
[1556/2551] Compiling InlineSnapshotTesting Exports.swift
[1557/2551] Compiling SwiftIfConfig SyntaxProtocol+IfConfig.swift
[1558/2551] Compiling SwiftIfConfig VersionTuple+Parsing.swift
[1558/2552] Compiling exponentiation.cc
[1559/2552] Compiling div.cc
[1561/2552] Compiling SwiftIfConfig StaticBuildConfiguration.swift
[1562/2552] Compiling SwiftIfConfig SyntaxLiteralUtils.swift
[1563/2552] Compiling SwiftIfConfig IfConfigFunctions.swift
[1564/2552] Compiling SwiftIfConfig IfConfigRegionState.swift
[1565/2552] Compiling SwiftIfConfig VersionTuple.swift
[1565/2552] Compiling blake2.cc
[1567/2552] Compiling SwiftIfConfig ConfiguredRegions.swift
[1568/2552] Compiling SwiftIfConfig IfConfigDecl+IfConfig.swift
[1568/2552] Compiling bn_asn1.cc
[1570/2552] Emitting module SwiftIfConfig
[1570/2552] Compiling printf.cc
[1571/2552] Compiling convert.cc
[1572/2552] Compiling pair.cc
[1574/2552] Compiling SwiftIfConfig IfConfigDiagnostic.swift
[1575/2552] Compiling SwiftIfConfig IfConfigEvaluation.swift
[1576/2552] Compiling SwiftIfConfig ActiveSyntaxVisitor.swift
[1577/2552] Compiling SwiftIfConfig BuildConfiguration.swift
[1578/2552] Compiling SwiftIfConfig ActiveClauseEvaluator.swift
[1579/2552] Compiling SwiftIfConfig ActiveSyntaxRewriter.swift
[1579/2552] Compiling hexdump.cc
[1581/2553] Compiling file.cc
[1582/2553] Compiling bio_mem.cc
[1583/2553] Compiling fd.cc
[1584/2553] Compiling errno.cc
[1585/2557] Wrapping AST for SwiftIfConfig for debugging
[1586/2570] Compiling bio.cc
[1588/2570] Compiling SwiftSyntaxMacros Macro.swift
[1589/2570] Compiling SwiftSyntaxMacros MemberAttributeMacro.swift
[1590/2570] Compiling SwiftSyntaxMacros AccessorMacro.swift
[1591/2570] Compiling SwiftSyntaxMacros AttachedMacro.swift
[1592/2570] Compiling SwiftSyntaxMacros BodyMacro.swift
[1593/2572] Compiling SwiftSyntaxMacros MemberMacro.swift
[1594/2572] Compiling SwiftSyntaxMacros PeerMacro.swift
[1595/2572] Compiling SwiftSyntaxMacros ExpressionMacro.swift
[1596/2572] Compiling SwiftSyntaxMacros ExtensionMacro.swift
[1597/2572] Compiling SwiftSyntaxMacros CodeItemMacro.swift
[1598/2572] Compiling SwiftSyntaxMacros DeclarationMacro.swift
[1599/2572] Compiling SwiftSyntaxMacros FreestandingMacro.swift
[1600/2572] Compiling SwiftSyntaxMacros Macro+Format.swift
[1600/2572] Compiling base64.cc
[1602/2572] Emitting module SwiftSyntaxMacros
[1602/2572] Compiling tasn_typ.cc
[1604/2572] Compiling SwiftSyntaxMacros AbstractSourceLocation.swift
[1605/2572] Compiling SwiftSyntaxMacros MacroExpansionContext.swift
[1606/2572] Compiling SwiftSyntaxMacros MacroExpansionDiagnosticMessages.swift
[1607/2572] Compiling InlineSnapshotTesting AssertInlineSnapshot.swift
[1608/2572] Emitting module InlineSnapshotTesting
[1609/2573] Compiling SwiftSyntaxMacros PreambleMacro.swift
[1610/2573] Compiling SwiftSyntaxMacros Syntax+LexicalContext.swift
[1610/2574] Compiling tasn_fre.cc
[1613/2574] Compiling tasn_utl.cc
[1614/2583] Compiling tasn_enc.cc
[1615/2583] Wrapping AST for SwiftSyntaxMacros for debugging
[1616/2583] Compiling tasn_new.cc
[1617/2583] Compiling f_string.cc
[1618/2583] Compiling posix_time.cc
[1619/2583] Compiling asn1_par.cc
[1620/2583] Compiling f_int.cc
[1621/2583] Compiling asn_pack.cc
[1622/2583] Compiling tasn_dec.cc
[1624/2583] Emitting module SwiftSyntaxMacroExpansion
[1625/2583] Compiling SwiftSyntaxMacroExpansion BasicMacroExpansionContext.swift
[1626/2583] Compiling SwiftSyntaxMacroExpansion FunctionParameterUtils.swift
[1627/2584] Compiling SwiftSyntaxMacroExpansion MacroExpansion.swift
[1628/2584] Compiling SwiftSyntaxMacroExpansion MacroArgument.swift
[1629/2584] Compiling SwiftSyntaxMacroExpansion IndentationUtils.swift
[1630/2584] Compiling SwiftSyntaxMacroExpansion MacroExpansionDiagnosticMessages.swift
[1631/2584] Compiling SwiftSyntaxMacroExpansion MacroReplacement.swift
[1632/2584] Compiling SwiftSyntaxMacroExpansion MacroSpec.swift
[1632/2584] Compiling a_time.cc
[1633/2584] Compiling a_utctm.cc
[1634/2584] Compiling asn1_lib.cc
[1635/2584] Compiling a_type.cc
[1636/2584] Compiling a_octet.cc
[1636/2584] Compiling a_strex.cc
[1638/2584] Compiling a_strnid.cc
[1639/2584] Compiling a_object.cc
[1640/2584] Compiling a_i2d_fp.cc
[1641/2584] Compiling a_mbstr.cc
[1642/2584] Compiling a_dup.cc
[1643/2584] Compiling a_d2i_fp.cc
[1644/2584] Compiling a_gentm.cc
[1644/2584] Write sources
[1647/2584] Compiling CAsyncHTTPClient CAsyncHTTPClient.c
[1648/2584] Compiling a_int.cc
[1648/2584] Write sources
[1650/2598] Compiling _SwiftSyntaxCShims PlatformMutex.c
[1651/2655] Compiling aes.cc
[1651/2655] Write sources
[1654/2655] Compiling AsyncAlgorithms AsyncBufferSequence.swift
[1655/2655] Compiling AsyncAlgorithms BoundedBufferStateMachine.swift
[1655/2679] Compiling _NumericsShims _NumericsShims.c
[1655/2679] Write sources
[1659/2682] Compiling _CWASI _CWASI.c
[1661/2686] Compiling Algorithms Combinations.swift
[1662/2686] Compiling Algorithms Joined.swift
[1663/2686] Compiling Algorithms Indexed.swift
[1664/2686] Compiling Algorithms Intersperse.swift
[1665/2686] Compiling Algorithms Partition.swift
[1666/2686] Compiling Algorithms Permutations.swift
[1666/2686] Compiling a_bool.cc
[1668/2686] Compiling SwiftSyntaxMacroExpansion MacroSystem.swift
[1669/2686] Compiling Algorithms Product.swift
[1670/2686] Compiling Algorithms RandomSample.swift
[1671/2689] Compiling a_bitstr.cc
[1672/2689] Compiling _AtomicsShims.c
[1674/2689] Compiling Algorithms AdjacentPairs.swift
[1675/2689] Compiling Algorithms Chain.swift
[1676/2689] Compiling Algorithms Chunked.swift
[1676/2689] Wrapping AST for SwiftSyntaxMacroExpansion for debugging
[1676/2689] Write sources
[1724/2703] Emitting module _NIOBase64
[1725/2703] Compiling SwiftCompilerPluginMessageHandling LRUCache.swift
[1726/2703] Compiling SwiftCompilerPluginMessageHandling Macros.swift
[1727/2704] Compiling SwiftCompilerPluginMessageHandling PluginMacroExpansionContext.swift
[1729/2704] Compiling Algorithms Reductions.swift
[1730/2704] Compiling Algorithms Rotate.swift
[1730/2707] Compiling bcm.cc
[1732/2707] Compiling Algorithms Split.swift
[1733/2707] Compiling Algorithms Stride.swift
[1734/2707] Compiling Algorithms Suffix.swift
[1736/2709] Compiling Algorithms Keyed.swift
[1737/2709] Compiling Algorithms MinMax.swift
[1741/2709] Compiling SwiftCompilerPluginMessageHandling StandardIOMessageConnection.swift
[1742/2709] Compiling SwiftCompilerPluginMessageHandling CodingUtilities.swift
[1743/2709] Compiling SwiftCompilerPluginMessageHandling JSON.swift
[1746/2709] Compiling SwiftCompilerPluginMessageHandling CompilerPluginMessageHandler.swift
[1747/2709] Compiling SwiftCompilerPluginMessageHandling Diagnostics.swift
[1748/2709] Compiling SwiftCompilerPluginMessageHandling JSONDecoding.swift
[1749/2709] Compiling SwiftCompilerPluginMessageHandling JSONEncoding.swift
[1758/2716] Compiling Algorithms Trim.swift
[1759/2716] Compiling Algorithms Unique.swift
[1760/2716] Compiling Algorithms Windows.swift
[1765/2716] Emitting module Atomics
[1774/2716] Emitting module AsyncAlgorithms
[1783/2716] Compiling SwiftCompilerPluginMessageHandling PluginMessages.swift
[1784/2716] Compiling SwiftCompilerPluginMessageHandling PluginMessageCompatibility.swift
[1792/2719] Emitting module SwiftSyntax601
[1796/2719] Compiling AsyncAlgorithms AsyncThrowingChannel.swift
[1797/2719] Compiling AsyncAlgorithms ChannelStateMachine.swift
[1798/2719] Compiling AsyncAlgorithms ChannelStorage.swift
[1799/2719] Compiling AsyncAlgorithms AsyncCombineLatest2Sequence.swift
[1800/2719] Compiling AsyncAlgorithms AsyncCombineLatest3Sequence.swift
[1801/2719] Compiling AsyncAlgorithms CombineLatestStateMachine.swift
[1802/2719] Compiling AsyncAlgorithms CombineLatestStorage.swift
[1803/2719] Compiling AsyncAlgorithms AsyncDebounceSequence.swift
[1804/2719] Compiling AsyncAlgorithms DebounceStateMachine.swift
[1805/2719] Compiling AsyncAlgorithms DebounceStorage.swift
[1806/2719] Compiling AsyncAlgorithms Dictionary.swift
[1809/2719] Emitting module SwiftCompilerPluginMessageHandling
[1815/2720] Compiling AsyncAlgorithms Rethrow.swift
[1816/2720] Compiling AsyncAlgorithms SetAlgebra.swift
[1817/2720] Compiling AsyncAlgorithms UnsafeTransfer.swift
[1818/2720] Compiling AsyncAlgorithms AsyncZip2Sequence.swift
[1819/2720] Compiling AsyncAlgorithms AsyncZip3Sequence.swift
[1820/2720] Compiling AsyncAlgorithms ZipStateMachine.swift
[1821/2720] Compiling AsyncAlgorithms ZipStorage.swift
[1822/2722] Emitting module SwiftSyntax600
[1823/2722] Emitting module Algorithms
[1825/2725] Compiling AsyncAlgorithms AsyncMerge2Sequence.swift
[1826/2725] Compiling AsyncAlgorithms AsyncMerge3Sequence.swift
[1827/2725] Compiling AsyncAlgorithms MergeStateMachine.swift
[1828/2725] Compiling AsyncAlgorithms MergeStorage.swift
[1829/2725] Compiling AsyncAlgorithms MultiProducerSingleConsumerAsyncChannel+Internal.swift
[1830/2725] Compiling AsyncAlgorithms MultiProducerSingleConsumerAsyncChannel.swift
[1831/2725] Compiling AsyncAlgorithms RangeReplaceableCollection.swift
[1832/2725] Compiling AsyncAlgorithms AsyncFlatMapLatestSequence.swift
[1833/2725] Compiling AsyncAlgorithms FlatMapLatestStateMachine.swift
[1834/2725] Compiling AsyncAlgorithms FlatMapLatestStorage.swift
[1835/2725] Compiling AsyncAlgorithms Disconnected.swift
[1836/2725] Compiling AsyncAlgorithms _TinyArray.swift
[1837/2725] Compiling AsyncAlgorithms AsyncInterspersedSequence.swift
[1838/2725] Compiling AsyncAlgorithms Locking.swift
[1840/2728] Emitting module SwiftSyntax509
[1841/2728] Compiling SwiftSyntax509 Empty.swift
[1843/2729] Compiling SwiftSyntax602 Empty.swift
[1844/2729] Emitting module SwiftSyntax602
[1845/2730] Emitting module SwiftSyntax510
[1846/2730] Compiling SwiftSyntax510 Empty.swift
[1849/2733] Compiling SwiftSyntax600 Empty.swift
[1851/2734] Compiling _NIODataStructures PriorityQueue.swift
[1852/2734] Compiling _NIODataStructures _TinyArray.swift
[1853/2774] Emitting module SwiftCompilerPlugin
[1854/2774] Compiling SwiftSyntax601 Empty.swift
[1855/2778] Emitting module SwiftSyntax603
[1856/2778] Compiling SwiftSyntax603 Empty.swift
[1857/2779] Compiling SwiftCompilerPlugin CompilerPlugin.swift
[1859/2779] Compiling ServiceLifecycle ClosureService.swift
[1861/2780] Compiling ServiceContextModule ServiceContextKey.swift
[1862/2788] Compiling _NIOBase64 Base64.swift
[1863/2794] Compiling ServiceLifecycle CancellationWaiter.swift
[1865/2801] Compiling RoutingKit Router.swift
[1867/2801] Compiling ServiceContextModule ServiceContext.swift
[1868/2801] Emitting module ServiceContextModule
[1869/2801] Compiling ServiceLifecycle ServiceRunnerError.swift
[1870/2802] Compiling ServiceLifecycle ServiceGroupConfiguration.swift
[1872/2802] Compiling RealModule AugmentedArithmetic.swift
[1873/2802] Compiling RealModule Double+Real.swift
[1874/2802] Emitting module ServiceLifecycle
[1875/2802] Emitting module _NIODataStructures
[1876/2803] Compiling _NIODataStructures Heap.swift
[1877/2817] Compiling RealModule Float16+Real.swift
[1878/2867] Compiling RealModule Real.swift
[1879/2867] Compiling RealModule Float80+Real.swift
[1880/2867] Compiling RealModule RealFunctions.swift
[1882/2929] Compiling RealModule RelaxedArithmetic.swift
[1883/2934] Compiling RoutingKit TrieRouterNode.swift
[1884/2935] Compiling RoutingKit TrieRouterBuilder.swift
[1885/2943] Compiling RoutingKit Parameters.swift
[1886/2943] Compiling RoutingKit PathComponent.swift
[1887/2943] Emitting module RoutingKit
[1888/2943] Compiling RoutingKit RouterBuilder.swift
[1889/2943] Compiling RoutingKit TrieRouter.swift
[1891/2944] Emitting module DynamoQueriesMacros
[1892/2944] Compiling NIOCore AsyncChannelInboundStream.swift
[1893/2944] Compiling NIOCore AsyncChannelOutboundWriter.swift
[1894/2944] Compiling NIOCore AddressedEnvelope.swift
[1895/2944] Compiling NIOCore AsyncAwaitSupport.swift
[1896/2944] Compiling NIOCore AsyncChannel.swift
[1897/2944] Compiling NIOCore AsyncChannelHandler.swift
[1897/2944] Wrapping AST for SwiftCompilerPluginMessageHandling for debugging
[1899/2944] Compiling DynamoQueriesMacros MarkerMacros.swift
[1900/2944] Emitting module RealModule
[1901/2963] Wrapping AST for SwiftCompilerPlugin for debugging
[1902/2963] Wrapping AST for _NIODataStructures for debugging
[1903/2963] Wrapping AST for _NIOBase64 for debugging
[1904/2963] Wrapping AST for RealModule for debugging
[1905/2963] Write sources
[1918/2963] Emitting module Routing
[1919/2976] Compiling Logging MultiplexLogHandler.swift
[1920/2976] Compiling Logging StreamLogHandler.swift
[1921/2976] Compiling Logging SwiftLogNoOpLogHandler.swift
[1922/2976] Compiling Logging Locks.swift
[1923/2976] Compiling Logging LogEvent.swift
[1924/2976] Compiling Logging LogHandler.swift
[1925/2976] Compiling Routing QueryParameterError.swift
/host/spi-builder-workspace/Sources/Routing/Errors/RequestBodyError.swift:14:34: warning: immutable value 'error' was never used; consider replacing with '_' or removing it [#no-usage]
12 | public var message: String {
13 | switch self {
14 | case let .decodingFailed(error):
| `- warning: immutable value 'error' was never used; consider replacing with '_' or removing it [#no-usage]
15 | "The request body could not be decoded."
16 | }
[1926/2976] Compiling Routing RequestBodyError.swift
/host/spi-builder-workspace/Sources/Routing/Errors/RequestBodyError.swift:14:34: warning: immutable value 'error' was never used; consider replacing with '_' or removing it [#no-usage]
12 | public var message: String {
13 | switch self {
14 | case let .decodingFailed(error):
| `- warning: immutable value 'error' was never used; consider replacing with '_' or removing it [#no-usage]
15 | "The request body could not be decoded."
16 | }
[1927/2976] Compiling Routing Headers.swift
/host/spi-builder-workspace/Sources/Routing/Errors/RequestBodyError.swift:14:34: warning: immutable value 'error' was never used; consider replacing with '_' or removing it [#no-usage]
12 | public var message: String {
13 | switch self {
14 | case let .decodingFailed(error):
| `- warning: immutable value 'error' was never used; consider replacing with '_' or removing it [#no-usage]
15 | "The request body could not be decoded."
16 | }
[1928/2976] Compiling Routing MiddlewareProtocol.swift
[1929/2976] Compiling Routing PathParameters.swift
[1930/2976] Compiling Routing QueryParameters.swift
[1931/2976] Compiling Routing Response.swift
[1932/2976] Compiling Routing HTTPRequest.swift
[1933/2976] Compiling Routing HTTPRouter.swift
[1934/2976] Compiling CryptoBoringWrapper EllipticCurvePoint.swift
[1935/2976] Compiling CryptoBoringWrapper EllipticCurve.swift
[1936/2976] Compiling CryptoBoringWrapper RandomBytes.swift
[1937/2976] Compiling CryptoBoringWrapper FiniteFieldArithmeticContext.swift
[1938/2976] Compiling Routing Routable.swift
[1939/2976] Compiling Routing Router.swift
[1940/2976] Compiling DynamoQueriesMacros TableMacro.swift
[1941/2976] Compiling DynamoQueriesMacros Plugin.swift
[1943/2977] Compiling Logging LoggingSystem.swift
[1948/2978] Compiling Routing WebSocketRequest.swift
[1949/2978] Compiling Routing WebSocketRouter.swift
[1950/2979] Compiling CryptoBoringWrapper CryptoKitErrors_boring.swift
[1952/2990] Compiling Logging MetadataProvider.swift
[1953/2990] Compiling Logging Logger+Attributes.swift
[1954/2990] Compiling ServiceLifecycle ServiceGroup.swift
[1955/2990] Compiling ServiceLifecycle Service.swift
[1956/2990] Compiling ServiceLifecycle GracefulShutdown.swift
[1957/2991] Emitting module CryptoBoringWrapper
[1958/2991] Compiling CryptoBoringWrapper BoringSSLAEAD.swift
[1960/3012] Compiling JMESPath Runtime.swift
[1961/3014] Compiling JMESPath Sendable.swift
[1962/3014] Compiling JMESPath Token.swift
[1963/3031] Compiling InternalCollectionsUtilities Debugging.swift
[1964/3031] Compiling InternalCollectionsUtilities Descriptions.swift
[1965/3031] Emitting module Logging
[1966/3031] Emitting module JMESPath
[1969/3031] Compiling InternalCollectionsUtilities UnsafeMutableRawBufferPointer+Extras.swift
[1970/3031] Compiling InternalCollectionsUtilities UnsafeRawBufferPointer+Extras.swift
[1971/3033] Compiling NIOCore DispatchQueue+WithFuture.swift
/host/spi-builder-workspace/.build/checkouts/swift-snapshot-testing/Sources/SnapshotTesting/AssertSnapshot.swift:577:10: error: no such module 'CoreServices'
575 |
576 | #if !os(Android) && !os(Linux) && !os(Windows)
577 | import CoreServices
| `- error: no such module 'CoreServices'
578 |
579 | func uniformTypeIdentifier(fromExtension pathExtension: String) -> String? {
[1972/3033] Compiling NIOCore EventLoop+Deprecated.swift
/host/spi-builder-workspace/.build/checkouts/swift-snapshot-testing/Sources/SnapshotTesting/AssertSnapshot.swift:577:10: error: no such module 'CoreServices'
575 |
576 | #if !os(Android) && !os(Linux) && !os(Windows)
577 | import CoreServices
| `- error: no such module 'CoreServices'
578 |
579 | func uniformTypeIdentifier(fromExtension pathExtension: String) -> String? {
[1973/3033] Compiling NIOCore EventLoop+SerialExecutor.swift
/host/spi-builder-workspace/.build/checkouts/swift-snapshot-testing/Sources/SnapshotTesting/AssertSnapshot.swift:577:10: error: no such module 'CoreServices'
575 |
576 | #if !os(Android) && !os(Linux) && !os(Windows)
577 | import CoreServices
| `- error: no such module 'CoreServices'
578 |
579 | func uniformTypeIdentifier(fromExtension pathExtension: String) -> String? {
[1974/3033] Compiling NIOCore EventLoop.swift
/host/spi-builder-workspace/.build/checkouts/swift-snapshot-testing/Sources/SnapshotTesting/AssertSnapshot.swift:577:10: error: no such module 'CoreServices'
575 |
576 | #if !os(Android) && !os(Linux) && !os(Windows)
577 | import CoreServices
| `- error: no such module 'CoreServices'
578 |
579 | func uniformTypeIdentifier(fromExtension pathExtension: String) -> String? {
[1975/3037] Compiling Logging Logger+With.swift
[1976/3037] Compiling Logging Logger.swift
[1977/3037] Compiling NIOCore NIOCoreSendableMetatype.swift
[1978/3037] Compiling NIOCore NIODecodedAsyncSequence.swift
[1979/3037] Compiling NIOCore NIOLoopBound.swift
[1980/3037] Compiling NIOCore NIOPooledRecvBufferAllocator.swift
[1981/3037] Compiling NIOCore NIOScheduledCallback.swift
[1982/3037] Compiling NIOCore NIOSendable.swift
[1983/3037] Compiling NIOCore NIOSplitLinesMessageDecoder.swift
[1984/3037] Compiling NIOCore NIOTransportAccessibleChannelCore.swift
[1985/3037] Compiling NIOCore RecvByteBufferAllocator.swift
[1986/3046] Compiling CryptoBoringWrapper ArbitraryPrecisionInteger.swift
[1987/3046] Compiling JMESPath Parser.swift
[1989/3047] Compiling InternalCollectionsUtilities _SortedCollection.swift
[1990/3047] Compiling InternalCollectionsUtilities _UniqueCollection.swift
[1991/3047] Compiling SnapshotTesting UIImage.swift
/host/spi-builder-workspace/.build/checkouts/swift-snapshot-testing/Sources/SnapshotTesting/AssertSnapshot.swift:577:10: error: no such module 'CoreServices'
575 |
576 | #if !os(Android) && !os(Linux) && !os(Windows)
577 | import CoreServices
| `- error: no such module 'CoreServices'
578 |
579 | func uniformTypeIdentifier(fromExtension pathExtension: String) -> String? {
[1992/3047] Compiling SnapshotTesting UIView.swift
/host/spi-builder-workspace/.build/checkouts/swift-snapshot-testing/Sources/SnapshotTesting/AssertSnapshot.swift:577:10: error: no such module 'CoreServices'
575 |
576 | #if !os(Android) && !os(Linux) && !os(Windows)
577 | import CoreServices
| `- error: no such module 'CoreServices'
578 |
579 | func uniformTypeIdentifier(fromExtension pathExtension: String) -> String? {
[1993/3047] Compiling SnapshotTesting UIViewController.swift
/host/spi-builder-workspace/.build/checkouts/swift-snapshot-testing/Sources/SnapshotTesting/AssertSnapshot.swift:577:10: error: no such module 'CoreServices'
575 |
576 | #if !os(Android) && !os(Linux) && !os(Windows)
577 | import CoreServices
| `- error: no such module 'CoreServices'
578 |
579 | func uniformTypeIdentifier(fromExtension pathExtension: String) -> String? {
[1994/3047] Compiling SnapshotTesting URLRequest.swift
/host/spi-builder-workspace/.build/checkouts/swift-snapshot-testing/Sources/SnapshotTesting/AssertSnapshot.swift:577:10: error: no such module 'CoreServices'
575 |
576 | #if !os(Android) && !os(Linux) && !os(Windows)
577 | import CoreServices
| `- error: no such module 'CoreServices'
578 |
579 | func uniformTypeIdentifier(fromExtension pathExtension: String) -> String? {
[1996/3055] Compiling InternalCollectionsUtilities LifetimeOverride.swift
[1997/3055] Compiling InternalCollectionsUtilities RandomAccessCollection+Offsets.swift
[1998/3055] Compiling InternalCollectionsUtilities Span+Extras.swift
[1999/3055] Compiling Instrumentation NoOpInstrument.swift
[2000/3055] Compiling Instrumentation MultiplexInstrument.swift
[2001/3055] Compiling Instrumentation Locks.swift
[2002/3055] Emitting module Instrumentation
[2003/3055] Compiling Instrumentation InstrumentationSystem.swift
[2004/3055] Compiling InternalCollectionsUtilities UnsafeBufferPointer+Extras.swift
[2005/3055] Compiling InternalCollectionsUtilities UnsafeMutableBufferPointer+Extras.swift
[2006/3055] Compiling Instrumentation Instrument.swift
[2009/3056] Compiling InternalCollectionsUtilities FixedWidthInteger+roundUpToPowerOfTwo.swift
[2010/3056] Compiling InternalCollectionsUtilities Integer rank.swift
[2011/3056] Compiling InternalCollectionsUtilities UInt+first and last set bit.swift
[2012/3056] Compiling InternalCollectionsUtilities UInt+reversed.swift
[2014/3140] Emitting module INIParser
[2015/3140] Compiling INIParser INIParser.swift
[2017/3141] Emitting module InternalCollectionsUtilities
[2018/3149] Compiling Crypto DH.swift
[2019/3149] Compiling Crypto ECDH.swift
[2020/3149] Compiling Crypto ANSIx963.swift
[2021/3149] Compiling Crypto HKDF.swift
[2022/3149] Compiling Crypto AESWrap.swift
[2023/3149] Compiling Crypto AESWrap_boring.swift
[2024/3149] Compiling Crypto Ed25519_boring.swift
[2025/3149] Compiling Crypto NISTCurvesKeys_boring.swift
[2026/3149] Compiling Crypto X25519Keys_boring.swift
[2027/3149] Compiling Crypto HPKE-KexKeyDerivation.swift
[2028/3149] Compiling Crypto ASN1Null.swift
[2029/3149] Compiling Crypto HPKE-Ciphersuite.swift
[2030/3149] Compiling Crypto HPKE-KDF.swift
[2032/3150] Compiling Tracing InstrumentationSystem+Tracing.swift
[2033/3150] Compiling Tracing NoOpTracer.swift
[2033/3150] Wrapping AST for DynamoQueriesMacros for debugging
[2035/3150] Compiling Crypto HashFunctions_SHA2.swift
/host/spi-builder-workspace/.build/checkouts/swift-snapshot-testing/Sources/SnapshotTesting/AssertSnapshot.swift:577:10: error: no such module 'CoreServices'
575 |
576 | #if !os(Android) && !os(Linux) && !os(Windows)
577 | import CoreServices
| `- error: no such module 'CoreServices'
578 |
579 | func uniformTypeIdentifier(fromExtension pathExtension: String) -> String? {
[2036/3150] Compiling Crypto HashFunctions_SHA3.swift
/host/spi-builder-workspace/.build/checkouts/swift-snapshot-testing/Sources/SnapshotTesting/AssertSnapshot.swift:577:10: error: no such module 'CoreServices'
575 |
576 | #if !os(Android) && !os(Linux) && !os(Windows)
577 | import CoreServices
| `- error: no such module 'CoreServices'
578 |
579 | func uniformTypeIdentifier(fromExtension pathExtension: String) -> String? {
[2037/3150] Compiling Crypto Digest_xkcp.swift
/host/spi-builder-workspace/.build/checkouts/swift-snapshot-testing/Sources/SnapshotTesting/AssertSnapshot.swift:577:10: error: no such module 'CoreServices'
575 |
576 | #if !os(Android) && !os(Linux) && !os(Windows)
577 | import CoreServices
| `- error: no such module 'CoreServices'
578 |
579 | func uniformTypeIdentifier(fromExtension pathExtension: String) -> String? {
[2038/3150] Compiling Crypto HPKE-AEAD.swift
/host/spi-builder-workspace/.build/checkouts/swift-snapshot-testing/Sources/SnapshotTesting/AssertSnapshot.swift:577:10: error: no such module 'CoreServices'
575 |
576 | #if !os(Android) && !os(Linux) && !os(Windows)
577 | import CoreServices
| `- error: no such module 'CoreServices'
578 |
579 | func uniformTypeIdentifier(fromExtension pathExtension: String) -> String? {
/host/spi-builder-workspace/.build/checkouts/swift-snapshot-testing/Sources/SnapshotTesting/AssertSnapshot.swift:577:10: error: no such module 'CoreServices'
575 |
576 | #if !os(Android) && !os(Linux) && !os(Windows)
577 | import CoreServices
| `- error: no such module 'CoreServices'
578 |
579 | func uniformTypeIdentifier(fromExtension pathExtension: String) -> String? {
[2040/3150] Emitting module Tracing
[2041/3150] Compiling Tracing TracingTime.swift
[2042/3150] Compiling Crypto HashFunctions.swift
[2044/3150] Compiling Crypto ECDSASignature.swift
/host/spi-builder-workspace/.build/checkouts/swift-snapshot-testing/Sources/SnapshotTesting/AssertSnapshot.swift:577:10: error: no such module 'CoreServices'
575 |
576 | #if !os(Android) && !os(Linux) && !os(Windows)
577 | import CoreServices
| `- error: no such module 'CoreServices'
578 |
579 | func uniformTypeIdentifier(fromExtension pathExtension: String) -> String? {
[2045/3150] Compiling Crypto PEMDocument.swift
/host/spi-builder-workspace/.build/checkouts/swift-snapshot-testing/Sources/SnapshotTesting/AssertSnapshot.swift:577:10: error: no such module 'CoreServices'
575 |
576 | #if !os(Android) && !os(Linux) && !os(Windows)
577 | import CoreServices
| `- error: no such module 'CoreServices'
578 |
579 | func uniformTypeIdentifier(fromExtension pathExtension: String) -> String? {
[2046/3150] Compiling Crypto PKCS8PrivateKey.swift
/host/spi-builder-workspace/.build/checkouts/swift-snapshot-testing/Sources/SnapshotTesting/AssertSnapshot.swift:577:10: error: no such module 'CoreServices'
575 |
576 | #if !os(Android) && !os(Linux) && !os(Windows)
577 | import CoreServices
| `- error: no such module 'CoreServices'
578 |
579 | func uniformTypeIdentifier(fromExtension pathExtension: String) -> String? {
[2047/3150] Compiling Crypto SEC1PrivateKey.swift
/host/spi-builder-workspace/.build/checkouts/swift-snapshot-testing/Sources/SnapshotTesting/AssertSnapshot.swift:577:10: error: no such module 'CoreServices'
575 |
576 | #if !os(Android) && !os(Linux) && !os(Windows)
577 | import CoreServices
| `- error: no such module 'CoreServices'
578 |
579 | func uniformTypeIdentifier(fromExtension pathExtension: String) -> String? {
[2048/3150] Compiling Tracing Tracer.swift
[2049/3150] Compiling Crypto ChaChaPoly_boring.swift
/host/spi-builder-workspace/.build/checkouts/swift-snapshot-testing/Sources/SnapshotTesting/AssertSnapshot.swift:577:10: error: no such module 'CoreServices'
575 |
576 | #if !os(Android) && !os(Linux) && !os(Windows)
577 | import CoreServices
| `- error: no such module 'CoreServices'
578 |
579 | func uniformTypeIdentifier(fromExtension pathExtension: String) -> String? {
[2050/3150] Compiling Crypto ChaChaPoly.swift
/host/spi-builder-workspace/.build/checkouts/swift-snapshot-testing/Sources/SnapshotTesting/AssertSnapshot.swift:577:10: error: no such module 'CoreServices'
575 |
576 | #if !os(Android) && !os(Linux) && !os(Windows)
577 | import CoreServices
| `- error: no such module 'CoreServices'
578 |
579 | func uniformTypeIdentifier(fromExtension pathExtension: String) -> String? {
[2051/3150] Compiling Crypto Cipher.swift
/host/spi-builder-workspace/.build/checkouts/swift-snapshot-testing/Sources/SnapshotTesting/AssertSnapshot.swift:577:10: error: no such module 'CoreServices'
575 |
576 | #if !os(Android) && !os(Linux) && !os(Windows)
577 | import CoreServices
| `- error: no such module 'CoreServices'
578 |
579 | func uniformTypeIdentifier(fromExtension pathExtension: String) -> String? {
[2052/3150] Compiling Crypto Nonces.swift
/host/spi-builder-workspace/.build/checkouts/swift-snapshot-testing/Sources/SnapshotTesting/AssertSnapshot.swift:577:10: error: no such module 'CoreServices'
575 |
576 | #if !os(Android) && !os(Linux) && !os(Windows)
577 | import CoreServices
| `- error: no such module 'CoreServices'
578 |
579 | func uniformTypeIdentifier(fromExtension pathExtension: String) -> String? {
[2053/3157] Compiling OrderedCollections OrderedDictionary+Deprecations.swift
[2054/3157] Compiling OrderedCollections OrderedDictionary+Descriptions.swift
[2055/3202] Compiling OrderedCollections OrderedDictionary+Codable.swift
[2056/3202] Compiling OrderedCollections OrderedDictionary+CustomReflectable.swift
[2058/3209] Compiling Tracing TracerProtocol.swift
[2059/3209] Compiling OrderedCollections OrderedDictionary+Sendable.swift
/host/spi-builder-workspace/.build/checkouts/swift-snapshot-testing/Sources/SnapshotTesting/AssertSnapshot.swift:577:10: error: no such module 'CoreServices'
575 |
576 | #if !os(Android) && !os(Linux) && !os(Windows)
577 | import CoreServices
| `- error: no such module 'CoreServices'
578 |
579 | func uniformTypeIdentifier(fromExtension pathExtension: String) -> String? {
[2060/3209] Compiling OrderedCollections OrderedDictionary+Sequence.swift
/host/spi-builder-workspace/.build/checkouts/swift-snapshot-testing/Sources/SnapshotTesting/AssertSnapshot.swift:577:10: error: no such module 'CoreServices'
575 |
576 | #if !os(Android) && !os(Linux) && !os(Windows)
577 | import CoreServices
| `- error: no such module 'CoreServices'
578 |
579 | func uniformTypeIdentifier(fromExtension pathExtension: String) -> String? {
[2061/3209] Compiling OrderedCollections _HashTable+Bucket.swift
/host/spi-builder-workspace/.build/checkouts/swift-snapshot-testing/Sources/SnapshotTesting/AssertSnapshot.swift:577:10: error: no such module 'CoreServices'
575 |
576 | #if !os(Android) && !os(Linux) && !os(Windows)
577 | import CoreServices
| `- error: no such module 'CoreServices'
578 |
579 | func uniformTypeIdentifier(fromExtension pathExtension: String) -> String? {
[2062/3209] Compiling OrderedCollections _HashTable+BucketIterator.swift
/host/spi-builder-workspace/.build/checkouts/swift-snapshot-testing/Sources/SnapshotTesting/AssertSnapshot.swift:577:10: error: no such module 'CoreServices'
575 |
576 | #if !os(Android) && !os(Linux) && !os(Windows)
577 | import CoreServices
| `- error: no such module 'CoreServices'
578 |
579 | func uniformTypeIdentifier(fromExtension pathExtension: String) -> String? {
[2063/3209] Compiling OrderedCollections OrderedDictionary+Invariants.swift
/host/spi-builder-workspace/.build/checkouts/swift-snapshot-testing/Sources/SnapshotTesting/AssertSnapshot.swift:577:10: error: no such module 'CoreServices'
575 |
576 | #if !os(Android) && !os(Linux) && !os(Windows)
577 | import CoreServices
| `- error: no such module 'CoreServices'
578 |
579 | func uniformTypeIdentifier(fromExtension pathExtension: String) -> String? {
[2064/3209] Compiling OrderedCollections OrderedDictionary+Move.swift
/host/spi-builder-workspace/.build/checkouts/swift-snapshot-testing/Sources/SnapshotTesting/AssertSnapshot.swift:577:10: error: no such module 'CoreServices'
575 |
576 | #if !os(Android) && !os(Linux) && !os(Windows)
577 | import CoreServices
| `- error: no such module 'CoreServices'
578 |
579 | func uniformTypeIdentifier(fromExtension pathExtension: String) -> String? {
[2065/3209] Compiling OrderedCollections OrderedDictionary+Partial MutableCollection.swift
/host/spi-builder-workspace/.build/checkouts/swift-snapshot-testing/Sources/SnapshotTesting/AssertSnapshot.swift:577:10: error: no such module 'CoreServices'
575 |
576 | #if !os(Android) && !os(Linux) && !os(Windows)
577 | import CoreServices
| `- error: no such module 'CoreServices'
578 |
579 | func uniformTypeIdentifier(fromExtension pathExtension: String) -> String? {
[2066/3209] Compiling OrderedCollections OrderedDictionary+Partial RangeReplaceableCollection.swift
/host/spi-builder-workspace/.build/checkouts/swift-snapshot-testing/Sources/SnapshotTesting/AssertSnapshot.swift:577:10: error: no such module 'CoreServices'
575 |
576 | #if !os(Android) && !os(Linux) && !os(Windows)
577 | import CoreServices
| `- error: no such module 'CoreServices'
578 |
579 | func uniformTypeIdentifier(fromExtension pathExtension: String) -> String? {
[2071/3209] Compiling OrderedCollections OrderedDictionary+Elements.SubSequence.swift
[2072/3209] Compiling OrderedCollections OrderedDictionary+Elements.swift
[2073/3209] Compiling OrderedCollections OrderedDictionary+Equatable.swift
[2074/3209] Compiling OrderedCollections OrderedDictionary+ExpressibleByDictionaryLiteral.swift
[2075/3209] Compiling OrderedCollections OrderedDictionary+Hashable.swift
error: emit-module command failed with exit code 1 (use -v to see invocation)
[2079/3217] Emitting module SnapshotTesting
/host/spi-builder-workspace/.build/checkouts/swift-snapshot-testing/Sources/SnapshotTesting/AssertSnapshot.swift:577:10: error: no such module 'CoreServices'
575 |
576 | #if !os(Android) && !os(Linux) && !os(Windows)
577 | import CoreServices
| `- error: no such module 'CoreServices'
578 |
579 | func uniformTypeIdentifier(fromExtension pathExtension: String) -> String? {
/host/spi-builder-workspace/.build/checkouts/swift-snapshot-testing/Sources/SnapshotTesting/AssertSnapshot.swift:577:10: error: no such module 'CoreServices'
575 |
576 | #if !os(Android) && !os(Linux) && !os(Windows)
577 | import CoreServices
| `- error: no such module 'CoreServices'
578 |
579 | func uniformTypeIdentifier(fromExtension pathExtension: String) -> String? {
/host/spi-builder-workspace/.build/checkouts/swift-snapshot-testing/Sources/SnapshotTesting/AssertSnapshot.swift:577:10: error: no such module 'CoreServices'
575 |
576 | #if !os(Android) && !os(Linux) && !os(Windows)
577 | import CoreServices
| `- error: no such module 'CoreServices'
578 |
579 | func uniformTypeIdentifier(fromExtension pathExtension: String) -> String? {
/host/spi-builder-workspace/.build/checkouts/swift-snapshot-testing/Sources/SnapshotTesting/AssertSnapshot.swift:577:10: error: no such module 'CoreServices'
575 |
576 | #if !os(Android) && !os(Linux) && !os(Windows)
577 | import CoreServices
| `- error: no such module 'CoreServices'
578 |
579 | func uniformTypeIdentifier(fromExtension pathExtension: String) -> String? {
/host/spi-builder-workspace/.build/checkouts/swift-snapshot-testing/Sources/SnapshotTesting/AssertSnapshot.swift:577:10: error: no such module 'CoreServices'
575 |
576 | #if !os(Android) && !os(Linux) && !os(Windows)
577 | import CoreServices
| `- error: no such module 'CoreServices'
578 |
579 | func uniformTypeIdentifier(fromExtension pathExtension: String) -> String? {
/host/spi-builder-workspace/.build/checkouts/swift-snapshot-testing/Sources/SnapshotTesting/AssertSnapshot.swift:577:10: error: no such module 'CoreServices'
575 |
576 | #if !os(Android) && !os(Linux) && !os(Windows)
577 | import CoreServices
| `- error: no such module 'CoreServices'
578 |
579 | func uniformTypeIdentifier(fromExtension pathExtension: String) -> String? {
[2085/3217] Compiling Tracing TracerProtocol+Legacy.swift
[2086/3217] Compiling OrderedCollections OrderedDictionary+Initializers.swift
[2092/3217] Compiling JMESPath Variable.swift
BUILD FAILURE 6.2 wasm