Build Information
Failed to build GoogleCloudNetworkServicesV1, reference main (d8d1b6), with Swift 6.2 for Android on 11 Oct 2026 06:31:01 UTC.
Build Command
bash -c docker run --pull=always --rm -v "checkouts-53886768-0":/host -w "$PWD" -e JAVA_HOME="/root/.sdkman/candidates/java/current" -e SPI_BUILD="1" -e SPI_PROCESSING="1" registry.gitlab.com/saguaro1/spi-images:android-6.2-latest swift build --swift-sdk aarch64-unknown-linux-android28 2>&1Build Log
========================================
RunAll
========================================
Builder version: 5.1.1
Interrupt handler set up.
========================================
Checkout
========================================
Clone URL: https://github.com/googleapis/swift-google-cloud-networkservices-v1.git
Reference: main
Initialized empty Git repository in /host/spi-builder-workspace/.git/
hint: Using 'master' as the name for the initial branch. This default branch name
hint: is subject to change. To configure the initial branch name to use in all
hint: of your new repositories, which will suppress this warning, call:
hint:
hint: git config --global init.defaultBranch <name>
hint:
hint: Names commonly chosen instead of 'master' are 'main', 'trunk' and
hint: 'development'. The just-created branch can be renamed via this command:
hint:
hint: git branch -m <name>
From https://github.com/googleapis/swift-google-cloud-networkservices-v1
* branch main -> FETCH_HEAD
* [new branch] main -> origin/main
HEAD is now at d8d1b65 chore: release circa 2026-10-07 (#1382)
Cloned https://github.com/googleapis/swift-google-cloud-networkservices-v1.git
Revision (git rev-parse @):
d8d1b65bdc5735c7a76d8611be118aa5a9e65442
SPI manifest file found: $PWD/.spi.yml
SUCCESS checkout https://github.com/googleapis/swift-google-cloud-networkservices-v1.git at main
========================================
Build
========================================
Selected platform: android
Swift version: 6.2
Building package at path: $PWD
https://github.com/googleapis/swift-google-cloud-networkservices-v1.git
Running build ...
bash -c docker run --pull=always --rm -v "checkouts-53886768-0":/host -w "$PWD" -e JAVA_HOME="/root/.sdkman/candidates/java/current" -e SPI_BUILD="1" -e SPI_PROCESSING="1" registry.gitlab.com/saguaro1/spi-images:android-6.2-latest swift build --swift-sdk aarch64-unknown-linux-android28 2>&1
android-6.2-latest: Pulling from saguaro1/spi-images
Digest: sha256:a839c9ce201f1dacc8eb056626ec7ab0a1c6d53d7b77c83feda395f4507c51be
Status: Image is up to date for registry.gitlab.com/saguaro1/spi-images:android-6.2-latest
Fetching https://github.com/googleapis/swift-google-longrunning
Fetching https://github.com/googleapis/swift-google-wkt
Fetching https://github.com/googleapis/swift-google-cloud-location
Fetching https://github.com/googleapis/swift-google-rpc
Fetching https://github.com/apple/swift-log
Fetching https://github.com/googleapis/swift-google-iam-v1
[1/422] Fetching swift-google-rpc
[267/1445] Fetching swift-google-rpc, swift-google-wkt
[608/2064] Fetching swift-google-rpc, swift-google-wkt, swift-google-longrunning
[963/2616] Fetching swift-google-rpc, swift-google-wkt, swift-google-longrunning, swift-google-cloud-location
[2401/10873] Fetching swift-google-rpc, swift-google-wkt, swift-google-longrunning, swift-google-cloud-location, swift-log
Fetched https://github.com/googleapis/swift-google-longrunning from cache (0.44s)
[2328/10254] Fetching swift-google-rpc, swift-google-wkt, swift-google-cloud-location, swift-log
Fetching https://github.com/googleapis/swift-google-auth
Fetched https://github.com/googleapis/swift-google-rpc from cache (0.57s)
Fetching https://github.com/googleapis/swift-google-gax
[1/706] Fetching swift-google-iam-v1
Fetched https://github.com/googleapis/swift-google-cloud-location from cache (0.63s)
Fetched https://github.com/googleapis/swift-google-iam-v1 from cache (0.63s)
Fetched https://github.com/googleapis/swift-google-wkt from cache (0.63s)
Fetched https://github.com/apple/swift-log from cache (0.63s)
[1/1023] Fetching swift-google-auth
Fetched https://github.com/googleapis/swift-google-auth from cache (0.44s)
[1/1748] Fetching swift-google-gax
Fetched https://github.com/googleapis/swift-google-gax from cache (0.40s)
Computing version for https://github.com/googleapis/swift-google-wkt
Computed https://github.com/googleapis/swift-google-wkt at 0.5.0 (1.12s)
Fetching https://github.com/swift-extras/swift-extras-base64
[1/954] Fetching swift-extras-base64
Fetched https://github.com/swift-extras/swift-extras-base64 from cache (0.38s)
Computing version for https://github.com/googleapis/swift-google-rpc
Computed https://github.com/googleapis/swift-google-rpc at 0.5.0 (0.55s)
Computing version for https://github.com/googleapis/swift-google-longrunning
Computed https://github.com/googleapis/swift-google-longrunning at 0.5.0 (0.15s)
Computing version for https://github.com/googleapis/swift-google-iam-v1
Computed https://github.com/googleapis/swift-google-iam-v1 at 0.5.0 (0.16s)
Fetching https://github.com/googleapis/swift-google-type
[1/437] Fetching swift-google-type
Fetched https://github.com/googleapis/swift-google-type from cache (0.42s)
Computing version for https://github.com/googleapis/swift-google-gax
Computed https://github.com/googleapis/swift-google-gax at 0.5.0 (0.60s)
Fetching https://github.com/apple/swift-nio
Fetching https://github.com/swift-server/async-http-client.git
[1/16464] Fetching async-http-client
[15148/102838] Fetching async-http-client, swift-nio
Fetched https://github.com/swift-server/async-http-client.git from cache (3.35s)
Fetched https://github.com/apple/swift-nio from cache (3.38s)
Computing version for https://github.com/googleapis/swift-google-cloud-location
Computed https://github.com/googleapis/swift-google-cloud-location at 0.5.0 (3.54s)
Computing version for https://github.com/googleapis/swift-google-auth
Computed https://github.com/googleapis/swift-google-auth at 0.5.0 (0.15s)
Fetching https://github.com/vapor/jwt-kit.git
Fetching https://github.com/apple/swift-system.git
[1/7241] Fetching swift-system
[2029/17495] Fetching swift-system, jwt-kit
Fetched https://github.com/apple/swift-system.git from cache (0.66s)
[1846/10254] Fetching jwt-kit
Fetched https://github.com/vapor/jwt-kit.git from cache (0.91s)
Computing version for https://github.com/googleapis/swift-google-type
Computed https://github.com/googleapis/swift-google-type at 0.5.0 (1.07s)
Computing version for https://github.com/swift-extras/swift-extras-base64
Computed https://github.com/swift-extras/swift-extras-base64 at 1.2.0 (0.14s)
Computing version for https://github.com/swift-server/async-http-client.git
Computed https://github.com/swift-server/async-http-client.git at 1.36.2 (0.17s)
Fetching https://github.com/apple/swift-configuration.git
Fetching https://github.com/apple/swift-nio-http2.git
Fetching https://github.com/apple/swift-nio-transport-services.git
Fetching https://github.com/apple/swift-atomics.git
Fetching https://github.com/apple/swift-service-context.git
Fetching https://github.com/apple/swift-nio-ssl.git
[1/1889] Fetching swift-atomics
[20/4756] Fetching swift-atomics, swift-nio-transport-services
[400/8684] Fetching swift-atomics, swift-nio-transport-services, swift-configuration
[1017/10184] Fetching swift-atomics, swift-nio-transport-services, swift-configuration, swift-service-context
[9321/27055] Fetching swift-atomics, swift-nio-transport-services, swift-configuration, swift-service-context, swift-nio-ssl
Fetched https://github.com/apple/swift-nio-transport-services.git from cache (0.52s)
Fetching https://github.com/apple/swift-nio-extras.git
[7655/24188] Fetching swift-atomics, swift-configuration, swift-service-context, swift-nio-ssl
[7825/36482] Fetching swift-atomics, swift-configuration, swift-service-context, swift-nio-ssl, swift-nio-http2
[24701/43185] Fetching swift-atomics, swift-configuration, swift-service-context, swift-nio-ssl, swift-nio-http2, swift-nio-extras
Fetched https://github.com/apple/swift-nio-extras.git from cache (0.59s)
Fetching https://github.com/apple/swift-algorithms.git
[32425/36482] Fetching swift-atomics, swift-configuration, swift-service-context, swift-nio-ssl, swift-nio-http2
Fetched https://github.com/apple/swift-atomics.git from cache (1.44s)
Fetching https://github.com/apple/swift-distributed-tracing.git
Fetched https://github.com/apple/swift-nio-ssl.git from cache (1.45s)
Fetched https://github.com/apple/swift-service-context.git from cache (1.48s)
Fetched https://github.com/apple/swift-configuration.git from cache (1.48s)
Fetched https://github.com/apple/swift-nio-http2.git from cache (1.48s)
[1/6164] Fetching swift-algorithms
Fetched https://github.com/apple/swift-algorithms.git from cache (0.50s)
[1/6551] Fetching swift-distributed-tracing
Fetched https://github.com/apple/swift-distributed-tracing.git from cache (0.53s)
Computing version for https://github.com/apple/swift-service-context.git
Computed https://github.com/apple/swift-service-context.git at 1.3.0 (2.12s)
Computing version for https://github.com/apple/swift-algorithms.git
Computed https://github.com/apple/swift-algorithms.git at 1.2.1 (0.97s)
Fetching https://github.com/apple/swift-numerics.git
[1/6733] Fetching swift-numerics
Fetched https://github.com/apple/swift-numerics.git from cache (0.60s)
Computing version for https://github.com/apple/swift-log
Computed https://github.com/apple/swift-log at 1.16.1 (0.76s)
Computing version for https://github.com/apple/swift-distributed-tracing.git
Computed https://github.com/apple/swift-distributed-tracing.git at 1.5.0 (0.15s)
Computing version for https://github.com/apple/swift-atomics.git
Computed https://github.com/apple/swift-atomics.git at 1.3.1 (0.15s)
Computing version for https://github.com/apple/swift-numerics.git
Computed https://github.com/apple/swift-numerics.git at 1.1.1 (0.15s)
Computing version for https://github.com/apple/swift-nio
Computed https://github.com/apple/swift-nio at 2.104.0 (0.36s)
Fetching https://github.com/apple/swift-collections.git
[1/28703] Fetching swift-collections
Fetched https://github.com/apple/swift-collections.git from cache (1.77s)
Computing version for https://github.com/apple/swift-configuration.git
Computed https://github.com/apple/swift-configuration.git at 1.2.2 (2.61s)
Fetching https://github.com/swift-server/swift-service-lifecycle
[1/2867] Fetching swift-service-lifecycle
Fetched https://github.com/swift-server/swift-service-lifecycle from cache (0.46s)
Computing version for https://github.com/apple/swift-nio-transport-services.git
Computed https://github.com/apple/swift-nio-transport-services.git at 1.28.0 (0.62s)
Computing version for https://github.com/swift-server/swift-service-lifecycle
Computed https://github.com/swift-server/swift-service-lifecycle at 2.12.1 (0.16s)
Fetching https://github.com/apple/swift-async-algorithms.git
[1/6820] Fetching swift-async-algorithms
Fetched https://github.com/apple/swift-async-algorithms.git from cache (0.53s)
Computing version for https://github.com/apple/swift-async-algorithms.git
Computed https://github.com/apple/swift-async-algorithms.git at 1.1.7 (0.74s)
Computing version for https://github.com/apple/swift-collections.git
Computed https://github.com/apple/swift-collections.git at 1.7.2 (0.25s)
Computing version for https://github.com/apple/swift-nio-http2.git
Computed https://github.com/apple/swift-nio-http2.git at 1.46.0 (0.17s)
Computing version for https://github.com/vapor/jwt-kit.git
Computed https://github.com/vapor/jwt-kit.git at 5.7.1 (0.15s)
Fetching https://github.com/apple/swift-crypto.git
Fetching https://github.com/apple/swift-certificates.git
[1/18629] Fetching swift-crypto
[1306/26238] Fetching swift-crypto, swift-certificates
Fetched https://github.com/apple/swift-certificates.git from cache (1.22s)
Fetched https://github.com/apple/swift-crypto.git from cache (1.23s)
Computing version for https://github.com/apple/swift-crypto.git
Computed https://github.com/apple/swift-crypto.git at 4.5.2 (1.92s)
Fetching https://github.com/apple/swift-asn1.git
[1/2009] Fetching swift-asn1
Fetched https://github.com/apple/swift-asn1.git from cache (0.42s)
Computing version for https://github.com/apple/swift-asn1.git
Computed https://github.com/apple/swift-asn1.git at 1.7.3 (0.61s)
Computing version for https://github.com/apple/swift-certificates.git
Computed https://github.com/apple/swift-certificates.git at 1.21.0 (0.21s)
Computing version for https://github.com/apple/swift-nio-ssl.git
Computed https://github.com/apple/swift-nio-ssl.git at 2.37.5 (0.19s)
Computing version for https://github.com/apple/swift-system.git
Computed https://github.com/apple/swift-system.git at 1.8.1 (0.18s)
Computing version for https://github.com/apple/swift-nio-extras.git
Computed https://github.com/apple/swift-nio-extras.git at 1.35.1 (0.27s)
Fetching https://github.com/apple/swift-http-structured-headers.git
Fetching https://github.com/apple/swift-http-types.git
[1/1939] Fetching swift-http-types
[312/3192] Fetching swift-http-types, swift-http-structured-headers
Fetched https://github.com/apple/swift-http-types.git from cache (0.38s)
[928/1253] Fetching swift-http-structured-headers
Fetched https://github.com/apple/swift-http-structured-headers.git from cache (0.40s)
Computing version for https://github.com/apple/swift-http-structured-headers.git
Computed https://github.com/apple/swift-http-structured-headers.git at 1.7.0 (0.55s)
Computing version for https://github.com/apple/swift-http-types.git
Computed https://github.com/apple/swift-http-types.git at 1.8.0 (0.18s)
Creating working copy for https://github.com/apple/swift-algorithms.git
Working copy of https://github.com/apple/swift-algorithms.git resolved at 1.2.1
Creating working copy for https://github.com/apple/swift-distributed-tracing.git
Working copy of https://github.com/apple/swift-distributed-tracing.git resolved at 1.5.0
Creating working copy for https://github.com/googleapis/swift-google-wkt
Working copy of https://github.com/googleapis/swift-google-wkt resolved at 0.5.0
Creating working copy for https://github.com/googleapis/swift-google-longrunning
Working copy of https://github.com/googleapis/swift-google-longrunning resolved at 0.5.0
Creating working copy for https://github.com/apple/swift-nio-http2.git
Working copy of https://github.com/apple/swift-nio-http2.git resolved at 1.46.0
Creating working copy for https://github.com/googleapis/swift-google-rpc
Working copy of https://github.com/googleapis/swift-google-rpc resolved at 0.5.0
Creating working copy for https://github.com/swift-extras/swift-extras-base64
Working copy of https://github.com/swift-extras/swift-extras-base64 resolved at 1.2.0
Creating working copy for https://github.com/apple/swift-http-structured-headers.git
Working copy of https://github.com/apple/swift-http-structured-headers.git resolved at 1.7.0
Creating working copy for https://github.com/apple/swift-service-context.git
Working copy of https://github.com/apple/swift-service-context.git resolved at 1.3.0
Creating working copy for https://github.com/googleapis/swift-google-iam-v1
Working copy of https://github.com/googleapis/swift-google-iam-v1 resolved at 0.5.0
Creating working copy for https://github.com/apple/swift-log
Working copy of https://github.com/apple/swift-log resolved at 1.16.1
Creating working copy for https://github.com/apple/swift-certificates.git
Working copy of https://github.com/apple/swift-certificates.git resolved at 1.21.0
Creating working copy for https://github.com/googleapis/swift-google-gax
Working copy of https://github.com/googleapis/swift-google-gax resolved at 0.5.0
Creating working copy for https://github.com/googleapis/swift-google-auth
Working copy of https://github.com/googleapis/swift-google-auth resolved at 0.5.0
Creating working copy for https://github.com/apple/swift-asn1.git
Working copy of https://github.com/apple/swift-asn1.git resolved at 1.7.3
Creating working copy for https://github.com/apple/swift-configuration.git
Working copy of https://github.com/apple/swift-configuration.git resolved at 1.2.2
Creating working copy for https://github.com/apple/swift-async-algorithms.git
Working copy of https://github.com/apple/swift-async-algorithms.git resolved at 1.1.7
Creating working copy for https://github.com/googleapis/swift-google-type
Working copy of https://github.com/googleapis/swift-google-type resolved at 0.5.0
Creating working copy for https://github.com/apple/swift-nio-transport-services.git
Working copy of https://github.com/apple/swift-nio-transport-services.git resolved at 1.28.0
Creating working copy for https://github.com/swift-server/swift-service-lifecycle
Working copy of https://github.com/swift-server/swift-service-lifecycle resolved at 2.12.1
Creating working copy for https://github.com/googleapis/swift-google-cloud-location
Working copy of https://github.com/googleapis/swift-google-cloud-location resolved at 0.5.0
Creating working copy for https://github.com/apple/swift-collections.git
Working copy of https://github.com/apple/swift-collections.git resolved at 1.7.2
Creating working copy for https://github.com/swift-server/async-http-client.git
Working copy of https://github.com/swift-server/async-http-client.git resolved at 1.36.2
Creating working copy for https://github.com/apple/swift-http-types.git
Working copy of https://github.com/apple/swift-http-types.git resolved at 1.8.0
Creating working copy for https://github.com/apple/swift-system.git
Working copy of https://github.com/apple/swift-system.git resolved at 1.8.1
Creating working copy for https://github.com/apple/swift-atomics.git
Working copy of https://github.com/apple/swift-atomics.git resolved at 1.3.1
Creating working copy for https://github.com/apple/swift-nio-extras.git
Working copy of https://github.com/apple/swift-nio-extras.git resolved at 1.35.1
Creating working copy for https://github.com/apple/swift-crypto.git
Working copy of https://github.com/apple/swift-crypto.git resolved at 4.5.2
Creating working copy for https://github.com/apple/swift-nio
Working copy of https://github.com/apple/swift-nio resolved at 2.104.0
Creating working copy for https://github.com/apple/swift-nio-ssl.git
Working copy of https://github.com/apple/swift-nio-ssl.git resolved at 2.37.5
Creating working copy for https://github.com/apple/swift-numerics.git
Working copy of https://github.com/apple/swift-numerics.git resolved at 1.1.1
Creating working copy for https://github.com/vapor/jwt-kit.git
Working copy of https://github.com/vapor/jwt-kit.git resolved at 5.7.1
Building for debugging...
[0/1298] Compiling a_dup.cc
[1/1298] Compiling a_d2i_fp.cc
[2/1298] Compiling a_octet.cc
[3/1298] Write sources
[7/1298] Compiling _NumericsShims _NumericsShims.c
[7/1298] Write sources
[149/1298] Compiling _AtomicsShims.c
[150/1298] Write swift-version--11D90AFD9DD3AB2.txt
[151/1298] Compiling CXKCPShims shims.c
[152/1298] Compiling SimpleFIPS202.c
[153/1298] Compiling KeccakSponge.c
[154/1306] Compiling a_strnid.cc
[154/1306] Compiling a_bitstr.cc
[155/1306] Compiling a_strex.cc
[157/1337] Compiling a_time.cc
[158/1337] Compiling a_bool.cc
[160/1337] Emitting module _CertificateInternals
[161/1376] Emitting module RealModule
[162/1377] Compiling InternalCollectionsUtilities _UnsafeBitSet+_Word.swift
[163/1377] Compiling InternalCollectionsUtilities _UnsafeBitSet.swift
[164/1377] Compiling InternalCollectionsUtilities UnsafeBufferPointer+Extras.swift
[165/1377] Compiling InternalCollectionsUtilities UnsafeMutableBufferPointer+Extras.swift
[166/1377] Compiling InternalCollectionsUtilities UnsafeMutablePointer+Extras.swift
[167/1377] Compiling InternalCollectionsUtilities UnsafeMutableRawBufferPointer+Extras.swift
[168/1377] Compiling InternalCollectionsUtilities UnsafePointer+Extras.swift
[169/1380] Compiling Logging MultiplexLogHandler.swift
[170/1380] Compiling Logging StreamLogHandler.swift
[171/1380] Compiling InternalCollectionsUtilities MutableRef.swift
[172/1380] Compiling InternalCollectionsUtilities MutableSpan+Extras.swift
[173/1380] Compiling InternalCollectionsUtilities OutputSpan+Extras.swift
[174/1382] Emitting module InternalCollectionsUtilities
[177/1382] Compiling InternalCollectionsUtilities RandomAccessCollection+Offsets.swift
[178/1382] Compiling InternalCollectionsUtilities Span+Extras.swift
[179/1382] Compiling SwiftASN1 DER.swift
[180/1382] Compiling SwiftASN1 Errors.swift
[181/1382] Compiling InternalCollectionsUtilities TemporaryAllocation.swift
[182/1382] Compiling InternalCollectionsUtilities _UnsafeBitSet+Index.swift
[183/1382] Compiling InternalCollectionsUtilities Iterable+CopyContents.swift
[184/1382] Compiling InternalCollectionsUtilities Iterable+Equality.swift
[185/1382] Compiling InternalCollectionsUtilities LifetimeOverride.swift
[189/1382] Compiling Logging SwiftLogNoOpLogHandler.swift
[190/1382] Compiling Logging Locks.swift
[191/1382] Compiling Logging LogEvent.swift
[192/1382] Compiling Logging LogHandler.swift
[193/1382] Compiling InternalCollectionsUtilities UInt+first and last set bit.swift
[194/1382] Compiling InternalCollectionsUtilities UInt+reversed.swift
[195/1382] Compiling ServiceContextModule ServiceContextKey.swift
[196/1382] Compiling Logging LoggingSystem.swift
[197/1383] Compiling RealModule RelaxedArithmetic.swift
[198/1383] Compiling InternalCollectionsUtilities UnsafeRawBufferPointer+Extras.swift
[199/1383] Compiling InternalCollectionsUtilities _SortedCollection.swift
[200/1383] Compiling InternalCollectionsUtilities _UniqueCollection.swift
[201/1383] Compiling _NIODataStructures Heap.swift
[202/1384] Emitting module _NIODataStructures
[203/1384] Compiling RealModule RealFunctions.swift
[204/1384] Compiling RealModule Real.swift
[205/1384] Compiling RealModule Float80+Real.swift
[206/1384] Emitting module _NIOBase64
[207/1384] Compiling _NIOBase64 Base64.swift
[209/1385] Emitting module ServiceContextModule
[210/1385] Compiling ServiceContextModule ServiceContext.swift
[212/1386] Compiling _CertificateInternals _TinyArray.swift
[214/1387] Compiling Logging Logger+With.swift
[215/1387] Compiling _NIODataStructures PriorityQueue.swift
[216/1387] Compiling _NIODataStructures _TinyArray.swift
[217/1387] Compiling Logging Logger.swift
[220/1388] Compiling RealModule Float16+Real.swift
[226/1389] Compiling Logging Logger+Attributes.swift
[228/1389] Wrapping AST for InternalCollectionsUtilities for debugging
[229/1398] Wrapping AST for _NIOBase64 for debugging
[230/1398] Wrapping AST for _CertificateInternals for debugging
[231/1404] Wrapping AST for ServiceContextModule for debugging
[232/1404] Wrapping AST for _NIODataStructures for debugging
[233/1404] Compiling SpanPreview OutputSpan+InputSpanHelpers.swift
[234/1404] Wrapping AST for RealModule for debugging
[236/1404] Compiling SpanPreview InputSpan.swift
[237/1404] Emitting module SpanPreview
[238/1404] Compiling SpanPreview MutableSpan+InputSpanHelpers.swift
[242/1405] Compiling KeccakHash.c
[244/1405] Compiling CNIOWindows shim.c
[245/1405] Compiling CSystem shims.c
[247/1405] Compiling Instrumentation NoOpInstrument.swift
[248/1405] Compiling Instrumentation MultiplexInstrument.swift
[248/1405] Compiling CNIOWASI CNIOWASI.c
[249/1405] Compiling CNIOWindows WSAStartup.c
[250/1405] Wrapping AST for SpanPreview for debugging
[251/1405] Compiling CNIOPosix event_loop_id.c
[252/1414] Compiling CNIOOpenBSD shim.c
[253/1484] Compiling CNIOLinux shim.c
[255/1484] Compiling DequeModule Deque.swift
[256/1484] Compiling DequeModule Deque+Codable.swift
[257/1484] Compiling DequeModule Deque+Collection.swift
[258/1484] Compiling DequeModule Deque+CustomReflectable.swift
[259/1484] Compiling DequeModule Deque+Descriptions.swift
[259/1489] Compiling CNIOLinux liburing_shims.c
[260/1489] Compiling KeccakP-1600-opt64.c
[261/1489] Compiling CNIOLLHTTP c_nio_http.c
[262/1489] Compiling CNIOLLHTTP c_nio_api.c
[264/1489] Compiling DequeModule UniqueDeque+Consumption.swift
[265/1489] Compiling DequeModule UniqueDeque+ContainerOperations.swift
[266/1489] Compiling DequeModule UniqueDeque+Deprecations.swift
[267/1489] Compiling DequeModule UniqueDeque+Descriptions.swift
[268/1489] Compiling DequeModule UniqueDeque+Equatable.swift
[269/1489] Compiling DequeModule UniqueDeque+Hashable.swift
[270/1489] Compiling SystemPackage SystemString.swift
[271/1489] Compiling SystemPackage Util+StringArray.swift
[272/1489] Compiling SystemPackage Util.swift
[273/1489] Compiling SystemPackage UtilConsumers.swift
[274/1489] Compiling SystemPackage WinSDK+Overlay.swift
[274/1494] Compiling CNIOFreeBSD shim.c
[275/1494] Compiling CNIOLLHTTP c_nio_llhttp.c
[277/1494] Compiling DequeModule RigidDeque+Insertions.swift
[278/1494] Compiling DequeModule RigidDeque+Iterable.swift
[278/1494] Compiling CNIOExtrasZlib zutil.c
[279/1494] Compiling CNIOExtrasZlib trees.c
[280/1494] Compiling CNIOExtrasZlib inftrees.c
[281/1494] Compiling CNIOExtrasZlib inffast.c
[282/1494] Compiling CNIOExtrasZlib inflate.c
[283/1494] Compiling CNIOExtrasZlib deflate.c
[284/1494] Compiling CNIOExtrasZlib crc32.c
[285/1494] Compiling CNIODarwin shim.c
[286/1494] Compiling CNIOExtrasZlib adler32.c
[288/1494] Compiling DequeModule _DequeBuffer.swift
[289/1494] Compiling DequeModule _DequeBufferHeader.swift
[290/1494] Compiling DequeModule RigidDeque+Append.swift
[291/1494] Compiling DequeModule RigidDeque+Consumption.swift
[292/1494] Compiling DequeModule RigidDeque+ContainerOperations.swift
[293/1494] Compiling DequeModule RigidDeque+Deprecations.swift
[294/1494] Compiling DequeModule RigidDeque+Descriptions.swift
[295/1494] Compiling DequeModule RigidDeque+Equatable.swift
[296/1494] Compiling DequeModule RigidDeque+Hashable.swift
[297/1494] Compiling DequeModule RigidDeque+Initializers.swift
[300/1494] Compiling DequeModule RigidDeque+Prepend.swift
[301/1494] Compiling DequeModule RigidDeque+Removals.swift
[302/1494] Compiling DequeModule RigidDeque+Replacements.swift
[303/1494] Compiling DequeModule RigidDeque+Testing.swift
[304/1494] Compiling DequeModule RigidDeque.swift
[305/1494] Compiling DequeModule UniqueDeque+Append.swift
[305/1494] Compiling fiat_p256_adx_sqr.S
[306/1494] Compiling fiat_p256_adx_mul.S
[307/1494] Compiling fiat_curve25519_adx_square.S
[308/1494] Compiling fiat_curve25519_adx_mul.S
[310/1494] Emitting module SwiftASN1
[310/1494] Compiling CNIOBoringSSLShims shims.c
[317/1494] Compiling ExtrasBase64 Base32.swift
[318/1494] Compiling ExtrasBase64 Base32+Span.swift
[319/1494] Compiling DequeModule Deque+Extras.swift
[320/1494] Compiling DequeModule Deque+Hashable.swift
[321/1494] Compiling DequeModule Deque+Testing.swift
[322/1494] Compiling DequeModule Deque._Storage.swift
[323/1494] Compiling DequeModule Deque._UnsafeHandle.swift
[329/1494] Compiling DequeModule Deque+Equatable.swift
[330/1494] Compiling DequeModule Deque+ExpressibleByArrayLiteral.swift
[331/1494] Emitting module SystemPackage
[337/1494] Compiling Logging MetadataProvider.swift
[361/1494] Emitting module Logging
[367/1496] Emitting module Instrumentation
[368/1496] Compiling Instrumentation InstrumentationSystem.swift
[369/1496] Compiling Instrumentation Instrument.swift
[370/1496] Compiling Instrumentation Locks.swift
[373/1497] Wrapping AST for SwiftASN1 for debugging
[374/1497] Wrapping AST for Logging for debugging
[375/1497] Wrapping AST for Instrumentation for debugging
[389/1506] Compiling Tracing TracingTime.swift
[390/1507] Compiling Tracing TracerProtocol.swift
[391/1507] Compiling Tracing WithTracer.swift
[391/1507] Compiling tls_record.cc
[392/1507] Wrapping AST for SystemPackage for debugging
[394/1507] Compiling Tracing Tracer.swift
[395/1507] Compiling Tracing TracerProtocol+Legacy.swift
[396/1507] Compiling Tracing NoOpTracer.swift
[397/1507] Emitting module Tracing
[398/1507] Compiling Tracing InstrumentationSystem+Tracing.swift
[399/1507] Compiling Tracing SpanProtocol.swift
[399/1508] Compiling tls_method.cc
[401/1508] Compiling tls13_server.cc
[402/1508] Wrapping AST for Tracing for debugging
[403/1508] Compiling tls13_enc.cc
[404/1508] Compiling tls13_client.cc
[405/1508] Compiling tls13_both.cc
[407/1508] Emitting module DequeModule
[408/1508] Compiling DequeModule UniqueDeque+Replacements.swift
[409/1508] Compiling DequeModule UniqueDeque.swift
[410/1508] Compiling DequeModule _DequeSlot.swift
[411/1508] Compiling DequeModule _UnsafeDequeHandle.swift
[412/1508] Compiling DequeModule _UnsafeDequeSegments.swift
[413/1509] Compiling t1_enc.cc
[414/1552] Compiling ssl_x509.cc
[415/1552] Wrapping AST for DequeModule for debugging
[417/1552] Compiling Configuration Deprecations.swift
[418/1552] Compiling Configuration ExpressibleByConfigInt.swift
[419/1552] Compiling Configuration ExpressibleByConfigString.swift
[420/1552] Compiling Configuration CLIKeyEncoder.swift
[421/1552] Compiling Configuration ConfigKeyEncoder.swift
[422/1552] Compiling Configuration DotSeparatorKeyDecoder.swift
[422/1557] Compiling ssl_transcript.cc
[423/1557] Compiling ssl_session.cc
[424/1557] Compiling ssl_versions.cc
[425/1557] Compiling ssl_stat.cc
[426/1557] Compiling ssl_privkey.cc
[427/1557] Compiling ssl_file.cc
[429/1557] Compiling ExtrasBase64 Base64+Span.swift
[430/1557] Compiling ExtrasBase64 Base64.swift
[431/1557] Emitting module ExtrasBase64
[432/1558] Compiling ssl_key_share.cc
[433/1589] Compiling ssl_credential.cc
[434/1589] Wrapping AST for ExtrasBase64 for debugging
[435/1589] Compiling ssl_lib.cc
[435/1589] Compiling ssl_cipher.cc
[437/1589] Compiling ssl_cert.cc
[438/1589] Compiling ssl_buffer.cc
[439/1589] Compiling ssl_asn1.cc
[441/1589] Compiling GoogleWKT WKTDoubleValue.swift
[442/1589] Compiling GoogleWKT WKTDuration.swift
[443/1589] Compiling GoogleWKT WKTEmpty.swift
[444/1589] Compiling GoogleWKT WKTFieldMask.swift
[445/1593] Compiling Configuration CombineLatestManyStorage.swift
[446/1593] Compiling Configuration AsyncSequences.swift
[447/1593] Compiling Configuration FoundationExtensions.swift
[448/1593] Compiling Configuration Span.swift
[449/1593] Compiling Configuration ConfigBytesFromStringDecoder.swift
[450/1593] Compiling GoogleWKT AnyPackable.swift
[451/1593] Compiling GoogleWKT DecodeToDefault.swift
[452/1593] Compiling GoogleWKT DiscoveryBase64.swift
[453/1593] Compiling GoogleWKT ProtoJSONDecoder.swift
[454/1593] Compiling GoogleWKT ProtoJSONEncoder.swift
[456/1593] Emitting module Configuration
[457/1593] Compiling GoogleWKT WKTStringValue.swift
[458/1593] Compiling GoogleWKT WKTTimestamp.swift
[459/1593] Compiling GoogleWKT WKTUInt32Value.swift
[460/1593] Compiling GoogleWKT WKTUInt64Value.swift
[461/1593] Compiling GoogleWKT WKTValue.swift
[462/1593] Compiling GoogleWKT WKTApi.swift
[463/1593] Compiling GoogleWKT UnknownFields.swift
[464/1593] Compiling GoogleWKT WKTAny.swift
[465/1593] Compiling GoogleWKT WKTAnyError.swift
[466/1593] Compiling GoogleWKT WKTBoolValue.swift
[467/1593] Compiling GoogleWKT WKTBytesValue.swift
[468/1593] Compiling GoogleWKT WKTFloatValue.swift
[469/1593] Compiling GoogleWKT WKTInt32Value.swift
[470/1593] Compiling GoogleWKT WKTInt64Value.swift
[471/1593] Compiling GoogleWKT WKTRecursive.swift
[472/1593] Compiling Configuration JSONSnapshot.swift
[473/1593] Compiling Configuration PropertyListSnapshot.swift
[474/1593] Compiling Configuration ReloadingFileProvider.swift
[475/1593] Compiling Configuration ReloadingFileProviderMetrics.swift
[476/1593] Compiling Configuration YAMLSnapshot.swift
[477/1593] Compiling Configuration InMemoryProvider.swift
[478/1593] Compiling GoogleWKT WKTSourceContext.swift
[479/1593] Compiling GoogleWKT WKTSyntax.swift
[480/1593] Compiling GoogleWKT WKTType.swift
[481/1593] Compiling GoogleWKT PackageVersion.swift
[482/1593] Compiling Configuration FileProvider.swift
[483/1593] Compiling Configuration FileProviderSnapshot.swift
[484/1593] Compiling GoogleWKT WKTEnum.swift
[485/1593] Compiling GoogleWKT WKTEnumValue.swift
[486/1593] Compiling GoogleWKT WKTField.swift
[487/1593] Compiling GoogleWKT WKTMethod.swift
[488/1593] Compiling GoogleWKT WKTMixin.swift
[489/1593] Compiling GoogleWKT WKTOption.swift
[489/1593] Compiling ssl_aead_ctx.cc
[490/1593] Compiling s3_lib.cc
[503/1593] Compiling s3_pkt.cc
[515/1594] Emitting module GoogleWKT
[522/1595] Compiling s3_both.cc
[523/1595] Wrapping AST for Configuration for debugging
[524/1613] Compiling handshake_server.cc
[526/1613] Compiling GoogleType PostalAddress.swift
[527/1613] Compiling GoogleType Quaternion.swift
[527/1630] Compiling handshake_client.cc
[529/1630] Compiling GoogleRpc LocalizedMessage.swift
[530/1630] Compiling GoogleRpc PackageVersion.swift
[531/1630] Compiling GoogleType PackageVersion.swift
[532/1630] Compiling GoogleType PhoneNumber.swift
[532/1630] Compiling extensions.cc
[533/1630] Wrapping AST for GoogleWKT for debugging
[534/1630] Compiling handshake.cc
[536/1630] Compiling GoogleRpc HttpRequest.swift
[537/1630] Compiling GoogleRpc HttpResponse.swift
[538/1630] Compiling GoogleRpc RequestInfo.swift
[539/1630] Compiling GoogleRpc ResourceInfo.swift
[540/1630] Compiling GoogleRpc PreconditionFailure.swift
[540/1630] Compiling handoff.cc
[542/1630] Compiling GoogleRpc BadRequest.swift
[543/1630] Compiling GoogleRpc Code.swift
[546/1632] Emitting module GoogleType
[549/1632] Compiling GoogleRpc DebugInfo.swift
[550/1632] Compiling GoogleRpc ErrorInfo.swift
[551/1632] Compiling GoogleRpc Help.swift
[552/1632] Compiling GoogleRpc HttpHeader.swift
[555/1632] Compiling GoogleType TimeOfDay.swift
[556/1632] Compiling GoogleType TimeZone.swift
[557/1633] Emitting module GoogleRpc
[564/1633] Wrapping AST for GoogleType for debugging
[567/1633] Compiling GoogleRpc QuotaFailure.swift
[567/1633] Compiling dtls_record.cc
[568/1633] Compiling encrypted_client_hello.cc
[570/1633] Compiling GoogleRpc RetryInfo.swift
[571/1633] Compiling GoogleRpc Status.swift
[571/1634] Compiling md5-x86_64-linux.S
[573/1634] Compiling md5-x86_64-apple.S
[574/1634] Compiling dtls_method.cc
[575/1634] Compiling md5-586-linux.S
[576/1634] Wrapping AST for GoogleRpc for debugging
[577/1634] Compiling md5-586-apple.S
[578/1634] Compiling chacha20_poly1305_x86_64-linux.S
[579/1634] Compiling chacha20_poly1305_x86_64-apple.S
[580/1634] Compiling chacha20_poly1305_armv8-win.S
[581/1634] Compiling chacha20_poly1305_armv8-apple.S
[582/1634] Compiling chacha20_poly1305_armv8-linux.S
[583/1634] Compiling chacha-x86_64-apple.S
[584/1634] Compiling chacha-x86_64-linux.S
[585/1634] Compiling chacha-x86-linux.S
[586/1634] Compiling chacha-x86-apple.S
[587/1634] Compiling chacha-armv8-win.S
[588/1634] Compiling d1_lib.cc
[589/1634] Compiling chacha-armv8-apple.S
[590/1634] Compiling chacha-armv4-linux.S
[591/1634] Compiling chacha-armv8-linux.S
[592/1634] Compiling aes128gcmsiv-x86_64-apple.S
[592/1634] Compiling aes128gcmsiv-x86_64-linux.S
[594/1634] Compiling x86_64-mont5-linux.S
[595/1634] Compiling x86_64-mont-linux.S
[596/1634] Compiling x86_64-mont5-apple.S
[597/1634] Compiling x86_64-mont-apple.S
[598/1634] Compiling d1_pkt.cc
[599/1634] Compiling x86-mont-linux.S
[600/1634] Compiling vpaes-x86_64-linux.S
[601/1634] Compiling x86-mont-apple.S
[602/1634] Compiling vpaes-x86_64-apple.S
[603/1634] Compiling vpaes-x86-apple.S
[604/1634] Compiling vpaes-x86-linux.S
[605/1634] Compiling vpaes-armv8-win.S
[606/1634] Compiling err_data.cc
[607/1634] Compiling vpaes-armv8-linux.S
[608/1634] Compiling vpaes-armv8-apple.S
[609/1634] Compiling vpaes-armv7-linux.S
[610/1634] Compiling sha512-armv8-win.S
[611/1634] Compiling sha512-x86_64-linux.S
[612/1634] Compiling sha512-x86_64-apple.S
[613/1634] Compiling bio_ssl.cc
[614/1634] Compiling d1_srtp.cc
[615/1634] Compiling sha512-armv4-linux.S
[616/1634] Compiling sha512-586-apple.S
[617/1634] Compiling sha512-armv8-apple.S
[618/1634] Compiling sha512-586-linux.S
[619/1634] Compiling sha256-x86_64-linux.S
[620/1634] Compiling sha512-armv8-linux.S
[621/1634] Compiling sha256-armv8-apple.S
[622/1634] Compiling sha256-armv8-win.S
[623/1634] Compiling sha256-x86_64-apple.S
[623/1634] Compiling sha256-armv4-linux.S
[625/1634] Compiling sha256-armv8-linux.S
[626/1634] Compiling sha256-586-apple.S
[627/1634] Compiling sha256-586-linux.S
[628/1634] Compiling sha1-armv8-win.S
[629/1634] Compiling sha1-x86_64-linux.S
[630/1634] Compiling sha1-x86_64-apple.S
[631/1634] Compiling sha1-armv8-apple.S
[632/1634] Compiling sha1-armv4-large-linux.S
[633/1634] Compiling sha1-586-linux.S
[634/1634] Compiling sha1-armv8-linux.S
[635/1634] Compiling sha1-586-apple.S
[635/1634] Compiling rsaz-avx2-linux.S
[637/1634] Compiling p256_beeu-x86_64-asm-linux.S
[638/1634] Compiling rsaz-avx2-apple.S
[639/1634] Compiling rdrand-x86_64-linux.S
[640/1634] Compiling p256_beeu-x86_64-asm-apple.S
[641/1634] Compiling p256_beeu-armv8-asm-linux.S
[642/1634] Compiling rdrand-x86_64-apple.S
[643/1634] Compiling p256-x86_64-asm-apple.S
[644/1634] Compiling p256_beeu-armv8-asm-apple.S
[645/1634] Compiling p256_beeu-armv8-asm-win.S
[646/1634] Compiling p256-x86_64-asm-linux.S
[647/1634] Compiling p256-armv8-asm-win.S
[648/1634] Compiling p256-armv8-asm-apple.S
[649/1634] Compiling ghashv8-armv8-win.S
[650/1634] Compiling p256-armv8-asm-linux.S
[651/1634] Compiling ghash-x86_64-linux.S
[652/1634] Compiling ghash-x86_64-apple.S
[653/1634] Compiling ghashv8-armv8-linux.S
[654/1634] Compiling ghashv8-armv8-apple.S
[655/1634] Compiling ghash-x86-linux.S
[656/1634] Compiling ghash-x86-apple.S
[657/1634] Compiling ghashv8-armv7-linux.S
[658/1634] Compiling ghash-ssse3-x86_64-apple.S
[659/1634] Compiling ghash-ssse3-x86-linux.S
[660/1634] Compiling ghash-ssse3-x86-apple.S
[661/1634] Compiling ghash-ssse3-x86_64-linux.S
[662/1634] Compiling ghash-neon-armv8-apple.S
[663/1634] Compiling ghash-neon-armv8-linux.S
[664/1634] Compiling ghash-neon-armv8-win.S
[665/1634] Compiling ghash-armv4-linux.S
[666/1634] Compiling co-586-apple.S
[667/1634] Compiling bsaes-armv7-linux.S
[668/1634] Compiling co-586-linux.S
[669/1634] Compiling bn-armv8-win.S
[670/1634] Compiling bn-armv8-linux.S
[671/1634] Compiling bn-586-linux.S
[672/1634] Compiling bn-armv8-apple.S
[673/1634] Compiling bn-586-apple.S
[674/1634] Compiling armv8-mont-linux.S
[675/1634] Compiling armv8-mont-win.S
[676/1634] Compiling armv8-mont-apple.S
[677/1634] Compiling armv4-mont-linux.S
[678/1634] Compiling aesv8-gcm-armv8-win.S
[679/1634] Compiling aesv8-gcm-armv8-apple.S
[680/1634] Compiling aesv8-armv8-win.S
[681/1634] Compiling aesv8-gcm-armv8-linux.S
[682/1634] Compiling d1_both.cc
[683/1634] Compiling aesv8-armv8-apple.S
[684/1634] Compiling aesv8-armv8-linux.S
[685/1634] Compiling aesv8-armv7-linux.S
[686/1634] Compiling aesni-x86-linux.S
[687/1634] Compiling aesni-x86_64-linux.S
[688/1634] Compiling aesni-x86-apple.S
[689/1634] Compiling aesni-x86_64-apple.S
[690/1634] Compiling aesni-gcm-x86_64-linux.S
[691/1634] Compiling aes-gcm-avx2-x86_64-apple.S
[692/1634] Compiling aes-gcm-avx10-x86_64-linux.S
[693/1634] Compiling aes-gcm-avx2-x86_64-linux.S
[694/1634] Compiling aesni-gcm-x86_64-apple.S
[695/1634] Compiling aes-gcm-avx10-x86_64-apple.S
[696/1634] Compiling x_x509a.cc
[697/1634] Compiling x_sig.cc
[698/1634] Compiling x_pubkey.cc
[699/1634] Compiling x_val.cc
[700/1634] Compiling x_spki.cc
[701/1634] Compiling x_x509.cc
[701/1634] Compiling x_req.cc
[703/1634] Compiling x_name.cc
[704/1634] Compiling x_algor.cc
[705/1634] Compiling x509rset.cc
[706/1634] Compiling x_exten.cc
[707/1634] Compiling x_crl.cc
[708/1634] Compiling x_all.cc
[709/1634] Compiling x509spki.cc
[710/1634] Compiling x_attrib.cc
[711/1634] Compiling x509name.cc
[712/1634] Compiling x509_vpm.cc
[713/1634] Compiling x509cset.cc
[714/1634] Compiling x509_txt.cc
[715/1634] Compiling x509_set.cc
[716/1634] Compiling x509_trs.cc
[717/1634] Compiling x509_vfy.cc
[718/1634] Compiling x509_v3.cc
[719/1634] Compiling x509_req.cc
[720/1634] Compiling x509_obj.cc
[721/1634] Compiling x509_d2.cc
[722/1634] Compiling x509_ext.cc
[723/1634] Compiling x509_def.cc
[724/1634] Compiling x509_lu.cc
[725/1634] Compiling x509_att.cc
[725/1634] Compiling x509_cmp.cc
[727/1634] Compiling x509.cc
[728/1634] Compiling v3_skey.cc
[729/1634] Compiling v3_utl.cc
[730/1634] Compiling v3_purp.cc
[731/1634] Compiling v3_prn.cc
[732/1634] Compiling v3_ocsp.cc
[733/1634] Compiling v3_pmaps.cc
[734/1634] Compiling v3_pcons.cc
[735/1634] Compiling v3_ncons.cc
[736/1634] Compiling v3_lib.cc
[737/1634] Compiling v3_info.cc
[738/1634] Compiling v3_int.cc
[739/1634] Compiling v3_extku.cc
[740/1634] Compiling v3_ia5.cc
[741/1634] Compiling v3_genn.cc
[742/1634] Compiling v3_enum.cc
[743/1634] Compiling v3_crld.cc
[744/1634] Compiling v3_conf.cc
[745/1634] Compiling v3_cpols.cc
[746/1634] Compiling v3_bitst.cc
[747/1634] Compiling v3_akeya.cc
[748/1634] Compiling v3_bcons.cc
[749/1634] Compiling v3_alt.cc
[750/1634] Compiling t_x509a.cc
[751/1634] Compiling v3_akey.cc
[752/1634] Compiling i2d_pr.cc
[753/1634] Compiling t_req.cc
[754/1634] Compiling t_x509.cc
[755/1634] Compiling t_crl.cc
[756/1634] Compiling name_print.cc
[757/1634] Compiling rsa_pss.cc
[758/1634] Compiling policy.cc
[759/1634] Compiling by_file.cc
[760/1634] Compiling by_dir.cc
[761/1634] Compiling asn1_gen.cc
[762/1634] Compiling a_verify.cc
[763/1634] Compiling algorithm.cc
[764/1634] Compiling a_sign.cc
[765/1634] Compiling voprf.cc
[766/1634] Compiling a_digest.cc
[767/1634] Compiling trust_token.cc
[768/1634] Compiling thread_pthread.cc
[769/1634] Compiling thread_win.cc
[770/1634] Compiling thread_none.cc
[771/1634] Compiling thread.cc
[772/1634] Compiling stack.cc
[773/1634] Compiling pmbtoken.cc
[774/1634] Compiling slhdsa.cc
[775/1634] Compiling sha256.cc
[776/1634] Compiling sha512.cc
[777/1634] Compiling siphash.cc
[778/1634] Compiling spake2plus.cc
[779/1634] Compiling sha1.cc
[780/1634] Compiling rsa_print.cc
[781/1634] Compiling rsa_extra.cc
[782/1634] Compiling rc4.cc
[783/1634] Compiling rsa_crypt.cc
[784/1634] Compiling windows.cc
[784/1634] Compiling refcount.cc
[786/1634] Compiling urandom.cc
[787/1634] Compiling rand.cc
[788/1634] Compiling trusty.cc
[789/1634] Compiling rsa_asn1.cc
[790/1634] Compiling passive.cc
[791/1634] Compiling getentropy.cc
[792/1634] Compiling poly1305_arm_asm.S
[793/1634] Compiling deterministic.cc
[794/1634] Compiling ios.cc
[795/1634] Compiling forkunsafe.cc
[796/1634] Compiling fork_detect.cc
[797/1634] Compiling poly1305_vec.cc
[798/1634] Compiling poly1305_arm.cc
[799/1634] Compiling pool.cc
[800/1634] Compiling poly1305.cc
[801/1634] Compiling pkcs8.cc
[802/1634] Compiling p5_pbev2.cc
[803/1634] Compiling pkcs7.cc
[804/1634] Compiling pkcs8_x509.cc
[805/1634] Compiling pkcs7_x509.cc
[806/1634] Compiling pem_pkey.cc
[807/1634] Compiling pem_x509.cc
[808/1634] Compiling pem_xaux.cc
[809/1634] Compiling pem_pk8.cc
[810/1634] Compiling mlkem.cc
[811/1634] Compiling pem_info.cc
[812/1634] Compiling pem_oth.cc
[813/1634] Compiling pem_lib.cc
[814/1634] Compiling pem_all.cc
[815/1634] Compiling obj_xref.cc
[816/1634] Compiling mldsa.cc
[817/1634] Compiling poly_rq_mul.S
[818/1634] Compiling obj.cc
[819/1634] Compiling fips_shared_support.cc
[820/1634] Compiling md5.cc
[821/1634] Compiling md4.cc
[822/1634] Compiling mem.cc
[823/1634] Compiling lhash.cc
[824/1634] Compiling ex_data.cc
[825/1634] Compiling sign.cc
[826/1634] Compiling kyber.cc
[827/1634] Compiling print.cc
[828/1634] Compiling scrypt.cc
[829/1634] Compiling hpke.cc
[830/1634] Compiling hrss.cc
[831/1634] Compiling pbkdf.cc
[832/1634] Compiling p_x25519.cc
[833/1634] Compiling p_rsa_asn1.cc
[834/1634] Compiling p_x25519_asn1.cc
[835/1634] Compiling p_hkdf.cc
[836/1634] Compiling p_rsa.cc
[837/1634] Compiling p_ed25519.cc
[838/1634] Compiling p_ed25519_asn1.cc
[839/1634] Compiling p_ec.cc
[840/1634] Compiling p_ec_asn1.cc
[841/1634] Compiling p_dh.cc
[842/1634] Compiling p_dh_asn1.cc
[843/1634] Compiling evp_ctx.cc
[844/1634] Compiling p_dsa_asn1.cc
[845/1634] Compiling evp.cc
[846/1634] Compiling evp_asn1.cc
[847/1634] Compiling engine.cc
[848/1634] Compiling ecdh.cc
[849/1634] Compiling err.cc
[850/1634] Compiling hash_to_curve.cc
[851/1634] Compiling ecdsa_asn1.cc
[852/1634] Compiling ec_derive.cc
[853/1634] Compiling dsa.cc
[854/1634] Compiling params.cc
[855/1634] Compiling dsa_asn1.cc
[856/1634] Compiling digest_extra.cc
[857/1634] Compiling ec_asn1.cc
[858/1634] Compiling x25519-asm-arm.S
[859/1634] Compiling bcm.cc
[860/1634] Compiling dh_asn1.cc
[861/1634] Compiling des.cc
[862/1634] Compiling crypto.cc
[863/1634] Compiling curve25519_64_adx.cc
[864/1634] Compiling spake25519.cc
[865/1634] Compiling cpu_arm_linux.cc
[866/1634] Compiling cpu_intel.cc
[867/1634] Compiling curve25519.cc
[868/1634] Compiling cpu_aarch64_win.cc
[869/1634] Compiling cpu_arm_freebsd.cc
[870/1634] Compiling cpu_aarch64_openbsd.cc
[871/1634] Compiling cpu_aarch64_linux.cc
[872/1634] Compiling cpu_aarch64_sysreg.cc
[873/1634] Compiling cpu_aarch64_fuchsia.cc
[874/1634] Compiling cpu_aarch64_apple.cc
[875/1634] Compiling conf.cc
[876/1634] Compiling tls_cbc.cc
[877/1634] Compiling e_rc4.cc
[878/1634] Compiling get_cipher.cc
[879/1634] Compiling e_tls.cc
[880/1634] Compiling e_des.cc
[881/1634] Compiling e_null.cc
[882/1634] Compiling e_rc2.cc
[883/1634] Compiling derive_key.cc
[884/1634] Compiling e_aesgcmsiv.cc
[885/1634] Compiling e_chacha20poly1305.cc
[886/1634] Compiling e_aesctrhmac.cc
[887/1634] Compiling chacha.cc
[888/1634] Compiling unicode.cc
[889/1634] Compiling buf.cc
[890/1634] Compiling cbs.cc
[891/1634] Compiling cbb.cc
[892/1634] Compiling ber.cc
[893/1634] Compiling asn1_compat.cc
[894/1634] Compiling blake2.cc
[895/1634] Compiling convert.cc
[896/1634] Compiling bn_asn1.cc
[897/1634] Compiling socket_helper.cc
[898/1634] Compiling socket.cc
[899/1634] Compiling file.cc
[900/1634] Compiling printf.cc
[901/1634] Compiling pair.cc
[902/1634] Compiling hexdump.cc
[903/1634] Compiling fd.cc
[904/1634] Compiling errno.cc
[905/1634] Compiling connect.cc
[906/1634] Compiling bio_mem.cc
[907/1634] Compiling bio.cc
[908/1634] Compiling base64.cc
[909/1634] Compiling tasn_typ.cc
[910/1634] Compiling tasn_utl.cc
[911/1634] Compiling tasn_fre.cc
[912/1634] Compiling tasn_enc.cc
[913/1634] Compiling tasn_new.cc
[914/1634] Compiling f_int.cc
[915/1634] Compiling f_string.cc
[916/1634] Compiling posix_time.cc
[917/1634] Compiling tasn_dec.cc
[918/1634] Compiling asn_pack.cc
[919/1634] Compiling asn1_par.cc
[920/1634] Compiling asn1_lib.cc
[921/1634] Compiling a_strex.cc
[922/1634] Compiling a_octet.cc
[923/1634] Compiling a_utctm.cc
[924/1634] Compiling a_time.cc
[925/1634] Compiling a_type.cc
[926/1634] Compiling a_strnid.cc
[927/1634] Compiling a_object.cc
[928/1634] Compiling a_mbstr.cc
[929/1634] Compiling a_i2d_fp.cc
[930/1634] Compiling a_dup.cc
[931/1634] Compiling CGoogleGaxCRC32C CGoogleGaxCRC32C.c
[932/1634] Compiling a_d2i_fp.cc
[933/1634] Compiling fiat_p256_adx_sqr.S
[934/1634] Compiling fiat_p256_adx_mul.S
[935/1634] Compiling a_int.cc
[936/1634] Compiling fiat_curve25519_adx_square.S
[937/1634] Compiling a_gentm.cc
[938/1634] Compiling fiat_curve25519_adx_mul.S
[939/1634] Compiling md5-586-linux.S
[940/1634] Compiling md5-x86_64-apple.S
[941/1634] Compiling md5-x86_64-linux.S
[942/1634] Compiling md5-586-apple.S
[943/1634] Compiling a_bitstr.cc
[944/1634] Compiling chacha20_poly1305_x86_64-linux.S
[945/1634] Compiling a_bool.cc
[946/1634] Compiling chacha20_poly1305_x86_64-apple.S
[947/1634] Compiling chacha20_poly1305_armv8-win.S
[948/1634] Compiling chacha20_poly1305_armv8-apple.S
[949/1634] Compiling chacha-x86_64-linux.S
[950/1634] Compiling chacha-x86_64-apple.S
[951/1634] Compiling chacha20_poly1305_armv8-linux.S
[952/1634] Compiling chacha-x86-linux.S
[953/1634] Compiling chacha-x86-apple.S
[954/1634] Compiling chacha-armv8-win.S
[955/1634] Compiling CCryptoBoringSSLShims shims.c
[956/1634] Compiling chacha-armv8-apple.S
[957/1634] Compiling chacha-armv8-linux.S
[958/1634] Compiling chacha-armv4-linux.S
[959/1634] Compiling aes128gcmsiv-x86_64-linux.S
[959/1634] Compiling aes128gcmsiv-x86_64-apple.S
[961/1634] Compiling x86_64-mont5-linux.S
[962/1634] Compiling x86_64-mont-linux.S
[963/1634] Compiling x86_64-mont5-apple.S
[964/1634] Compiling x86-mont-linux.S
[965/1634] Compiling x86-mont-apple.S
[966/1634] Compiling x86_64-mont-apple.S
[967/1634] Compiling vpaes-x86-apple.S
[968/1634] Compiling vpaes-x86_64-apple.S
[969/1634] Compiling vpaes-x86_64-linux.S
[970/1634] Compiling vpaes-x86-linux.S
[971/1634] Compiling vpaes-armv8-win.S
[972/1634] Compiling vpaes-armv7-linux.S
[973/1634] Compiling vpaes-armv8-linux.S
[974/1634] Compiling vpaes-armv8-apple.S
[975/1634] Compiling sha512-x86_64-linux.S
[976/1634] Compiling sha512-armv8-win.S
[977/1634] Compiling sha512-x86_64-apple.S
[978/1634] Compiling sha512-armv8-apple.S
[979/1634] Compiling sha512-armv4-linux.S
[980/1634] Compiling sha512-586-linux.S
[981/1634] Compiling sha256-x86_64-apple.S
[982/1634] Compiling sha512-armv8-linux.S
[983/1634] Compiling sha256-armv8-win.S
[984/1634] Compiling sha256-x86_64-linux.S
[985/1634] Compiling sha512-586-apple.S
[986/1634] Compiling sha256-armv8-apple.S
[987/1634] Compiling sha256-armv4-linux.S
[988/1634] Compiling sha256-586-linux.S
[989/1634] Compiling sha256-586-apple.S
[990/1634] Compiling sha256-armv8-linux.S
[991/1634] Compiling sha1-x86_64-linux.S
[992/1634] Compiling sha1-x86_64-apple.S
[993/1634] Compiling sha1-armv8-win.S
[994/1634] Compiling sha1-armv8-apple.S
[995/1634] Compiling sha1-armv4-large-linux.S
[996/1634] Compiling sha1-armv8-linux.S
[997/1634] Compiling sha1-586-linux.S
[998/1634] Compiling sha1-586-apple.S
[999/1634] Compiling rsaz-avx2-linux.S
[1000/1634] Compiling p256_beeu-x86_64-asm-linux.S
[1001/1634] Compiling rdrand-x86_64-linux.S
[1002/1634] Compiling rsaz-avx2-apple.S
[1003/1634] Compiling p256_beeu-x86_64-asm-apple.S
[1004/1634] Compiling rdrand-x86_64-apple.S
[1005/1634] Compiling p256_beeu-armv8-asm-win.S
[1006/1634] Compiling p256_beeu-armv8-asm-linux.S
[1007/1634] Compiling p256_beeu-armv8-asm-apple.S
[1008/1634] Compiling p256-x86_64-asm-apple.S
[1009/1634] Compiling p256-x86_64-asm-linux.S
[1010/1634] Compiling ghashv8-armv8-win.S
[1011/1634] Compiling p256-armv8-asm-win.S
[1012/1634] Compiling p256-armv8-asm-apple.S
[1013/1634] Compiling err_data.cc
[1014/1634] Compiling p256-armv8-asm-linux.S
[1015/1634] Compiling ghashv8-armv8-linux.S
[1016/1634] Compiling ghash-x86_64-linux.S
[1017/1634] Compiling ghashv8-armv8-apple.S
[1018/1634] Compiling ghashv8-armv7-linux.S
[1019/1634] Compiling ghash-x86_64-apple.S
[1020/1634] Compiling ghash-ssse3-x86_64-linux.S
[1021/1634] Compiling ghash-x86-linux.S
[1022/1634] Compiling ghash-ssse3-x86-linux.S
[1023/1634] Compiling ghash-x86-apple.S
[1023/1634] Compiling ghash-ssse3-x86_64-apple.S
[1025/1634] Compiling ghash-ssse3-x86-apple.S
[1026/1634] Compiling ghash-neon-armv8-apple.S
[1027/1634] Compiling ghash-neon-armv8-win.S
[1028/1634] Compiling ghash-armv4-linux.S
[1029/1634] Compiling co-586-linux.S
[1030/1634] Compiling ghash-neon-armv8-linux.S
[1031/1634] Compiling co-586-apple.S
[1032/1634] Compiling bn-armv8-win.S
[1033/1634] Compiling bsaes-armv7-linux.S
[1034/1634] Compiling bn-armv8-linux.S
[1035/1634] Compiling bn-586-linux.S
[1036/1634] Compiling bn-armv8-apple.S
[1037/1634] Compiling bn-586-apple.S
[1038/1634] Compiling armv8-mont-win.S
[1039/1634] Compiling armv8-mont-apple.S
[1040/1634] Compiling armv8-mont-linux.S
[1041/1634] Compiling armv4-mont-linux.S
[1042/1634] Compiling aesv8-gcm-armv8-win.S
[1043/1634] Compiling aesv8-gcm-armv8-linux.S
[1044/1634] Compiling aesv8-gcm-armv8-apple.S
[1045/1634] Compiling aesv8-armv8-win.S
[1046/1634] Compiling aesv8-armv8-linux.S
[1047/1634] Compiling aesv8-armv7-linux.S
[1047/1634] Compiling aesni-x86_64-linux.S
[1049/1634] Compiling aesv8-armv8-apple.S
[1050/1634] Compiling aesni-x86_64-apple.S
[1051/1634] Compiling aesni-x86-linux.S
[1052/1634] Compiling aesni-x86-apple.S
[1053/1634] Compiling aesni-gcm-x86_64-linux.S
[1054/1634] Compiling aesni-gcm-x86_64-apple.S
[1055/1634] Compiling aes-gcm-avx512-x86_64-linux.S
[1056/1634] Compiling aes-gcm-avx2-x86_64-linux.S
[1057/1634] Compiling aes-gcm-avx512-x86_64-apple.S
[1058/1634] Compiling aes-gcm-avx2-x86_64-apple.S
[1059/1634] Compiling xwing.cc
[1060/1634] Compiling x_req.cc
[1061/1634] Compiling x_x509a.cc
[1062/1634] Compiling x_sig.cc
[1063/1634] Compiling x_spki.cc
[1064/1634] Compiling x_x509.cc
[1065/1634] Compiling c-atomics.c
[1065/1634] Compiling c-nioatomics.c
[1067/1634] Compiling x_exten.cc
[1067/1634] Compiling x_name.cc
[1069/1634] Compiling x_pubkey.cc
[1070/1641] Compiling x_attrib.cc
[1071/1641] Compiling x_crl.cc
[1072/1641] Compiling x_all.cc
[1074/1641] Compiling NIOConcurrencyHelpers NIOLock.swift
[1075/1641] Compiling NIOConcurrencyHelpers NIOLockedValueBox.swift
[1076/1641] Compiling NIOConcurrencyHelpers lock.swift
[1077/1641] Compiling NIOConcurrencyHelpers NIOThreadPoolWorkAvailable.swift
[1078/1641] Compiling NIOConcurrencyHelpers atomics.swift
[1079/1641] Compiling NIOConcurrencyHelpers NIOAtomic.swift
[1080/1641] Emitting module NIOConcurrencyHelpers
[1081/1642] Compiling x509spki.cc
[1082/1642] Compiling x_algor.cc
[1083/1642] Compiling x509rset.cc
[1084/1642] Wrapping AST for NIOConcurrencyHelpers for debugging
[1085/1642] Compiling x509name.cc
[1086/1642] Compiling x509cset.cc
[1087/1642] Compiling x509_vpm.cc
[1088/1642] Compiling x509_vfy.cc
[1089/1642] Compiling x509_v3.cc
[1090/1642] Compiling x509_txt.cc
[1091/1642] Compiling x509_obj.cc
[1092/1642] Compiling x509_req.cc
[1093/1642] Compiling x509_trs.cc
[1094/1642] Compiling x509_set.cc
[1095/1642] Compiling x509_lu.cc
[1096/1642] Compiling x509_d2.cc
[1097/1642] Compiling x509_def.cc
[1097/1642] Compiling x509_ext.cc
[1099/1642] Compiling x509_att.cc
[1100/1642] Compiling x509_cmp.cc
[1101/1642] Compiling x509.cc
[1102/1642] Compiling v3_utl.cc
[1103/1642] Compiling v3_skey.cc
[1104/1642] Compiling v3_prn.cc
[1105/1642] Compiling v3_pmaps.cc
[1106/1642] Compiling v3_ocsp.cc
[1107/1642] Compiling v3_purp.cc
[1108/1642] Compiling v3_pcons.cc
[1109/1642] Compiling v3_ncons.cc
[1110/1642] Compiling v3_lib.cc
[1111/1642] Compiling v3_info.cc
[1112/1642] Compiling v3_int.cc
[1113/1642] Compiling v3_extku.cc
[1114/1642] Compiling v3_ia5.cc
[1115/1642] Compiling v3_genn.cc
[1116/1642] Compiling v3_enum.cc
[1117/1642] Compiling v3_crld.cc
[1118/1642] Compiling v3_cpols.cc
[1119/1642] Compiling v3_bitst.cc
[1120/1642] Compiling v3_conf.cc
[1121/1642] Compiling v3_akeya.cc
[1122/1642] Compiling v3_bcons.cc
[1123/1642] Compiling v3_alt.cc
[1124/1642] Compiling v3_akey.cc
[1125/1642] Compiling t_x509.cc
[1126/1642] Compiling t_x509a.cc
[1127/1642] Compiling i2d_pr.cc
[1128/1642] Compiling t_crl.cc
[1129/1642] Compiling t_req.cc
[1130/1642] Compiling rsa_pss.cc
[1131/1642] Compiling policy.cc
[1132/1642] Compiling name_print.cc
[1133/1642] Compiling asn1_gen.cc
[1134/1642] Compiling a_verify.cc
[1135/1642] Compiling by_file.cc
[1136/1642] Compiling by_dir.cc
[1137/1642] Compiling algorithm.cc
[1138/1642] Compiling voprf.cc
[1139/1642] Compiling a_digest.cc
[1140/1642] Compiling a_sign.cc
[1141/1642] Compiling thread_win.cc
[1142/1642] Compiling thread_pthread.cc
[1143/1642] Compiling thread_none.cc
[1144/1642] Compiling trust_token.cc
[1145/1642] Compiling thread.cc
[1146/1642] Compiling pmbtoken.cc
[1147/1642] Compiling stack.cc
[1148/1642] Compiling sha512.cc
[1149/1642] Compiling siphash.cc
[1150/1642] Compiling slhdsa.cc
[1151/1642] Compiling spake2plus.cc
[1152/1642] Compiling sha256.cc
[1153/1642] Compiling sha1.cc
[1154/1642] Compiling rsa_print.cc
[1155/1642] Compiling rsa_extra.cc
[1156/1642] Compiling rsa_crypt.cc
[1157/1642] Compiling rc4.cc
[1157/1642] Compiling trusty.cc
[1159/1642] Compiling refcount.cc
[1160/1642] Compiling windows.cc
[1161/1642] Compiling urandom.cc
[1162/1642] Compiling rand.cc
[1163/1642] Compiling rsa_asn1.cc
[1164/1642] Compiling passive.cc
[1165/1642] Compiling forkunsafe.cc
[1166/1642] Compiling poly1305_arm_asm.S
[1167/1642] Compiling deterministic.cc
[1168/1642] Compiling ios.cc
[1169/1642] Compiling getentropy.cc
[1170/1642] Compiling fork_detect.cc
[1171/1642] Compiling poly1305_vec.cc
[1172/1642] Compiling poly1305_arm.cc
[1173/1642] Compiling poly1305.cc
[1174/1642] Compiling pool.cc
[1175/1642] Compiling pkcs7.cc
[1176/1642] Compiling pkcs8_x509.cc
[1177/1642] Compiling pkcs8.cc
[1178/1642] Compiling p5_pbev2.cc
[1179/1642] Compiling pem_xaux.cc
[1180/1642] Compiling pkcs7_x509.cc
[1181/1642] Compiling pem_x509.cc
[1182/1642] Compiling pem_pkey.cc
[1183/1642] Compiling pem_pk8.cc
[1184/1642] Compiling pem_oth.cc
[1185/1642] Compiling mlkem.cc
[1186/1642] Compiling obj_xref.cc
[1187/1642] Compiling pem_lib.cc
[1188/1642] Compiling pem_info.cc
[1189/1642] Compiling pem_all.cc
[1190/1642] Compiling mldsa.cc
[1191/1642] Compiling obj.cc
[1192/1642] Compiling poly_rq_mul.S
[1193/1642] Compiling mem.cc
[1194/1642] Compiling fips_shared_support.cc
[1195/1642] Compiling lhash.cc
[1196/1642] Compiling fuzzer_mode.cc
[1197/1642] Compiling md4.cc
[1198/1642] Compiling md5.cc
[1199/1642] Compiling kyber.cc
[1200/1642] Compiling hrss.cc
[1201/1642] Compiling ex_data.cc
[1202/1642] Compiling hpke.cc
[1203/1642] Compiling scrypt.cc
[1204/1642] Compiling print.cc
[1205/1642] Compiling sign.cc
[1206/1642] Compiling pbkdf.cc
[1207/1642] Compiling p_x25519.cc
[1208/1642] Compiling p_hkdf.cc
[1209/1642] Compiling p_x25519_asn1.cc
[1210/1642] Compiling p_rsa.cc
[1211/1642] Compiling p_ed25519_asn1.cc
[1212/1642] Compiling p_rsa_asn1.cc
[1213/1642] Compiling p_ed25519.cc
[1214/1642] Compiling p_ec_asn1.cc
[1215/1642] Compiling p_ec.cc
[1216/1642] Compiling p_dsa_asn1.cc
[1217/1642] Compiling p_dh_asn1.cc
[1218/1642] Compiling p_dh.cc
[1219/1642] Compiling evp_ctx.cc
[1220/1642] Compiling err.cc
[1221/1642] Compiling engine.cc
[1222/1642] Compiling evp_asn1.cc
[1223/1642] Compiling ecdsa_p1363.cc
[1224/1642] Compiling ecdh.cc
[1225/1642] Compiling evp.cc
[1226/1642] Compiling ec_derive.cc
[1227/1642] Compiling ecdsa_asn1.cc
[1228/1642] Compiling hash_to_curve.cc
[1229/1642] Compiling ec_asn1.cc
[1230/1642] Compiling params.cc
[1231/1642] Compiling digest_extra.cc
[1232/1642] Compiling dsa.cc
[1233/1642] Compiling x25519-asm-arm.S
[1234/1642] Compiling des.cc
[1235/1642] Compiling dsa_asn1.cc
[1236/1642] Compiling dh_asn1.cc
[1237/1642] Compiling crypto.cc
[1238/1642] Compiling curve25519_64_adx.cc
[1239/1642] Compiling cpu_arm_linux.cc
[1240/1642] Compiling cpu_intel.cc
[1241/1642] Compiling spake25519.cc
[1242/1642] Compiling curve25519.cc
[1243/1642] Compiling cpu_arm_freebsd.cc
[1244/1642] Compiling cpu_aarch64_sysreg.cc
[1245/1642] Compiling cpu_aarch64_win.cc
[1246/1642] Compiling cpu_aarch64_openbsd.cc
[1247/1642] Compiling cpu_aarch64_linux.cc
[1248/1642] Compiling cpu_aarch64_fuchsia.cc
[1249/1642] Compiling cpu_aarch64_apple.cc
[1250/1642] Compiling conf.cc
[1251/1642] Compiling get_cipher.cc
[1252/1642] Compiling tls_cbc.cc
[1253/1642] Compiling e_tls.cc
[1254/1642] Compiling e_rc4.cc
[1255/1642] Compiling e_rc2.cc
[1256/1642] Compiling cms.cc
[1257/1642] Compiling e_null.cc
[1258/1642] Compiling e_aesgcmsiv.cc
[1259/1642] Compiling e_des.cc
[1260/1642] Compiling e_chacha20poly1305.cc
[1261/1642] Compiling e_aeseax.cc
[1262/1642] Compiling chacha.cc
[1263/1642] Compiling e_aesctrhmac.cc
[1264/1642] Compiling derive_key.cc
[1265/1642] Compiling buf.cc
[1266/1642] Compiling cbs.cc
[1267/1642] Compiling unicode.cc
[1268/1642] Compiling sqrt.cc
[1269/1642] Compiling ber.cc
[1270/1642] Compiling cbb.cc
[1271/1642] Compiling asn1_compat.cc
[1272/1642] Compiling div.cc
[1273/1642] Compiling exponentiation.cc
[1274/1642] Compiling printf.cc
[1275/1642] Compiling blake2.cc
[1276/1642] Compiling bn_asn1.cc
[1277/1642] Compiling convert.cc
[1278/1642] Compiling pair.cc
[1279/1642] Compiling hexdump.cc
[1280/1642] Compiling file.cc
[1281/1642] Compiling fd.cc
[1282/1642] Compiling errno.cc
[1283/1642] Compiling bio_mem.cc
[1284/1642] Compiling bio.cc
[1285/1642] Compiling base64.cc
[1286/1642] Compiling tasn_typ.cc
[1287/1642] Compiling tasn_fre.cc
[1288/1642] Compiling tasn_utl.cc
[1289/1642] Compiling tasn_enc.cc
[1289/1642] Compiling posix_time.cc
[1291/1642] Compiling tasn_new.cc
[1292/1642] Compiling f_string.cc
[1293/1642] Compiling f_int.cc
[1294/1642] Compiling tasn_dec.cc
[1295/1642] Compiling asn1_par.cc
[1296/1642] Compiling asn_pack.cc
[1297/1642] Compiling bcm.cc
[1298/1642] Compiling a_utctm.cc
[1299/1642] Compiling a_type.cc
[1300/1642] Compiling asn1_lib.cc
[1301/1642] Write sources
[1304/1642] Compiling a_i2d_fp.cc
[1305/1642] Compiling CAsyncHTTPClient CAsyncHTTPClient.c
[1306/1685] Compiling a_object.cc
[1307/1685] Compiling a_mbstr.cc
[1309/1685] Compiling Atomics ManagedAtomic.swift
[1310/1685] Compiling Atomics ManagedAtomicLazyReference.swift
[1311/1685] Compiling Atomics UnsafeAtomic.swift
[1312/1685] Compiling Atomics UnsafeAtomicLazyReference.swift
[1312/1687] Compiling aes.cc
[1313/1687] Compiling a_int.cc
[1315/1687] Compiling Atomics AtomicMemoryOrderings.swift
[1316/1687] Compiling Atomics DoubleWord.swift
[1317/1687] Compiling Atomics AtomicStorage.swift
[1318/1687] Compiling Atomics AtomicValue.swift
[1319/1687] Compiling Atomics AtomicInteger.swift
[1320/1687] Compiling Atomics AtomicOptionalWrappable.swift
[1321/1687] Compiling Atomics AtomicReference.swift
[1322/1687] Compiling Atomics IntegerOperations.swift
[1323/1687] Compiling Atomics Unmanaged extensions.swift
[1323/1687] Compiling a_gentm.cc
[1325/1695] Compiling Algorithms RandomSample.swift
[1326/1695] Compiling Algorithms Reductions.swift
[1327/1695] Compiling Algorithms Rotate.swift
[1332/1698] Compiling Algorithms Permutations.swift
[1333/1698] Compiling Algorithms Product.swift
[1338/1698] Compiling Atomics IntegerConformances.swift
[1339/1698] Compiling Atomics PointerConformances.swift
[1340/1698] Compiling Atomics Primitives.native.swift
[1341/1698] Compiling Atomics OptionalRawRepresentable.swift
[1342/1698] Compiling Atomics RawRepresentable.swift
[1343/1698] Compiling Atomics AtomicBool.swift
[1345/1698] Compiling Algorithms Trim.swift
[1346/1698] Compiling Algorithms Unique.swift
[1347/1698] Compiling Algorithms Windows.swift
[1348/1698] Compiling CryptoBoringWrapper EllipticCurve.swift
[1349/1698] Compiling CryptoBoringWrapper RandomBytes.swift
[1350/1698] Compiling CryptoBoringWrapper CryptoKitErrors_boring.swift
[1351/1698] Compiling CryptoBoringWrapper BoringSSLAEAD.swift
[1352/1698] Emitting module CryptoBoringWrapper
[1356/1698] Emitting module Atomics
[1360/1699] Compiling CryptoBoringWrapper FiniteFieldArithmeticContext.swift
[1361/1699] Compiling CryptoBoringWrapper EllipticCurvePoint.swift
[1362/1699] Compiling CryptoBoringWrapper ArbitraryPrecisionInteger.swift
[1364/1700] Wrapping AST for Atomics for debugging
[1365/1716] Wrapping AST for CryptoBoringWrapper for debugging
[1367/1848] Compiling Crypto ASN1BitString.swift
[1368/1848] Compiling Crypto ASN1Boolean.swift
[1369/1848] Compiling Crypto ASN1Identifier.swift
[1370/1848] Compiling Crypto ASN1Integer.swift
[1371/1848] Emitting module Algorithms
[1372/1849] Wrapping AST for Algorithms for debugging
[1374/1849] Compiling Crypto ASN1Null.swift
[1375/1849] Compiling Crypto ASN1OctetString.swift
[1376/1849] Compiling Crypto ASN1Strings.swift
[1377/1849] Compiling Crypto ArraySliceBigint.swift
[1378/1849] Compiling Crypto GeneralizedTime.swift
[1379/1849] Compiling Crypto ObjectIdentifier.swift
[1380/1849] Compiling Crypto ECDSASignature.swift
[1381/1849] Compiling Crypto PEMDocument.swift
[1382/1849] Compiling Crypto PKCS8PrivateKey.swift
[1383/1857] Emitting module Crypto
[1384/1868] Compiling Crypto HPKE-Errors.swift
[1385/1868] Compiling Crypto HPKE.swift
[1386/1868] Compiling Crypto HPKE-Context.swift
[1387/1868] Compiling Crypto HPKE-KeySchedule.swift
[1388/1868] Compiling Crypto HPKE-Modes.swift
[1389/1868] Compiling Crypto Insecure.swift
[1390/1868] Compiling Crypto CryptoKitErrors.swift
[1391/1868] Compiling Crypto Digest_boring.swift
[1392/1868] Compiling Crypto Digest.swift
[1393/1868] Compiling Crypto MLKEM.swift
[1394/1868] Compiling Crypto XWing.swift
[1395/1868] Compiling Crypto ECDH_boring.swift
[1396/1868] Compiling Crypto DH.swift
[1397/1868] Compiling Crypto ECDH.swift
[1398/1868] Compiling Crypto ANSIx963.swift
[1399/1868] Compiling Crypto HKDF.swift
[1400/1868] Compiling Crypto AESWrap.swift
[1401/1868] Compiling Crypto AESWrap_boring.swift
[1402/1868] Compiling Crypto AES-GCM.swift
[1403/1868] Compiling Crypto AES-GCM_boring.swift
[1404/1868] Compiling Crypto ChaChaPoly_boring.swift
[1405/1868] Compiling Crypto ChaChaPoly.swift
[1406/1868] Compiling Crypto Cipher.swift
[1407/1868] Compiling Crypto Nonces.swift
[1408/1868] Compiling Crypto ASN1.swift
[1409/1868] Compiling Crypto ASN1Any.swift
[1423/1868] Compiling Crypto SEC1PrivateKey.swift
[1424/1868] Compiling Crypto SubjectPublicKeyInfo.swift
[1425/1868] Compiling Crypto CryptoError_boring.swift
[1426/1868] Compiling Crypto HPKE-LabeledExtract.swift
[1427/1868] Compiling Crypto HPKE-Utils.swift
[1428/1868] Compiling Crypto DHKEM.swift
[1429/1868] Compiling Crypto HPKE-KEM-Curve25519.swift
[1430/1868] Compiling Crypto HPKE-NIST-EC-KEMs.swift
[1431/1868] Compiling Crypto HPKE-KEM.swift
[1438/1868] Compiling Crypto MACFunctions.swift
[1439/1868] Compiling Crypto MessageAuthenticationCode.swift
[1440/1868] Compiling Crypto AES.swift
[1441/1868] Compiling Crypto ECDSASignature_boring.swift
[1442/1868] Compiling Crypto ECDSA_boring.swift
[1443/1868] Compiling Crypto EdDSA_boring.swift
[1444/1868] Compiling Crypto MLDSA_boring.swift
[1445/1868] Compiling Crypto MLDSA_wrapper.swift
[1446/1868] Compiling Crypto ECDSA.swift
[1447/1868] Compiling Crypto Ed25519.swift
[1448/1868] Compiling Crypto MLDSA.swift
[1449/1868] Compiling Crypto Insecure_HashFunctions.swift
[1450/1868] Compiling Crypto MLKEM_boring.swift
[1451/1868] Compiling Crypto MLKEM_wrapper.swift
[1452/1868] Compiling Crypto XWing_boring.swift
[1453/1868] Compiling Crypto KEM-Errors.swift
[1454/1868] Compiling Crypto KEM.swift
[1464/1868] Compiling NIOCore SingleStepByteToMessageDecoder.swift
[1465/1868] Compiling NIOCore SocketAddresses.swift
[1466/1868] Compiling NIOCore SocketOptionProvider.swift
[1467/1868] Compiling NIOCore SystemCallHelpers.swift
[1468/1868] Compiling NIOCore TimeAmount+Duration.swift
[1469/1868] Compiling NIOCore TypeAssistedChannelHandler.swift
[1470/1868] Compiling NIOCore UniversalBootstrapSupport.swift
[1471/1868] Compiling NIOCore Utilities.swift
[1472/1868] Compiling Crypto HMAC.swift
[1476/1868] Compiling Crypto Digests.swift
[1477/1868] Compiling Crypto HashFunctions.swift
[1478/1868] Compiling Crypto HashFunctions_SHA2.swift
[1479/1868] Compiling Crypto HashFunctions_SHA3.swift
[1480/1868] Compiling Crypto Digest_xkcp.swift
[1481/1868] Compiling Crypto HPKE-AEAD.swift
[1482/1868] Compiling Crypto HPKE-Ciphersuite.swift
[1483/1868] Compiling Crypto HPKE-KDF.swift
[1484/1868] Compiling Crypto HPKE-KexKeyDerivation.swift
[1485/1868] Compiling Crypto Signature.swift
[1486/1868] Compiling Crypto CryptoKitErrors_boring.swift
[1487/1868] Compiling Crypto Optional+withUnsafeBytes_boring.swift
[1488/1868] Compiling Crypto RNG_boring.swift
[1489/1868] Compiling Crypto SafeCompare_boring.swift
[1490/1868] Compiling Crypto Zeroization_boring.swift
[1491/1868] Compiling Crypto _CryptoModuleAnchor.swift
[1492/1868] Compiling Crypto PrettyBytes.swift
[1493/1868] Compiling Crypto SafeCompare.swift
[1494/1868] Compiling Crypto SecureBytes.swift
[1495/1868] Compiling Crypto Zeroization.swift
[1522/1869] Wrapping AST for Crypto for debugging
[1524/1931] Compiling CryptoExtras PKCS8DERRepresentation.swift
[1525/1931] Compiling CryptoExtras PKCS8PrivateKey.swift
[1526/1931] Compiling CryptoExtras RFC8410AlgorithmIdentifier.swift
[1527/1931] Compiling CryptoExtras ECToolbox_boring.swift
[1528/1931] Compiling CryptoExtras ECToolbox.swift
[1529/1931] Compiling CryptoExtras HashToField.swift
[1530/1931] Compiling CryptoExtras KDF.swift
[1531/1931] Compiling CryptoExtras PBKDF2_boring.swift
[1532/1931] Compiling CryptoExtras PBKDF2_commoncrypto.swift
[1533/1939] Compiling CryptoExtras Data+Extensions.swift
[1534/1939] Compiling CryptoExtras DigestType.swift
[1535/1939] Compiling CryptoExtras Error.swift
[1536/1939] Compiling CryptoExtras I2OSP.swift
[1537/1939] Compiling CryptoExtras IntegerEncoding.swift
[1538/1939] Compiling CryptoExtras PEMDocument.swift
[1539/1939] Compiling CryptoExtras PrettyBytes.swift
[1540/1939] Compiling CryptoExtras SubjectPublicKeyInfo.swift
[1541/1939] Compiling CryptoExtras AES_CBC.swift
[1542/1939] Compiling CryptoExtras AES_CFB.swift
[1543/1939] Compiling CryptoExtras AES_CTR.swift
[1544/1939] Compiling CryptoExtras AES_GCM_SIV.swift
[1545/1939] Compiling CryptoExtras Block Function.swift
[1546/1939] Compiling CryptoExtras AES_CBC_boring.swift
[1547/1939] Compiling CryptoExtras AES_CFB_boring.swift
[1548/1939] Compiling CryptoExtras AES_CTR_boring.swift
[1549/1939] Compiling CryptoExtras AES_GCM_SIV_boring.swift
[1550/1939] Compiling CryptoExtras ARCServer.swift
[1551/1939] Compiling CryptoExtras ChaCha20CTR_boring.swift
[1552/1939] Compiling CryptoExtras ChaCha20CTR.swift
[1553/1939] Compiling CryptoExtras BoringSSLSHA512256Context.swift
[1554/1939] Compiling CryptoExtras BoringSSLSHA512256HashFunction.swift
[1555/1939] Compiling CryptoExtras SHA512256.swift
[1556/1939] Compiling CryptoExtras SHA512256Digest.swift
[1557/1939] Compiling CryptoExtras Curve25519+PEM.swift
[1558/1939] Compiling CryptoExtras ObjectIdentifier.swift
[1559/1939] Compiling CryptoExtras CMAC.swift
[1560/1939] Compiling CryptoExtras ARC+API.swift
[1561/1939] Compiling CryptoExtras ARC.swift
[1562/1939] Compiling CryptoExtras ARCCredential.swift
[1563/1939] Compiling CryptoExtras ARCEncoding.swift
[1564/1939] Compiling CryptoExtras ARCPrecredential.swift
[1565/1939] Compiling CryptoExtras ARCPresentation.swift
[1566/1939] Compiling CryptoExtras ARCRequest.swift
[1567/1939] Compiling CryptoExtras ARCResponse.swift
[1568/1939] Emitting module CryptoExtras
[1569/1939] Compiling CryptoExtras ThreadOps.swift
[1570/1939] Compiling CryptoExtras ThreadPosix.swift
[1571/1939] Compiling CryptoExtras ThreadSpecific.swift
[1572/1939] Compiling CryptoExtras ThreadWindows.swift
[1573/1939] Compiling CryptoExtras DLEQ.swift
[1574/1939] Compiling CryptoExtras Prover.swift
[1575/1939] Compiling CryptoExtras Verifier.swift
[1576/1939] Compiling CryptoExtras ZKPToolbox.swift
[1595/1939] Compiling CryptoExtras PBKDF2.swift
[1596/1939] Compiling CryptoExtras Scrypt_boring.swift
[1597/1939] Compiling CryptoExtras Scrypt.swift
[1598/1939] Compiling CryptoExtras OPRF.swift
[1599/1939] Compiling CryptoExtras OPRFClient.swift
[1600/1939] Compiling CryptoExtras OPRFServer.swift
[1601/1939] Compiling CryptoExtras VOPRF+API.swift
[1602/1939] Compiling CryptoExtras VOPRFClient.swift
[1603/1939] Compiling CryptoExtras VOPRFServer.swift
[1604/1939] Compiling CryptoExtras BoringSSLPassphraseCallbackManager.swift
[1605/1939] Compiling CryptoExtras RSA+BlindSigning.swift
[1606/1939] Compiling CryptoExtras RSA.swift
[1607/1939] Compiling CryptoExtras RSA_boring.swift
[1608/1939] Compiling CryptoExtras Reexport.swift
[1609/1939] Compiling CryptoExtras Zeroization_boring.swift
[1610/1939] Compiling CryptoExtras BoringSSLHelpers.swift
[1611/1939] Compiling CryptoExtras CryptoKitErrors_boring.swift
[1612/1940] Wrapping AST for CryptoExtras for debugging
[1614/1942] Emitting module _CryptoExtras
[1615/1942] Compiling _CryptoExtras Exports.swift
[1616/1943] Wrapping AST for _CryptoExtras for debugging
[1618/2038] Emitting module NIOCore
[1619/2039] Wrapping AST for NIOCore for debugging
[1621/2096] Compiling NIOFoundationEssentialsCompat Codable+ByteBuffer.swift
[1622/2096] Compiling NIOEmbedded AsyncTestingChannel.swift
[1623/2096] Emitting module NIOEmbedded
[1624/2096] Compiling NIOFoundationEssentialsCompat ByteBuffer-foundation.swift
[1625/2096] Emitting module NIOFoundationEssentialsCompat
[1626/2097] Wrapping AST for NIOFoundationEssentialsCompat for debugging
[1628/2097] Compiling X509 OneOfPolicies.swift
[1629/2097] Compiling X509 PolicyBuilder.swift
[1630/2097] Compiling X509 BasicConstraintsPolicy.swift
[1631/2097] Compiling X509 DNSNames.swift
[1632/2097] Compiling X509 ExpiryPolicy.swift
[1633/2097] Compiling X509 IPConstraints.swift
[1634/2097] Compiling X509 NameConstraintsPolicy.swift
[1635/2097] Compiling X509 RFC5280Policy.swift
[1636/2097] Compiling X509 URIConstraints.swift
[1637/2097] Compiling X509 VersionPolicy.swift
[1638/2097] Compiling X509 ServerIdentityPolicy.swift
[1639/2097] Compiling X509 TrustRootLoading.swift
[1640/2097] Compiling X509 UnverifiedChain.swift
[1641/2110] Compiling NIOEmbedded AsyncTestingEventLoop.swift
[1642/2110] Compiling NIOEmbedded Embedded.swift
[1643/2111] Wrapping AST for NIOEmbedded for debugging
[1645/2111] Compiling NIOPosix HappyEyeballs.swift
[1646/2111] Compiling NIOPosix IO.swift
[1647/2111] Compiling NIOPosix IntegerBitPacking.swift
[1648/2111] Compiling NIOPosix IntegerTypes.swift
[1649/2111] Compiling NIOPosix Linux.swift
[1650/2111] Compiling NIOPosix LinuxCPUSet.swift
[1651/2111] Compiling NIOPosix LinuxUring.swift
[1652/2118] Compiling X509 OCSPExtensionID.swift
[1653/2118] Compiling X509 OCSPNonce.swift
[1654/2118] Compiling X509 OCSPPolicy.swift
[1655/2118] Compiling X509 OCSPRequest.swift
[1656/2118] Compiling X509 OCSPResponse.swift
[1657/2118] Compiling X509 OCSPResponseBytes.swift
[1658/2118] Compiling X509 OCSPResponseData.swift
[1659/2118] Compiling X509 OCSPResponseStatus.swift
[1660/2118] Compiling X509 OCSPSignature.swift
[1661/2118] Compiling X509 OCSPSingleRequest.swift
[1662/2118] Compiling X509 OCSPSingleResponse.swift
[1663/2118] Compiling X509 OCSPTBSRequest.swift
[1664/2118] Compiling X509 OCSPVersion.swift
[1672/2118] Compiling NIOPosix MultiThreadedEventLoopGroup.swift
[1673/2118] Compiling NIOPosix NIOPosixSendableMetatype.swift
[1674/2118] Compiling NIOPosix NIORandomizedDNSResolver.swift
[1675/2118] Compiling NIOPosix NIOThreadPool.swift
[1676/2118] Compiling NIOPosix NonBlockingFileIO.swift
[1677/2118] Compiling NIOPosix PendingDatagramWritesManager.swift
[1678/2118] Compiling NIOPosix SelectorKqueue.swift
[1679/2118] Compiling NIOPosix SelectorUring.swift
[1680/2118] Compiling NIOPosix SelectorWSAPoll.swift
[1681/2118] Compiling NIOPosix ServerSocket.swift
[1682/2118] Compiling NIOPosix Socket.swift
[1683/2118] Compiling NIOPosix SocketChannel.swift
[1684/2118] Compiling NIOPosix SocketProtocols.swift
[1685/2118] Compiling NIOPosix StructuredConcurrencyHelpers.swift
[1686/2118] Compiling NIOPosix System.swift
[1687/2118] Compiling NIOPosix Thread.swift
[1688/2118] Compiling NIOPosix ThreadPosix.swift
[1689/2118] Compiling NIOPosix ThreadWindows.swift
[1690/2118] Compiling NIOPosix Utilities.swift
[1691/2118] Compiling NIOPosix VsockAddress.swift
[1692/2118] Compiling NIOPosix PendingWritesManager.swift
[1693/2118] Compiling NIOPosix PipeChannel.swift
[1694/2118] Compiling NIOPosix PipePair.swift
[1695/2118] Compiling NIOPosix Pool.swift
[1696/2118] Compiling NIOPosix PosixSingletons+ConcurrencyTakeOver.swift
[1697/2118] Compiling NIOPosix PosixSingletons.swift
[1698/2118] Compiling NIOPosix RawSocketBootstrap.swift
[1699/2118] Compiling NIOPosix Resolver.swift
[1700/2118] Compiling NIOPosix Selectable.swift
[1701/2118] Compiling NIOPosix SelectableChannel.swift
[1702/2118] Compiling NIOPosix SelectableEventLoop.swift
[1703/2118] Compiling NIOPosix SelectorEpoll.swift
[1704/2118] Compiling NIOPosix SelectorGeneric.swift
[1705/2118] Compiling NIOPosix VsockChannelEvents.swift
[1706/2118] Compiling NIOPosix Windows.swift
[1707/2118] Compiling X509 LocalityName.swift
[1708/2118] Compiling X509 OrganizationName.swift
[1709/2118] Compiling X509 OrganizationalUnitName.swift
[1710/2118] Compiling X509 StateOrProvinceName.swift
[1711/2118] Compiling X509 StreetAddress.swift
[1712/2118] Compiling X509 Error.swift
[1713/2118] Compiling X509 AuthorityInformationAccess.swift
[1714/2118] Compiling X509 AuthorityKeyIdentifier.swift
[1715/2118] Compiling X509 BasicConstraints.swift
[1716/2118] Compiling X509 ExtendedKeyUsage.swift
[1717/2118] Compiling X509 ExtensionIdentifiers.swift
[1718/2118] Compiling X509 KeyUsage.swift
[1719/2118] Emitting module NIOPosix
[1748/2118] Compiling NIOPosix BaseStreamSocketChannel.swift
[1749/2118] Compiling NIOPosix Bootstrap.swift
[1750/2118] Compiling NIOPosix ControlMessage.swift
[1751/2118] Compiling NIOPosix DatagramVectorReadManager.swift
[1752/2118] Compiling NIOPosix Errors+Any.swift
[1753/2118] Compiling NIOPosix FileDescriptor.swift
[1754/2118] Compiling NIOPosix GetaddrinfoResolver.swift
[1755/2118] Compiling NIOPosix BSDSocketAPICommon.swift
[1756/2118] Compiling NIOPosix BSDSocketAPIPosix.swift
[1757/2118] Compiling NIOPosix BSDSocketAPIWindows.swift
[1758/2118] Compiling NIOPosix BaseSocket.swift
[1759/2118] Compiling NIOPosix BaseSocketChannel+AccessibleTransport.swift
[1760/2118] Compiling NIOPosix BaseSocketChannel+SocketOptionProvider.swift
[1761/2118] Compiling NIOPosix BaseSocketChannel.swift
[1776/2118] Emitting module X509
[1784/2119] Wrapping AST for NIOPosix for debugging
[1786/2121] Emitting module NIO
[1787/2121] Compiling NIO Exports.swift
[1789/2122] Compiling X509 ValidatedCertificateChain.swift
[1790/2122] Compiling X509 VerificationDiagnostic.swift
[1791/2122] Compiling X509 Verifier.swift
[1792/2122] Compiling X509 VerifierPolicy.swift
[1793/2122] Compiling X509 AlgorithmIdentifier.swift
[1794/2122] Compiling X509 ECDSASignature.swift
[1795/2122] Compiling X509 RSAPKCS1PublicKey.swift
[1796/2122] Compiling X509 SubjectPublicKeyInfo.swift
[1797/2122] Compiling X509 TBSCertificate.swift
[1798/2122] Compiling X509 Time.swift
[1799/2122] Compiling X509 TimeCalculations.swift
[1800/2122] Compiling X509 Validity.swift
[1801/2122] Compiling X509 X509SendableMetatype.swift
[1802/2146] Wrapping AST for NIO for debugging
[1804/2162] Compiling NIOFoundationCompat Exports.swift
[1805/2162] Compiling NIOTLS ApplicationProtocolNegotiationHandler.swift
[1805/2178] Wrapping AST for X509 for debugging
[1807/2229] Emitting module NIOTLS
[1808/2229] Compiling NIOTLS TLSEvents.swift
[1809/2229] Emitting module NIOFoundationCompat
[1810/2229] Compiling NIOFoundationCompat JSONSerialization+ByteBuffer.swift
[1811/2229] Compiling NIOFoundationCompat WaitSpinningRunLoop.swift
[1812/2230] Wrapping AST for NIOFoundationCompat for debugging
[1814/2230] Compiling NIOSOCKS SelectedAuthenticationMethod.swift
[1815/2230] Compiling JWTKit ECDSACurveType.swift
[1816/2230] Compiling JWTKit ECDSAError.swift
[1817/2230] Compiling NIOSOCKS SOCKSResponse.swift
[1818/2231] Compiling NIOSOCKS ClientStateMachine.swift
[1819/2231] Compiling JWTKit JWTSerializer.swift
[1820/2231] Compiling JWTKit JWTSigner.swift
[1821/2231] Compiling JWTKit JWTKeyCollection+MLDSA.swift
[1822/2231] Compiling JWTKit MLDSA.swift
[1823/2231] Compiling JWTKit MLDSA65+MLDSAKey.swift
[1824/2231] Compiling JWTKit MLDSA87+MLDSAKey.swift
[1825/2231] Compiling JWTKit MLDSAError.swift
[1826/2231] Compiling JWTKit MLDSAKey.swift
[1827/2231] Compiling JWTKit MLDSASigner.swift
[1828/2231] Compiling JWTKit SubjectClaim.swift
[1829/2231] Compiling JWTKit TenantIDClaim.swift
[1830/2231] Compiling JWTKit ECDSA.swift
[1831/2231] Compiling JWTKit ECDSACurve.swift
[1832/2240] Compiling JWTKit LocaleClaim.swift
[1833/2240] Compiling JWTKit NotBeforeClaim.swift
[1834/2240] Emitting module NIOSOCKS
[1838/2242] Compiling NIOTLS SNIHandler.swift
[1839/2242] Compiling NIOTLS NIOTypedApplicationProtocolNegotiationHandler.swift
[1840/2242] Compiling NIOTLS ProtocolNegotiationHandlerStateMachine.swift
[1842/2243] Compiling NIOSOCKS ServerStateMachine.swift
[1843/2244] Compiling JWTKit MLDSAType.swift
[1844/2244] Compiling JWTKit JWTKeyCollection+UnsecuredNone.swift
[1845/2244] Compiling JWTKit UnsecuredNoneSigner.swift
[1846/2244] Compiling JWTKit JWTKeyCollection+RSA.swift
[1847/2244] Compiling JWTKit RSA.swift
[1848/2244] Compiling JWTKit RSAError.swift
[1849/2244] Compiling JWTKit RSASigner.swift
[1850/2244] Compiling JWTKit Base64URL.swift
[1851/2244] Compiling JWTKit CryptoSigner.swift
[1851/2265] Wrapping AST for NIOTLS for debugging
[1853/2274] Wrapping AST for NIOSOCKS for debugging
[1855/2274] Compiling NIOSSL SSLErrors.swift
[1856/2274] Compiling NIOSSL SSLInit.swift
[1857/2274] Compiling NIOSSL SSLCallbacks.swift
[1858/2274] Compiling NIOSSL SSLContext.swift
[1859/2274] Compiling NIOSSL AndroidCABundle.swift
[1860/2274] Compiling NIOSSL ByteBufferBIO.swift
[1861/2274] Compiling NIOSSL CustomPrivateKey.swift
[1862/2274] Emitting module NIOHTTP1
[1863/2274] Compiling NIOSSL SSLPKCS12Bundle.swift
[1864/2274] Compiling NIOSSL SSLCertificate.swift
[1865/2274] Emitting module JWTKit
[1869/2274] Compiling NIOSSL FreeBSDCABundle.swift
[1870/2274] Compiling NIOSSL IdentityVerification.swift
[1871/2274] Compiling NIOSSL LinuxCABundle.swift
[1872/2274] Compiling NIOSSL NIOSSLClientHandler.swift
[1873/2274] Compiling NIOSSL NIOSSLHandler+Configuration.swift
[1874/2274] Compiling NIOSSL NIOSSLHandler.swift
[1875/2274] Compiling NIOSSL NIOSSLServerHandler.swift
[1876/2274] Compiling NIOSSL ObjectIdentifier.swift
[1877/2274] Compiling NIOSSL PosixPort.swift
[1884/2274] Compiling NIOSSL SSLCertificateExtensions.swift
[1885/2274] Compiling JWTKit ECDSASigningAlgorithm.swift
[1886/2274] Compiling JWTKit JWTKeyCollection+ECDSA.swift
[1887/2274] Compiling JWTKit P256+CurveType.swift
[1888/2274] Compiling JWTKit P384+CurveType.swift
[1889/2274] Compiling JWTKit P521+CurveType.swift
[1890/2274] Compiling JWTKit EdDSA.swift
[1891/2274] Compiling JWTKit EdDSACurve.swift
[1892/2274] Compiling JWTKit EdDSAError.swift
[1893/2274] Compiling JWTKit EdDSASigner.swift
[1894/2274] Compiling JWTKit JWTKeyCollection+EdDSA.swift
[1895/2274] Compiling NIOSSL SSLCertificateName.swift
[1896/2274] Compiling NIOSSL SSLConnection.swift
[1897/2274] Compiling NIOSSL SSLPrivateKey.swift
[1898/2274] Compiling NIOSSL SSLPublicKey.swift
[1899/2274] Compiling NIOSSL SecurityFrameworkCertificateVerification.swift
[1900/2274] Compiling NIOSSL String+unsafeUninitializedCapacity.swift
[1901/2274] Compiling NIOSSL SubjectAlternativeName.swift
[1902/2274] Compiling NIOSSL NIOSSLSecureBytes.swift
[1903/2274] Compiling NIOSSL RNG.swift
[1904/2274] Compiling NIOSSL SafeCompare.swift
[1905/2274] Compiling JWTKit BoolClaim.swift
[1906/2274] Compiling JWTKit ExpirationClaim.swift
[1907/2274] Compiling JWTKit GoogleHostedDomainClaim.swift
[1908/2274] Compiling JWTKit IDClaim.swift
[1909/2274] Compiling JWTKit IssuedAtClaim.swift
[1910/2274] Compiling JWTKit IssuerClaim.swift
[1911/2274] Compiling JWTKit JWTClaim.swift
[1912/2274] Compiling JWTKit JWTMultiValueClaim.swift
[1913/2274] Compiling JWTKit JWTUnixEpochClaim.swift
[1920/2288] Wrapping AST for NIOHTTP1 for debugging
[1922/2292] Emitting module NIOSSL
[1931/2296] Compiling NIOHPACK DynamicHeaderTable.swift
[1932/2296] Compiling NIOHPACK HPACKDecoder.swift
[1933/2296] Compiling NIOHPACK HPACKEncoder.swift
[1934/2296] Compiling NIOHPACK HPACKErrors.swift
[1935/2296] Compiling NIOHPACK HPACKHeader.swift
[1936/2296] Compiling JWTKit CustomizedJSONCoders.swift
[1937/2296] Compiling JWTKit Utilities.swift
[1938/2296] Compiling JWTKit AppleIdentityToken.swift
[1939/2296] Compiling JWTKit FirebaseAuthIdentityToken.swift
[1940/2296] Compiling JWTKit GoogleIdentityToken.swift
[1941/2296] Compiling JWTKit MicrosoftIdentityToken.swift
[1942/2296] Compiling JWTKit EmptyPolicy.swift
[1943/2296] Compiling JWTKit ValidationTimePayload.swift
[1944/2296] Compiling JWTKit X5CVerifier.swift
[1945/2296] Compiling NIOHTTPCompression HTTPRequestCompressor.swift
[1946/2297] Compiling NIOHPACK HeaderTables.swift
[1951/2297] Compiling NIOHTTPCompression HTTPDecompressor.swift
[1952/2297] Emitting module NIOHPACK
[1952/2298] Wrapping AST for JWTKit for debugging
[1954/2298] Compiling NIOHPACK IndexedHeaderTable.swift
[1955/2298] Compiling NIOHPACK IntegerCoding.swift
[1956/2298] Compiling NIOHPACK HuffmanTables.swift
[1957/2298] Compiling NIOHTTPCompression HTTPDecompression.swift
[1958/2298] Compiling NIOHTTPCompression HTTPCompression.swift
[1959/2298] Emitting module NIOHTTPCompression
[1960/2298] Compiling NIOHTTPCompression HTTPResponseCompressor.swift
[1961/2299] Compiling NIOHPACK HuffmanCoding.swift
[1969/2299] Compiling NIOHPACK StaticHeaderTable.swift
[1969/2299] Wrapping AST for NIOHTTPCompression for debugging
[1983/2300] Wrapping AST for NIOHPACK for debugging
[1985/2348] Compiling NIOHTTP2 HTTP2Settings.swift
[1986/2348] Compiling NIOHTTP2 HTTP2Stream.swift
[1987/2348] Compiling NIOHTTP2 HTTP2StreamChannel+OutboundStreamMultiplexer.swift
[1988/2348] Compiling NIOHTTP2 HTTP2StreamChannel.swift
[1989/2364] Wrapping AST for NIOSSL for debugging
[1991/2364] Compiling NIOHTTP2 HTTP2StreamMultiplexer.swift
[1992/2364] Compiling NIOHTTP2 HTTP2ToHTTP1Codec.swift
[1993/2364] Compiling NIOHTTP2 HTTP2UserEvents.swift
[1994/2364] Compiling NIOHTTP2 InboundEventBuffer.swift
[1995/2364] Compiling NIOHTTP2 InboundWindowManager.swift
[1996/2364] Compiling NIOHTTP2 MultiplexerAbstractChannel.swift
[1997/2364] Compiling NIOHTTP2 NIOHTTP2FrameDelegate.swift
[1998/2364] Compiling NIOHTTP2 NIOHTTP2ServerConnectionManagementHandler+StateMachine.swift
[1999/2372] Compiling NIOHTTP2 ConnectionStateMachine.swift
[2000/2372] Compiling NIOHTTP2 ConnectionStreamsState.swift
[2001/2372] Compiling NIOHTTP2 MayReceiveFrames.swift
[2002/2372] Compiling NIOHTTP2 ReceivingDataState.swift
[2003/2372] Compiling NIOHTTP2 ReceivingGoAwayState.swift
[2004/2372] Compiling NIOHTTP2 ReceivingHeadersState.swift
[2005/2372] Compiling NIOHTTP2 ReceivingPushPromiseState.swift
[2006/2372] Compiling NIOHTTP2 ReceivingRstStreamState.swift
[2007/2372] Compiling NIOHTTP2 ReceivingWindowUpdateState.swift
[2008/2372] Compiling NIOHTTP2 NIOHTTP2ServerConnectionManagementHandler.swift
[2009/2372] Compiling NIOHTTP2 StreamChannelFlowController.swift
[2010/2372] Compiling NIOHTTP2 StreamChannelList.swift
[2011/2372] Compiling NIOHTTP2 StreamMap.swift
[2012/2372] Compiling NIOHTTP2 StreamStateMachine.swift
[2013/2372] Compiling NIOHTTP2 Timer.swift
[2014/2372] Compiling NIOHTTP2 UnsafeTransfer.swift
[2015/2372] Compiling NIOHTTP2 WatermarkedFlowController.swift
[2016/2372] Compiling NIOHTTP2 MaySendFrames.swift
[2017/2372] Compiling NIOHTTP2 SendingDataState.swift
[2018/2372] Compiling NIOHTTP2 SendingGoawayState.swift
[2019/2372] Compiling NIOHTTP2 SendingHeadersState.swift
[2020/2372] Compiling NIOHTTP2 SendingPushPromiseState.swift
[2021/2372] Compiling NIOHTTP2 SendingRstStreamState.swift
[2022/2372] Compiling NIOHTTP2 SendingWindowUpdateState.swift
[2023/2372] Compiling NIOHTTP2 HTTP2SettingsState.swift
[2024/2372] Compiling NIOHTTP2 HasExtendedConnectSettings.swift
[2025/2372] Compiling NIOHTTP2 HTTP2FrameParser.swift
[2026/2372] Compiling NIOHTTP2 HTTP2PingData.swift
[2027/2372] Compiling NIOHTTP2 HTTP2PipelineHelpers.swift
[2032/2372] Compiling NIOHTTP2 HTTP2StreamDelegate.swift
[2033/2372] Compiling NIOHTTP2 HTTP2StreamID.swift
[2034/2372] Compiling NIOHTTP2 DOSHeuristics.swift
[2035/2372] Compiling NIOHTTP2 Error+Any.swift
[2036/2372] Compiling NIOHTTP2 ConcurrentStreamBuffer.swift
[2037/2372] Compiling NIOHTTP2 ControlFrameBuffer.swift
[2038/2372] Compiling NIOHTTP2 OutboundFlowControlBuffer.swift
[2039/2372] Compiling NIOHTTP2 OutboundFrameBuffer.swift
[2040/2372] Compiling NIOHTTP2 GlitchesMonitor.swift
[2041/2372] Compiling NIOHTTP2 HPACKHeaders+Validation.swift
[2042/2372] Compiling NIOHTTP2 HTTP2ChannelHandler+InboundStreamMultiplexer.swift
[2043/2372] Compiling NIOHTTP2 HTTP2ChannelHandler+InlineStreamMultiplexer.swift
[2044/2372] Compiling NIOHTTP2 HTTP2ChannelHandler.swift
[2045/2372] Compiling NIOHTTP2 HTTP2CommonInboundStreamMultiplexer.swift
[2046/2372] Compiling NIOHTTP2 HTTP2ConnectionStateChange.swift
[2047/2372] Compiling NIOHTTP2 HTTP2Error.swift
[2048/2372] Compiling NIOHTTP2 HTTP2ErrorCode.swift
[2049/2372] Compiling NIOHTTP2 HTTP2FlowControlWindow.swift
[2050/2372] Compiling NIOHTTP2 HTTP2Frame.swift
[2051/2372] Compiling NIOHTTP2 HTTP2FrameEncoder.swift
[2052/2372] Compiling NIOHTTP2 HasFlowControlWindows.swift
[2053/2372] Compiling NIOHTTP2 HasLocalSettings.swift
[2054/2372] Compiling NIOHTTP2 HasRemoteSettings.swift
[2055/2372] Compiling NIOHTTP2 LocallyQuiescingState.swift
[2056/2372] Compiling NIOHTTP2 QuiescingState.swift
[2057/2372] Compiling NIOHTTP2 RemotelyQuiescingState.swift
[2058/2372] Compiling NIOHTTP2 SendAndReceiveGoawayState.swift
[2059/2372] Compiling NIOHTTP2 StateMachineResult.swift
[2060/2372] Compiling NIOHTTP2 ContentLengthVerifier.swift
[2061/2372] Emitting module NIOHTTP2
[2062/2373] Wrapping AST for NIOHTTP2 for debugging
[2064/2437] Emitting module AsyncHTTPClient
[2065/2445] Compiling AsyncHTTPClient AnyAsyncSequence.swift
[2066/2445] Compiling AsyncHTTPClient AnyAsyncSequenceProucerDelete.swift
[2067/2445] Compiling AsyncHTTPClient AsyncLazySequence.swift
[2068/2445] Compiling AsyncHTTPClient HTTPClient+execute.swift
[2069/2445] Compiling AsyncHTTPClient HTTPClient+shutdown.swift
[2070/2445] Compiling AsyncHTTPClient HTTPClient+tracing.swift
[2071/2445] Compiling AsyncHTTPClient HTTPClientRequest+Prepared.swift
[2072/2445] Compiling AsyncHTTPClient HTTPClientRequest+auth.swift
[2073/2445] Compiling AsyncHTTPClient HTTPClientRequest.swift
[2074/2445] Compiling AsyncHTTPClient RequestValidation.swift
[2075/2445] Compiling AsyncHTTPClient SSLContextCache.swift
[2076/2445] Compiling AsyncHTTPClient Scheme.swift
[2077/2445] Compiling AsyncHTTPClient Singleton.swift
[2078/2445] Compiling AsyncHTTPClient StringConvertibleInstances.swift
[2079/2445] Compiling AsyncHTTPClient StructuredConcurrencyHelpers.swift
[2080/2445] Compiling AsyncHTTPClient TracingSupport.swift
[2081/2445] Compiling AsyncHTTPClient Utils.swift
[2082/2445] Compiling AsyncHTTPClient HTTPConnectionEvent.swift
[2083/2445] Compiling AsyncHTTPClient HTTPConnectionPool+Factory.swift
[2084/2445] Compiling AsyncHTTPClient HTTPConnectionPool+Manager.swift
[2085/2445] Compiling AsyncHTTPClient HTTPConnectionPool.swift
[2086/2445] Compiling AsyncHTTPClient HTTPExecutableRequest.swift
[2087/2445] Compiling AsyncHTTPClient HTTPRequestStateMachine+Demand.swift
[2088/2445] Compiling AsyncHTTPClient HTTPRequestStateMachine.swift
[2089/2445] Compiling AsyncHTTPClient RequestBodyLength.swift
[2090/2445] Compiling AsyncHTTPClient RequestFramingMetadata.swift
[2091/2445] Compiling AsyncHTTPClient LRUCache.swift
[2092/2445] Compiling AsyncHTTPClient NIOLoopBound+Execute.swift
[2093/2445] Compiling AsyncHTTPClient NWErrorHandler.swift
[2094/2445] Compiling AsyncHTTPClient NWWaitingHandler.swift
[2095/2445] Compiling AsyncHTTPClient TLSConfiguration.swift
[2096/2445] Compiling AsyncHTTPClient RedirectState.swift
[2097/2445] Compiling AsyncHTTPClient RequestBag+StateMachine.swift
[2098/2445] Compiling AsyncHTTPClient RequestBag+Tracing.swift
[2099/2445] Compiling AsyncHTTPClient RequestBag.swift
[2100/2445] Compiling AsyncHTTPClient RequestOptions.swift
[2101/2445] Compiling AsyncHTTPClient HTTPConnectionPool+Backoff.swift
[2102/2445] Compiling AsyncHTTPClient HTTPConnectionPool+HTTP1Connections.swift
[2103/2445] Compiling AsyncHTTPClient HTTPConnectionPool+HTTP1StateMachine.swift
[2104/2445] Compiling AsyncHTTPClient HTTPConnectionPool+HTTP2Connections.swift
[2105/2445] Compiling AsyncHTTPClient HTTPConnectionPool+HTTP2StateMachine.swift
[2106/2445] Compiling AsyncHTTPClient HTTPConnectionPool+RequestQueue.swift
[2107/2445] Compiling AsyncHTTPClient HTTPConnectionPool+StateMachine.swift
[2108/2445] Compiling AsyncHTTPClient ConnectionTarget.swift
[2109/2445] Compiling AsyncHTTPClient HTTP1ProxyConnectHandler.swift
[2110/2445] Compiling AsyncHTTPClient SOCKSEventsHandler.swift
[2111/2445] Compiling AsyncHTTPClient TLSEventsHandler.swift
[2112/2445] Compiling AsyncHTTPClient HTTP1ClientChannelHandler.swift
[2113/2445] Compiling AsyncHTTPClient HTTP1Connection.swift
[2114/2445] Compiling AsyncHTTPClient HTTP1ConnectionStateMachine.swift
[2115/2445] Compiling AsyncHTTPClient HTTP2ClientRequestHandler.swift
[2116/2445] Compiling AsyncHTTPClient HTTP2Connection.swift
[2117/2445] Compiling AsyncHTTPClient HTTP2IdleHandler.swift
[2118/2445] Compiling AsyncHTTPClient HTTPClientResponse.swift
[2119/2445] Compiling AsyncHTTPClient SingleIteratorPrecondition.swift
[2120/2445] Compiling AsyncHTTPClient Transaction+StateMachine.swift
[2121/2445] Compiling AsyncHTTPClient Transaction.swift
[2122/2445] Compiling AsyncHTTPClient Base64.swift
[2123/2445] Compiling AsyncHTTPClient BasicAuth.swift
[2124/2445] Compiling AsyncHTTPClient BestEffortHashableTLSConfiguration.swift
[2125/2445] Compiling AsyncHTTPClient Configuration+BrowserLike.swift
[2126/2445] Compiling AsyncHTTPClient ConnectionPool.swift
[2127/2445] Compiling AsyncHTTPClient DeconstructedURL.swift
[2128/2445] Compiling AsyncHTTPClient FileDownloadDelegate.swift
[2129/2445] Compiling AsyncHTTPClient FoundationExtensions.swift
[2130/2445] Compiling AsyncHTTPClient HTTPClient+HTTPCookie.swift
[2131/2445] Compiling AsyncHTTPClient HTTPClient+Proxy.swift
[2132/2445] Compiling AsyncHTTPClient HTTPClient+StructuredConcurrency.swift
[2133/2445] Compiling AsyncHTTPClient HTTPClient.swift
[2134/2445] Compiling AsyncHTTPClient HTTPClientConfiguration+SwiftConfiguration.swift
[2135/2445] Compiling AsyncHTTPClient HTTPHandler.swift
[2136/2454] Wrapping AST for AsyncHTTPClient for debugging
[2138/2469] Compiling GoogleAuth ServiceAccountCredentials.swift
[2139/2469] Compiling GoogleAuth ServiceAccountData.swift
[2140/2469] Compiling GoogleAuth ServiceAccountTokenProvider.swift
[2141/2469] Compiling GoogleAuth AnonymousCredentials.swift
[2142/2469] Compiling GoogleAuth ApiKeyCredentials.swift
[2143/2469] Compiling GoogleAuth ExternalAccountCredentials.swift
[2144/2472] Compiling GoogleAuth UserAccountData.swift
[2145/2472] Compiling GoogleAuth UserAccountTokenProvider.swift
[2146/2472] Compiling GoogleAuth UserCredentials.swift
[2147/2472] Compiling GoogleAuth SubjectTokenProvider.swift
[2148/2472] Compiling GoogleAuth MDSAccessTokenProvider.swift
[2149/2472] Compiling GoogleAuth MDSCredentials.swift
[2150/2472] Compiling GoogleAuth CredentialParserRegistry.swift
[2151/2472] Compiling GoogleAuth Credentials.swift
[2152/2472] Compiling GoogleAuth CredentialsError.swift
[2153/2472] Compiling GoogleAuth AuthHTTPClient.swift
[2154/2472] Compiling GoogleAuth AuthHTTPError.swift
[2155/2472] Compiling GoogleAuth RetryEngine.swift
[2156/2472] Emitting module GoogleAuth
[2157/2472] Compiling GoogleAuth ADC.swift
[2158/2472] Compiling GoogleAuth ADCPath.swift
[2159/2472] Compiling GoogleAuth ADCResolver.swift
[2160/2472] Compiling GoogleAuth AuthHeaders.swift
[2161/2472] Compiling GoogleAuth STSHandler.swift
[2162/2472] Compiling GoogleAuth TokenCache.swift
[2163/2472] Compiling GoogleAuth PackageVersion.swift
[2164/2473] Wrapping AST for GoogleAuth for debugging
[2166/2531] Compiling GoogleGax Pagination.swift
/host/spi-builder-workspace/.build/checkouts/swift-google-gax/Sources/GoogleGax/Pagination.swift:44:22: error: cannot convert '@Sendable (String) async throws -> (response: ResponseType, items: [Item], nextToken: String)' to 'nonisolated(nonsending) @Sendable (String) async throws -> (response: ResponseType, items: [Item], nextToken: String)' because crossing of an isolation boundary requires parameter and result types to conform to 'Sendable' protocol
42 | ) where ResponseType: _PaginatedResponse<Item> {
43 | self.initialPageToken = initialPageToken ?? ""
44 | self.fetchPage = { token in
| |- error: cannot convert '@Sendable (String) async throws -> (response: ResponseType, items: [Item], nextToken: String)' to 'nonisolated(nonsending) @Sendable (String) async throws -> (response: ResponseType, items: [Item], nextToken: String)' because crossing of an isolation boundary requires parameter and result types to conform to 'Sendable' protocol
| `- note: type 'Item' does not conform to 'Sendable' protocol
45 | let response = try await listRpc(token)
46 | return (response, response._getPaginatedItems(), response._nextPageToken())
[2167/2531] Compiling GoogleGax PollingBackoffPolicy.swift
/host/spi-builder-workspace/.build/checkouts/swift-google-gax/Sources/GoogleGax/Pagination.swift:44:22: error: cannot convert '@Sendable (String) async throws -> (response: ResponseType, items: [Item], nextToken: String)' to 'nonisolated(nonsending) @Sendable (String) async throws -> (response: ResponseType, items: [Item], nextToken: String)' because crossing of an isolation boundary requires parameter and result types to conform to 'Sendable' protocol
42 | ) where ResponseType: _PaginatedResponse<Item> {
43 | self.initialPageToken = initialPageToken ?? ""
44 | self.fetchPage = { token in
| |- error: cannot convert '@Sendable (String) async throws -> (response: ResponseType, items: [Item], nextToken: String)' to 'nonisolated(nonsending) @Sendable (String) async throws -> (response: ResponseType, items: [Item], nextToken: String)' because crossing of an isolation boundary requires parameter and result types to conform to 'Sendable' protocol
| `- note: type 'Item' does not conform to 'Sendable' protocol
45 | let response = try await listRpc(token)
46 | return (response, response._getPaginatedItems(), response._nextPageToken())
[2168/2531] Compiling GoogleGax PollingErrorPolicy.swift
/host/spi-builder-workspace/.build/checkouts/swift-google-gax/Sources/GoogleGax/Pagination.swift:44:22: error: cannot convert '@Sendable (String) async throws -> (response: ResponseType, items: [Item], nextToken: String)' to 'nonisolated(nonsending) @Sendable (String) async throws -> (response: ResponseType, items: [Item], nextToken: String)' because crossing of an isolation boundary requires parameter and result types to conform to 'Sendable' protocol
42 | ) where ResponseType: _PaginatedResponse<Item> {
43 | self.initialPageToken = initialPageToken ?? ""
44 | self.fetchPage = { token in
| |- error: cannot convert '@Sendable (String) async throws -> (response: ResponseType, items: [Item], nextToken: String)' to 'nonisolated(nonsending) @Sendable (String) async throws -> (response: ResponseType, items: [Item], nextToken: String)' because crossing of an isolation boundary requires parameter and result types to conform to 'Sendable' protocol
| `- note: type 'Item' does not conform to 'Sendable' protocol
45 | let response = try await listRpc(token)
46 | return (response, response._getPaginatedItems(), response._nextPageToken())
[2169/2531] Compiling GoogleGax PollingResult.swift
/host/spi-builder-workspace/.build/checkouts/swift-google-gax/Sources/GoogleGax/Pagination.swift:44:22: error: cannot convert '@Sendable (String) async throws -> (response: ResponseType, items: [Item], nextToken: String)' to 'nonisolated(nonsending) @Sendable (String) async throws -> (response: ResponseType, items: [Item], nextToken: String)' because crossing of an isolation boundary requires parameter and result types to conform to 'Sendable' protocol
42 | ) where ResponseType: _PaginatedResponse<Item> {
43 | self.initialPageToken = initialPageToken ?? ""
44 | self.fetchPage = { token in
| |- error: cannot convert '@Sendable (String) async throws -> (response: ResponseType, items: [Item], nextToken: String)' to 'nonisolated(nonsending) @Sendable (String) async throws -> (response: ResponseType, items: [Item], nextToken: String)' because crossing of an isolation boundary requires parameter and result types to conform to 'Sendable' protocol
| `- note: type 'Item' does not conform to 'Sendable' protocol
45 | let response = try await listRpc(token)
46 | return (response, response._getPaginatedItems(), response._nextPageToken())
[2170/2531] Compiling GoogleGax PollingState.swift
/host/spi-builder-workspace/.build/checkouts/swift-google-gax/Sources/GoogleGax/Pagination.swift:44:22: error: cannot convert '@Sendable (String) async throws -> (response: ResponseType, items: [Item], nextToken: String)' to 'nonisolated(nonsending) @Sendable (String) async throws -> (response: ResponseType, items: [Item], nextToken: String)' because crossing of an isolation boundary requires parameter and result types to conform to 'Sendable' protocol
42 | ) where ResponseType: _PaginatedResponse<Item> {
43 | self.initialPageToken = initialPageToken ?? ""
44 | self.fetchPage = { token in
| |- error: cannot convert '@Sendable (String) async throws -> (response: ResponseType, items: [Item], nextToken: String)' to 'nonisolated(nonsending) @Sendable (String) async throws -> (response: ResponseType, items: [Item], nextToken: String)' because crossing of an isolation boundary requires parameter and result types to conform to 'Sendable' protocol
| `- note: type 'Item' does not conform to 'Sendable' protocol
45 | let response = try await listRpc(token)
46 | return (response, response._getPaginatedItems(), response._nextPageToken())
[2171/2531] Compiling GoogleGax ProtobufConversionError.swift
/host/spi-builder-workspace/.build/checkouts/swift-google-gax/Sources/GoogleGax/Pagination.swift:44:22: error: cannot convert '@Sendable (String) async throws -> (response: ResponseType, items: [Item], nextToken: String)' to 'nonisolated(nonsending) @Sendable (String) async throws -> (response: ResponseType, items: [Item], nextToken: String)' because crossing of an isolation boundary requires parameter and result types to conform to 'Sendable' protocol
42 | ) where ResponseType: _PaginatedResponse<Item> {
43 | self.initialPageToken = initialPageToken ?? ""
44 | self.fetchPage = { token in
| |- error: cannot convert '@Sendable (String) async throws -> (response: ResponseType, items: [Item], nextToken: String)' to 'nonisolated(nonsending) @Sendable (String) async throws -> (response: ResponseType, items: [Item], nextToken: String)' because crossing of an isolation boundary requires parameter and result types to conform to 'Sendable' protocol
| `- note: type 'Item' does not conform to 'Sendable' protocol
45 | let response = try await listRpc(token)
46 | return (response, response._getPaginatedItems(), response._nextPageToken())
[2172/2531] Compiling GoogleGax QueryParameter.swift
/host/spi-builder-workspace/.build/checkouts/swift-google-gax/Sources/GoogleGax/Pagination.swift:44:22: error: cannot convert '@Sendable (String) async throws -> (response: ResponseType, items: [Item], nextToken: String)' to 'nonisolated(nonsending) @Sendable (String) async throws -> (response: ResponseType, items: [Item], nextToken: String)' because crossing of an isolation boundary requires parameter and result types to conform to 'Sendable' protocol
42 | ) where ResponseType: _PaginatedResponse<Item> {
43 | self.initialPageToken = initialPageToken ?? ""
44 | self.fetchPage = { token in
| |- error: cannot convert '@Sendable (String) async throws -> (response: ResponseType, items: [Item], nextToken: String)' to 'nonisolated(nonsending) @Sendable (String) async throws -> (response: ResponseType, items: [Item], nextToken: String)' because crossing of an isolation boundary requires parameter and result types to conform to 'Sendable' protocol
| `- note: type 'Item' does not conform to 'Sendable' protocol
45 | let response = try await listRpc(token)
46 | return (response, response._getPaginatedItems(), response._nextPageToken())
[2173/2531] Compiling GoogleGax RequestError.swift
/host/spi-builder-workspace/.build/checkouts/swift-google-gax/Sources/GoogleGax/Pagination.swift:44:22: error: cannot convert '@Sendable (String) async throws -> (response: ResponseType, items: [Item], nextToken: String)' to 'nonisolated(nonsending) @Sendable (String) async throws -> (response: ResponseType, items: [Item], nextToken: String)' because crossing of an isolation boundary requires parameter and result types to conform to 'Sendable' protocol
42 | ) where ResponseType: _PaginatedResponse<Item> {
43 | self.initialPageToken = initialPageToken ?? ""
44 | self.fetchPage = { token in
| |- error: cannot convert '@Sendable (String) async throws -> (response: ResponseType, items: [Item], nextToken: String)' to 'nonisolated(nonsending) @Sendable (String) async throws -> (response: ResponseType, items: [Item], nextToken: String)' because crossing of an isolation boundary requires parameter and result types to conform to 'Sendable' protocol
| `- note: type 'Item' does not conform to 'Sendable' protocol
45 | let response = try await listRpc(token)
46 | return (response, response._getPaginatedItems(), response._nextPageToken())
[2174/2531] Compiling GoogleGax RequestOptions.swift
[2175/2531] Compiling GoogleGax RetryLoop.swift
[2176/2531] Compiling GoogleGax RetryPolicy.swift
[2177/2531] Compiling GoogleGax RetryResult.swift
[2178/2531] Compiling GoogleGax RetryState.swift
[2179/2531] Compiling GoogleGax RetryThrottler.swift
[2180/2531] Compiling GoogleGax RetryThrottlerError.swift
[2181/2531] Compiling GoogleGax RoutingMatcher.swift
[2182/2539] Compiling GoogleGax AIP194+PollingErrorPolicy.swift
[2183/2539] Compiling GoogleGax AIP194+RetryPolicy.swift
[2184/2539] Compiling GoogleGax AIP194.swift
[2185/2539] Compiling GoogleGax AdaptiveThrottler.swift
[2186/2539] Compiling GoogleGax AlwaysPoll.swift
[2187/2539] Compiling GoogleGax AlwaysRetry.swift
[2188/2539] Compiling GoogleGax ApiClientHeader.swift
[2189/2539] Compiling GoogleGax BackoffPolicy.swift
[2190/2539] Compiling GoogleGax BasePollingErrorPolicy.swift
[2191/2539] Emitting module GoogleGax
[2192/2539] Compiling GoogleGax LimitedAttemptCount+PollingErrorPolicy.swift
[2193/2539] Compiling GoogleGax LimitedAttemptCount+RetryPolicy.swift
[2194/2539] Compiling GoogleGax LimitedAttemptCount.swift
[2195/2539] Compiling GoogleGax LimitedElapsedTime+PollingErrorPolicy.swift
[2196/2539] Compiling GoogleGax LimitedElapsedTime+RetryPolicy.swift
[2197/2539] Compiling GoogleGax LimitedElapsedTime.swift
[2198/2539] Compiling GoogleGax LongRunningOperations.swift
[2199/2539] Compiling GoogleGax NeverRetry.swift
[2200/2539] Compiling GoogleGax BaseRetryPolicy.swift
[2201/2539] Compiling GoogleGax BindingError.swift
[2202/2539] Compiling GoogleGax CRC32C.swift
[2203/2539] Compiling GoogleGax CircuitBreaker.swift
[2204/2539] Compiling GoogleGax ClientError.swift
[2205/2539] Compiling GoogleGax ClientOptions.swift
[2206/2539] Compiling GoogleGax ContinueOnIO+PollingErrorPolicy.swift
[2207/2539] Compiling GoogleGax ContinueOnIO+RetryPolicy.swift
[2208/2539] Compiling GoogleGax ContinueOnIO.swift
[2209/2539] Compiling GoogleGax CredentialsProtocol.swift
[2210/2539] Compiling GoogleGax ErrorWrapper.swift
[2211/2539] Compiling GoogleGax ExponentialBackoff+BackoffPolicy.swift
[2212/2539] Compiling GoogleGax ExponentialBackoff+PollingBackoffPolicy.swift
[2213/2539] Compiling GoogleGax ExponentialBackoff.swift
[2214/2539] Compiling GoogleGax HTTPClient.swift
[2215/2539] Compiling GoogleGax HTTPClientHolder.swift
[2216/2539] Compiling GoogleGax HTTPClientProtocol.swift
[2217/2539] Compiling GoogleGax HTTPClientRequest.swift
[2218/2539] Compiling GoogleGax HTTPClientResponse.swift
[2219/2539] Compiling GoogleGax HTTPHeaders.swift
[2220/2539] Compiling GoogleGax HTTPResponseBody.swift
[2221/2539] Compiling GoogleGax HeaderNames.swift
[2222/2539] Compiling GoogleGax Host.swift
[2223/2539] Compiling GoogleGax InProgressResult.swift
[2224/2539] Compiling GoogleGax ServiceError.swift
[2225/2539] Compiling GoogleGax StatusDetail.swift
[2226/2539] Compiling GoogleGax StrictIdempotency.swift
[2227/2539] Compiling GoogleGax ThrottleResult.swift
[2228/2539] Compiling GoogleGax TooManyRequests+PollingErrorPolicy.swift
[2229/2539] Compiling GoogleGax TooManyRequests+RetryPolicy.swift
[2230/2539] Compiling GoogleGax TooManyRequests.swift
[2231/2539] Compiling GoogleGax PackageVersion.swift
BUILD FAILURE 6.2 android