The Swift Package Index logo.Swift Package Index

Build Information

Failed to build SwiftIP, reference v2.2.2 (6c788e), with Swift 6.4 for Wasm on 20 Sep 2026 06:23:27 UTC.

Build Command

bash -c docker run --pull=always --rm -v "checkouts-53886770-0":/host -w "$PWD" -e JAVA_HOME="/root/.sdkman/candidates/java/current" -e SPI_BUILD="1" -e SPI_PROCESSING="1" registry.gitlab.com/saguaro1/spi-images:wasm-6.4-latest swift build --swift-sdk swift-6.4.x-DEVELOPMENT-SNAPSHOT-2026-09-04-a_wasm 2>&1

Build Log

========================================
RunAll
========================================
Builder version: 5.1.0
Interrupt handler set up.
========================================
Checkout
========================================
Clone URL: https://github.com/Samasaur1/SwiftIP.git
Reference: v2.2.2
Initialized empty Git repository in /host/spi-builder-workspace/.git/
hint: Using 'master' as the name for the initial branch. This default branch name
hint: is subject to change. To configure the initial branch name to use in all
hint: of your new repositories, which will suppress this warning, call:
hint:
hint: 	git config --global init.defaultBranch <name>
hint:
hint: Names commonly chosen instead of 'master' are 'main', 'trunk' and
hint: 'development'. The just-created branch can be renamed via this command:
hint:
hint: 	git branch -m <name>
From https://github.com/Samasaur1/SwiftIP
 * tag               v2.2.2     -> FETCH_HEAD
HEAD is now at 6c788e2 Bump version in .jazzy.yaml
Cloned https://github.com/Samasaur1/SwiftIP.git
Revision (git rev-parse @):
6c788e2d34ad93f786abaf4fbb69662a9e045276
SUCCESS checkout https://github.com/Samasaur1/SwiftIP.git at v2.2.2
========================================
Build
========================================
Selected platform:         wasm
Swift version:             6.4
Building package at path:  $PWD
https://github.com/Samasaur1/SwiftIP.git
Running build ...
bash -c docker run --pull=always --rm -v "checkouts-53886770-0":/host -w "$PWD" -e JAVA_HOME="/root/.sdkman/candidates/java/current" -e SPI_BUILD="1" -e SPI_PROCESSING="1" registry.gitlab.com/saguaro1/spi-images:wasm-6.4-latest swift build --swift-sdk swift-6.4.x-DEVELOPMENT-SNAPSHOT-2026-09-04-a_wasm 2>&1
wasm-6.4-latest: Pulling from saguaro1/spi-images
Digest: sha256:4328fdb43c680d205c1d6761b1e3267aa38277eefdda9ddfb17b6a0f1a77857a
Status: Image is up to date for registry.gitlab.com/saguaro1/spi-images:wasm-6.4-latest
Building for debugging...
[Planning deferred tasks]
[20 / 28] SwiftIP
error: SwiftCompile normal wasm32 /host/spi-builder-workspace/Sources/SwiftIP/SwiftIP.swift failed with a nonzero exit code. Command line:     cd /host
    builtin-SwiftPerFileCompile SwiftIP.swift
/host/spi-builder-workspace/Sources/SwiftIP/SwiftIP.swift:39:25: error: cannot find 'DispatchSemaphore' in scope
 37 |     /// - Returns: The device's public IP address.
 38 |     public class func `public`(_ version: Version = .IPv4) -> String? {
 39 |         let semaphore = DispatchSemaphore(value: 0)
    |                         `- error: cannot find 'DispatchSemaphore' in scope
 40 |         let url = URL(string: "https://\(version.rawValue).icanhazip.com")!//i can haz ip
 41 |         let request = URLRequest(url: url)
/host/spi-builder-workspace/Sources/SwiftIP/SwiftIP.swift:41:23: error: cannot find 'URLRequest' in scope
 39 |         let semaphore = DispatchSemaphore(value: 0)
 40 |         let url = URL(string: "https://\(version.rawValue).icanhazip.com")!//i can haz ip
 41 |         let request = URLRequest(url: url)
    |                       `- error: cannot find 'URLRequest' in scope
 42 |         let config = URLSessionConfiguration.default
 43 |         let session = URLSession(configuration: config)
/host/spi-builder-workspace/Sources/SwiftIP/SwiftIP.swift:42:46: error: type 'URLSessionConfiguration' (aka 'AnyObject') has no member 'default'
 40 |         let url = URL(string: "https://\(version.rawValue).icanhazip.com")!//i can haz ip
 41 |         let request = URLRequest(url: url)
 42 |         let config = URLSessionConfiguration.default
    |                                              `- error: type 'URLSessionConfiguration' (aka 'AnyObject') has no member 'default'
 43 |         let session = URLSession(configuration: config)
 44 |
/host/spi-builder-workspace/Sources/SwiftIP/SwiftIP.swift:43:23: error: 'URLSession' (aka 'AnyObject') cannot be constructed because it has no accessible initializers
 41 |         let request = URLRequest(url: url)
 42 |         let config = URLSessionConfiguration.default
 43 |         let session = URLSession(configuration: config)
    |                       `- error: 'URLSession' (aka 'AnyObject') cannot be constructed because it has no accessible initializers
 44 |
 45 |         var ip: String? = nil
/host/spi-builder-workspace/Sources/SwiftIP/SwiftIP.swift:55:38: error: cannot call value of non-function type 'ContinuousClock.Instant'
 53 |
 54 |         task.resume()
 55 |         _ = semaphore.wait(timeout: .now() + .seconds(5))
    |                                      `- error: cannot call value of non-function type 'ContinuousClock.Instant'
 56 |         return ip
 57 |     }
/host/spi-builder-workspace/Sources/SwiftIP/SwiftIP.swift:84:30: error: cannot find 'IFF_UP' in scope
 82 |
 83 |                 // Check for running IPv4, IPv6 interfaces. Skip the loopback interface.
 84 |                 if (flags & (IFF_UP|IFF_RUNNING|IFF_LOOPBACK)) == (IFF_UP|IFF_RUNNING) {
    |                              `- error: cannot find 'IFF_UP' in scope
 85 |                     if addr.sa_family == UInt8(version == .IPv4 ? AF_INET : AF_INET6) {
 86 |
/host/spi-builder-workspace/Sources/SwiftIP/SwiftIP.swift:84:37: error: cannot find 'IFF_RUNNING' in scope
 82 |
 83 |                 // Check for running IPv4, IPv6 interfaces. Skip the loopback interface.
 84 |                 if (flags & (IFF_UP|IFF_RUNNING|IFF_LOOPBACK)) == (IFF_UP|IFF_RUNNING) {
    |                                     `- error: cannot find 'IFF_RUNNING' in scope
 85 |                     if addr.sa_family == UInt8(version == .IPv4 ? AF_INET : AF_INET6) {
 86 |
/host/spi-builder-workspace/Sources/SwiftIP/SwiftIP.swift:84:49: error: cannot find 'IFF_LOOPBACK' in scope
 82 |
 83 |                 // Check for running IPv4, IPv6 interfaces. Skip the loopback interface.
 84 |                 if (flags & (IFF_UP|IFF_RUNNING|IFF_LOOPBACK)) == (IFF_UP|IFF_RUNNING) {
    |                                                 `- error: cannot find 'IFF_LOOPBACK' in scope
 85 |                     if addr.sa_family == UInt8(version == .IPv4 ? AF_INET : AF_INET6) {
 86 |
/host/spi-builder-workspace/Sources/SwiftIP/SwiftIP.swift:84:68: error: cannot find 'IFF_UP' in scope
 82 |
 83 |                 // Check for running IPv4, IPv6 interfaces. Skip the loopback interface.
 84 |                 if (flags & (IFF_UP|IFF_RUNNING|IFF_LOOPBACK)) == (IFF_UP|IFF_RUNNING) {
    |                                                                    `- error: cannot find 'IFF_UP' in scope
 85 |                     if addr.sa_family == UInt8(version == .IPv4 ? AF_INET : AF_INET6) {
 86 |
/host/spi-builder-workspace/Sources/SwiftIP/SwiftIP.swift:84:75: error: cannot find 'IFF_RUNNING' in scope
 82 |
 83 |                 // Check for running IPv4, IPv6 interfaces. Skip the loopback interface.
 84 |                 if (flags & (IFF_UP|IFF_RUNNING|IFF_LOOPBACK)) == (IFF_UP|IFF_RUNNING) {
    |                                                                           `- error: cannot find 'IFF_RUNNING' in scope
 85 |                     if addr.sa_family == UInt8(version == .IPv4 ? AF_INET : AF_INET6) {
 86 |
/host/spi-builder-workspace/Sources/SwiftIP/SwiftIP.swift:88:73: error: cannot find 'NI_MAXHOST' in scope
 86 |
 87 |                         // Convert interface address to a human readable string:
 88 |                         var hostname = [CChar](repeating: 0, count: Int(NI_MAXHOST))
    |                                                                         `- error: cannot find 'NI_MAXHOST' in scope
 89 |                         if (getnameinfo(&addr, socklen_t(addr.sa_len), &hostname, socklen_t(hostname.count),
 90 |                                         nil, socklen_t(0), NI_NUMERICHOST) == 0) {
/host/spi-builder-workspace/Sources/SwiftIP/SwiftIP.swift:89:29: error: cannot find 'getnameinfo' in scope
 87 |                         // Convert interface address to a human readable string:
 88 |                         var hostname = [CChar](repeating: 0, count: Int(NI_MAXHOST))
 89 |                         if (getnameinfo(&addr, socklen_t(addr.sa_len), &hostname, socklen_t(hostname.count),
    |                             `- error: cannot find 'getnameinfo' in scope
 90 |                                         nil, socklen_t(0), NI_NUMERICHOST) == 0) {
 91 |                             //                        if let address = String(cString: hostname) {
/host/spi-builder-workspace/Sources/SwiftIP/SwiftIP.swift:90:60: error: cannot find 'NI_NUMERICHOST' in scope
 88 |                         var hostname = [CChar](repeating: 0, count: Int(NI_MAXHOST))
 89 |                         if (getnameinfo(&addr, socklen_t(addr.sa_len), &hostname, socklen_t(hostname.count),
 90 |                                         nil, socklen_t(0), NI_NUMERICHOST) == 0) {
    |                                                            `- error: cannot find 'NI_NUMERICHOST' in scope
 91 |                             //                        if let address = String(cString: hostname) {
 92 |                             //                            addresses.append(address)
Failed frontend command:
/usr/bin/swift-frontend -frontend -c -primary-file /host/spi-builder-workspace/Sources/SwiftIP/SwiftIP.swift -emit-dependencies-path /host/spi-builder-workspace/.build/out/Intermediates.noindex/SwiftIP.build/Debug-webassembly-wasm32/SwiftIP-t.build/Objects-normal/wasm32/SwiftIP.d -emit-const-values-path /host/spi-builder-workspace/.build/out/Intermediates.noindex/SwiftIP.build/Debug-webassembly-wasm32/SwiftIP-t.build/Objects-normal/wasm32/SwiftIP.swiftconstvalues -emit-reference-dependencies-path /host/spi-builder-workspace/.build/out/Intermediates.noindex/SwiftIP.build/Debug-webassembly-wasm32/SwiftIP-t.build/Objects-normal/wasm32/SwiftIP.swiftdeps -serialize-diagnostics-path /host/spi-builder-workspace/.build/out/Intermediates.noindex/SwiftIP.build/Debug-webassembly-wasm32/SwiftIP-t.build/Objects-normal/wasm32/SwiftIP.dia -target wasm32-unknown-wasip1 -disable-objc-interop -sdk /root/.swiftpm/swift-sdks/swift-6.4.x-DEVELOPMENT-SNAPSHOT-2026-09-04-a_wasm.artifactbundle/swift-6.4.x-DEVELOPMENT-SNAPSHOT-2026-09-04-a_wasm/wasm32-unknown-wasip1/WASI.sdk -sysroot /root/.swiftpm/swift-sdks/swift-6.4.x-DEVELOPMENT-SNAPSHOT-2026-09-04-a_wasm.artifactbundle/swift-6.4.x-DEVELOPMENT-SNAPSHOT-2026-09-04-a_wasm/wasm32-unknown-wasip1/WASI.sdk -I /host/spi-builder-workspace/.build/out/Products/Debug-webassembly-wasm32 -module-cache-path /host/spi-builder-workspace/.build/out/ModuleCache.noindex -color-diagnostics -Xcc -fcolor-diagnostics -enable-testing -g -debug-info-format\=dwarf -dwarf-version\=4 -swift-version 4.2 -Onone -D SWIFT_PACKAGE -D DEBUG -D SWIFT_MODULE_RESOURCE_BUNDLE_UNAVAILABLE -D Xcode -serialize-debugging-options -enable-experimental-feature DebugDescriptionMacro -empty-abi-descriptor -external-plugin-path /usr/lib/swift/host/plugins/testing\#/usr/bin/swift-plugin-server -validate-clang-modules-once -clang-build-session-file /host/spi-builder-workspace/.build/out/ModuleCache.noindex/Session.modulevalidation -Xcc -working-directory -Xcc /host -resource-dir /root/.swiftpm/swift-sdks/swift-6.4.x-DEVELOPMENT-SNAPSHOT-2026-09-04-a_wasm.artifactbundle/swift-6.4.x-DEVELOPMENT-SNAPSHOT-2026-09-04-a_wasm/wasm32-unknown-wasip1/swift.xctoolchain/usr/lib/swift_static -use-static-resource-dir -enable-anonymous-context-mangled-names -file-compilation-dir /host -Xcc -resource-dir -Xcc /root/.swiftpm/swift-sdks/swift-6.4.x-DEVELOPMENT-SNAPSHOT-2026-09-04-a_wasm.artifactbundle/swift-6.4.x-DEVELOPMENT-SNAPSHOT-2026-09-04-a_wasm/wasm32-unknown-wasip1/swift.xctoolchain/usr/lib/swift_static/clang -Xcc -D_LIBCPP_HARDENING_MODE\=_LIBCPP_HARDENING_MODE_DEBUG -Xcc -fmodules-prune-interval\=86400 -Xcc -fmodules-prune-after\=345600 -Xcc -I/host/spi-builder-workspace/.build/out/Products/Debug-webassembly-wasm32/include -Xcc -I/host/spi-builder-workspace/.build/out/Intermediates.noindex/SwiftIP.build/Debug-webassembly-wasm32/SwiftIP-t.build/DerivedSources-normal/wasm32 -Xcc -I/host/spi-builder-workspace/.build/out/Intermediates.noindex/SwiftIP.build/Debug-webassembly-wasm32/SwiftIP-t.build/DerivedSources/wasm32 -Xcc -I/host/spi-builder-workspace/.build/out/Intermediates.noindex/SwiftIP.build/Debug-webassembly-wasm32/SwiftIP-t.build/DerivedSources -Xcc -DSWIFT_PACKAGE -Xcc -DDEBUG\=1 -no-auto-bridging-header-chaining -module-name SwiftIP -const-gather-protocols-file /host/spi-builder-workspace/.build/out/Intermediates.noindex/SwiftIP.build/Debug-webassembly-wasm32/SwiftIP-t.build/Objects-normal/wasm32/SwiftIP_const_extract_protocols.json -in-process-plugin-server-path /usr/lib/swift/host/libSwiftInProcPluginServer.so -plugin-path /usr/lib/swift/host/plugins -plugin-path /usr/local/lib/swift/host/plugins -parse-as-library -o /host/spi-builder-workspace/.build/out/Intermediates.noindex/SwiftIP.build/Debug-webassembly-wasm32/SwiftIP-t.build/Objects-normal/wasm32/SwiftIP.o -index-unit-output-path /SwiftIP.build/Debug-webassembly-wasm32/SwiftIP-t.build/Objects-normal/wasm32/SwiftIP.o -index-store-path /host/spi-builder-workspace/.build/out -index-system-modules
error: Build failed
BUILD FAILURE 6.4 wasm