The Swift Package Index logo.Swift Package Index

Build Information

Failed to build Magnetic, reference 3.3.3 (1f436d), with Swift 6.4 for watchOS using Xcode 27.0 on 22 Sep 2026 15:05:11 UTC.

Build Command

env DEVELOPER_DIR=/Applications/Xcode-27.0.0-Release.Candidate.app xcrun xcodebuild -IDEClonedSourcePackagesDirPathOverride=$PWD/.dependencies -skipMacroValidation -skipPackagePluginValidation -derivedDataPath $PWD/.derivedData build -scheme Magnetic -destination generic/platform=watchOS

Build Log

========================================
RunAll
========================================
Builder version: 5.1.0
Interrupt handler set up.
========================================
Checkout
========================================
Clone URL: https://github.com/efremidze/Magnetic.git
Reference: 3.3.3
Initialized empty Git repository in /Users/admin/builder/spi-builder-workspace/.git/
From https://github.com/efremidze/Magnetic
 * tag               3.3.3      -> FETCH_HEAD
HEAD is now at 1f436dd Added Swift Package Workflow
Cloned https://github.com/efremidze/Magnetic.git
Revision (git rev-parse @):
1f436ddbfdc3a699e943b70d2fc16fa8d7476101
SUCCESS checkout https://github.com/efremidze/Magnetic.git at 3.3.3
========================================
Build
========================================
Selected platform:         watchOS
Swift version:             6.4
Building package at path:  $PWD
https://github.com/efremidze/Magnetic.git
Command line invocation:
    /Applications/Xcode-27.0.0-Release.Candidate.app/Contents/Developer/usr/bin/xcodebuild -IDEClonedSourcePackagesDirPathOverride=/Users/admin/builder/spi-builder-workspace/.dependencies -resolvePackageDependencies
resolved source packages:
{
  "dependencies" : [
  ],
  "manifest_display_name" : "Magnetic",
  "name" : "Magnetic",
  "path" : "/Users/admin/builder/spi-builder-workspace",
  "platforms" : [
    {
      "name" : "ios",
      "version" : "13.0"
    }
  ],
  "products" : [
    {
      "name" : "Magnetic",
      "targets" : [
        "Magnetic"
      ],
      "type" : {
        "library" : [
          "automatic"
        ]
      }
    }
  ],
  "targets" : [
    {
      "c99name" : "Magnetic",
      "module_type" : "SwiftTarget",
      "name" : "Magnetic",
      "path" : "Sources",
      "product_memberships" : [
        "Magnetic"
      ],
      "sources" : [
        "Extensions.swift",
        "Magnetic.swift",
        "MagneticView+Accessibility.swift",
        "MagneticView+SwiftUI.swift",
        "MagneticView.swift",
        "Node.swift",
        "SKAction+Color.swift",
        "SKMultilineLabelNode.swift"
      ],
      "type" : "library"
    }
  ],
  "tools_version" : "5.9"
}
{
  "project" : {
    "configurations" : [
      "Debug",
      "Release"
    ],
    "name" : "Magnetic",
    "schemes" : [
      "Example",
      "Magnetic"
    ],
    "targets" : [
      "Magnetic",
      "Example"
    ]
  }
}
{
  "workspace" : {
    "name" : "Magnetic",
    "schemes" : [
      "Magnetic"
    ]
  }
}
2026-09-22 11:05:00.424 xcodebuild[620:3780] [MT] IDERunDestination: Supported platforms for the buildables in the current scheme is empty.
Running build ...
env DEVELOPER_DIR=/Applications/Xcode-27.0.0-Release.Candidate.app xcrun xcodebuild -IDEClonedSourcePackagesDirPathOverride=$PWD/.dependencies -skipMacroValidation -skipPackagePluginValidation -derivedDataPath $PWD/.derivedData build -scheme Magnetic -destination generic/platform=watchOS
Command line invocation:
    /Applications/Xcode-27.0.0-Release.Candidate.app/Contents/Developer/usr/bin/xcodebuild -IDEClonedSourcePackagesDirPathOverride=/Users/admin/builder/spi-builder-workspace/.dependencies -skipMacroValidation -skipPackagePluginValidation -derivedDataPath /Users/admin/builder/spi-builder-workspace/.derivedData build -scheme Magnetic -destination generic/platform=watchOS
Resolve Package Graph
Resolved source packages:
  Magnetic: /Users/admin/builder/spi-builder-workspace
ComputePackagePrebuildTargetDependencyGraph
Prepare packages
CreateBuildRequest
SendProjectDescription
CreateBuildOperation
ComputeTargetDependencyGraph
note: Building targets in dependency order
note: Target dependency graph (2 targets)
    Target 'Magnetic-product' in project 'Magnetic'
        ➜ Explicit dependency on target 'Magnetic' in project 'Magnetic'
    Target 'Magnetic' in project 'Magnetic' (no dependencies)
GatherProvisioningInputs
CreateBuildDescription
ExecuteExternalTool /Applications/Xcode-27.0.0-Release.Candidate.app/Contents/Developer/Toolchains/XcodeDefault.xctoolchain/usr/bin/clang -v -E -dM -isysroot /Applications/Xcode-27.0.0-Release.Candidate.app/Contents/Developer/Platforms/WatchOS.platform/Developer/SDKs/WatchOS27.0.sdk -x c -c /dev/null
ExecuteExternalTool /Applications/Xcode-27.0.0-Release.Candidate.app/Contents/Developer/Toolchains/XcodeDefault.xctoolchain/usr/bin/swiftc --version
ExecuteExternalTool /Applications/Xcode-27.0.0-Release.Candidate.app/Contents/Developer/Toolchains/XcodeDefault.xctoolchain/usr/bin/ld -version_details
Build description signature: 9624c685f62acbeb3310660727cec713
Build description path: /Users/admin/builder/spi-builder-workspace/.derivedData/Build/Intermediates.noindex/XCBuildData/9624c685f62acbeb3310660727cec713.xcbuilddata
CreateBuildDirectory /Users/admin/builder/spi-builder-workspace/.derivedData/ModuleCache.noindex
    cd /Users/admin/builder/spi-builder-workspace/.swiftpm/xcode
    builtin-create-build-directory /Users/admin/builder/spi-builder-workspace/.derivedData/ModuleCache.noindex
CreateBuildDirectory /Users/admin/builder/spi-builder-workspace/.derivedData/CompilationCache.noindex
    cd /Users/admin/builder/spi-builder-workspace/.swiftpm/xcode
    builtin-create-build-directory /Users/admin/builder/spi-builder-workspace/.derivedData/CompilationCache.noindex
CreateBuildDirectory /Users/admin/builder/spi-builder-workspace/.derivedData/SDKExplicitPrecompiledModules
    cd /Users/admin/builder/spi-builder-workspace/.swiftpm/xcode
    builtin-create-build-directory /Users/admin/builder/spi-builder-workspace/.derivedData/SDKExplicitPrecompiledModules
CreateBuildDirectory /Users/admin/builder/spi-builder-workspace/.derivedData/Build/Intermediates.noindex
    cd /Users/admin/builder/spi-builder-workspace/.swiftpm/xcode
    builtin-create-build-directory /Users/admin/builder/spi-builder-workspace/.derivedData/Build/Intermediates.noindex
CreateBuildDirectory /Users/admin/builder/spi-builder-workspace/.derivedData/Build/Products
    cd /Users/admin/builder/spi-builder-workspace/.swiftpm/xcode
    builtin-create-build-directory /Users/admin/builder/spi-builder-workspace/.derivedData/Build/Products
ClangStatCache /Applications/Xcode-27.0.0-Release.Candidate.app/Contents/Developer/Toolchains/XcodeDefault.xctoolchain/usr/bin/clang-stat-cache /Applications/Xcode-27.0.0-Release.Candidate.app/Contents/Developer/Platforms/WatchOS.platform/Developer/SDKs/WatchOS27.0.sdk /Users/admin/builder/spi-builder-workspace/.derivedData/SDKStatCaches.noindex/watchos27.0-24R360-e829b21a6f8c9b70876ba0858053c04477534ef55a1706bf4c1112bbb242f0a2.sdkstatcache
    cd /Users/admin/builder/spi-builder-workspace/.swiftpm/xcode
    /Applications/Xcode-27.0.0-Release.Candidate.app/Contents/Developer/Toolchains/XcodeDefault.xctoolchain/usr/bin/clang-stat-cache /Applications/Xcode-27.0.0-Release.Candidate.app/Contents/Developer/Platforms/WatchOS.platform/Developer/SDKs/WatchOS27.0.sdk -o /Users/admin/builder/spi-builder-workspace/.derivedData/SDKStatCaches.noindex/watchos27.0-24R360-e829b21a6f8c9b70876ba0858053c04477534ef55a1706bf4c1112bbb242f0a2.sdkstatcache
CreateBuildDirectory /Users/admin/builder/spi-builder-workspace/.derivedData/Build/Intermediates.noindex/PrecompiledHeaders
    cd /Users/admin/builder/spi-builder-workspace/.swiftpm/xcode
    builtin-create-build-directory /Users/admin/builder/spi-builder-workspace/.derivedData/Build/Intermediates.noindex/PrecompiledHeaders
CreateBuildDirectory /Users/admin/builder/spi-builder-workspace/.derivedData/Build/Intermediates.noindex/SwiftExplicitPrecompiledModules
    cd /Users/admin/builder/spi-builder-workspace/.swiftpm/xcode
    builtin-create-build-directory /Users/admin/builder/spi-builder-workspace/.derivedData/Build/Intermediates.noindex/SwiftExplicitPrecompiledModules
CreateBuildDirectory /Users/admin/builder/spi-builder-workspace/.derivedData/Build/Intermediates.noindex/ExplicitPrecompiledModules
    cd /Users/admin/builder/spi-builder-workspace/.swiftpm/xcode
    builtin-create-build-directory /Users/admin/builder/spi-builder-workspace/.derivedData/Build/Intermediates.noindex/ExplicitPrecompiledModules
CreateBuildDirectory /Users/admin/builder/spi-builder-workspace/.derivedData/Build/Intermediates.noindex/EagerLinkingTBDs/Debug-watchos
    cd /Users/admin/builder/spi-builder-workspace/.swiftpm/xcode
    builtin-create-build-directory /Users/admin/builder/spi-builder-workspace/.derivedData/Build/Intermediates.noindex/EagerLinkingTBDs/Debug-watchos
CreateBuildDirectory /Users/admin/builder/spi-builder-workspace/.derivedData/Build/Products/Debug-watchos
    cd /Users/admin/builder/spi-builder-workspace/.swiftpm/xcode
    builtin-create-build-directory /Users/admin/builder/spi-builder-workspace/.derivedData/Build/Products/Debug-watchos
CreateBuildDirectory /Users/admin/builder/spi-builder-workspace/.derivedData/Build/Products/Debug-watchos/PackageFrameworks
    cd /Users/admin/builder/spi-builder-workspace/.swiftpm/xcode
    builtin-create-build-directory /Users/admin/builder/spi-builder-workspace/.derivedData/Build/Products/Debug-watchos/PackageFrameworks
WriteAuxiliaryFile /Users/admin/builder/spi-builder-workspace/.derivedData/Build/Intermediates.noindex/Magnetic.build/Debug-watchos/Magnetic-t.build/Objects-normal/arm64/Magnetic.LinkFileList (in target 'Magnetic' from project 'Magnetic')
    cd /Users/admin/builder/spi-builder-workspace
    write-file /Users/admin/builder/spi-builder-workspace/.derivedData/Build/Intermediates.noindex/Magnetic.build/Debug-watchos/Magnetic-t.build/Objects-normal/arm64/Magnetic.LinkFileList
WriteAuxiliaryFile /Users/admin/builder/spi-builder-workspace/.derivedData/Build/Intermediates.noindex/Magnetic.build/Debug-watchos/Magnetic-t.build/Objects-normal/arm64_32/Magnetic.LinkFileList (in target 'Magnetic' from project 'Magnetic')
    cd /Users/admin/builder/spi-builder-workspace
    write-file /Users/admin/builder/spi-builder-workspace/.derivedData/Build/Intermediates.noindex/Magnetic.build/Debug-watchos/Magnetic-t.build/Objects-normal/arm64_32/Magnetic.LinkFileList
WriteAuxiliaryFile /Users/admin/builder/spi-builder-workspace/.derivedData/Build/Intermediates.noindex/Magnetic.build/Debug-watchos/Magnetic-t.build/Objects-normal/arm64_32/Magnetic_const_extract_protocols.json (in target 'Magnetic' from project 'Magnetic')
    cd /Users/admin/builder/spi-builder-workspace
    write-file /Users/admin/builder/spi-builder-workspace/.derivedData/Build/Intermediates.noindex/Magnetic.build/Debug-watchos/Magnetic-t.build/Objects-normal/arm64_32/Magnetic_const_extract_protocols.json
WriteAuxiliaryFile /Users/admin/builder/spi-builder-workspace/.derivedData/Build/Intermediates.noindex/Magnetic.build/Debug-watchos/Magnetic-t.build/Objects-normal/arm64/Magnetic_const_extract_protocols.json (in target 'Magnetic' from project 'Magnetic')
    cd /Users/admin/builder/spi-builder-workspace
    write-file /Users/admin/builder/spi-builder-workspace/.derivedData/Build/Intermediates.noindex/Magnetic.build/Debug-watchos/Magnetic-t.build/Objects-normal/arm64/Magnetic_const_extract_protocols.json
WriteAuxiliaryFile /Users/admin/builder/spi-builder-workspace/.derivedData/Build/Intermediates.noindex/Magnetic.build/Debug-watchos/Magnetic-t.build/Objects-normal/arm64_32/Magnetic.SwiftConstValuesFileList (in target 'Magnetic' from project 'Magnetic')
    cd /Users/admin/builder/spi-builder-workspace
    write-file /Users/admin/builder/spi-builder-workspace/.derivedData/Build/Intermediates.noindex/Magnetic.build/Debug-watchos/Magnetic-t.build/Objects-normal/arm64_32/Magnetic.SwiftConstValuesFileList
WriteAuxiliaryFile /Users/admin/builder/spi-builder-workspace/.derivedData/Build/Intermediates.noindex/Magnetic.build/Debug-watchos/Magnetic-t.build/Objects-normal/arm64_32/Magnetic-OutputFileMap.json (in target 'Magnetic' from project 'Magnetic')
    cd /Users/admin/builder/spi-builder-workspace
    write-file /Users/admin/builder/spi-builder-workspace/.derivedData/Build/Intermediates.noindex/Magnetic.build/Debug-watchos/Magnetic-t.build/Objects-normal/arm64_32/Magnetic-OutputFileMap.json
WriteAuxiliaryFile /Users/admin/builder/spi-builder-workspace/.derivedData/Build/Intermediates.noindex/Magnetic.build/Debug-watchos/Magnetic-t.build/Objects-normal/arm64/Magnetic.SwiftConstValuesFileList (in target 'Magnetic' from project 'Magnetic')
    cd /Users/admin/builder/spi-builder-workspace
    write-file /Users/admin/builder/spi-builder-workspace/.derivedData/Build/Intermediates.noindex/Magnetic.build/Debug-watchos/Magnetic-t.build/Objects-normal/arm64/Magnetic.SwiftConstValuesFileList
WriteAuxiliaryFile /Users/admin/builder/spi-builder-workspace/.derivedData/Build/Intermediates.noindex/Magnetic.build/Debug-watchos/Magnetic-t.build/Objects-normal/arm64/Magnetic.SwiftFileList (in target 'Magnetic' from project 'Magnetic')
    cd /Users/admin/builder/spi-builder-workspace
    write-file /Users/admin/builder/spi-builder-workspace/.derivedData/Build/Intermediates.noindex/Magnetic.build/Debug-watchos/Magnetic-t.build/Objects-normal/arm64/Magnetic.SwiftFileList
WriteAuxiliaryFile /Users/admin/builder/spi-builder-workspace/.derivedData/Build/Intermediates.noindex/Magnetic.build/Debug-watchos/Magnetic-t.build/Objects-normal/arm64_32/Magnetic.SwiftFileList (in target 'Magnetic' from project 'Magnetic')
    cd /Users/admin/builder/spi-builder-workspace
    write-file /Users/admin/builder/spi-builder-workspace/.derivedData/Build/Intermediates.noindex/Magnetic.build/Debug-watchos/Magnetic-t.build/Objects-normal/arm64_32/Magnetic.SwiftFileList
WriteAuxiliaryFile /Users/admin/builder/spi-builder-workspace/.derivedData/Build/Intermediates.noindex/Magnetic.build/Debug-watchos/Magnetic-t.build/Objects-normal/arm64/Magnetic-OutputFileMap.json (in target 'Magnetic' from project 'Magnetic')
    cd /Users/admin/builder/spi-builder-workspace
    write-file /Users/admin/builder/spi-builder-workspace/.derivedData/Build/Intermediates.noindex/Magnetic.build/Debug-watchos/Magnetic-t.build/Objects-normal/arm64/Magnetic-OutputFileMap.json
WriteAuxiliaryFile /Users/admin/builder/spi-builder-workspace/.derivedData/Build/Intermediates.noindex/Magnetic.build/Debug-watchos/Magnetic-t.build/Magnetic.modulemap (in target 'Magnetic' from project 'Magnetic')
    cd /Users/admin/builder/spi-builder-workspace
    write-file /Users/admin/builder/spi-builder-workspace/.derivedData/Build/Intermediates.noindex/Magnetic.build/Debug-watchos/Magnetic-t.build/Magnetic.modulemap
WriteAuxiliaryFile /Users/admin/builder/spi-builder-workspace/.derivedData/Build/Intermediates.noindex/Magnetic.build/Debug-watchos/Magnetic-t.build/Magnetic.DependencyStaticMetadataFileList (in target 'Magnetic' from project 'Magnetic')
    cd /Users/admin/builder/spi-builder-workspace
    write-file /Users/admin/builder/spi-builder-workspace/.derivedData/Build/Intermediates.noindex/Magnetic.build/Debug-watchos/Magnetic-t.build/Magnetic.DependencyStaticMetadataFileList
WriteAuxiliaryFile /Users/admin/builder/spi-builder-workspace/.derivedData/Build/Intermediates.noindex/Magnetic.build/Debug-watchos/Magnetic-t.build/Magnetic.DependencyMetadataFileList (in target 'Magnetic' from project 'Magnetic')
    cd /Users/admin/builder/spi-builder-workspace
    write-file /Users/admin/builder/spi-builder-workspace/.derivedData/Build/Intermediates.noindex/Magnetic.build/Debug-watchos/Magnetic-t.build/Magnetic.DependencyMetadataFileList
Copy /Users/admin/builder/spi-builder-workspace/.derivedData/Build/Intermediates.noindex/GeneratedModuleMaps-watchos/Magnetic.modulemap /Users/admin/builder/spi-builder-workspace/.derivedData/Build/Intermediates.noindex/Magnetic.build/Debug-watchos/Magnetic-t.build/Magnetic.modulemap (in target 'Magnetic' from project 'Magnetic')
    cd /Users/admin/builder/spi-builder-workspace
    builtin-copy -exclude .DS_Store -exclude CVS -exclude .svn -exclude .git -exclude .hg -resolve-src-symlinks /Users/admin/builder/spi-builder-workspace/.derivedData/Build/Intermediates.noindex/Magnetic.build/Debug-watchos/Magnetic-t.build/Magnetic.modulemap /Users/admin/builder/spi-builder-workspace/.derivedData/Build/Intermediates.noindex/GeneratedModuleMaps-watchos
SwiftDriver Magnetic normal arm64_32 com.apple.xcode.tools.swift.compiler (in target 'Magnetic' from project 'Magnetic')
    cd /Users/admin/builder/spi-builder-workspace/.swiftpm/xcode
    builtin-SwiftDriver -- /Applications/Xcode-27.0.0-Release.Candidate.app/Contents/Developer/Toolchains/XcodeDefault.xctoolchain/usr/bin/swiftc -parse-as-library -module-name Magnetic -Onone @/Users/admin/builder/spi-builder-workspace/.derivedData/Build/Intermediates.noindex/Magnetic.build/Debug-watchos/Magnetic-t.build/Objects-normal/arm64_32/Magnetic.SwiftFileList -DSWIFT_PACKAGE -DDEBUG -DSWIFT_MODULE_RESOURCE_BUNDLE_UNAVAILABLE -DXcode -plugin-path /Applications/Xcode-27.0.0-Release.Candidate.app/Contents/Developer/Toolchains/XcodeDefault.xctoolchain/usr/lib/swift/host/plugins/testing -enable-experimental-feature DebugDescriptionMacro -sdk /Applications/Xcode-27.0.0-Release.Candidate.app/Contents/Developer/Platforms/WatchOS.platform/Developer/SDKs/WatchOS27.0.sdk -target arm64_32-apple-watchos9.0 -g -module-cache-path /Users/admin/builder/spi-builder-workspace/.derivedData/ModuleCache.noindex -Xfrontend -serialize-debugging-options -enable-testing -index-store-path /Users/admin/builder/spi-builder-workspace/.derivedData/Index.noindex/DataStore -Xcc -D_LIBCPP_HARDENING_MODE\=_LIBCPP_HARDENING_MODE_DEBUG -swift-version 5 -I /Users/admin/builder/spi-builder-workspace/.derivedData/Build/Products/Debug-watchos -Isystem /Applications/Xcode-27.0.0-Release.Candidate.app/Contents/Developer/Platforms/WatchOS.platform/Developer/usr/lib -F /Users/admin/builder/spi-builder-workspace/.derivedData/Build/Products/Debug-watchos -F /Applications/Xcode-27.0.0-Release.Candidate.app/Contents/Developer/Platforms/WatchOS.platform/Developer/Library/Frameworks -F /Applications/Xcode-27.0.0-Release.Candidate.app/Contents/Developer/Platforms/WatchOS.platform/Developer/SDKs/WatchOS27.0.sdk/Developer/Library/Frameworks -c -j10 -enable-batch-mode -incremental -Xcc -ivfsstatcache -Xcc /Users/admin/builder/spi-builder-workspace/.derivedData/SDKStatCaches.noindex/watchos27.0-24R360-e829b21a6f8c9b70876ba0858053c04477534ef55a1706bf4c1112bbb242f0a2.sdkstatcache -output-file-map /Users/admin/builder/spi-builder-workspace/.derivedData/Build/Intermediates.noindex/Magnetic.build/Debug-watchos/Magnetic-t.build/Objects-normal/arm64_32/Magnetic-OutputFileMap.json -save-temps -no-color-diagnostics -explicit-module-build -module-cache-path /Users/admin/builder/spi-builder-workspace/.derivedData/Build/Intermediates.noindex/SwiftExplicitPrecompiledModules -clang-scanner-module-cache-path /Users/admin/builder/spi-builder-workspace/.derivedData/ModuleCache.noindex -sdk-module-cache-path /Users/admin/builder/spi-builder-workspace/.derivedData/SDKExplicitPrecompiledModules -emit-dependencies -emit-module -emit-module-path /Users/admin/builder/spi-builder-workspace/.derivedData/Build/Intermediates.noindex/Magnetic.build/Debug-watchos/Magnetic-t.build/Objects-normal/arm64_32/Magnetic.swiftmodule -serialize-diagnostics -dependency-scan-serialize-diagnostics-path /Users/admin/builder/spi-builder-workspace/.derivedData/Build/Intermediates.noindex/Magnetic.build/Debug-watchos/Magnetic-t.build/Objects-normal/arm64_32/Magnetic-dependency-scan.dia -validate-clang-modules-once -clang-build-session-file /Users/admin/builder/spi-builder-workspace/.derivedData/ModuleCache.noindex/Session.modulevalidation -Xcc -fmodules-prune-interval\=86400 -Xcc -fmodules-prune-after\=345600 -package-name spi_builder_workspace -emit-const-values -const-gather-protocols-list /Users/admin/builder/spi-builder-workspace/.derivedData/Build/Intermediates.noindex/Magnetic.build/Debug-watchos/Magnetic-t.build/Objects-normal/arm64_32/Magnetic_const_extract_protocols.json -Xcc -I/Users/admin/builder/spi-builder-workspace/.derivedData/Build/Products/Debug-watchos/include -Xcc -I/Users/admin/builder/spi-builder-workspace/.derivedData/Build/Intermediates.noindex/Magnetic.build/Debug-watchos/Magnetic-t.build/DerivedSources-normal/arm64_32 -Xcc -I/Users/admin/builder/spi-builder-workspace/.derivedData/Build/Intermediates.noindex/Magnetic.build/Debug-watchos/Magnetic-t.build/DerivedSources/arm64_32 -Xcc -I/Users/admin/builder/spi-builder-workspace/.derivedData/Build/Intermediates.noindex/Magnetic.build/Debug-watchos/Magnetic-t.build/DerivedSources -Xcc -DSWIFT_PACKAGE -Xcc -DDEBUG\=1 -emit-objc-header -emit-objc-header-path /Users/admin/builder/spi-builder-workspace/.derivedData/Build/Intermediates.noindex/Magnetic.build/Debug-watchos/Magnetic-t.build/Objects-normal/arm64_32/Magnetic-Swift.h -working-directory /Users/admin/builder/spi-builder-workspace/.swiftpm/xcode -experimental-emit-module-separately -disable-cmo
SwiftDriver Magnetic normal arm64 com.apple.xcode.tools.swift.compiler (in target 'Magnetic' from project 'Magnetic')
    cd /Users/admin/builder/spi-builder-workspace/.swiftpm/xcode
    builtin-SwiftDriver -- /Applications/Xcode-27.0.0-Release.Candidate.app/Contents/Developer/Toolchains/XcodeDefault.xctoolchain/usr/bin/swiftc -parse-as-library -module-name Magnetic -Onone @/Users/admin/builder/spi-builder-workspace/.derivedData/Build/Intermediates.noindex/Magnetic.build/Debug-watchos/Magnetic-t.build/Objects-normal/arm64/Magnetic.SwiftFileList -DSWIFT_PACKAGE -DDEBUG -DSWIFT_MODULE_RESOURCE_BUNDLE_UNAVAILABLE -DXcode -plugin-path /Applications/Xcode-27.0.0-Release.Candidate.app/Contents/Developer/Toolchains/XcodeDefault.xctoolchain/usr/lib/swift/host/plugins/testing -enable-experimental-feature DebugDescriptionMacro -sdk /Applications/Xcode-27.0.0-Release.Candidate.app/Contents/Developer/Platforms/WatchOS.platform/Developer/SDKs/WatchOS27.0.sdk -target arm64-apple-watchos9.0 -g -module-cache-path /Users/admin/builder/spi-builder-workspace/.derivedData/ModuleCache.noindex -Xfrontend -serialize-debugging-options -enable-testing -index-store-path /Users/admin/builder/spi-builder-workspace/.derivedData/Index.noindex/DataStore -Xcc -D_LIBCPP_HARDENING_MODE\=_LIBCPP_HARDENING_MODE_DEBUG -swift-version 5 -I /Users/admin/builder/spi-builder-workspace/.derivedData/Build/Products/Debug-watchos -Isystem /Applications/Xcode-27.0.0-Release.Candidate.app/Contents/Developer/Platforms/WatchOS.platform/Developer/usr/lib -F /Users/admin/builder/spi-builder-workspace/.derivedData/Build/Products/Debug-watchos -F /Applications/Xcode-27.0.0-Release.Candidate.app/Contents/Developer/Platforms/WatchOS.platform/Developer/Library/Frameworks -F /Applications/Xcode-27.0.0-Release.Candidate.app/Contents/Developer/Platforms/WatchOS.platform/Developer/SDKs/WatchOS27.0.sdk/Developer/Library/Frameworks -c -j10 -enable-batch-mode -incremental -Xcc -ivfsstatcache -Xcc /Users/admin/builder/spi-builder-workspace/.derivedData/SDKStatCaches.noindex/watchos27.0-24R360-e829b21a6f8c9b70876ba0858053c04477534ef55a1706bf4c1112bbb242f0a2.sdkstatcache -output-file-map /Users/admin/builder/spi-builder-workspace/.derivedData/Build/Intermediates.noindex/Magnetic.build/Debug-watchos/Magnetic-t.build/Objects-normal/arm64/Magnetic-OutputFileMap.json -save-temps -no-color-diagnostics -explicit-module-build -module-cache-path /Users/admin/builder/spi-builder-workspace/.derivedData/Build/Intermediates.noindex/SwiftExplicitPrecompiledModules -clang-scanner-module-cache-path /Users/admin/builder/spi-builder-workspace/.derivedData/ModuleCache.noindex -sdk-module-cache-path /Users/admin/builder/spi-builder-workspace/.derivedData/SDKExplicitPrecompiledModules -emit-dependencies -emit-module -emit-module-path /Users/admin/builder/spi-builder-workspace/.derivedData/Build/Intermediates.noindex/Magnetic.build/Debug-watchos/Magnetic-t.build/Objects-normal/arm64/Magnetic.swiftmodule -serialize-diagnostics -dependency-scan-serialize-diagnostics-path /Users/admin/builder/spi-builder-workspace/.derivedData/Build/Intermediates.noindex/Magnetic.build/Debug-watchos/Magnetic-t.build/Objects-normal/arm64/Magnetic-dependency-scan.dia -validate-clang-modules-once -clang-build-session-file /Users/admin/builder/spi-builder-workspace/.derivedData/ModuleCache.noindex/Session.modulevalidation -Xcc -fmodules-prune-interval\=86400 -Xcc -fmodules-prune-after\=345600 -package-name spi_builder_workspace -emit-const-values -const-gather-protocols-list /Users/admin/builder/spi-builder-workspace/.derivedData/Build/Intermediates.noindex/Magnetic.build/Debug-watchos/Magnetic-t.build/Objects-normal/arm64/Magnetic_const_extract_protocols.json -Xcc -I/Users/admin/builder/spi-builder-workspace/.derivedData/Build/Products/Debug-watchos/include -Xcc -I/Users/admin/builder/spi-builder-workspace/.derivedData/Build/Intermediates.noindex/Magnetic.build/Debug-watchos/Magnetic-t.build/DerivedSources-normal/arm64 -Xcc -I/Users/admin/builder/spi-builder-workspace/.derivedData/Build/Intermediates.noindex/Magnetic.build/Debug-watchos/Magnetic-t.build/DerivedSources/arm64 -Xcc -I/Users/admin/builder/spi-builder-workspace/.derivedData/Build/Intermediates.noindex/Magnetic.build/Debug-watchos/Magnetic-t.build/DerivedSources -Xcc -DSWIFT_PACKAGE -Xcc -DDEBUG\=1 -emit-objc-header -emit-objc-header-path /Users/admin/builder/spi-builder-workspace/.derivedData/Build/Intermediates.noindex/Magnetic.build/Debug-watchos/Magnetic-t.build/Objects-normal/arm64/Magnetic-Swift.h -working-directory /Users/admin/builder/spi-builder-workspace/.swiftpm/xcode -experimental-emit-module-separately -disable-cmo
SwiftExplicitDependencyGeneratePcm arm64 /Users/admin/builder/spi-builder-workspace/.derivedData/SDKExplicitPrecompiledModules/_Builtin_stdarg-A7UU8LE6MP85SM26YO7PBZNUQ.pcm
SwiftExplicitDependencyGeneratePcm arm64 /Users/admin/builder/spi-builder-workspace/.derivedData/SDKExplicitPrecompiledModules/ptrauth-3TZ9WJCGLYD25HQPWH4968ONX.pcm
SwiftExplicitDependencyGeneratePcm arm64 /Users/admin/builder/spi-builder-workspace/.derivedData/SDKExplicitPrecompiledModules/ptrcheck-AIF0NDOYZ8ORBNHQAQR5NNB8M.pcm
SwiftExplicitDependencyGeneratePcm arm64 /Users/admin/builder/spi-builder-workspace/.derivedData/SDKExplicitPrecompiledModules/DeveloperToolsSupport-E7CNISCB36UE8XQ9IOHK9XDX1.pcm
SwiftExplicitDependencyGeneratePcm arm64 /Users/admin/builder/spi-builder-workspace/.derivedData/SDKExplicitPrecompiledModules/_AvailabilityInternal-BUNV3UXM65NT37THI4W1AM0SF.pcm
SwiftExplicitDependencyGeneratePcm arm64 /Users/admin/builder/spi-builder-workspace/.derivedData/SDKExplicitPrecompiledModules/_Builtin_float-C0CW5Q4HGBQYKE77TC42IAFB5.pcm
SwiftExplicitDependencyGeneratePcm arm64 /Users/admin/builder/spi-builder-workspace/.derivedData/SDKExplicitPrecompiledModules/_SwiftConcurrencyShims-659N52XSKR5F0QSB880BH2FJR.pcm
SwiftExplicitDependencyGeneratePcm arm64 /Users/admin/builder/spi-builder-workspace/.derivedData/SDKExplicitPrecompiledModules/SwiftShims-4MXFZPV6FEB0XBYXCGPWAMQGL.pcm
SwiftExplicitDependencyGeneratePcm arm64 /Users/admin/builder/spi-builder-workspace/.derivedData/SDKExplicitPrecompiledModules/_Builtin_stddef-1FU30Y8SWFB7OUUHMJQH5J6FM.pcm
SwiftExplicitDependencyGeneratePcm arm64_32 /Users/admin/builder/spi-builder-workspace/.derivedData/SDKExplicitPrecompiledModules/_Builtin_stdarg-D305JG44A2WPI6CJY37X3QJE8.pcm
SwiftExplicitDependencyGeneratePcm arm64_32 /Users/admin/builder/spi-builder-workspace/.derivedData/SDKExplicitPrecompiledModules/_AvailabilityInternal-244WAN3Z1QBT7PIA64EZEFY1R.pcm
SwiftExplicitDependencyGeneratePcm arm64 /Users/admin/builder/spi-builder-workspace/.derivedData/SDKExplicitPrecompiledModules/_Builtin_stdbool-83J96QSOFE9VX04AAS6310UAE.pcm
SwiftExplicitDependencyGeneratePcm arm64_32 /Users/admin/builder/spi-builder-workspace/.derivedData/SDKExplicitPrecompiledModules/ptrauth-BFXF358ME5AK535N5A9Z766WU.pcm
SwiftExplicitDependencyGeneratePcm arm64_32 /Users/admin/builder/spi-builder-workspace/.derivedData/SDKExplicitPrecompiledModules/_SwiftConcurrencyShims-6RTBPQ03V7BM9SPRK8SUE055H.pcm
SwiftExplicitDependencyGeneratePcm arm64_32 /Users/admin/builder/spi-builder-workspace/.derivedData/SDKExplicitPrecompiledModules/_Builtin_stdbool-A967K8W8YUYEC9SN52KJ7OO88.pcm
SwiftExplicitDependencyGeneratePcm arm64_32 /Users/admin/builder/spi-builder-workspace/.derivedData/SDKExplicitPrecompiledModules/_Builtin_stddef-H44EFHQX6XSS5MZ7QP6YJZ76.pcm
SwiftExplicitDependencyGeneratePcm arm64_32 /Users/admin/builder/spi-builder-workspace/.derivedData/SDKExplicitPrecompiledModules/SwiftShims-9CQQGWTSNTN9EB5NSHDWUJICH.pcm
SwiftExplicitDependencyGeneratePcm arm64_32 /Users/admin/builder/spi-builder-workspace/.derivedData/SDKExplicitPrecompiledModules/_Builtin_float-6KO8O3PEWRCA4WC6PPLOYO6WJ.pcm
SwiftExplicitDependencyGeneratePcm arm64_32 /Users/admin/builder/spi-builder-workspace/.derivedData/SDKExplicitPrecompiledModules/DeveloperToolsSupport-DZU5G1OCMNWU0AQRULIFHUJ1Z.pcm
SwiftExplicitDependencyGeneratePcm arm64 /Users/admin/builder/spi-builder-workspace/.derivedData/SDKExplicitPrecompiledModules/_DarwinFoundation1-7SPX3MD0HMP55E4OLNCPNDQ53.pcm
SwiftExplicitDependencyGeneratePcm arm64_32 /Users/admin/builder/spi-builder-workspace/.derivedData/SDKExplicitPrecompiledModules/ptrcheck-7ELIH9BTIGVKX3UBITM9N72WD.pcm
SwiftExplicitDependencyGeneratePcm arm64 /Users/admin/builder/spi-builder-workspace/.derivedData/SDKExplicitPrecompiledModules/_DarwinFoundation2-D0XAPJU49S5E9XMKYOFGSTB1Q.pcm
SwiftExplicitDependencyGeneratePcm arm64 /Users/admin/builder/spi-builder-workspace/.derivedData/SDKExplicitPrecompiledModules/_Builtin_limits-9GWPA2B0H20DYUNYHYCWKABJG.pcm
SwiftExplicitDependencyGeneratePcm arm64_32 /Users/admin/builder/spi-builder-workspace/.derivedData/SDKExplicitPrecompiledModules/_DarwinFoundation1-2GWF9RFMPLQW4PDHS3NARVI3G.pcm
SwiftExplicitDependencyGeneratePcm arm64_32 /Users/admin/builder/spi-builder-workspace/.derivedData/SDKExplicitPrecompiledModules/_Builtin_limits-3VKBU2AFTD65PAJZ5CJ3LHFM2.pcm
SwiftExplicitDependencyGeneratePcm arm64_32 /Users/admin/builder/spi-builder-workspace/.derivedData/SDKExplicitPrecompiledModules/_DarwinFoundation2-9MY8GOSYRO0M9MKNXF6D3MBNK.pcm
SwiftExplicitDependencyGeneratePcm arm64 /Users/admin/builder/spi-builder-workspace/.derivedData/SDKExplicitPrecompiledModules/sys_types-2KXQLI78OUCDP779AE68GZJ2.pcm
SwiftExplicitDependencyGeneratePcm arm64 /Users/admin/builder/spi-builder-workspace/.derivedData/SDKExplicitPrecompiledModules/_Builtin_stdint-8XMILLJZEGRN2XG7XZUXZ5RLX.pcm
SwiftExplicitDependencyGeneratePcm arm64 /Users/admin/builder/spi-builder-workspace/.derivedData/SDKExplicitPrecompiledModules/_Builtin_tgmath-8NQ96OZ0YHXEC24JI95P01UF8.pcm
SwiftExplicitDependencyGeneratePcm arm64 /Users/admin/builder/spi-builder-workspace/.derivedData/SDKExplicitPrecompiledModules/string_h-E6PRXK75PHIPCZFWOFCQ3QBMK.pcm
SwiftExplicitDependencyGeneratePcm arm64 /Users/admin/builder/spi-builder-workspace/.derivedData/SDKExplicitPrecompiledModules/_Builtin_intrinsics-75960HIPCIYA06IUW8FIIPQT.pcm
SwiftExplicitDependencyGeneratePcm arm64 /Users/admin/builder/spi-builder-workspace/.derivedData/SDKExplicitPrecompiledModules/_Builtin_stdatomic-7JEFA3KBJJJN6TKJWY3OG1VG5.pcm
SwiftExplicitDependencyGeneratePcm arm64 /Users/admin/builder/spi-builder-workspace/.derivedData/SDKExplicitPrecompiledModules/_DarwinFoundation3-B97LRG0E9GON2NUE65TVG81HU.pcm
SwiftExplicitDependencyGeneratePcm arm64_32 /Users/admin/builder/spi-builder-workspace/.derivedData/SDKExplicitPrecompiledModules/_Builtin_stdint-1HMXWI3V0V4TXHRWZOMZGZ80Y.pcm
SwiftExplicitDependencyGeneratePcm arm64_32 /Users/admin/builder/spi-builder-workspace/.derivedData/SDKExplicitPrecompiledModules/_Builtin_tgmath-23PGCKURCQILXMK0MYZRYDCOU.pcm
SwiftExplicitDependencyGeneratePcm arm64_32 /Users/admin/builder/spi-builder-workspace/.derivedData/SDKExplicitPrecompiledModules/sys_types-8TLLMW08ZJWDGIIPKOYFGHHZW.pcm
SwiftExplicitDependencyGeneratePcm arm64_32 /Users/admin/builder/spi-builder-workspace/.derivedData/SDKExplicitPrecompiledModules/string_h-BFVLUQUSBZWYMLCU9QI7VZALW.pcm
SwiftExplicitDependencyGeneratePcm arm64_32 /Users/admin/builder/spi-builder-workspace/.derivedData/SDKExplicitPrecompiledModules/_Builtin_stdatomic-1TY035TURL76BF2U98PZPPZRX.pcm
SwiftExplicitDependencyGeneratePcm arm64_32 /Users/admin/builder/spi-builder-workspace/.derivedData/SDKExplicitPrecompiledModules/_DarwinFoundation3-3DUTYQDQSD9HUAAVY947NMWOI.pcm
SwiftExplicitDependencyGeneratePcm arm64_32 /Users/admin/builder/spi-builder-workspace/.derivedData/SDKExplicitPrecompiledModules/_Builtin_intrinsics-196IIAKDQVU42DLOZP9OQCV76.pcm
SwiftExplicitDependencyGeneratePcm arm64 /Users/admin/builder/spi-builder-workspace/.derivedData/SDKExplicitPrecompiledModules/_Builtin_inttypes-3UQSCM7WNM9EK4HZML8TY5J3D.pcm
SwiftExplicitDependencyGeneratePcm arm64 /Users/admin/builder/spi-builder-workspace/.derivedData/SDKExplicitPrecompiledModules/Darwin-3984OXKFNSPE77NT743WK8SEX.pcm
SwiftExplicitDependencyGeneratePcm arm64_32 /Users/admin/builder/spi-builder-workspace/.derivedData/SDKExplicitPrecompiledModules/_Builtin_inttypes-D2KPCR4PEX9AQA33NGLUT5SBR.pcm
SwiftExplicitDependencyGeneratePcm arm64 /Users/admin/builder/spi-builder-workspace/.derivedData/SDKExplicitPrecompiledModules/simd-EH08NODU6574T74ZKU61VP9BW.pcm
SwiftExplicitDependencyGeneratePcm arm64_32 /Users/admin/builder/spi-builder-workspace/.derivedData/SDKExplicitPrecompiledModules/Darwin-3FVT1SKLN2ZQ5RVOABMTQBB34.pcm
SwiftExplicitDependencyGeneratePcm arm64_32 /Users/admin/builder/spi-builder-workspace/.derivedData/SDKExplicitPrecompiledModules/simd-21UNWYOBUZI1LVSQ99S1XBLMO.pcm
SwiftExplicitDependencyGeneratePcm arm64 /Users/admin/builder/spi-builder-workspace/.derivedData/SDKExplicitPrecompiledModules/MachO-2U90NNSAQILBNBPS1SA4F8TYP.pcm
SwiftExplicitDependencyGeneratePcm arm64 /Users/admin/builder/spi-builder-workspace/.derivedData/SDKExplicitPrecompiledModules/ObjectiveC-72IVD3VS2RS8Q28D9PIMY0KQP.pcm
SwiftExplicitDependencyGeneratePcm arm64 /Users/admin/builder/spi-builder-workspace/.derivedData/SDKExplicitPrecompiledModules/os_object-3SDKD7F87FTZ26OON37DRYT6O.pcm
SwiftExplicitDependencyGeneratePcm arm64_32 /Users/admin/builder/spi-builder-workspace/.derivedData/SDKExplicitPrecompiledModules/MachO-56838ZJ0NC1EBAJ0O6O8QMPDX.pcm
SwiftExplicitDependencyGeneratePcm arm64_32 /Users/admin/builder/spi-builder-workspace/.derivedData/SDKExplicitPrecompiledModules/ObjectiveC-6IJNELR2E80E7LUKESVCP2KET.pcm
SwiftExplicitDependencyGeneratePcm arm64 /Users/admin/builder/spi-builder-workspace/.derivedData/SDKExplicitPrecompiledModules/os_workgroup-89GG5G7YC2D0ZTK6AZXXQ20DH.pcm
SwiftExplicitDependencyGeneratePcm arm64_32 /Users/admin/builder/spi-builder-workspace/.derivedData/SDKExplicitPrecompiledModules/os_object-5YWTC6L4756IWSTPGXS5NM0D0.pcm
SwiftExplicitDependencyGeneratePcm arm64 /Users/admin/builder/spi-builder-workspace/.derivedData/SDKExplicitPrecompiledModules/Spatial-44FJGYXFAT2AQAW9Z6T7YS02U.pcm
SwiftExplicitDependencyGeneratePcm arm64 /Users/admin/builder/spi-builder-workspace/.derivedData/SDKExplicitPrecompiledModules/Dispatch-1NLJOVAK60XP0DUB05XA59EIM.pcm
SwiftExplicitDependencyGeneratePcm arm64_32 /Users/admin/builder/spi-builder-workspace/.derivedData/SDKExplicitPrecompiledModules/os_workgroup-5JHTPDMNBUNHLJI8LPHKQK1JK.pcm
SwiftExplicitDependencyGeneratePcm arm64 /Users/admin/builder/spi-builder-workspace/.derivedData/SDKExplicitPrecompiledModules/CoreFoundation-8T2L24YC5NU7WO6WQJWRY7W08.pcm
SwiftExplicitDependencyGeneratePcm arm64 /Users/admin/builder/spi-builder-workspace/.derivedData/SDKExplicitPrecompiledModules/XPC-40DR0X1DHKGCV4J1IOLFS8MOU.pcm
SwiftExplicitDependencyGeneratePcm arm64_32 /Users/admin/builder/spi-builder-workspace/.derivedData/SDKExplicitPrecompiledModules/Spatial-CWVWNML3T0NXVHZDKVLD3X1YZ.pcm
SwiftExplicitDependencyGeneratePcm arm64_32 /Users/admin/builder/spi-builder-workspace/.derivedData/SDKExplicitPrecompiledModules/Dispatch-2P62F1T4XV63S4P99TUDTOK2Q.pcm
SwiftExplicitDependencyGeneratePcm arm64 /Users/admin/builder/spi-builder-workspace/.derivedData/SDKExplicitPrecompiledModules/os-5DIL6Z9LFIGLMZAHM7X2T5435.pcm
SwiftExplicitDependencyGeneratePcm arm64_32 /Users/admin/builder/spi-builder-workspace/.derivedData/SDKExplicitPrecompiledModules/CoreFoundation-8E6Y4BA3EXYKUGJ24GT9LGV3N.pcm
SwiftExplicitDependencyGeneratePcm arm64_32 /Users/admin/builder/spi-builder-workspace/.derivedData/SDKExplicitPrecompiledModules/XPC-81Y45QFY96XYYFCW2GT6FY8S4.pcm
SwiftExplicitDependencyGeneratePcm arm64 /Users/admin/builder/spi-builder-workspace/.derivedData/SDKExplicitPrecompiledModules/CoreGraphics-DWNZ73GEH98SBJXZ7DEXB420K.pcm
SwiftExplicitDependencyGeneratePcm arm64 /Users/admin/builder/spi-builder-workspace/.derivedData/SDKExplicitPrecompiledModules/CoreAudioTypes-A9MF7N5LT63G21HNFVM6BT14B.pcm
SwiftExplicitDependencyGeneratePcm arm64 /Users/admin/builder/spi-builder-workspace/.derivedData/SDKExplicitPrecompiledModules/Security-6RZ6YBRU8WCUHRFFRVUK5WKMM.pcm
SwiftExplicitDependencyGeneratePcm arm64_32 /Users/admin/builder/spi-builder-workspace/.derivedData/SDKExplicitPrecompiledModules/os-E5IGB442IA6SBB25TTCOLK2OC.pcm
SwiftExplicitDependencyGeneratePcm arm64 /Users/admin/builder/spi-builder-workspace/.derivedData/SDKExplicitPrecompiledModules/CoreAudio-1B79RJJTP71GE6UY9WLESAN3C.pcm
SwiftExplicitDependencyGeneratePcm arm64_32 /Users/admin/builder/spi-builder-workspace/.derivedData/SDKExplicitPrecompiledModules/CoreGraphics-9FDXYX6BKBUT6TJ2VF819E7T5.pcm
SwiftExplicitDependencyGeneratePcm arm64_32 /Users/admin/builder/spi-builder-workspace/.derivedData/SDKExplicitPrecompiledModules/Security-D7TOWF88VWF67TB9HAFP5UWB1.pcm
SwiftExplicitDependencyGeneratePcm arm64_32 /Users/admin/builder/spi-builder-workspace/.derivedData/SDKExplicitPrecompiledModules/CoreAudioTypes-9GVB1DHA32M46R4A9NWSI3I2K.pcm
SwiftExplicitDependencyGeneratePcm arm64 /Users/admin/builder/spi-builder-workspace/.derivedData/SDKExplicitPrecompiledModules/Foundation-DLBKUSGXN8QHAT8W0OARR9S8A.pcm
SwiftExplicitDependencyGeneratePcm arm64 /Users/admin/builder/spi-builder-workspace/.derivedData/SDKExplicitPrecompiledModules/CoreVideo-8MRR5MNWUOAW2DBPGUQ8FKK4.pcm
SwiftExplicitDependencyGeneratePcm arm64 /Users/admin/builder/spi-builder-workspace/.derivedData/SDKExplicitPrecompiledModules/CoreText-970YJN6NIYGK1316L35Z0O8QT.pcm
SwiftExplicitDependencyGeneratePcm arm64_32 /Users/admin/builder/spi-builder-workspace/.derivedData/SDKExplicitPrecompiledModules/CoreAudio-5W6MX6OUPWBMUR8VD5LHT1PZF.pcm
SwiftExplicitDependencyGeneratePcm arm64_32 /Users/admin/builder/spi-builder-workspace/.derivedData/SDKExplicitPrecompiledModules/Foundation-BJ2VQGI3OGR34500MEQ1VKHPH.pcm
SwiftExplicitDependencyGeneratePcm arm64 /Users/admin/builder/spi-builder-workspace/.derivedData/SDKExplicitPrecompiledModules/CoreMedia-1AJVCUZNAO74KIKMFVFUUHWDI.pcm
SwiftExplicitDependencyGeneratePcm arm64_32 /Users/admin/builder/spi-builder-workspace/.derivedData/SDKExplicitPrecompiledModules/CoreText-C9X2REPZN2V5BSU4G80FCETDR.pcm
SwiftExplicitDependencyGeneratePcm arm64_32 /Users/admin/builder/spi-builder-workspace/.derivedData/SDKExplicitPrecompiledModules/CoreVideo-2P8HI0403J99LBDPKNFJ5D4DL.pcm
SwiftExplicitDependencyGeneratePcm arm64_32 /Users/admin/builder/spi-builder-workspace/.derivedData/SDKExplicitPrecompiledModules/CoreMedia-AO387T8CHWTTZODD1DGT0UAFA.pcm
SwiftExplicitDependencyGeneratePcm arm64 /Users/admin/builder/spi-builder-workspace/.derivedData/SDKExplicitPrecompiledModules/UIUtilities-IR7RNW23VAUKYI9MLCS9NL9A.pcm
SwiftExplicitDependencyGeneratePcm arm64 /Users/admin/builder/spi-builder-workspace/.derivedData/SDKExplicitPrecompiledModules/OSLog-B7VGO357Y3GJG35TST7DKDSI3.pcm
SwiftExplicitDependencyGeneratePcm arm64 /Users/admin/builder/spi-builder-workspace/.derivedData/SDKExplicitPrecompiledModules/Accessibility-27QMG6ZQ1NKYTNBYFPM1XKNFC.pcm
SwiftExplicitDependencyGeneratePcm arm64 /Users/admin/builder/spi-builder-workspace/.derivedData/SDKExplicitPrecompiledModules/QuartzCore-94KFMWNOU7ZLUZNB4T5DLZC9D.pcm
SwiftExplicitDependencyGeneratePcm arm64 /Users/admin/builder/spi-builder-workspace/.derivedData/SDKExplicitPrecompiledModules/DataDetection-7BNVI1SZW5ISQL5SX4WL2X7I5.pcm
SwiftExplicitDependencyGeneratePcm arm64 /Users/admin/builder/spi-builder-workspace/.derivedData/SDKExplicitPrecompiledModules/CoreData-9JFJC4UET8BAO5IPV2JU6W9V8.pcm
SwiftExplicitDependencyGeneratePcm arm64 /Users/admin/builder/spi-builder-workspace/.derivedData/SDKExplicitPrecompiledModules/Symbols-3EFABTJ9L5PQDJ7RQCYQWEJMM.pcm
SwiftExplicitDependencyGeneratePcm arm64 /Users/admin/builder/spi-builder-workspace/.derivedData/SDKExplicitPrecompiledModules/UserNotifications-ARAH8MEQ0C2L0FBO39HITJMAO.pcm
SwiftExplicitDependencyGeneratePcm arm64 /Users/admin/builder/spi-builder-workspace/.derivedData/SDKExplicitPrecompiledModules/CoreTransferable-9PPG3SLJ55T4LITIFYX2M0NOZ.pcm
SwiftExplicitDependencyGeneratePcm arm64 /Users/admin/builder/spi-builder-workspace/.derivedData/SDKExplicitPrecompiledModules/UniformTypeIdentifiers-8L08Q8DQJV8C4AW84YVGFGTRN.pcm
SwiftExplicitDependencyGeneratePcm arm64 /Users/admin/builder/spi-builder-workspace/.derivedData/SDKExplicitPrecompiledModules/SceneKit-5HZKIL7XETTTD8TOHYPN8JKRJ.pcm
SwiftExplicitDependencyGeneratePcm arm64 /Users/admin/builder/spi-builder-workspace/.derivedData/SDKExplicitPrecompiledModules/_LocationEssentials-5ZZDGDXB6HLQUC72SJW7YJ7MK.pcm
SwiftExplicitDependencyGeneratePcm arm64_32 /Users/admin/builder/spi-builder-workspace/.derivedData/SDKExplicitPrecompiledModules/_LocationEssentials-AQ1OL9QKC3LQLY5CNSRM1HB53.pcm
SwiftExplicitDependencyGeneratePcm arm64_32 /Users/admin/builder/spi-builder-workspace/.derivedData/SDKExplicitPrecompiledModules/Symbols-1H97WMG76HU94F5VGJR19PXFY.pcm
SwiftExplicitDependencyGeneratePcm arm64_32 /Users/admin/builder/spi-builder-workspace/.derivedData/SDKExplicitPrecompiledModules/QuartzCore-6375NPYACK5NYVHPMC1QQ8MC2.pcm
SwiftExplicitDependencyGeneratePcm arm64_32 /Users/admin/builder/spi-builder-workspace/.derivedData/SDKExplicitPrecompiledModules/CoreTransferable-5D4IR6X37682FPHJ5CBPTKQV6.pcm
SwiftExplicitDependencyGeneratePcm arm64_32 /Users/admin/builder/spi-builder-workspace/.derivedData/SDKExplicitPrecompiledModules/Accessibility-F385OMZ5GYBUY5O4QAJB4NRII.pcm
SwiftExplicitDependencyGeneratePcm arm64_32 /Users/admin/builder/spi-builder-workspace/.derivedData/SDKExplicitPrecompiledModules/UserNotifications-6TBN8TEAKO014N1T2QD926XED.pcm
SwiftExplicitDependencyGeneratePcm arm64 /Users/admin/builder/spi-builder-workspace/.derivedData/SDKExplicitPrecompiledModules/SwiftUICore-C1DST1IX2Z0PTH5SJJZ1IULRB.pcm
SwiftExplicitDependencyGeneratePcm arm64_32 /Users/admin/builder/spi-builder-workspace/.derivedData/SDKExplicitPrecompiledModules/UIUtilities-9YFVNIMRC5HRVOIARNWHP1E3H.pcm
SwiftExplicitDependencyGeneratePcm arm64_32 /Users/admin/builder/spi-builder-workspace/.derivedData/SDKExplicitPrecompiledModules/UniformTypeIdentifiers-CJZ3NTHPSBH4XWX5EVOG56UZS.pcm
SwiftExplicitDependencyGeneratePcm arm64 /Users/admin/builder/spi-builder-workspace/.derivedData/SDKExplicitPrecompiledModules/CoreLocation-ACKJ9K7ABI14F97Y46Y6SRR17.pcm
SwiftExplicitDependencyGeneratePcm arm64_32 /Users/admin/builder/spi-builder-workspace/.derivedData/SDKExplicitPrecompiledModules/OSLog-D9AVFY0KWO7RVBIQ73CBIJVCN.pcm
SwiftExplicitDependencyGeneratePcm arm64_32 /Users/admin/builder/spi-builder-workspace/.derivedData/SDKExplicitPrecompiledModules/CoreLocation-8XU5YMYM4P11RQMYCQAG65ITK.pcm
SwiftExplicitDependencyGeneratePcm arm64_32 /Users/admin/builder/spi-builder-workspace/.derivedData/SDKExplicitPrecompiledModules/DataDetection-U9BF7WHFVA6BZGFXXXP272PS.pcm
SwiftExplicitDependencyGeneratePcm arm64_32 /Users/admin/builder/spi-builder-workspace/.derivedData/SDKExplicitPrecompiledModules/SceneKit-DKNLHKM5FJBQ79LSNMSSMBUBR.pcm
SwiftExplicitDependencyGeneratePcm arm64_32 /Users/admin/builder/spi-builder-workspace/.derivedData/SDKExplicitPrecompiledModules/CoreData-7AU1AFQWUH88EAPDKVMLJPKVD.pcm
SwiftExplicitDependencyGeneratePcm arm64_32 /Users/admin/builder/spi-builder-workspace/.derivedData/SDKExplicitPrecompiledModules/SwiftUICore-3Q7WLRD8MR9R3NGIPUBQCP6F6.pcm
SwiftExplicitDependencyGeneratePcm arm64_32 /Users/admin/builder/spi-builder-workspace/.derivedData/SDKExplicitPrecompiledModules/CoreMotion-1XGTVTE5PP32UHME8AC63TL6.pcm
SwiftExplicitDependencyGeneratePcm arm64 /Users/admin/builder/spi-builder-workspace/.derivedData/SDKExplicitPrecompiledModules/CoreMotion-6RD5K48QT1F4L9CATNFD2O7YB.pcm
SwiftExplicitDependencyGeneratePcm arm64_32 /Users/admin/builder/spi-builder-workspace/.derivedData/SDKExplicitPrecompiledModules/UIKit-6PPV7YPZ89CZPHYAP072QH8B6.pcm
SwiftExplicitDependencyGeneratePcm arm64 /Users/admin/builder/spi-builder-workspace/.derivedData/SDKExplicitPrecompiledModules/UIKit-27R3P1YMV4C6JLDT661G3MRIA.pcm
SwiftExplicitDependencyGeneratePcm arm64 /Users/admin/builder/spi-builder-workspace/.derivedData/SDKExplicitPrecompiledModules/SpriteKit-DFXP68E7APB8CHOC76BVRJA0J.pcm
SwiftExplicitDependencyGeneratePcm arm64 /Users/admin/builder/spi-builder-workspace/.derivedData/SDKExplicitPrecompiledModules/HomeKit-DTS1N4AWILAL1URZ5IOXV5221.pcm
SwiftExplicitDependencyGeneratePcm arm64 /Users/admin/builder/spi-builder-workspace/.derivedData/SDKExplicitPrecompiledModules/MapKit-EJJWC7IL56MPLQMI93GJRE5OG.pcm
SwiftExplicitDependencyGeneratePcm arm64_32 /Users/admin/builder/spi-builder-workspace/.derivedData/SDKExplicitPrecompiledModules/HomeKit-DUDZOMSN3UK8GNTNBNMPIWJRN.pcm
SwiftExplicitDependencyGeneratePcm arm64_32 /Users/admin/builder/spi-builder-workspace/.derivedData/SDKExplicitPrecompiledModules/MapKit-CWGB4YMP1VX1NYQN5FULFD5DR.pcm
SwiftExplicitDependencyGeneratePcm arm64_32 /Users/admin/builder/spi-builder-workspace/.derivedData/SDKExplicitPrecompiledModules/SpriteKit-7NKQX807S9TVQIAROF7TBISQZ.pcm
SwiftExplicitDependencyGeneratePcm arm64 /Users/admin/builder/spi-builder-workspace/.derivedData/SDKExplicitPrecompiledModules/WatchKit-3VT3K8YON6FJ6OWSUFJMFMP8J.pcm
SwiftExplicitDependencyGeneratePcm arm64_32 /Users/admin/builder/spi-builder-workspace/.derivedData/SDKExplicitPrecompiledModules/WatchKit-FHF6WTKLC2APGK3LA2XJ6516.pcm
SwiftExplicitDependencyGeneratePcm arm64 /Users/admin/builder/spi-builder-workspace/.derivedData/SDKExplicitPrecompiledModules/SwiftUI-APXDH8ULYLM6FD17YRA73TULO.pcm
SwiftExplicitDependencyGeneratePcm arm64_32 /Users/admin/builder/spi-builder-workspace/.derivedData/SDKExplicitPrecompiledModules/SwiftUI-9AYG9OCT5VOJK7V4MX1WYR86T.pcm
SwiftEmitModule normal arm64 Emitting\ module\ for\ Magnetic (in target 'Magnetic' from project 'Magnetic')
/Users/admin/builder/spi-builder-workspace/Sources/Magnetic.swift:119:52: error: 'UITouch' is unavailable in watchOS
117 | extension Magnetic {
118 |
119 |     open override func touchesBegan(_ touches: Set<UITouch>, with event: UIEvent?) {
    |                                                    `- error: 'UITouch' is unavailable in watchOS
120 |         guard removeNodeOnLongPress, let touch = touches.first else { return }
121 |         touchStarted = touch.timestamp
/Applications/Xcode-27.0.0-Release.Candidate.app/Contents/Developer/Platforms/WatchOS.platform/Developer/SDKs/WatchOS27.0.sdk/System/Library/Frameworks/UIKit.framework/Headers/UITouch.h:51:12: note: 'UITouch' has been explicitly marked unavailable here
 49 |
 50 | UIKIT_EXTERN API_AVAILABLE(ios(2.0)) API_UNAVAILABLE(watchos) NS_SWIFT_UI_ACTOR
 51 | @interface UITouch : NSObject
    |            `- note: 'UITouch' has been explicitly marked unavailable here
 52 |
 53 | @property(nonatomic,readonly) NSTimeInterval      timestamp;
/Users/admin/builder/spi-builder-workspace/Sources/Magnetic.swift:119:74: error: 'UIEvent' is unavailable in watchOS
117 | extension Magnetic {
118 |
119 |     open override func touchesBegan(_ touches: Set<UITouch>, with event: UIEvent?) {
    |                                                                          `- error: 'UIEvent' is unavailable in watchOS
120 |         guard removeNodeOnLongPress, let touch = touches.first else { return }
121 |         touchStarted = touch.timestamp
/Applications/Xcode-27.0.0-Release.Candidate.app/Contents/Developer/Platforms/WatchOS.platform/Developer/SDKs/WatchOS27.0.sdk/System/Library/Frameworks/UIKit.framework/Headers/UIEvent.h:62:12: note: 'UIEvent' has been explicitly marked unavailable here
60 |
61 | UIKIT_EXTERN API_AVAILABLE(ios(2.0)) API_UNAVAILABLE(watchos) NS_SWIFT_UI_ACTOR
62 | @interface UIEvent : NSObject
   |            `- note: 'UIEvent' has been explicitly marked unavailable here
63 |
64 | @property(nonatomic,readonly) UIEventType     type API_AVAILABLE(ios(3.0));
/Users/admin/builder/spi-builder-workspace/Sources/Magnetic.swift:119:24: error: method does not override any method from its superclass
117 | extension Magnetic {
118 |
119 |     open override func touchesBegan(_ touches: Set<UITouch>, with event: UIEvent?) {
    |                        `- error: method does not override any method from its superclass
120 |         guard removeNodeOnLongPress, let touch = touches.first else { return }
121 |         touchStarted = touch.timestamp
/Users/admin/builder/spi-builder-workspace/Sources/Magnetic.swift:124:52: error: 'UITouch' is unavailable in watchOS
122 |     }
123 |
124 |     override open func touchesMoved(_ touches: Set<UITouch>, with event: UIEvent?) {
    |                                                    `- error: 'UITouch' is unavailable in watchOS
125 |         guard let touch = touches.first else { return }
126 |         let location = touch.location(in: self)
/Applications/Xcode-27.0.0-Release.Candidate.app/Contents/Developer/Platforms/WatchOS.platform/Developer/SDKs/WatchOS27.0.sdk/System/Library/Frameworks/UIKit.framework/Headers/UITouch.h:51:12: note: 'UITouch' has been explicitly marked unavailable here
 49 |
 50 | UIKIT_EXTERN API_AVAILABLE(ios(2.0)) API_UNAVAILABLE(watchos) NS_SWIFT_UI_ACTOR
 51 | @interface UITouch : NSObject
    |            `- note: 'UITouch' has been explicitly marked unavailable here
 52 |
 53 | @property(nonatomic,readonly) NSTimeInterval      timestamp;
/Users/admin/builder/spi-builder-workspace/Sources/Magnetic.swift:124:74: error: 'UIEvent' is unavailable in watchOS
122 |     }
123 |
124 |     override open func touchesMoved(_ touches: Set<UITouch>, with event: UIEvent?) {
    |                                                                          `- error: 'UIEvent' is unavailable in watchOS
125 |         guard let touch = touches.first else { return }
126 |         let location = touch.location(in: self)
/Applications/Xcode-27.0.0-Release.Candidate.app/Contents/Developer/Platforms/WatchOS.platform/Developer/SDKs/WatchOS27.0.sdk/System/Library/Frameworks/UIKit.framework/Headers/UIEvent.h:62:12: note: 'UIEvent' has been explicitly marked unavailable here
60 |
61 | UIKIT_EXTERN API_AVAILABLE(ios(2.0)) API_UNAVAILABLE(watchos) NS_SWIFT_UI_ACTOR
62 | @interface UIEvent : NSObject
   |            `- note: 'UIEvent' has been explicitly marked unavailable here
63 |
64 | @property(nonatomic,readonly) UIEventType     type API_AVAILABLE(ios(3.0));
/Users/admin/builder/spi-builder-workspace/Sources/Magnetic.swift:124:24: error: method does not override any method from its superclass
122 |     }
123 |
124 |     override open func touchesMoved(_ touches: Set<UITouch>, with event: UIEvent?) {
    |                        `- error: method does not override any method from its superclass
125 |         guard let touch = touches.first else { return }
126 |         let location = touch.location(in: self)
/Users/admin/builder/spi-builder-workspace/Sources/Magnetic.swift:135:52: error: 'UITouch' is unavailable in watchOS
133 |     }
134 |
135 |     override open func touchesEnded(_ touches: Set<UITouch>, with event: UIEvent?) {
    |                                                    `- error: 'UITouch' is unavailable in watchOS
136 |         guard let touch = touches.first else { return }
137 |         let location = touch.location(in: self)
/Applications/Xcode-27.0.0-Release.Candidate.app/Contents/Developer/Platforms/WatchOS.platform/Developer/SDKs/WatchOS27.0.sdk/System/Library/Frameworks/UIKit.framework/Headers/UITouch.h:51:12: note: 'UITouch' has been explicitly marked unavailable here
 49 |
 50 | UIKIT_EXTERN API_AVAILABLE(ios(2.0)) API_UNAVAILABLE(watchos) NS_SWIFT_UI_ACTOR
 51 | @interface UITouch : NSObject
    |            `- note: 'UITouch' has been explicitly marked unavailable here
 52 |
 53 | @property(nonatomic,readonly) NSTimeInterval      timestamp;
/Users/admin/builder/spi-builder-workspace/Sources/Magnetic.swift:135:74: error: 'UIEvent' is unavailable in watchOS
133 |     }
134 |
135 |     override open func touchesEnded(_ touches: Set<UITouch>, with event: UIEvent?) {
    |                                                                          `- error: 'UIEvent' is unavailable in watchOS
136 |         guard let touch = touches.first else { return }
137 |         let location = touch.location(in: self)
/Applications/Xcode-27.0.0-Release.Candidate.app/Contents/Developer/Platforms/WatchOS.platform/Developer/SDKs/WatchOS27.0.sdk/System/Library/Frameworks/UIKit.framework/Headers/UIEvent.h:62:12: note: 'UIEvent' has been explicitly marked unavailable here
60 |
61 | UIKIT_EXTERN API_AVAILABLE(ios(2.0)) API_UNAVAILABLE(watchos) NS_SWIFT_UI_ACTOR
62 | @interface UIEvent : NSObject
   |            `- note: 'UIEvent' has been explicitly marked unavailable here
63 |
64 | @property(nonatomic,readonly) UIEventType     type API_AVAILABLE(ios(3.0));
/Users/admin/builder/spi-builder-workspace/Sources/Magnetic.swift:135:24: error: method does not override any method from its superclass
133 |     }
134 |
135 |     override open func touchesEnded(_ touches: Set<UITouch>, with event: UIEvent?) {
    |                        `- error: method does not override any method from its superclass
136 |         guard let touch = touches.first else { return }
137 |         let location = touch.location(in: self)
/Users/admin/builder/spi-builder-workspace/Sources/Magnetic.swift:168:56: error: 'UITouch' is unavailable in watchOS
166 |     }
167 |
168 |     override open func touchesCancelled(_ touches: Set<UITouch>, with event: UIEvent?) {
    |                                                        `- error: 'UITouch' is unavailable in watchOS
169 |         isDragging = false
170 |     }
/Applications/Xcode-27.0.0-Release.Candidate.app/Contents/Developer/Platforms/WatchOS.platform/Developer/SDKs/WatchOS27.0.sdk/System/Library/Frameworks/UIKit.framework/Headers/UITouch.h:51:12: note: 'UITouch' has been explicitly marked unavailable here
 49 |
 50 | UIKIT_EXTERN API_AVAILABLE(ios(2.0)) API_UNAVAILABLE(watchos) NS_SWIFT_UI_ACTOR
 51 | @interface UITouch : NSObject
    |            `- note: 'UITouch' has been explicitly marked unavailable here
 52 |
 53 | @property(nonatomic,readonly) NSTimeInterval      timestamp;
/Users/admin/builder/spi-builder-workspace/Sources/Magnetic.swift:168:78: error: 'UIEvent' is unavailable in watchOS
166 |     }
167 |
168 |     override open func touchesCancelled(_ touches: Set<UITouch>, with event: UIEvent?) {
    |                                                                              `- error: 'UIEvent' is unavailable in watchOS
169 |         isDragging = false
170 |     }
/Applications/Xcode-27.0.0-Release.Candidate.app/Contents/Developer/Platforms/WatchOS.platform/Developer/SDKs/WatchOS27.0.sdk/System/Library/Frameworks/UIKit.framework/Headers/UIEvent.h:62:12: note: 'UIEvent' has been explicitly marked unavailable here
60 |
61 | UIKIT_EXTERN API_AVAILABLE(ios(2.0)) API_UNAVAILABLE(watchos) NS_SWIFT_UI_ACTOR
62 | @interface UIEvent : NSObject
   |            `- note: 'UIEvent' has been explicitly marked unavailable here
63 |
64 | @property(nonatomic,readonly) UIEventType     type API_AVAILABLE(ios(3.0));
/Users/admin/builder/spi-builder-workspace/Sources/Magnetic.swift:168:24: error: method does not override any method from its superclass
166 |     }
167 |
168 |     override open func touchesCancelled(_ touches: Set<UITouch>, with event: UIEvent?) {
    |                        `- error: method does not override any method from its superclass
169 |         isDragging = false
170 |     }
/Users/admin/builder/spi-builder-workspace/Sources/MagneticView.swift:11:28: error: cannot find type 'SKView' in scope
 9 | import SpriteKit
10 |
11 | public class MagneticView: SKView {
   |                            `- error: cannot find type 'SKView' in scope
12 |
13 |     @objc
/Users/admin/builder/spi-builder-workspace/Sources/MagneticView+SwiftUI.swift:15:37: error: cannot find type 'Context' in scope
13 |
14 | public struct MagneticView_SwiftUI: UIViewRepresentable {
15 |     public func makeUIView(context: Context) -> MagneticView {
   |                                     `- error: cannot find type 'Context' in scope
16 |         MagneticView()
17 |     }
/Users/admin/builder/spi-builder-workspace/Sources/MagneticView+SwiftUI.swift:18:63: error: cannot find type 'Context' in scope
16 |         MagneticView()
17 |     }
18 |     public func updateUIView(_ uiView: MagneticView, context: Context) {}
   |                                                               `- error: cannot find type 'Context' in scope
19 | }
20 |
/Users/admin/builder/spi-builder-workspace/Sources/MagneticView+SwiftUI.swift:14:37: error: cannot find type 'UIViewRepresentable' in scope
12 | import SwiftUI
13 |
14 | public struct MagneticView_SwiftUI: UIViewRepresentable {
   |                                     `- error: cannot find type 'UIViewRepresentable' in scope
15 |     public func makeUIView(context: Context) -> MagneticView {
16 |         MagneticView()
/Users/admin/builder/spi-builder-workspace/Sources/MagneticView.swift:15:41: error: value of type 'MagneticView' has no member 'bounds'
13 |     @objc
14 |     public lazy var magnetic: Magnetic = { [unowned self] in
15 |         let scene = Magnetic(size: self.bounds.size)
   |                                         `- error: value of type 'MagneticView' has no member 'bounds'
16 |         self.presentScene(scene)
17 |         return scene
/Users/admin/builder/spi-builder-workspace/Sources/MagneticView.swift:20:21: error: initializer does not override a designated initializer from its superclass
18 |     }()
19 |
20 |     override public init(frame: CGRect) {
   |                     `- error: initializer does not override a designated initializer from its superclass
21 |         super.init(frame: frame)
22 |
/Users/admin/builder/spi-builder-workspace/Sources/MagneticView.swift:36:26: error: method does not override any method from its superclass
34 |     }
35 |
36 |     public override func layoutSubviews() {
   |                          `- error: method does not override any method from its superclass
37 |         super.layoutSubviews()
38 |
/Users/admin/builder/spi-builder-workspace/Sources/Node.swift:68:17: error: 'accessibilityTraits' is unavailable in watchOS
 66 |             if isSelected {
 67 |                 selectedAnimation()
 68 |                 accessibilityTraits = .selected
    |                 `- error: 'accessibilityTraits' is unavailable in watchOS
 69 |             } else {
 70 |                 deselectedAnimation()
/Applications/Xcode-27.0.0-Release.Candidate.app/Contents/Developer/Platforms/WatchOS.platform/Developer/SDKs/WatchOS27.0.sdk/System/Library/Frameworks/UIKit.framework/Headers/UIAccessibility.h:113:45: note: 'accessibilityTraits' has been explicitly marked unavailable here
111 |  Setting the property will change the traits that are returned to the accessibility client.
112 |  */
113 | @property (nonatomic) UIAccessibilityTraits accessibilityTraits API_UNAVAILABLE(watchos) NS_SWIFT_UI_ACTOR;
    |                                             `- note: 'accessibilityTraits' has been explicitly marked unavailable here
114 |
115 | /*
/Users/admin/builder/spi-builder-workspace/Sources/Node.swift:71:17: error: 'accessibilityTraits' is unavailable in watchOS
 69 |             } else {
 70 |                 deselectedAnimation()
 71 |                 accessibilityTraits = .none
    |                 `- error: 'accessibilityTraits' is unavailable in watchOS
 72 |             }
 73 |         }
/Applications/Xcode-27.0.0-Release.Candidate.app/Contents/Developer/Platforms/WatchOS.platform/Developer/SDKs/WatchOS27.0.sdk/System/Library/Frameworks/UIKit.framework/Headers/UIAccessibility.h:113:45: note: 'accessibilityTraits' has been explicitly marked unavailable here
111 |  Setting the property will change the traits that are returned to the accessibility client.
112 |  */
113 | @property (nonatomic) UIAccessibilityTraits accessibilityTraits API_UNAVAILABLE(watchos) NS_SWIFT_UI_ACTOR;
    |                                             `- note: 'accessibilityTraits' has been explicitly marked unavailable here
114 |
115 | /*
/Users/admin/builder/spi-builder-workspace/Sources/Node.swift:81:23: error: cannot override 'accessibilityPath' which has been marked unavailable
 79 |     private var overridenAccessibilityPath: UIBezierPath?
 80 |
 81 |     open override var accessibilityPath: UIBezierPath? {
    |                       |- error: cannot override 'accessibilityPath' which has been marked unavailable
    |                       `- note: remove 'override' modifier to declare a new 'accessibilityPath'
 82 |         get { overridenAccessibilityPath ?? UIBezierPath(ovalIn: self.accessibilityFrame) }
 83 |         set { self.overridenAccessibilityPath = newValue }
/Applications/Xcode-27.0.0-Release.Candidate.app/Contents/Developer/Platforms/WatchOS.platform/Developer/SDKs/WatchOS27.0.sdk/System/Library/Frameworks/UIKit.framework/Headers/UIAccessibility.h:134:53: note: 'accessibilityPath' has been explicitly marked unavailable here
132 |  frame when highlighting the element.
133 |  */
134 | @property (nullable, nonatomic, copy) UIBezierPath *accessibilityPath API_AVAILABLE(ios(7.0)) API_UNAVAILABLE(watchos) NS_SWIFT_UI_ACTOR;
    |                                                     `- note: 'accessibilityPath' has been explicitly marked unavailable here
135 |
136 | // The accessibilityPath is expected to be in screen coordinates.
Failed frontend command:
SwiftCompile normal arm64 (in target 'Magnetic' from project 'Magnetic')
    cd /Users/admin/builder/spi-builder-workspace/.swiftpm/xcode

/Applications/Xcode-27.0.0-Release.Candidate.app/Contents/Developer/Toolchains/XcodeDefault.xctoolchain/usr/bin/swift-frontend -frontend -emit-module -experimental-skip-non-inlinable-function-bodies-without-types /Users/admin/builder/spi-builder-workspace/Sources/Extensions.swift /Users/admin/builder/spi-builder-workspace/Sources/Magnetic.swift /Users/admin/builder/spi-builder-workspace/Sources/MagneticView+Accessibility.swift /Users/admin/builder/spi-builder-workspace/Sources/MagneticView+SwiftUI.swift /Users/admin/builder/spi-builder-workspace/Sources/MagneticView.swift /Users/admin/builder/spi-builder-workspace/Sources/Node.swift /Users/admin/builder/spi-builder-workspace/Sources/SKAction+Color.swift /Users/admin/builder/spi-builder-workspace/Sources/SKMultilineLabelNode.swift -target arm64-apple-watchos9.0 -disable-cross-import-overlay-search -swift-module-cross-import SpriteKit /Applications/Xcode-27.0.0-Release.Candidate.app/Contents/Developer/Platforms/WatchOS.platform/Developer/SDKs/WatchOS.sdk/System/Library/Frameworks/SpriteKit.framework/Modules/SpriteKit.swiftcrossimport/SwiftUI.swiftoverlay -load-resolved-plugin /Applications/Xcode-27.0.0-Release.Candidate.app/Contents/Developer/Platforms/WatchOS.platform/Developer/usr/lib/swift/host/plugins/libFoundationMacros.dylib\#/Applications/Xcode-27.0.0-Release.Candidate.app/Contents/Developer/Platforms/WatchOS.platform/Developer/usr/bin/swift-plugin-server\#FoundationMacros -load-resolved-plugin /Applications/Xcode-27.0.0-Release.Candidate.app/Contents/Developer/Platforms/WatchOS.platform/Developer/usr/lib/swift/host/plugins/libObservationMacros.dylib\#/Applications/Xcode-27.0.0-Release.Candidate.app/Contents/Developer/Platforms/WatchOS.platform/Developer/usr/bin/swift-plugin-server\#ObservationMacros -load-resolved-plugin /Applications/Xcode-27.0.0-Release.Candidate.app/Contents/Developer/Platforms/WatchOS.platform/Developer/usr/lib/swift/host/plugins/libPreviewsMacros.dylib\#/Applications/Xcode-27.0.0-Release.Candidate.app/Contents/Developer/Platforms/WatchOS.platform/Developer/usr/bin/swift-plugin-server\#PreviewsMacros -load-resolved-plugin /Applications/Xcode-27.0.0-Release.Candidate.app/Contents/Developer/Platforms/WatchOS.platform/Developer/usr/lib/swift/host/plugins/libSwiftMacros.dylib\#/Applications/Xcode-27.0.0-Release.Candidate.app/Contents/Developer/Platforms/WatchOS.platform/Developer/usr/bin/swift-plugin-server\#SwiftMacros -load-resolved-plugin /Applications/Xcode-27.0.0-Release.Candidate.app/Contents/Developer/Platforms/WatchOS.platform/Developer/usr/lib/swift/host/plugins/libSwiftUIMacros.dylib\#/Applications/Xcode-27.0.0-Release.Candidate.app/Contents/Developer/Platforms/WatchOS.platform/Developer/usr/bin/swift-plugin-server\#SwiftUIMacros -disable-implicit-swift-modules -Xcc -fno-implicit-modules -Xcc -fno-implicit-module-maps -explicit-swift-module-map-file /Users/admin/builder/spi-builder-workspace/.derivedData/Build/Intermediates.noindex/Magnetic.build/Debug-watchos/Magnetic-t.build/Objects-normal/arm64/Magnetic-dependencies-2.json -Xllvm -aarch64-use-tbi -enable-objc-interop -stack-check -sdk /Applications/Xcode-27.0.0-Release.Candidate.app/Contents/Developer/Platforms/WatchOS.platform/Developer/SDKs/WatchOS27.0.sdk -I /Users/admin/builder/spi-builder-workspace/.derivedData/Build/Products/Debug-watchos -Isystem /Applications/Xcode-27.0.0-Release.Candidate.app/Contents/Developer/Platforms/WatchOS.platform/Developer/usr/lib -F /Users/admin/builder/spi-builder-workspace/.derivedData/Build/Products/Debug-watchos -F /Applications/Xcode-27.0.0-Release.Candidate.app/Contents/Developer/Platforms/WatchOS.platform/Developer/Library/Frameworks -F /Applications/Xcode-27.0.0-Release.Candidate.app/Contents/Developer/Platforms/WatchOS.platform/Developer/SDKs/WatchOS27.0.sdk/Developer/Library/Frameworks -module-cache-path /Users/admin/builder/spi-builder-workspace/.derivedData/Build/Intermediates.noindex/SwiftExplicitPrecompiledModules -no-color-diagnostics -Xcc -fno-color-diagnostics -enable-testing -g -debug-info-format\=dwarf -dwarf-version\=4 -swift-version 5 -Onone -D SWIFT_PACKAGE -D DEBUG -D SWIFT_MODULE_RESOURCE_BUNDLE_UNAVAILABLE -D Xcode -serialize-debugging-options -enable-experimental-feature DebugDescriptionMacro -empty-abi-descriptor -validate-clang-modules-once -clang-build-session-file /Users/admin/builder/spi-builder-workspace/.derivedData/ModuleCache.noindex/Session.modulevalidation -Xcc -working-directory -Xcc /Users/admin/builder/spi-builder-workspace/.swiftpm/xcode -enable-anonymous-context-mangled-names -file-compilation-dir /Users/admin/builder/spi-builder-workspace/.swiftpm/xcode -Xcc -D_LIBCPP_HARDENING_MODE\=_LIBCPP_HARDENING_MODE_DEBUG -Xcc -ivfsstatcache -Xcc /Users/admin/builder/spi-builder-workspace/.derivedData/SDKStatCaches.noindex/watchos27.0-24R360-e829b21a6f8c9b70876ba0858053c04477534ef55a1706bf4c1112bbb242f0a2.sdkstatcache -Xcc -fmodules-prune-interval\=86400 -Xcc -fmodules-prune-after\=345600 -Xcc -I/Users/admin/builder/spi-builder-workspace/.derivedData/Build/Products/Debug-watchos/include -Xcc -I/Users/admin/builder/spi-builder-workspace/.derivedData/Build/Intermediates.noindex/Magnetic.build/Debug-watchos/Magnetic-t.build/DerivedSources-normal/arm64 -Xcc -I/Users/admin/builder/spi-builder-workspace/.derivedData/Build/Intermediates.noindex/Magnetic.build/Debug-watchos/Magnetic-t.build/DerivedSources/arm64 -Xcc -I/Users/admin/builder/spi-builder-workspace/.derivedData/Build/Intermediates.noindex/Magnetic.build/Debug-watchos/Magnetic-t.build/DerivedSources -Xcc -DSWIFT_PACKAGE -Xcc -DDEBUG\=1 -no-auto-bridging-header-chaining -module-name Magnetic -package-name spi_builder_workspace -const-gather-protocols-file /Users/admin/builder/spi-builder-workspace/.derivedData/Build/Intermediates.noindex/Magnetic.build/Debug-watchos/Magnetic-t.build/Objects-normal/arm64/Magnetic_const_extract_protocols.json -disable-clang-spi -clang-target arm64-apple-watchos27.0 -target-sdk-version 27.0 -target-sdk-name watchos27.0 -in-process-plugin-server-path /Applications/Xcode-27.0.0-Release.Candidate.app/Contents/Developer/Toolchains/XcodeDefault.xctoolchain/usr/lib/swift/host/libSwiftInProcPluginServer.dylib -emit-module-doc-path /Users/admin/builder/spi-builder-workspace/.derivedData/Build/Intermediates.noindex/Magnetic.build/Debug-watchos/Magnetic-t.build/Objects-normal/arm64/Magnetic.swiftdoc -emit-module-source-info-path /Users/admin/builder/spi-builder-workspace/.derivedData/Build/Intermediates.noindex/Magnetic.build/Debug-watchos/Magnetic-t.build/Objects-normal/arm64/Magnetic.swiftsourceinfo -emit-objc-header-path /Users/admin/builder/spi-builder-workspace/.derivedData/Build/Intermediates.noindex/Magnetic.build/Debug-watchos/Magnetic-t.build/Objects-normal/arm64/Magnetic-Swift.h -serialize-diagnostics-path /Users/admin/builder/spi-builder-workspace/.derivedData/Build/Intermediates.noindex/Magnetic.build/Debug-watchos/Magnetic-t.build/Objects-normal/arm64/Magnetic-primary-emit-module.dia -emit-dependencies-path /Users/admin/builder/spi-builder-workspace/.derivedData/Build/Intermediates.noindex/Magnetic.build/Debug-watchos/Magnetic-t.build/Objects-normal/arm64/Magnetic-primary-emit-module.d -parse-as-library -o /Users/admin/builder/spi-builder-workspace/.derivedData/Build/Intermediates.noindex/Magnetic.build/Debug-watchos/Magnetic-t.build/Objects-normal/arm64/Magnetic.swiftmodule -emit-abi-descriptor-path /Users/admin/builder/spi-builder-workspace/.derivedData/Build/Intermediates.noindex/Magnetic.build/Debug-watchos/Magnetic-t.build/Objects-normal/arm64/Magnetic.abi.json
SwiftCompile normal arm64 Compiling\ SKAction+Color.swift /Users/admin/builder/spi-builder-workspace/Sources/SKAction+Color.swift (in target 'Magnetic' from project 'Magnetic')
SwiftCompile normal arm64 /Users/admin/builder/spi-builder-workspace/Sources/SKAction+Color.swift (in target 'Magnetic' from project 'Magnetic')
    cd /Users/admin/builder/spi-builder-workspace/.swiftpm/xcode
    builtin-SwiftPerFileCompile SKAction+Color.swift
SwiftCompile normal arm64 Compiling\ Node.swift /Users/admin/builder/spi-builder-workspace/Sources/Node.swift (in target 'Magnetic' from project 'Magnetic')
/Users/admin/builder/spi-builder-workspace/Sources/Node.swift:68:17: error: 'accessibilityTraits' is unavailable in watchOS
 66 |             if isSelected {
 67 |                 selectedAnimation()
 68 |                 accessibilityTraits = .selected
    |                 `- error: 'accessibilityTraits' is unavailable in watchOS
 69 |             } else {
 70 |                 deselectedAnimation()
/Applications/Xcode-27.0.0-Release.Candidate.app/Contents/Developer/Platforms/WatchOS.platform/Developer/SDKs/WatchOS27.0.sdk/System/Library/Frameworks/UIKit.framework/Headers/UIAccessibility.h:113:45: note: 'accessibilityTraits' has been explicitly marked unavailable here
111 |  Setting the property will change the traits that are returned to the accessibility client.
112 |  */
113 | @property (nonatomic) UIAccessibilityTraits accessibilityTraits API_UNAVAILABLE(watchos) NS_SWIFT_UI_ACTOR;
    |                                             `- note: 'accessibilityTraits' has been explicitly marked unavailable here
114 |
115 | /*
/Users/admin/builder/spi-builder-workspace/Sources/Node.swift:71:17: error: 'accessibilityTraits' is unavailable in watchOS
 69 |             } else {
 70 |                 deselectedAnimation()
 71 |                 accessibilityTraits = .none
    |                 `- error: 'accessibilityTraits' is unavailable in watchOS
 72 |             }
 73 |         }
/Applications/Xcode-27.0.0-Release.Candidate.app/Contents/Developer/Platforms/WatchOS.platform/Developer/SDKs/WatchOS27.0.sdk/System/Library/Frameworks/UIKit.framework/Headers/UIAccessibility.h:113:45: note: 'accessibilityTraits' has been explicitly marked unavailable here
111 |  Setting the property will change the traits that are returned to the accessibility client.
112 |  */
113 | @property (nonatomic) UIAccessibilityTraits accessibilityTraits API_UNAVAILABLE(watchos) NS_SWIFT_UI_ACTOR;
    |                                             `- note: 'accessibilityTraits' has been explicitly marked unavailable here
114 |
115 | /*
/Users/admin/builder/spi-builder-workspace/Sources/Node.swift:81:23: error: cannot override 'accessibilityPath' which has been marked unavailable
 79 |     private var overridenAccessibilityPath: UIBezierPath?
 80 |
 81 |     open override var accessibilityPath: UIBezierPath? {
    |                       |- error: cannot override 'accessibilityPath' which has been marked unavailable
    |                       `- note: remove 'override' modifier to declare a new 'accessibilityPath'
 82 |         get { overridenAccessibilityPath ?? UIBezierPath(ovalIn: self.accessibilityFrame) }
 83 |         set { self.overridenAccessibilityPath = newValue }
/Applications/Xcode-27.0.0-Release.Candidate.app/Contents/Developer/Platforms/WatchOS.platform/Developer/SDKs/WatchOS27.0.sdk/System/Library/Frameworks/UIKit.framework/Headers/UIAccessibility.h:134:53: note: 'accessibilityPath' has been explicitly marked unavailable here
132 |  frame when highlighting the element.
133 |  */
134 | @property (nullable, nonatomic, copy) UIBezierPath *accessibilityPath API_AVAILABLE(ios(7.0)) API_UNAVAILABLE(watchos) NS_SWIFT_UI_ACTOR;
    |                                                     `- note: 'accessibilityPath' has been explicitly marked unavailable here
135 |
136 | // The accessibilityPath is expected to be in screen coordinates.
/Users/admin/builder/spi-builder-workspace/Sources/Node.swift:82:71: error: 'accessibilityFrame' is unavailable in watchOS
 80 |
 81 |     open override var accessibilityPath: UIBezierPath? {
 82 |         get { overridenAccessibilityPath ?? UIBezierPath(ovalIn: self.accessibilityFrame) }
    |                                                                       `- error: 'accessibilityFrame' is unavailable in watchOS
 83 |         set { self.overridenAccessibilityPath = newValue }
 84 |     }
/Applications/Xcode-27.0.0-Release.Candidate.app/Contents/Developer/Platforms/WatchOS.platform/Developer/SDKs/WatchOS27.0.sdk/System/Library/Frameworks/UIKit.framework/Headers/UIAccessibility.h:121:30: note: 'accessibilityFrame' has been explicitly marked unavailable here
119 |  Setting the property will change the frame that is returned to the accessibility client.
120 |  */
121 | @property (nonatomic) CGRect accessibilityFrame API_UNAVAILABLE(watchos) NS_SWIFT_UI_ACTOR;
    |                              `- note: 'accessibilityFrame' has been explicitly marked unavailable here
122 |
123 | // The accessibilityFrame is expected to be in screen coordinates.
/Users/admin/builder/spi-builder-workspace/Sources/Node.swift:214:14: error: 'isAccessibilityElement' is unavailable in watchOS
212 |         _ = self.text
213 |         configure(text: text, image: image, color: color)
214 |         self.isAccessibilityElement = true
    |              `- error: 'isAccessibilityElement' is unavailable in watchOS
215 |         self.shouldGroupAccessibilityChildren = true
216 |     }
/Applications/Xcode-27.0.0-Release.Candidate.app/Contents/Developer/Platforms/WatchOS.platform/Developer/SDKs/WatchOS27.0.sdk/System/Library/Frameworks/UIKit.framework/Headers/UIAccessibility.h:52:28: note: 'isAccessibilityElement' has been explicitly marked unavailable here
 50 |  Setting the property to YES will cause the receiver to be visible to assistive applications.
 51 |  */
 52 | @property (nonatomic) BOOL isAccessibilityElement API_UNAVAILABLE(watchos) NS_SWIFT_UI_ACTOR;
    |                            `- note: 'isAccessibilityElement' has been explicitly marked unavailable here
 53 |
 54 | /*
/Users/admin/builder/spi-builder-workspace/Sources/Node.swift:215:14: error: 'shouldGroupAccessibilityChildren' is unavailable in watchOS
213 |         configure(text: text, image: image, color: color)
214 |         self.isAccessibilityElement = true
215 |         self.shouldGroupAccessibilityChildren = true
    |              `- error: 'shouldGroupAccessibilityChildren' is unavailable in watchOS
216 |     }
217 |
/Applications/Xcode-27.0.0-Release.Candidate.app/Contents/Developer/Platforms/WatchOS.platform/Developer/SDKs/WatchOS27.0.sdk/System/Library/Frameworks/UIKit.framework/Headers/UIAccessibility.h:176:28: note: 'shouldGroupAccessibilityChildren' has been explicitly marked unavailable here
174 |  default == NO
175 |  */
176 | @property (nonatomic) BOOL shouldGroupAccessibilityChildren API_AVAILABLE(ios(6.0)) API_UNAVAILABLE(watchos) NS_SWIFT_UI_ACTOR;
    |                            `- note: 'shouldGroupAccessibilityChildren' has been explicitly marked unavailable here
177 |
178 | /*
SwiftCompile normal arm64 /Users/admin/builder/spi-builder-workspace/Sources/Node.swift (in target 'Magnetic' from project 'Magnetic')
    cd /Users/admin/builder/spi-builder-workspace/.swiftpm/xcode
    builtin-SwiftPerFileCompile Node.swift
SwiftCompile normal arm64 Compiling\ SKMultilineLabelNode.swift /Users/admin/builder/spi-builder-workspace/Sources/SKMultilineLabelNode.swift (in target 'Magnetic' from project 'Magnetic')
SwiftCompile normal arm64 /Users/admin/builder/spi-builder-workspace/Sources/SKMultilineLabelNode.swift (in target 'Magnetic' from project 'Magnetic')
    cd /Users/admin/builder/spi-builder-workspace/.swiftpm/xcode
    builtin-SwiftPerFileCompile SKMultilineLabelNode.swift
SwiftEmitModule normal arm64_32 Emitting\ module\ for\ Magnetic (in target 'Magnetic' from project 'Magnetic')
/Users/admin/builder/spi-builder-workspace/Sources/Magnetic.swift:119:52: error: 'UITouch' is unavailable in watchOS
117 | extension Magnetic {
118 |
119 |     open override func touchesBegan(_ touches: Set<UITouch>, with event: UIEvent?) {
    |                                                    `- error: 'UITouch' is unavailable in watchOS
120 |         guard removeNodeOnLongPress, let touch = touches.first else { return }
121 |         touchStarted = touch.timestamp
/Applications/Xcode-27.0.0-Release.Candidate.app/Contents/Developer/Platforms/WatchOS.platform/Developer/SDKs/WatchOS27.0.sdk/System/Library/Frameworks/UIKit.framework/Headers/UITouch.h:51:12: note: 'UITouch' has been explicitly marked unavailable here
 49 |
 50 | UIKIT_EXTERN API_AVAILABLE(ios(2.0)) API_UNAVAILABLE(watchos) NS_SWIFT_UI_ACTOR
 51 | @interface UITouch : NSObject
    |            `- note: 'UITouch' has been explicitly marked unavailable here
 52 |
 53 | @property(nonatomic,readonly) NSTimeInterval      timestamp;
/Users/admin/builder/spi-builder-workspace/Sources/Magnetic.swift:119:74: error: 'UIEvent' is unavailable in watchOS
117 | extension Magnetic {
118 |
119 |     open override func touchesBegan(_ touches: Set<UITouch>, with event: UIEvent?) {
    |                                                                          `- error: 'UIEvent' is unavailable in watchOS
120 |         guard removeNodeOnLongPress, let touch = touches.first else { return }
121 |         touchStarted = touch.timestamp
/Applications/Xcode-27.0.0-Release.Candidate.app/Contents/Developer/Platforms/WatchOS.platform/Developer/SDKs/WatchOS27.0.sdk/System/Library/Frameworks/UIKit.framework/Headers/UIEvent.h:62:12: note: 'UIEvent' has been explicitly marked unavailable here
60 |
61 | UIKIT_EXTERN API_AVAILABLE(ios(2.0)) API_UNAVAILABLE(watchos) NS_SWIFT_UI_ACTOR
62 | @interface UIEvent : NSObject
   |            `- note: 'UIEvent' has been explicitly marked unavailable here
63 |
64 | @property(nonatomic,readonly) UIEventType     type API_AVAILABLE(ios(3.0));
/Users/admin/builder/spi-builder-workspace/Sources/Magnetic.swift:119:24: error: method does not override any method from its superclass
117 | extension Magnetic {
118 |
119 |     open override func touchesBegan(_ touches: Set<UITouch>, with event: UIEvent?) {
    |                        `- error: method does not override any method from its superclass
120 |         guard removeNodeOnLongPress, let touch = touches.first else { return }
121 |         touchStarted = touch.timestamp
/Users/admin/builder/spi-builder-workspace/Sources/Magnetic.swift:124:52: error: 'UITouch' is unavailable in watchOS
122 |     }
123 |
124 |     override open func touchesMoved(_ touches: Set<UITouch>, with event: UIEvent?) {
    |                                                    `- error: 'UITouch' is unavailable in watchOS
125 |         guard let touch = touches.first else { return }
126 |         let location = touch.location(in: self)
/Applications/Xcode-27.0.0-Release.Candidate.app/Contents/Developer/Platforms/WatchOS.platform/Developer/SDKs/WatchOS27.0.sdk/System/Library/Frameworks/UIKit.framework/Headers/UITouch.h:51:12: note: 'UITouch' has been explicitly marked unavailable here
 49 |
 50 | UIKIT_EXTERN API_AVAILABLE(ios(2.0)) API_UNAVAILABLE(watchos) NS_SWIFT_UI_ACTOR
 51 | @interface UITouch : NSObject
    |            `- note: 'UITouch' has been explicitly marked unavailable here
 52 |
 53 | @property(nonatomic,readonly) NSTimeInterval      timestamp;
/Users/admin/builder/spi-builder-workspace/Sources/Magnetic.swift:124:74: error: 'UIEvent' is unavailable in watchOS
122 |     }
123 |
124 |     override open func touchesMoved(_ touches: Set<UITouch>, with event: UIEvent?) {
    |                                                                          `- error: 'UIEvent' is unavailable in watchOS
125 |         guard let touch = touches.first else { return }
126 |         let location = touch.location(in: self)
/Applications/Xcode-27.0.0-Release.Candidate.app/Contents/Developer/Platforms/WatchOS.platform/Developer/SDKs/WatchOS27.0.sdk/System/Library/Frameworks/UIKit.framework/Headers/UIEvent.h:62:12: note: 'UIEvent' has been explicitly marked unavailable here
60 |
61 | UIKIT_EXTERN API_AVAILABLE(ios(2.0)) API_UNAVAILABLE(watchos) NS_SWIFT_UI_ACTOR
62 | @interface UIEvent : NSObject
   |            `- note: 'UIEvent' has been explicitly marked unavailable here
63 |
64 | @property(nonatomic,readonly) UIEventType     type API_AVAILABLE(ios(3.0));
/Users/admin/builder/spi-builder-workspace/Sources/Magnetic.swift:124:24: error: method does not override any method from its superclass
122 |     }
123 |
124 |     override open func touchesMoved(_ touches: Set<UITouch>, with event: UIEvent?) {
    |                        `- error: method does not override any method from its superclass
125 |         guard let touch = touches.first else { return }
126 |         let location = touch.location(in: self)
/Users/admin/builder/spi-builder-workspace/Sources/Magnetic.swift:135:52: error: 'UITouch' is unavailable in watchOS
133 |     }
134 |
135 |     override open func touchesEnded(_ touches: Set<UITouch>, with event: UIEvent?) {
    |                                                    `- error: 'UITouch' is unavailable in watchOS
136 |         guard let touch = touches.first else { return }
137 |         let location = touch.location(in: self)
/Applications/Xcode-27.0.0-Release.Candidate.app/Contents/Developer/Platforms/WatchOS.platform/Developer/SDKs/WatchOS27.0.sdk/System/Library/Frameworks/UIKit.framework/Headers/UITouch.h:51:12: note: 'UITouch' has been explicitly marked unavailable here
 49 |
 50 | UIKIT_EXTERN API_AVAILABLE(ios(2.0)) API_UNAVAILABLE(watchos) NS_SWIFT_UI_ACTOR
 51 | @interface UITouch : NSObject
    |            `- note: 'UITouch' has been explicitly marked unavailable here
 52 |
 53 | @property(nonatomic,readonly) NSTimeInterval      timestamp;
/Users/admin/builder/spi-builder-workspace/Sources/Magnetic.swift:135:74: error: 'UIEvent' is unavailable in watchOS
133 |     }
134 |
135 |     override open func touchesEnded(_ touches: Set<UITouch>, with event: UIEvent?) {
    |                                                                          `- error: 'UIEvent' is unavailable in watchOS
136 |         guard let touch = touches.first else { return }
137 |         let location = touch.location(in: self)
/Applications/Xcode-27.0.0-Release.Candidate.app/Contents/Developer/Platforms/WatchOS.platform/Developer/SDKs/WatchOS27.0.sdk/System/Library/Frameworks/UIKit.framework/Headers/UIEvent.h:62:12: note: 'UIEvent' has been explicitly marked unavailable here
60 |
61 | UIKIT_EXTERN API_AVAILABLE(ios(2.0)) API_UNAVAILABLE(watchos) NS_SWIFT_UI_ACTOR
62 | @interface UIEvent : NSObject
   |            `- note: 'UIEvent' has been explicitly marked unavailable here
63 |
64 | @property(nonatomic,readonly) UIEventType     type API_AVAILABLE(ios(3.0));
/Users/admin/builder/spi-builder-workspace/Sources/Magnetic.swift:135:24: error: method does not override any method from its superclass
133 |     }
134 |
135 |     override open func touchesEnded(_ touches: Set<UITouch>, with event: UIEvent?) {
    |                        `- error: method does not override any method from its superclass
136 |         guard let touch = touches.first else { return }
137 |         let location = touch.location(in: self)
/Users/admin/builder/spi-builder-workspace/Sources/Magnetic.swift:168:56: error: 'UITouch' is unavailable in watchOS
166 |     }
167 |
168 |     override open func touchesCancelled(_ touches: Set<UITouch>, with event: UIEvent?) {
    |                                                        `- error: 'UITouch' is unavailable in watchOS
169 |         isDragging = false
170 |     }
/Applications/Xcode-27.0.0-Release.Candidate.app/Contents/Developer/Platforms/WatchOS.platform/Developer/SDKs/WatchOS27.0.sdk/System/Library/Frameworks/UIKit.framework/Headers/UITouch.h:51:12: note: 'UITouch' has been explicitly marked unavailable here
 49 |
 50 | UIKIT_EXTERN API_AVAILABLE(ios(2.0)) API_UNAVAILABLE(watchos) NS_SWIFT_UI_ACTOR
 51 | @interface UITouch : NSObject
    |            `- note: 'UITouch' has been explicitly marked unavailable here
 52 |
 53 | @property(nonatomic,readonly) NSTimeInterval      timestamp;
/Users/admin/builder/spi-builder-workspace/Sources/Magnetic.swift:168:78: error: 'UIEvent' is unavailable in watchOS
166 |     }
167 |
168 |     override open func touchesCancelled(_ touches: Set<UITouch>, with event: UIEvent?) {
    |                                                                              `- error: 'UIEvent' is unavailable in watchOS
169 |         isDragging = false
170 |     }
/Applications/Xcode-27.0.0-Release.Candidate.app/Contents/Developer/Platforms/WatchOS.platform/Developer/SDKs/WatchOS27.0.sdk/System/Library/Frameworks/UIKit.framework/Headers/UIEvent.h:62:12: note: 'UIEvent' has been explicitly marked unavailable here
60 |
61 | UIKIT_EXTERN API_AVAILABLE(ios(2.0)) API_UNAVAILABLE(watchos) NS_SWIFT_UI_ACTOR
62 | @interface UIEvent : NSObject
   |            `- note: 'UIEvent' has been explicitly marked unavailable here
63 |
64 | @property(nonatomic,readonly) UIEventType     type API_AVAILABLE(ios(3.0));
/Users/admin/builder/spi-builder-workspace/Sources/Magnetic.swift:168:24: error: method does not override any method from its superclass
166 |     }
167 |
168 |     override open func touchesCancelled(_ touches: Set<UITouch>, with event: UIEvent?) {
    |                        `- error: method does not override any method from its superclass
169 |         isDragging = false
170 |     }
/Users/admin/builder/spi-builder-workspace/Sources/MagneticView.swift:11:28: error: cannot find type 'SKView' in scope
 9 | import SpriteKit
10 |
11 | public class MagneticView: SKView {
   |                            `- error: cannot find type 'SKView' in scope
12 |
13 |     @objc
/Users/admin/builder/spi-builder-workspace/Sources/MagneticView+SwiftUI.swift:15:37: error: cannot find type 'Context' in scope
13 |
14 | public struct MagneticView_SwiftUI: UIViewRepresentable {
15 |     public func makeUIView(context: Context) -> MagneticView {
   |                                     `- error: cannot find type 'Context' in scope
16 |         MagneticView()
17 |     }
/Users/admin/builder/spi-builder-workspace/Sources/MagneticView+SwiftUI.swift:18:63: error: cannot find type 'Context' in scope
16 |         MagneticView()
17 |     }
18 |     public func updateUIView(_ uiView: MagneticView, context: Context) {}
   |                                                               `- error: cannot find type 'Context' in scope
19 | }
20 |
/Users/admin/builder/spi-builder-workspace/Sources/MagneticView+SwiftUI.swift:14:37: error: cannot find type 'UIViewRepresentable' in scope
12 | import SwiftUI
13 |
14 | public struct MagneticView_SwiftUI: UIViewRepresentable {
   |                                     `- error: cannot find type 'UIViewRepresentable' in scope
15 |     public func makeUIView(context: Context) -> MagneticView {
16 |         MagneticView()
/Users/admin/builder/spi-builder-workspace/Sources/MagneticView.swift:15:41: error: value of type 'MagneticView' has no member 'bounds'
13 |     @objc
14 |     public lazy var magnetic: Magnetic = { [unowned self] in
15 |         let scene = Magnetic(size: self.bounds.size)
   |                                         `- error: value of type 'MagneticView' has no member 'bounds'
16 |         self.presentScene(scene)
17 |         return scene
/Users/admin/builder/spi-builder-workspace/Sources/MagneticView.swift:20:21: error: initializer does not override a designated initializer from its superclass
18 |     }()
19 |
20 |     override public init(frame: CGRect) {
   |                     `- error: initializer does not override a designated initializer from its superclass
21 |         super.init(frame: frame)
22 |
/Users/admin/builder/spi-builder-workspace/Sources/MagneticView.swift:36:26: error: method does not override any method from its superclass
34 |     }
35 |
36 |     public override func layoutSubviews() {
   |                          `- error: method does not override any method from its superclass
37 |         super.layoutSubviews()
38 |
/Users/admin/builder/spi-builder-workspace/Sources/Node.swift:68:17: error: 'accessibilityTraits' is unavailable in watchOS
 66 |             if isSelected {
 67 |                 selectedAnimation()
 68 |                 accessibilityTraits = .selected
    |                 `- error: 'accessibilityTraits' is unavailable in watchOS
 69 |             } else {
 70 |                 deselectedAnimation()
/Applications/Xcode-27.0.0-Release.Candidate.app/Contents/Developer/Platforms/WatchOS.platform/Developer/SDKs/WatchOS27.0.sdk/System/Library/Frameworks/UIKit.framework/Headers/UIAccessibility.h:113:45: note: 'accessibilityTraits' has been explicitly marked unavailable here
111 |  Setting the property will change the traits that are returned to the accessibility client.
112 |  */
113 | @property (nonatomic) UIAccessibilityTraits accessibilityTraits API_UNAVAILABLE(watchos) NS_SWIFT_UI_ACTOR;
    |                                             `- note: 'accessibilityTraits' has been explicitly marked unavailable here
114 |
115 | /*
/Users/admin/builder/spi-builder-workspace/Sources/Node.swift:71:17: error: 'accessibilityTraits' is unavailable in watchOS
 69 |             } else {
 70 |                 deselectedAnimation()
 71 |                 accessibilityTraits = .none
    |                 `- error: 'accessibilityTraits' is unavailable in watchOS
 72 |             }
 73 |         }
/Applications/Xcode-27.0.0-Release.Candidate.app/Contents/Developer/Platforms/WatchOS.platform/Developer/SDKs/WatchOS27.0.sdk/System/Library/Frameworks/UIKit.framework/Headers/UIAccessibility.h:113:45: note: 'accessibilityTraits' has been explicitly marked unavailable here
111 |  Setting the property will change the traits that are returned to the accessibility client.
112 |  */
113 | @property (nonatomic) UIAccessibilityTraits accessibilityTraits API_UNAVAILABLE(watchos) NS_SWIFT_UI_ACTOR;
    |                                             `- note: 'accessibilityTraits' has been explicitly marked unavailable here
114 |
115 | /*
/Users/admin/builder/spi-builder-workspace/Sources/Node.swift:81:23: error: cannot override 'accessibilityPath' which has been marked unavailable
 79 |     private var overridenAccessibilityPath: UIBezierPath?
 80 |
 81 |     open override var accessibilityPath: UIBezierPath? {
    |                       |- error: cannot override 'accessibilityPath' which has been marked unavailable
    |                       `- note: remove 'override' modifier to declare a new 'accessibilityPath'
 82 |         get { overridenAccessibilityPath ?? UIBezierPath(ovalIn: self.accessibilityFrame) }
 83 |         set { self.overridenAccessibilityPath = newValue }
/Applications/Xcode-27.0.0-Release.Candidate.app/Contents/Developer/Platforms/WatchOS.platform/Developer/SDKs/WatchOS27.0.sdk/System/Library/Frameworks/UIKit.framework/Headers/UIAccessibility.h:134:53: note: 'accessibilityPath' has been explicitly marked unavailable here
132 |  frame when highlighting the element.
133 |  */
134 | @property (nullable, nonatomic, copy) UIBezierPath *accessibilityPath API_AVAILABLE(ios(7.0)) API_UNAVAILABLE(watchos) NS_SWIFT_UI_ACTOR;
    |                                                     `- note: 'accessibilityPath' has been explicitly marked unavailable here
135 |
136 | // The accessibilityPath is expected to be in screen coordinates.
SwiftCompile normal arm64_32 (in target 'Magnetic' from project 'Magnetic')
    cd /Users/admin/builder/spi-builder-workspace/.swiftpm/xcode

SwiftCompile normal arm64_32 Compiling\ MagneticView.swift /Users/admin/builder/spi-builder-workspace/Sources/MagneticView.swift (in target 'Magnetic' from project 'Magnetic')
/Users/admin/builder/spi-builder-workspace/Sources/MagneticView.swift:11:28: error: cannot find type 'SKView' in scope
 9 | import SpriteKit
10 |
11 | public class MagneticView: SKView {
   |                            `- error: cannot find type 'SKView' in scope
12 |
13 |     @objc
/Users/admin/builder/spi-builder-workspace/Sources/MagneticView.swift:15:41: error: value of type 'MagneticView' has no member 'bounds'
13 |     @objc
14 |     public lazy var magnetic: Magnetic = { [unowned self] in
15 |         let scene = Magnetic(size: self.bounds.size)
   |                                         `- error: value of type 'MagneticView' has no member 'bounds'
16 |         self.presentScene(scene)
17 |         return scene
/Users/admin/builder/spi-builder-workspace/Sources/MagneticView.swift:20:21: error: initializer does not override a designated initializer from its superclass
18 |     }()
19 |
20 |     override public init(frame: CGRect) {
   |                     `- error: initializer does not override a designated initializer from its superclass
21 |         super.init(frame: frame)
22 |
/Users/admin/builder/spi-builder-workspace/Sources/MagneticView.swift:36:26: error: method does not override any method from its superclass
34 |     }
35 |
36 |     public override func layoutSubviews() {
   |                          `- error: method does not override any method from its superclass
37 |         super.layoutSubviews()
38 |
/Users/admin/builder/spi-builder-workspace/Sources/MagneticView.swift:21:9: error: 'super' cannot be used in class 'MagneticView' because it has no superclass
19 |
20 |     override public init(frame: CGRect) {
21 |         super.init(frame: frame)
   |         `- error: 'super' cannot be used in class 'MagneticView' because it has no superclass
22 |
23 |         commonInit()
/Users/admin/builder/spi-builder-workspace/Sources/MagneticView.swift:27:9: error: 'super' cannot be used in class 'MagneticView' because it has no superclass
25 |
26 |     required public init?(coder aDecoder: NSCoder) {
27 |         super.init(coder: aDecoder)
   |         `- error: 'super' cannot be used in class 'MagneticView' because it has no superclass
28 |
29 |         commonInit()
/Users/admin/builder/spi-builder-workspace/Sources/MagneticView.swift:37:9: error: 'super' cannot be used in class 'MagneticView' because it has no superclass
35 |
36 |     public override func layoutSubviews() {
37 |         super.layoutSubviews()
   |         `- error: 'super' cannot be used in class 'MagneticView' because it has no superclass
38 |
39 |         magnetic.size = bounds.size
SwiftCompile normal arm64_32 /Users/admin/builder/spi-builder-workspace/Sources/MagneticView.swift (in target 'Magnetic' from project 'Magnetic')
    cd /Users/admin/builder/spi-builder-workspace/.swiftpm/xcode
    builtin-SwiftPerFileCompile MagneticView.swift
SwiftCompile normal arm64 Compiling\ MagneticView+SwiftUI.swift /Users/admin/builder/spi-builder-workspace/Sources/MagneticView+SwiftUI.swift (in target 'Magnetic' from project 'Magnetic')
/Users/admin/builder/spi-builder-workspace/Sources/MagneticView+SwiftUI.swift:15:37: error: cannot find type 'Context' in scope
13 |
14 | public struct MagneticView_SwiftUI: UIViewRepresentable {
15 |     public func makeUIView(context: Context) -> MagneticView {
   |                                     `- error: cannot find type 'Context' in scope
16 |         MagneticView()
17 |     }
/Users/admin/builder/spi-builder-workspace/Sources/MagneticView+SwiftUI.swift:18:63: error: cannot find type 'Context' in scope
16 |         MagneticView()
17 |     }
18 |     public func updateUIView(_ uiView: MagneticView, context: Context) {}
   |                                                               `- error: cannot find type 'Context' in scope
19 | }
20 |
/Users/admin/builder/spi-builder-workspace/Sources/MagneticView+SwiftUI.swift:14:37: error: cannot find type 'UIViewRepresentable' in scope
12 | import SwiftUI
13 |
14 | public struct MagneticView_SwiftUI: UIViewRepresentable {
   |                                     `- error: cannot find type 'UIViewRepresentable' in scope
15 |     public func makeUIView(context: Context) -> MagneticView {
16 |         MagneticView()
SwiftCompile normal arm64 /Users/admin/builder/spi-builder-workspace/Sources/MagneticView+SwiftUI.swift (in target 'Magnetic' from project 'Magnetic')
    cd /Users/admin/builder/spi-builder-workspace/.swiftpm/xcode
    builtin-SwiftPerFileCompile MagneticView+SwiftUI.swift
SwiftCompile normal arm64 Compiling\ Extensions.swift /Users/admin/builder/spi-builder-workspace/Sources/Extensions.swift (in target 'Magnetic' from project 'Magnetic')
SwiftCompile normal arm64 /Users/admin/builder/spi-builder-workspace/Sources/Extensions.swift (in target 'Magnetic' from project 'Magnetic')
    cd /Users/admin/builder/spi-builder-workspace/.swiftpm/xcode
    builtin-SwiftPerFileCompile Extensions.swift
SwiftCompile normal arm64_32 Compiling\ MagneticView+SwiftUI.swift /Users/admin/builder/spi-builder-workspace/Sources/MagneticView+SwiftUI.swift (in target 'Magnetic' from project 'Magnetic')
/Users/admin/builder/spi-builder-workspace/Sources/MagneticView+SwiftUI.swift:15:37: error: cannot find type 'Context' in scope
13 |
14 | public struct MagneticView_SwiftUI: UIViewRepresentable {
15 |     public func makeUIView(context: Context) -> MagneticView {
   |                                     `- error: cannot find type 'Context' in scope
16 |         MagneticView()
17 |     }
/Users/admin/builder/spi-builder-workspace/Sources/MagneticView+SwiftUI.swift:18:63: error: cannot find type 'Context' in scope
16 |         MagneticView()
17 |     }
18 |     public func updateUIView(_ uiView: MagneticView, context: Context) {}
   |                                                               `- error: cannot find type 'Context' in scope
19 | }
20 |
/Users/admin/builder/spi-builder-workspace/Sources/MagneticView+SwiftUI.swift:14:37: error: cannot find type 'UIViewRepresentable' in scope
12 | import SwiftUI
13 |
14 | public struct MagneticView_SwiftUI: UIViewRepresentable {
   |                                     `- error: cannot find type 'UIViewRepresentable' in scope
15 |     public func makeUIView(context: Context) -> MagneticView {
16 |         MagneticView()
SwiftCompile normal arm64_32 /Users/admin/builder/spi-builder-workspace/Sources/MagneticView+SwiftUI.swift (in target 'Magnetic' from project 'Magnetic')
    cd /Users/admin/builder/spi-builder-workspace/.swiftpm/xcode
    builtin-SwiftPerFileCompile MagneticView+SwiftUI.swift
SwiftCompile normal arm64 Compiling\ Magnetic.swift /Users/admin/builder/spi-builder-workspace/Sources/Magnetic.swift (in target 'Magnetic' from project 'Magnetic')
/Users/admin/builder/spi-builder-workspace/Sources/Magnetic.swift:119:52: error: 'UITouch' is unavailable in watchOS
117 | extension Magnetic {
118 |
119 |     open override func touchesBegan(_ touches: Set<UITouch>, with event: UIEvent?) {
    |                                                    `- error: 'UITouch' is unavailable in watchOS
120 |         guard removeNodeOnLongPress, let touch = touches.first else { return }
121 |         touchStarted = touch.timestamp
/Applications/Xcode-27.0.0-Release.Candidate.app/Contents/Developer/Platforms/WatchOS.platform/Developer/SDKs/WatchOS27.0.sdk/System/Library/Frameworks/UIKit.framework/Headers/UITouch.h:51:12: note: 'UITouch' has been explicitly marked unavailable here
 49 |
 50 | UIKIT_EXTERN API_AVAILABLE(ios(2.0)) API_UNAVAILABLE(watchos) NS_SWIFT_UI_ACTOR
 51 | @interface UITouch : NSObject
    |            `- note: 'UITouch' has been explicitly marked unavailable here
 52 |
 53 | @property(nonatomic,readonly) NSTimeInterval      timestamp;
/Users/admin/builder/spi-builder-workspace/Sources/Magnetic.swift:119:74: error: 'UIEvent' is unavailable in watchOS
117 | extension Magnetic {
118 |
119 |     open override func touchesBegan(_ touches: Set<UITouch>, with event: UIEvent?) {
    |                                                                          `- error: 'UIEvent' is unavailable in watchOS
120 |         guard removeNodeOnLongPress, let touch = touches.first else { return }
121 |         touchStarted = touch.timestamp
/Applications/Xcode-27.0.0-Release.Candidate.app/Contents/Developer/Platforms/WatchOS.platform/Developer/SDKs/WatchOS27.0.sdk/System/Library/Frameworks/UIKit.framework/Headers/UIEvent.h:62:12: note: 'UIEvent' has been explicitly marked unavailable here
60 |
61 | UIKIT_EXTERN API_AVAILABLE(ios(2.0)) API_UNAVAILABLE(watchos) NS_SWIFT_UI_ACTOR
62 | @interface UIEvent : NSObject
   |            `- note: 'UIEvent' has been explicitly marked unavailable here
63 |
64 | @property(nonatomic,readonly) UIEventType     type API_AVAILABLE(ios(3.0));
/Users/admin/builder/spi-builder-workspace/Sources/Magnetic.swift:119:24: error: method does not override any method from its superclass
117 | extension Magnetic {
118 |
119 |     open override func touchesBegan(_ touches: Set<UITouch>, with event: UIEvent?) {
    |                        `- error: method does not override any method from its superclass
120 |         guard removeNodeOnLongPress, let touch = touches.first else { return }
121 |         touchStarted = touch.timestamp
/Users/admin/builder/spi-builder-workspace/Sources/Magnetic.swift:124:52: error: 'UITouch' is unavailable in watchOS
122 |     }
123 |
124 |     override open func touchesMoved(_ touches: Set<UITouch>, with event: UIEvent?) {
    |                                                    `- error: 'UITouch' is unavailable in watchOS
125 |         guard let touch = touches.first else { return }
126 |         let location = touch.location(in: self)
/Applications/Xcode-27.0.0-Release.Candidate.app/Contents/Developer/Platforms/WatchOS.platform/Developer/SDKs/WatchOS27.0.sdk/System/Library/Frameworks/UIKit.framework/Headers/UITouch.h:51:12: note: 'UITouch' has been explicitly marked unavailable here
 49 |
 50 | UIKIT_EXTERN API_AVAILABLE(ios(2.0)) API_UNAVAILABLE(watchos) NS_SWIFT_UI_ACTOR
 51 | @interface UITouch : NSObject
    |            `- note: 'UITouch' has been explicitly marked unavailable here
 52 |
 53 | @property(nonatomic,readonly) NSTimeInterval      timestamp;
/Users/admin/builder/spi-builder-workspace/Sources/Magnetic.swift:124:74: error: 'UIEvent' is unavailable in watchOS
122 |     }
123 |
124 |     override open func touchesMoved(_ touches: Set<UITouch>, with event: UIEvent?) {
    |                                                                          `- error: 'UIEvent' is unavailable in watchOS
125 |         guard let touch = touches.first else { return }
126 |         let location = touch.location(in: self)
/Applications/Xcode-27.0.0-Release.Candidate.app/Contents/Developer/Platforms/WatchOS.platform/Developer/SDKs/WatchOS27.0.sdk/System/Library/Frameworks/UIKit.framework/Headers/UIEvent.h:62:12: note: 'UIEvent' has been explicitly marked unavailable here
60 |
61 | UIKIT_EXTERN API_AVAILABLE(ios(2.0)) API_UNAVAILABLE(watchos) NS_SWIFT_UI_ACTOR
62 | @interface UIEvent : NSObject
   |            `- note: 'UIEvent' has been explicitly marked unavailable here
63 |
64 | @property(nonatomic,readonly) UIEventType     type API_AVAILABLE(ios(3.0));
/Users/admin/builder/spi-builder-workspace/Sources/Magnetic.swift:124:24: error: method does not override any method from its superclass
122 |     }
123 |
124 |     override open func touchesMoved(_ touches: Set<UITouch>, with event: UIEvent?) {
    |                        `- error: method does not override any method from its superclass
125 |         guard let touch = touches.first else { return }
126 |         let location = touch.location(in: self)
/Users/admin/builder/spi-builder-workspace/Sources/Magnetic.swift:135:52: error: 'UITouch' is unavailable in watchOS
133 |     }
134 |
135 |     override open func touchesEnded(_ touches: Set<UITouch>, with event: UIEvent?) {
    |                                                    `- error: 'UITouch' is unavailable in watchOS
136 |         guard let touch = touches.first else { return }
137 |         let location = touch.location(in: self)
/Applications/Xcode-27.0.0-Release.Candidate.app/Contents/Developer/Platforms/WatchOS.platform/Developer/SDKs/WatchOS27.0.sdk/System/Library/Frameworks/UIKit.framework/Headers/UITouch.h:51:12: note: 'UITouch' has been explicitly marked unavailable here
 49 |
 50 | UIKIT_EXTERN API_AVAILABLE(ios(2.0)) API_UNAVAILABLE(watchos) NS_SWIFT_UI_ACTOR
 51 | @interface UITouch : NSObject
    |            `- note: 'UITouch' has been explicitly marked unavailable here
 52 |
 53 | @property(nonatomic,readonly) NSTimeInterval      timestamp;
/Users/admin/builder/spi-builder-workspace/Sources/Magnetic.swift:135:74: error: 'UIEvent' is unavailable in watchOS
133 |     }
134 |
135 |     override open func touchesEnded(_ touches: Set<UITouch>, with event: UIEvent?) {
    |                                                                          `- error: 'UIEvent' is unavailable in watchOS
136 |         guard let touch = touches.first else { return }
137 |         let location = touch.location(in: self)
/Applications/Xcode-27.0.0-Release.Candidate.app/Contents/Developer/Platforms/WatchOS.platform/Developer/SDKs/WatchOS27.0.sdk/System/Library/Frameworks/UIKit.framework/Headers/UIEvent.h:62:12: note: 'UIEvent' has been explicitly marked unavailable here
60 |
61 | UIKIT_EXTERN API_AVAILABLE(ios(2.0)) API_UNAVAILABLE(watchos) NS_SWIFT_UI_ACTOR
62 | @interface UIEvent : NSObject
   |            `- note: 'UIEvent' has been explicitly marked unavailable here
63 |
64 | @property(nonatomic,readonly) UIEventType     type API_AVAILABLE(ios(3.0));
/Users/admin/builder/spi-builder-workspace/Sources/Magnetic.swift:135:24: error: method does not override any method from its superclass
133 |     }
134 |
135 |     override open func touchesEnded(_ touches: Set<UITouch>, with event: UIEvent?) {
    |                        `- error: method does not override any method from its superclass
136 |         guard let touch = touches.first else { return }
137 |         let location = touch.location(in: self)
/Users/admin/builder/spi-builder-workspace/Sources/Magnetic.swift:168:56: error: 'UITouch' is unavailable in watchOS
166 |     }
167 |
168 |     override open func touchesCancelled(_ touches: Set<UITouch>, with event: UIEvent?) {
    |                                                        `- error: 'UITouch' is unavailable in watchOS
169 |         isDragging = false
170 |     }
/Applications/Xcode-27.0.0-Release.Candidate.app/Contents/Developer/Platforms/WatchOS.platform/Developer/SDKs/WatchOS27.0.sdk/System/Library/Frameworks/UIKit.framework/Headers/UITouch.h:51:12: note: 'UITouch' has been explicitly marked unavailable here
 49 |
 50 | UIKIT_EXTERN API_AVAILABLE(ios(2.0)) API_UNAVAILABLE(watchos) NS_SWIFT_UI_ACTOR
 51 | @interface UITouch : NSObject
    |            `- note: 'UITouch' has been explicitly marked unavailable here
 52 |
 53 | @property(nonatomic,readonly) NSTimeInterval      timestamp;
/Users/admin/builder/spi-builder-workspace/Sources/Magnetic.swift:168:78: error: 'UIEvent' is unavailable in watchOS
166 |     }
167 |
168 |     override open func touchesCancelled(_ touches: Set<UITouch>, with event: UIEvent?) {
    |                                                                              `- error: 'UIEvent' is unavailable in watchOS
169 |         isDragging = false
170 |     }
/Applications/Xcode-27.0.0-Release.Candidate.app/Contents/Developer/Platforms/WatchOS.platform/Developer/SDKs/WatchOS27.0.sdk/System/Library/Frameworks/UIKit.framework/Headers/UIEvent.h:62:12: note: 'UIEvent' has been explicitly marked unavailable here
60 |
61 | UIKIT_EXTERN API_AVAILABLE(ios(2.0)) API_UNAVAILABLE(watchos) NS_SWIFT_UI_ACTOR
62 | @interface UIEvent : NSObject
   |            `- note: 'UIEvent' has been explicitly marked unavailable here
63 |
64 | @property(nonatomic,readonly) UIEventType     type API_AVAILABLE(ios(3.0));
/Users/admin/builder/spi-builder-workspace/Sources/Magnetic.swift:168:24: error: method does not override any method from its superclass
166 |     }
167 |
168 |     override open func touchesCancelled(_ touches: Set<UITouch>, with event: UIEvent?) {
    |                        `- error: method does not override any method from its superclass
169 |         isDragging = false
170 |     }
SwiftCompile normal arm64 /Users/admin/builder/spi-builder-workspace/Sources/Magnetic.swift (in target 'Magnetic' from project 'Magnetic')
    cd /Users/admin/builder/spi-builder-workspace/.swiftpm/xcode
    builtin-SwiftPerFileCompile Magnetic.swift
SwiftCompile normal arm64_32 Compiling\ SKAction+Color.swift /Users/admin/builder/spi-builder-workspace/Sources/SKAction+Color.swift (in target 'Magnetic' from project 'Magnetic')
SwiftCompile normal arm64_32 /Users/admin/builder/spi-builder-workspace/Sources/SKAction+Color.swift (in target 'Magnetic' from project 'Magnetic')
    cd /Users/admin/builder/spi-builder-workspace/.swiftpm/xcode
    builtin-SwiftPerFileCompile SKAction+Color.swift
PruneExplicitPrecompiledModules /Users/admin/builder/spi-builder-workspace/.derivedData/Build/Intermediates.noindex/ExplicitPrecompiledModules
PruneExplicitPrecompiledModules /Users/admin/builder/spi-builder-workspace/.derivedData/SDKExplicitPrecompiledModules
PruneExplicitPrecompiledModules /Users/admin/builder/spi-builder-workspace/.derivedData/Build/Intermediates.noindex/SwiftExplicitPrecompiledModules
2026-09-22 11:05:02.223 xcodebuild[696:4364] [MT] IDERunDestination: Supported platforms for the buildables in the current scheme is empty.
** BUILD FAILED **
The following build commands failed:
	SwiftCompile normal arm64 (in target 'Magnetic' from project 'Magnetic')
	SwiftEmitModule normal arm64 Emitting\ module\ for\ Magnetic (in target 'Magnetic' from project 'Magnetic')
	Building workspace Magnetic with scheme Magnetic
(3 failures)
Command line invocation:
    /Applications/Xcode-27.0.0-Release.Candidate.app/Contents/Developer/usr/bin/xcodebuild -IDEClonedSourcePackagesDirPathOverride=/Users/admin/builder/spi-builder-workspace/.dependencies -resolvePackageDependencies
Resolve Package Graph
Resolved source packages:
  Magnetic: /Users/admin/builder/spi-builder-workspace
resolved source packages: Magnetic
2026-09-22 11:05:08.685 xcodebuild[858:5010] [MT] IDERunDestination: Supported platforms for the buildables in the current scheme is empty.
{
  "dependencies" : [
  ],
  "manifest_display_name" : "Magnetic",
  "name" : "Magnetic",
  "path" : "/Users/admin/builder/spi-builder-workspace",
  "platforms" : [
    {
      "name" : "ios",
      "version" : "13.0"
    }
  ],
  "products" : [
    {
      "name" : "Magnetic",
      "targets" : [
        "Magnetic"
      ],
      "type" : {
        "library" : [
          "automatic"
        ]
      }
    }
  ],
  "targets" : [
    {
      "c99name" : "Magnetic",
      "module_type" : "SwiftTarget",
      "name" : "Magnetic",
      "path" : "Sources",
      "product_memberships" : [
        "Magnetic"
      ],
      "sources" : [
        "Extensions.swift",
        "Magnetic.swift",
        "MagneticView+Accessibility.swift",
        "MagneticView+SwiftUI.swift",
        "MagneticView.swift",
        "Node.swift",
        "SKAction+Color.swift",
        "SKMultilineLabelNode.swift"
      ],
      "type" : "library"
    }
  ],
  "tools_version" : "5.9"
}
{
  "workspace" : {
    "name" : "Magnetic",
    "schemes" : [
      "Magnetic"
    ]
  }
}
2026-09-22 11:05:09.770 xcodebuild[866:5087] [MT] IDERunDestination: Supported platforms for the buildables in the current scheme is empty.
Running build ...
env DEVELOPER_DIR=/Applications/Xcode-27.0.0-Release.Candidate.app xcrun xcodebuild -IDEClonedSourcePackagesDirPathOverride=$PWD/.dependencies -skipMacroValidation -skipPackagePluginValidation -derivedDataPath $PWD/.derivedData build -scheme Magnetic -destination generic/platform=watchOS
Command line invocation:
    /Applications/Xcode-27.0.0-Release.Candidate.app/Contents/Developer/usr/bin/xcodebuild -IDEClonedSourcePackagesDirPathOverride=/Users/admin/builder/spi-builder-workspace/.dependencies -skipMacroValidation -skipPackagePluginValidation -derivedDataPath /Users/admin/builder/spi-builder-workspace/.derivedData build -scheme Magnetic -destination generic/platform=watchOS
Resolve Package Graph
Resolved source packages:
  Magnetic: /Users/admin/builder/spi-builder-workspace
ComputePackagePrebuildTargetDependencyGraph
Prepare packages
CreateBuildRequest
SendProjectDescription
CreateBuildOperation
ComputeTargetDependencyGraph
note: Building targets in dependency order
note: Target dependency graph (2 targets)
    Target 'Magnetic-product' in project 'Magnetic'
        ➜ Explicit dependency on target 'Magnetic' in project 'Magnetic'
    Target 'Magnetic' in project 'Magnetic' (no dependencies)
GatherProvisioningInputs
CreateBuildDescription
ClangStatCache /Applications/Xcode-27.0.0-Release.Candidate.app/Contents/Developer/Toolchains/XcodeDefault.xctoolchain/usr/bin/clang-stat-cache /Applications/Xcode-27.0.0-Release.Candidate.app/Contents/Developer/Platforms/WatchOS.platform/Developer/SDKs/WatchOS27.0.sdk /Users/admin/builder/spi-builder-workspace/.derivedData/SDKStatCaches.noindex/watchos27.0-24R360-e829b21a6f8c9b70876ba0858053c04477534ef55a1706bf4c1112bbb242f0a2.sdkstatcache
    cd /Users/admin/builder/spi-builder-workspace/.swiftpm/xcode
    /Applications/Xcode-27.0.0-Release.Candidate.app/Contents/Developer/Toolchains/XcodeDefault.xctoolchain/usr/bin/clang-stat-cache /Applications/Xcode-27.0.0-Release.Candidate.app/Contents/Developer/Platforms/WatchOS.platform/Developer/SDKs/WatchOS27.0.sdk -o /Users/admin/builder/spi-builder-workspace/.derivedData/SDKStatCaches.noindex/watchos27.0-24R360-e829b21a6f8c9b70876ba0858053c04477534ef55a1706bf4c1112bbb242f0a2.sdkstatcache
SwiftDriver Magnetic normal arm64_32 com.apple.xcode.tools.swift.compiler (in target 'Magnetic' from project 'Magnetic')
    cd /Users/admin/builder/spi-builder-workspace/.swiftpm/xcode
    builtin-SwiftDriver -- /Applications/Xcode-27.0.0-Release.Candidate.app/Contents/Developer/Toolchains/XcodeDefault.xctoolchain/usr/bin/swiftc -parse-as-library -module-name Magnetic -Onone @/Users/admin/builder/spi-builder-workspace/.derivedData/Build/Intermediates.noindex/Magnetic.build/Debug-watchos/Magnetic-t.build/Objects-normal/arm64_32/Magnetic.SwiftFileList -DSWIFT_PACKAGE -DDEBUG -DSWIFT_MODULE_RESOURCE_BUNDLE_UNAVAILABLE -DXcode -plugin-path /Applications/Xcode-27.0.0-Release.Candidate.app/Contents/Developer/Toolchains/XcodeDefault.xctoolchain/usr/lib/swift/host/plugins/testing -enable-experimental-feature DebugDescriptionMacro -sdk /Applications/Xcode-27.0.0-Release.Candidate.app/Contents/Developer/Platforms/WatchOS.platform/Developer/SDKs/WatchOS27.0.sdk -target arm64_32-apple-watchos9.0 -g -module-cache-path /Users/admin/builder/spi-builder-workspace/.derivedData/ModuleCache.noindex -Xfrontend -serialize-debugging-options -enable-testing -index-store-path /Users/admin/builder/spi-builder-workspace/.derivedData/Index.noindex/DataStore -Xcc -D_LIBCPP_HARDENING_MODE\=_LIBCPP_HARDENING_MODE_DEBUG -swift-version 5 -I /Users/admin/builder/spi-builder-workspace/.derivedData/Build/Products/Debug-watchos -Isystem /Applications/Xcode-27.0.0-Release.Candidate.app/Contents/Developer/Platforms/WatchOS.platform/Developer/usr/lib -F /Users/admin/builder/spi-builder-workspace/.derivedData/Build/Products/Debug-watchos -F /Applications/Xcode-27.0.0-Release.Candidate.app/Contents/Developer/Platforms/WatchOS.platform/Developer/Library/Frameworks -F /Applications/Xcode-27.0.0-Release.Candidate.app/Contents/Developer/Platforms/WatchOS.platform/Developer/SDKs/WatchOS27.0.sdk/Developer/Library/Frameworks -c -j10 -enable-batch-mode -incremental -Xcc -ivfsstatcache -Xcc /Users/admin/builder/spi-builder-workspace/.derivedData/SDKStatCaches.noindex/watchos27.0-24R360-e829b21a6f8c9b70876ba0858053c04477534ef55a1706bf4c1112bbb242f0a2.sdkstatcache -output-file-map /Users/admin/builder/spi-builder-workspace/.derivedData/Build/Intermediates.noindex/Magnetic.build/Debug-watchos/Magnetic-t.build/Objects-normal/arm64_32/Magnetic-OutputFileMap.json -save-temps -no-color-diagnostics -explicit-module-build -module-cache-path /Users/admin/builder/spi-builder-workspace/.derivedData/Build/Intermediates.noindex/SwiftExplicitPrecompiledModules -clang-scanner-module-cache-path /Users/admin/builder/spi-builder-workspace/.derivedData/ModuleCache.noindex -sdk-module-cache-path /Users/admin/builder/spi-builder-workspace/.derivedData/SDKExplicitPrecompiledModules -emit-dependencies -emit-module -emit-module-path /Users/admin/builder/spi-builder-workspace/.derivedData/Build/Intermediates.noindex/Magnetic.build/Debug-watchos/Magnetic-t.build/Objects-normal/arm64_32/Magnetic.swiftmodule -serialize-diagnostics -dependency-scan-serialize-diagnostics-path /Users/admin/builder/spi-builder-workspace/.derivedData/Build/Intermediates.noindex/Magnetic.build/Debug-watchos/Magnetic-t.build/Objects-normal/arm64_32/Magnetic-dependency-scan.dia -validate-clang-modules-once -clang-build-session-file /Users/admin/builder/spi-builder-workspace/.derivedData/ModuleCache.noindex/Session.modulevalidation -Xcc -fmodules-prune-interval\=86400 -Xcc -fmodules-prune-after\=345600 -package-name spi_builder_workspace -emit-const-values -const-gather-protocols-list /Users/admin/builder/spi-builder-workspace/.derivedData/Build/Intermediates.noindex/Magnetic.build/Debug-watchos/Magnetic-t.build/Objects-normal/arm64_32/Magnetic_const_extract_protocols.json -Xcc -I/Users/admin/builder/spi-builder-workspace/.derivedData/Build/Products/Debug-watchos/include -Xcc -I/Users/admin/builder/spi-builder-workspace/.derivedData/Build/Intermediates.noindex/Magnetic.build/Debug-watchos/Magnetic-t.build/DerivedSources-normal/arm64_32 -Xcc -I/Users/admin/builder/spi-builder-workspace/.derivedData/Build/Intermediates.noindex/Magnetic.build/Debug-watchos/Magnetic-t.build/DerivedSources/arm64_32 -Xcc -I/Users/admin/builder/spi-builder-workspace/.derivedData/Build/Intermediates.noindex/Magnetic.build/Debug-watchos/Magnetic-t.build/DerivedSources -Xcc -DSWIFT_PACKAGE -Xcc -DDEBUG\=1 -emit-objc-header -emit-objc-header-path /Users/admin/builder/spi-builder-workspace/.derivedData/Build/Intermediates.noindex/Magnetic.build/Debug-watchos/Magnetic-t.build/Objects-normal/arm64_32/Magnetic-Swift.h -working-directory /Users/admin/builder/spi-builder-workspace/.swiftpm/xcode -experimental-emit-module-separately -disable-cmo
SwiftDriver Magnetic normal arm64 com.apple.xcode.tools.swift.compiler (in target 'Magnetic' from project 'Magnetic')
    cd /Users/admin/builder/spi-builder-workspace/.swiftpm/xcode
    builtin-SwiftDriver -- /Applications/Xcode-27.0.0-Release.Candidate.app/Contents/Developer/Toolchains/XcodeDefault.xctoolchain/usr/bin/swiftc -parse-as-library -module-name Magnetic -Onone @/Users/admin/builder/spi-builder-workspace/.derivedData/Build/Intermediates.noindex/Magnetic.build/Debug-watchos/Magnetic-t.build/Objects-normal/arm64/Magnetic.SwiftFileList -DSWIFT_PACKAGE -DDEBUG -DSWIFT_MODULE_RESOURCE_BUNDLE_UNAVAILABLE -DXcode -plugin-path /Applications/Xcode-27.0.0-Release.Candidate.app/Contents/Developer/Toolchains/XcodeDefault.xctoolchain/usr/lib/swift/host/plugins/testing -enable-experimental-feature DebugDescriptionMacro -sdk /Applications/Xcode-27.0.0-Release.Candidate.app/Contents/Developer/Platforms/WatchOS.platform/Developer/SDKs/WatchOS27.0.sdk -target arm64-apple-watchos9.0 -g -module-cache-path /Users/admin/builder/spi-builder-workspace/.derivedData/ModuleCache.noindex -Xfrontend -serialize-debugging-options -enable-testing -index-store-path /Users/admin/builder/spi-builder-workspace/.derivedData/Index.noindex/DataStore -Xcc -D_LIBCPP_HARDENING_MODE\=_LIBCPP_HARDENING_MODE_DEBUG -swift-version 5 -I /Users/admin/builder/spi-builder-workspace/.derivedData/Build/Products/Debug-watchos -Isystem /Applications/Xcode-27.0.0-Release.Candidate.app/Contents/Developer/Platforms/WatchOS.platform/Developer/usr/lib -F /Users/admin/builder/spi-builder-workspace/.derivedData/Build/Products/Debug-watchos -F /Applications/Xcode-27.0.0-Release.Candidate.app/Contents/Developer/Platforms/WatchOS.platform/Developer/Library/Frameworks -F /Applications/Xcode-27.0.0-Release.Candidate.app/Contents/Developer/Platforms/WatchOS.platform/Developer/SDKs/WatchOS27.0.sdk/Developer/Library/Frameworks -c -j10 -enable-batch-mode -incremental -Xcc -ivfsstatcache -Xcc /Users/admin/builder/spi-builder-workspace/.derivedData/SDKStatCaches.noindex/watchos27.0-24R360-e829b21a6f8c9b70876ba0858053c04477534ef55a1706bf4c1112bbb242f0a2.sdkstatcache -output-file-map /Users/admin/builder/spi-builder-workspace/.derivedData/Build/Intermediates.noindex/Magnetic.build/Debug-watchos/Magnetic-t.build/Objects-normal/arm64/Magnetic-OutputFileMap.json -save-temps -no-color-diagnostics -explicit-module-build -module-cache-path /Users/admin/builder/spi-builder-workspace/.derivedData/Build/Intermediates.noindex/SwiftExplicitPrecompiledModules -clang-scanner-module-cache-path /Users/admin/builder/spi-builder-workspace/.derivedData/ModuleCache.noindex -sdk-module-cache-path /Users/admin/builder/spi-builder-workspace/.derivedData/SDKExplicitPrecompiledModules -emit-dependencies -emit-module -emit-module-path /Users/admin/builder/spi-builder-workspace/.derivedData/Build/Intermediates.noindex/Magnetic.build/Debug-watchos/Magnetic-t.build/Objects-normal/arm64/Magnetic.swiftmodule -serialize-diagnostics -dependency-scan-serialize-diagnostics-path /Users/admin/builder/spi-builder-workspace/.derivedData/Build/Intermediates.noindex/Magnetic.build/Debug-watchos/Magnetic-t.build/Objects-normal/arm64/Magnetic-dependency-scan.dia -validate-clang-modules-once -clang-build-session-file /Users/admin/builder/spi-builder-workspace/.derivedData/ModuleCache.noindex/Session.modulevalidation -Xcc -fmodules-prune-interval\=86400 -Xcc -fmodules-prune-after\=345600 -package-name spi_builder_workspace -emit-const-values -const-gather-protocols-list /Users/admin/builder/spi-builder-workspace/.derivedData/Build/Intermediates.noindex/Magnetic.build/Debug-watchos/Magnetic-t.build/Objects-normal/arm64/Magnetic_const_extract_protocols.json -Xcc -I/Users/admin/builder/spi-builder-workspace/.derivedData/Build/Products/Debug-watchos/include -Xcc -I/Users/admin/builder/spi-builder-workspace/.derivedData/Build/Intermediates.noindex/Magnetic.build/Debug-watchos/Magnetic-t.build/DerivedSources-normal/arm64 -Xcc -I/Users/admin/builder/spi-builder-workspace/.derivedData/Build/Intermediates.noindex/Magnetic.build/Debug-watchos/Magnetic-t.build/DerivedSources/arm64 -Xcc -I/Users/admin/builder/spi-builder-workspace/.derivedData/Build/Intermediates.noindex/Magnetic.build/Debug-watchos/Magnetic-t.build/DerivedSources -Xcc -DSWIFT_PACKAGE -Xcc -DDEBUG\=1 -emit-objc-header -emit-objc-header-path /Users/admin/builder/spi-builder-workspace/.derivedData/Build/Intermediates.noindex/Magnetic.build/Debug-watchos/Magnetic-t.build/Objects-normal/arm64/Magnetic-Swift.h -working-directory /Users/admin/builder/spi-builder-workspace/.swiftpm/xcode -experimental-emit-module-separately -disable-cmo
SwiftCompile normal arm64 Compiling\ Extensions.swift /Users/admin/builder/spi-builder-workspace/Sources/Extensions.swift (in target 'Magnetic' from project 'Magnetic')
SwiftCompile normal arm64 /Users/admin/builder/spi-builder-workspace/Sources/Extensions.swift (in target 'Magnetic' from project 'Magnetic')
    cd /Users/admin/builder/spi-builder-workspace/.swiftpm/xcode
    builtin-SwiftPerFileCompile Extensions.swift
SwiftEmitModule normal arm64 Emitting\ module\ for\ Magnetic (in target 'Magnetic' from project 'Magnetic')
/Users/admin/builder/spi-builder-workspace/Sources/Magnetic.swift:119:52: error: 'UITouch' is unavailable in watchOS
117 | extension Magnetic {
118 |
119 |     open override func touchesBegan(_ touches: Set<UITouch>, with event: UIEvent?) {
    |                                                    `- error: 'UITouch' is unavailable in watchOS
120 |         guard removeNodeOnLongPress, let touch = touches.first else { return }
121 |         touchStarted = touch.timestamp
/Applications/Xcode-27.0.0-Release.Candidate.app/Contents/Developer/Platforms/WatchOS.platform/Developer/SDKs/WatchOS27.0.sdk/System/Library/Frameworks/UIKit.framework/Headers/UITouch.h:51:12: note: 'UITouch' has been explicitly marked unavailable here
 49 |
 50 | UIKIT_EXTERN API_AVAILABLE(ios(2.0)) API_UNAVAILABLE(watchos) NS_SWIFT_UI_ACTOR
 51 | @interface UITouch : NSObject
    |            `- note: 'UITouch' has been explicitly marked unavailable here
 52 |
 53 | @property(nonatomic,readonly) NSTimeInterval      timestamp;
/Users/admin/builder/spi-builder-workspace/Sources/Magnetic.swift:119:74: error: 'UIEvent' is unavailable in watchOS
117 | extension Magnetic {
118 |
119 |     open override func touchesBegan(_ touches: Set<UITouch>, with event: UIEvent?) {
    |                                                                          `- error: 'UIEvent' is unavailable in watchOS
120 |         guard removeNodeOnLongPress, let touch = touches.first else { return }
121 |         touchStarted = touch.timestamp
/Applications/Xcode-27.0.0-Release.Candidate.app/Contents/Developer/Platforms/WatchOS.platform/Developer/SDKs/WatchOS27.0.sdk/System/Library/Frameworks/UIKit.framework/Headers/UIEvent.h:62:12: note: 'UIEvent' has been explicitly marked unavailable here
60 |
61 | UIKIT_EXTERN API_AVAILABLE(ios(2.0)) API_UNAVAILABLE(watchos) NS_SWIFT_UI_ACTOR
62 | @interface UIEvent : NSObject
   |            `- note: 'UIEvent' has been explicitly marked unavailable here
63 |
64 | @property(nonatomic,readonly) UIEventType     type API_AVAILABLE(ios(3.0));
/Users/admin/builder/spi-builder-workspace/Sources/Magnetic.swift:119:24: error: method does not override any method from its superclass
117 | extension Magnetic {
118 |
119 |     open override func touchesBegan(_ touches: Set<UITouch>, with event: UIEvent?) {
    |                        `- error: method does not override any method from its superclass
120 |         guard removeNodeOnLongPress, let touch = touches.first else { return }
121 |         touchStarted = touch.timestamp
/Users/admin/builder/spi-builder-workspace/Sources/Magnetic.swift:124:52: error: 'UITouch' is unavailable in watchOS
122 |     }
123 |
124 |     override open func touchesMoved(_ touches: Set<UITouch>, with event: UIEvent?) {
    |                                                    `- error: 'UITouch' is unavailable in watchOS
125 |         guard let touch = touches.first else { return }
126 |         let location = touch.location(in: self)
/Applications/Xcode-27.0.0-Release.Candidate.app/Contents/Developer/Platforms/WatchOS.platform/Developer/SDKs/WatchOS27.0.sdk/System/Library/Frameworks/UIKit.framework/Headers/UITouch.h:51:12: note: 'UITouch' has been explicitly marked unavailable here
 49 |
 50 | UIKIT_EXTERN API_AVAILABLE(ios(2.0)) API_UNAVAILABLE(watchos) NS_SWIFT_UI_ACTOR
 51 | @interface UITouch : NSObject
    |            `- note: 'UITouch' has been explicitly marked unavailable here
 52 |
 53 | @property(nonatomic,readonly) NSTimeInterval      timestamp;
/Users/admin/builder/spi-builder-workspace/Sources/Magnetic.swift:124:74: error: 'UIEvent' is unavailable in watchOS
122 |     }
123 |
124 |     override open func touchesMoved(_ touches: Set<UITouch>, with event: UIEvent?) {
    |                                                                          `- error: 'UIEvent' is unavailable in watchOS
125 |         guard let touch = touches.first else { return }
126 |         let location = touch.location(in: self)
/Applications/Xcode-27.0.0-Release.Candidate.app/Contents/Developer/Platforms/WatchOS.platform/Developer/SDKs/WatchOS27.0.sdk/System/Library/Frameworks/UIKit.framework/Headers/UIEvent.h:62:12: note: 'UIEvent' has been explicitly marked unavailable here
60 |
61 | UIKIT_EXTERN API_AVAILABLE(ios(2.0)) API_UNAVAILABLE(watchos) NS_SWIFT_UI_ACTOR
62 | @interface UIEvent : NSObject
   |            `- note: 'UIEvent' has been explicitly marked unavailable here
63 |
64 | @property(nonatomic,readonly) UIEventType     type API_AVAILABLE(ios(3.0));
/Users/admin/builder/spi-builder-workspace/Sources/Magnetic.swift:124:24: error: method does not override any method from its superclass
122 |     }
123 |
124 |     override open func touchesMoved(_ touches: Set<UITouch>, with event: UIEvent?) {
    |                        `- error: method does not override any method from its superclass
125 |         guard let touch = touches.first else { return }
126 |         let location = touch.location(in: self)
/Users/admin/builder/spi-builder-workspace/Sources/Magnetic.swift:135:52: error: 'UITouch' is unavailable in watchOS
133 |     }
134 |
135 |     override open func touchesEnded(_ touches: Set<UITouch>, with event: UIEvent?) {
    |                                                    `- error: 'UITouch' is unavailable in watchOS
136 |         guard let touch = touches.first else { return }
137 |         let location = touch.location(in: self)
/Applications/Xcode-27.0.0-Release.Candidate.app/Contents/Developer/Platforms/WatchOS.platform/Developer/SDKs/WatchOS27.0.sdk/System/Library/Frameworks/UIKit.framework/Headers/UITouch.h:51:12: note: 'UITouch' has been explicitly marked unavailable here
 49 |
 50 | UIKIT_EXTERN API_AVAILABLE(ios(2.0)) API_UNAVAILABLE(watchos) NS_SWIFT_UI_ACTOR
 51 | @interface UITouch : NSObject
    |            `- note: 'UITouch' has been explicitly marked unavailable here
 52 |
 53 | @property(nonatomic,readonly) NSTimeInterval      timestamp;
/Users/admin/builder/spi-builder-workspace/Sources/Magnetic.swift:135:74: error: 'UIEvent' is unavailable in watchOS
133 |     }
134 |
135 |     override open func touchesEnded(_ touches: Set<UITouch>, with event: UIEvent?) {
    |                                                                          `- error: 'UIEvent' is unavailable in watchOS
136 |         guard let touch = touches.first else { return }
137 |         let location = touch.location(in: self)
/Applications/Xcode-27.0.0-Release.Candidate.app/Contents/Developer/Platforms/WatchOS.platform/Developer/SDKs/WatchOS27.0.sdk/System/Library/Frameworks/UIKit.framework/Headers/UIEvent.h:62:12: note: 'UIEvent' has been explicitly marked unavailable here
60 |
61 | UIKIT_EXTERN API_AVAILABLE(ios(2.0)) API_UNAVAILABLE(watchos) NS_SWIFT_UI_ACTOR
62 | @interface UIEvent : NSObject
   |            `- note: 'UIEvent' has been explicitly marked unavailable here
63 |
64 | @property(nonatomic,readonly) UIEventType     type API_AVAILABLE(ios(3.0));
/Users/admin/builder/spi-builder-workspace/Sources/Magnetic.swift:135:24: error: method does not override any method from its superclass
133 |     }
134 |
135 |     override open func touchesEnded(_ touches: Set<UITouch>, with event: UIEvent?) {
    |                        `- error: method does not override any method from its superclass
136 |         guard let touch = touches.first else { return }
137 |         let location = touch.location(in: self)
/Users/admin/builder/spi-builder-workspace/Sources/Magnetic.swift:168:56: error: 'UITouch' is unavailable in watchOS
166 |     }
167 |
168 |     override open func touchesCancelled(_ touches: Set<UITouch>, with event: UIEvent?) {
    |                                                        `- error: 'UITouch' is unavailable in watchOS
169 |         isDragging = false
170 |     }
/Applications/Xcode-27.0.0-Release.Candidate.app/Contents/Developer/Platforms/WatchOS.platform/Developer/SDKs/WatchOS27.0.sdk/System/Library/Frameworks/UIKit.framework/Headers/UITouch.h:51:12: note: 'UITouch' has been explicitly marked unavailable here
 49 |
 50 | UIKIT_EXTERN API_AVAILABLE(ios(2.0)) API_UNAVAILABLE(watchos) NS_SWIFT_UI_ACTOR
 51 | @interface UITouch : NSObject
    |            `- note: 'UITouch' has been explicitly marked unavailable here
 52 |
 53 | @property(nonatomic,readonly) NSTimeInterval      timestamp;
/Users/admin/builder/spi-builder-workspace/Sources/Magnetic.swift:168:78: error: 'UIEvent' is unavailable in watchOS
166 |     }
167 |
168 |     override open func touchesCancelled(_ touches: Set<UITouch>, with event: UIEvent?) {
    |                                                                              `- error: 'UIEvent' is unavailable in watchOS
169 |         isDragging = false
170 |     }
/Applications/Xcode-27.0.0-Release.Candidate.app/Contents/Developer/Platforms/WatchOS.platform/Developer/SDKs/WatchOS27.0.sdk/System/Library/Frameworks/UIKit.framework/Headers/UIEvent.h:62:12: note: 'UIEvent' has been explicitly marked unavailable here
60 |
61 | UIKIT_EXTERN API_AVAILABLE(ios(2.0)) API_UNAVAILABLE(watchos) NS_SWIFT_UI_ACTOR
62 | @interface UIEvent : NSObject
   |            `- note: 'UIEvent' has been explicitly marked unavailable here
63 |
64 | @property(nonatomic,readonly) UIEventType     type API_AVAILABLE(ios(3.0));
/Users/admin/builder/spi-builder-workspace/Sources/Magnetic.swift:168:24: error: method does not override any method from its superclass
166 |     }
167 |
168 |     override open func touchesCancelled(_ touches: Set<UITouch>, with event: UIEvent?) {
    |                        `- error: method does not override any method from its superclass
169 |         isDragging = false
170 |     }
/Users/admin/builder/spi-builder-workspace/Sources/MagneticView.swift:11:28: error: cannot find type 'SKView' in scope
 9 | import SpriteKit
10 |
11 | public class MagneticView: SKView {
   |                            `- error: cannot find type 'SKView' in scope
12 |
13 |     @objc
/Users/admin/builder/spi-builder-workspace/Sources/MagneticView+SwiftUI.swift:15:37: error: cannot find type 'Context' in scope
13 |
14 | public struct MagneticView_SwiftUI: UIViewRepresentable {
15 |     public func makeUIView(context: Context) -> MagneticView {
   |                                     `- error: cannot find type 'Context' in scope
16 |         MagneticView()
17 |     }
/Users/admin/builder/spi-builder-workspace/Sources/MagneticView+SwiftUI.swift:18:63: error: cannot find type 'Context' in scope
16 |         MagneticView()
17 |     }
18 |     public func updateUIView(_ uiView: MagneticView, context: Context) {}
   |                                                               `- error: cannot find type 'Context' in scope
19 | }
20 |
/Users/admin/builder/spi-builder-workspace/Sources/MagneticView+SwiftUI.swift:14:37: error: cannot find type 'UIViewRepresentable' in scope
12 | import SwiftUI
13 |
14 | public struct MagneticView_SwiftUI: UIViewRepresentable {
   |                                     `- error: cannot find type 'UIViewRepresentable' in scope
15 |     public func makeUIView(context: Context) -> MagneticView {
16 |         MagneticView()
/Users/admin/builder/spi-builder-workspace/Sources/MagneticView.swift:15:41: error: value of type 'MagneticView' has no member 'bounds'
13 |     @objc
14 |     public lazy var magnetic: Magnetic = { [unowned self] in
15 |         let scene = Magnetic(size: self.bounds.size)
   |                                         `- error: value of type 'MagneticView' has no member 'bounds'
16 |         self.presentScene(scene)
17 |         return scene
/Users/admin/builder/spi-builder-workspace/Sources/MagneticView.swift:20:21: error: initializer does not override a designated initializer from its superclass
18 |     }()
19 |
20 |     override public init(frame: CGRect) {
   |                     `- error: initializer does not override a designated initializer from its superclass
21 |         super.init(frame: frame)
22 |
/Users/admin/builder/spi-builder-workspace/Sources/MagneticView.swift:36:26: error: method does not override any method from its superclass
34 |     }
35 |
36 |     public override func layoutSubviews() {
   |                          `- error: method does not override any method from its superclass
37 |         super.layoutSubviews()
38 |
/Users/admin/builder/spi-builder-workspace/Sources/Node.swift:68:17: error: 'accessibilityTraits' is unavailable in watchOS
 66 |             if isSelected {
 67 |                 selectedAnimation()
 68 |                 accessibilityTraits = .selected
    |                 `- error: 'accessibilityTraits' is unavailable in watchOS
 69 |             } else {
 70 |                 deselectedAnimation()
/Applications/Xcode-27.0.0-Release.Candidate.app/Contents/Developer/Platforms/WatchOS.platform/Developer/SDKs/WatchOS27.0.sdk/System/Library/Frameworks/UIKit.framework/Headers/UIAccessibility.h:113:45: note: 'accessibilityTraits' has been explicitly marked unavailable here
111 |  Setting the property will change the traits that are returned to the accessibility client.
112 |  */
113 | @property (nonatomic) UIAccessibilityTraits accessibilityTraits API_UNAVAILABLE(watchos) NS_SWIFT_UI_ACTOR;
    |                                             `- note: 'accessibilityTraits' has been explicitly marked unavailable here
114 |
115 | /*
/Users/admin/builder/spi-builder-workspace/Sources/Node.swift:71:17: error: 'accessibilityTraits' is unavailable in watchOS
 69 |             } else {
 70 |                 deselectedAnimation()
 71 |                 accessibilityTraits = .none
    |                 `- error: 'accessibilityTraits' is unavailable in watchOS
 72 |             }
 73 |         }
/Applications/Xcode-27.0.0-Release.Candidate.app/Contents/Developer/Platforms/WatchOS.platform/Developer/SDKs/WatchOS27.0.sdk/System/Library/Frameworks/UIKit.framework/Headers/UIAccessibility.h:113:45: note: 'accessibilityTraits' has been explicitly marked unavailable here
111 |  Setting the property will change the traits that are returned to the accessibility client.
112 |  */
113 | @property (nonatomic) UIAccessibilityTraits accessibilityTraits API_UNAVAILABLE(watchos) NS_SWIFT_UI_ACTOR;
    |                                             `- note: 'accessibilityTraits' has been explicitly marked unavailable here
114 |
115 | /*
/Users/admin/builder/spi-builder-workspace/Sources/Node.swift:81:23: error: cannot override 'accessibilityPath' which has been marked unavailable
 79 |     private var overridenAccessibilityPath: UIBezierPath?
 80 |
 81 |     open override var accessibilityPath: UIBezierPath? {
    |                       |- error: cannot override 'accessibilityPath' which has been marked unavailable
    |                       `- note: remove 'override' modifier to declare a new 'accessibilityPath'
 82 |         get { overridenAccessibilityPath ?? UIBezierPath(ovalIn: self.accessibilityFrame) }
 83 |         set { self.overridenAccessibilityPath = newValue }
/Applications/Xcode-27.0.0-Release.Candidate.app/Contents/Developer/Platforms/WatchOS.platform/Developer/SDKs/WatchOS27.0.sdk/System/Library/Frameworks/UIKit.framework/Headers/UIAccessibility.h:134:53: note: 'accessibilityPath' has been explicitly marked unavailable here
132 |  frame when highlighting the element.
133 |  */
134 | @property (nullable, nonatomic, copy) UIBezierPath *accessibilityPath API_AVAILABLE(ios(7.0)) API_UNAVAILABLE(watchos) NS_SWIFT_UI_ACTOR;
    |                                                     `- note: 'accessibilityPath' has been explicitly marked unavailable here
135 |
136 | // The accessibilityPath is expected to be in screen coordinates.
Failed frontend command:
/Applications/Xcode-27.0.0-Release.Candidate.app/Contents/Developer/Toolchains/XcodeDefault.xctoolchain/usr/bin/swift-frontend -frontend -emit-module -experimental-skip-non-inlinable-function-bodies-without-types /Users/admin/builder/spi-builder-workspace/Sources/Extensions.swift /Users/admin/builder/spi-builder-workspace/Sources/Magnetic.swift /Users/admin/builder/spi-builder-workspace/Sources/MagneticView+Accessibility.swift /Users/admin/builder/spi-builder-workspace/Sources/MagneticView+SwiftUI.swift /Users/admin/builder/spi-builder-workspace/Sources/MagneticView.swift /Users/admin/builder/spi-builder-workspace/Sources/Node.swift /Users/admin/builder/spi-builder-workspace/Sources/SKAction+Color.swift /Users/admin/builder/spi-builder-workspace/Sources/SKMultilineLabelNode.swift -target arm64-apple-watchos9.0 -disable-cross-import-overlay-search -swift-module-cross-import SpriteKit /Applications/Xcode-27.0.0-Release.Candidate.app/Contents/Developer/Platforms/WatchOS.platform/Developer/SDKs/WatchOS.sdk/System/Library/Frameworks/SpriteKit.framework/Modules/SpriteKit.swiftcrossimport/SwiftUI.swiftoverlay -load-resolved-plugin /Applications/Xcode-27.0.0-Release.Candidate.app/Contents/Developer/Platforms/WatchOS.platform/Developer/usr/lib/swift/host/plugins/libFoundationMacros.dylib\#/Applications/Xcode-27.0.0-Release.Candidate.app/Contents/Developer/Platforms/WatchOS.platform/Developer/usr/bin/swift-plugin-server\#FoundationMacros -load-resolved-plugin /Applications/Xcode-27.0.0-Release.Candidate.app/Contents/Developer/Platforms/WatchOS.platform/Developer/usr/lib/swift/host/plugins/libObservationMacros.dylib\#/Applications/Xcode-27.0.0-Release.Candidate.app/Contents/Developer/Platforms/WatchOS.platform/Developer/usr/bin/swift-plugin-server\#ObservationMacros -load-resolved-plugin /Applications/Xcode-27.0.0-Release.Candidate.app/Contents/Developer/Platforms/WatchOS.platform/Developer/usr/lib/swift/host/plugins/libPreviewsMacros.dylib\#/Applications/Xcode-27.0.0-Release.Candidate.app/Contents/Developer/Platforms/WatchOS.platform/Developer/usr/bin/swift-plugin-server\#PreviewsMacros -load-resolved-plugin /Applications/Xcode-27.0.0-Release.Candidate.app/Contents/Developer/Platforms/WatchOS.platform/Developer/usr/lib/swift/host/plugins/libSwiftMacros.dylib\#/Applications/Xcode-27.0.0-Release.Candidate.app/Contents/Developer/Platforms/WatchOS.platform/Developer/usr/bin/swift-plugin-server\#SwiftMacros -load-resolved-plugin /Applications/Xcode-27.0.0-Release.Candidate.app/Contents/Developer/Platforms/WatchOS.platform/Developer/usr/lib/swift/host/plugins/libSwiftUIMacros.dylib\#/Applications/Xcode-27.0.0-Release.Candidate.app/Contents/Developer/Platforms/WatchOS.platform/Developer/usr/bin/swift-plugin-server\#SwiftUIMacros -disable-implicit-swift-modules -Xcc -fno-implicit-modules -Xcc -fno-implicit-module-maps -explicit-swift-module-map-file /Users/admin/builder/spi-builder-workspace/.derivedData/Build/Intermediates.noindex/Magnetic.build/Debug-watchos/Magnetic-t.build/Objects-normal/arm64/Magnetic-dependencies-2.json -Xllvm -aarch64-use-tbi -enable-objc-interop -stack-check -sdk /Applications/Xcode-27.0.0-Release.Candidate.app/Contents/Developer/Platforms/WatchOS.platform/Developer/SDKs/WatchOS27.0.sdk -I /Users/admin/builder/spi-builder-workspace/.derivedData/Build/Products/Debug-watchos -Isystem /Applications/Xcode-27.0.0-Release.Candidate.app/Contents/Developer/Platforms/WatchOS.platform/Developer/usr/lib -F /Users/admin/builder/spi-builder-workspace/.derivedData/Build/Products/Debug-watchos -F /Applications/Xcode-27.0.0-Release.Candidate.app/Contents/Developer/Platforms/WatchOS.platform/Developer/Library/Frameworks -F /Applications/Xcode-27.0.0-Release.Candidate.app/Contents/Developer/Platforms/WatchOS.platform/Developer/SDKs/WatchOS27.0.sdk/Developer/Library/Frameworks -module-cache-path /Users/admin/builder/spi-builder-workspace/.derivedData/Build/Intermediates.noindex/SwiftExplicitPrecompiledModules -no-color-diagnostics -Xcc -fno-color-diagnostics -enable-testing -g -debug-info-format\=dwarf -dwarf-version\=4 -swift-version 5 -Onone -D SWIFT_PACKAGE -D DEBUG -D SWIFT_MODULE_RESOURCE_BUNDLE_UNAVAILABLE -D Xcode -serialize-debugging-options -enable-experimental-feature DebugDescriptionMacro -empty-abi-descriptor -validate-clang-modules-once -clang-build-session-file /Users/admin/builder/spi-builder-workspace/.derivedData/ModuleCache.noindex/Session.modulevalidation -Xcc -working-directory -Xcc /Users/admin/builder/spi-builder-workspace/.swiftpm/xcode -enable-anonymous-context-mangled-names -file-compilation-dir /Users/admin/builder/spi-builder-workspace/.swiftpm/xcode -Xcc -D_LIBCPP_HARDENING_MODE\=_LIBCPP_HARDENING_MODE_DEBUG -Xcc -ivfsstatcache -Xcc /Users/admin/builder/spi-builder-workspace/.derivedData/SDKStatCaches.noindex/watchos27.0-24R360-e829b21a6f8c9b70876ba0858053c04477534ef55a1706bf4c1112bbb242f0a2.sdkstatcache -Xcc -fmodules-prune-interval\=86400 -Xcc -fmodules-prune-after\=345600 -Xcc -I/Users/admin/builder/spi-builder-workspace/.derivedData/Build/Products/Debug-watchos/include -Xcc -I/Users/admin/builder/spi-builder-workspace/.derivedData/Build/Intermediates.noindex/Magnetic.build/Debug-watchos/Magnetic-t.build/DerivedSources-normal/arm64 -Xcc -I/Users/admin/builder/spi-builder-workspace/.derivedData/Build/Intermediates.noindex/Magnetic.build/Debug-watchos/Magnetic-t.build/DerivedSources/arm64 -Xcc -I/Users/admin/builder/spi-builder-workspace/.derivedData/Build/Intermediates.noindex/Magnetic.build/Debug-watchos/Magnetic-t.build/DerivedSources -Xcc -DSWIFT_PACKAGE -Xcc -DDEBUG\=1 -no-auto-bridging-header-chaining -module-name Magnetic -package-name spi_builder_workspace -const-gather-protocols-file /Users/admin/builder/spi-builder-workspace/.derivedData/Build/Intermediates.noindex/Magnetic.build/Debug-watchos/Magnetic-t.build/Objects-normal/arm64/Magnetic_const_extract_protocols.json -disable-clang-spi -clang-target arm64-apple-watchos27.0 -target-sdk-version 27.0 -target-sdk-name watchos27.0 -in-process-plugin-server-path /Applications/Xcode-27.0.0-Release.Candidate.app/Contents/Developer/Toolchains/XcodeDefault.xctoolchain/usr/lib/swift/host/libSwiftInProcPluginServer.dylib -emit-module-doc-path /Users/admin/builder/spi-builder-workspace/.derivedData/Build/Intermediates.noindex/Magnetic.build/Debug-watchos/Magnetic-t.build/Objects-normal/arm64/Magnetic.swiftdoc -emit-module-source-info-path /Users/admin/builder/spi-builder-workspace/.derivedData/Build/Intermediates.noindex/Magnetic.build/Debug-watchos/Magnetic-t.build/Objects-normal/arm64/Magnetic.swiftsourceinfo -emit-objc-header-path /Users/admin/builder/spi-builder-workspace/.derivedData/Build/Intermediates.noindex/Magnetic.build/Debug-watchos/Magnetic-t.build/Objects-normal/arm64/Magnetic-Swift.h -serialize-diagnostics-path /Users/admin/builder/spi-builder-workspace/.derivedData/Build/Intermediates.noindex/Magnetic.build/Debug-watchos/Magnetic-t.build/Objects-normal/arm64/Magnetic-primary-emit-module.dia -emit-dependencies-path /Users/admin/builder/spi-builder-workspace/.derivedData/Build/Intermediates.noindex/Magnetic.build/Debug-watchos/Magnetic-t.build/Objects-normal/arm64/Magnetic-primary-emit-module.d -parse-as-library -o /Users/admin/builder/spi-builder-workspace/.derivedData/Build/Intermediates.noindex/Magnetic.build/Debug-watchos/Magnetic-t.build/Objects-normal/arm64/Magnetic.swiftmodule -emit-abi-descriptor-path /Users/admin/builder/spi-builder-workspace/.derivedData/Build/Intermediates.noindex/Magnetic.build/Debug-watchos/Magnetic-t.build/Objects-normal/arm64/Magnetic.abi.json
SwiftCompile normal arm64 (in target 'Magnetic' from project 'Magnetic')
    cd /Users/admin/builder/spi-builder-workspace/.swiftpm/xcode

SwiftEmitModule normal arm64_32 Emitting\ module\ for\ Magnetic (in target 'Magnetic' from project 'Magnetic')
/Users/admin/builder/spi-builder-workspace/Sources/Magnetic.swift:119:52: error: 'UITouch' is unavailable in watchOS
117 | extension Magnetic {
118 |
119 |     open override func touchesBegan(_ touches: Set<UITouch>, with event: UIEvent?) {
    |                                                    `- error: 'UITouch' is unavailable in watchOS
120 |         guard removeNodeOnLongPress, let touch = touches.first else { return }
121 |         touchStarted = touch.timestamp
/Applications/Xcode-27.0.0-Release.Candidate.app/Contents/Developer/Platforms/WatchOS.platform/Developer/SDKs/WatchOS27.0.sdk/System/Library/Frameworks/UIKit.framework/Headers/UITouch.h:51:12: note: 'UITouch' has been explicitly marked unavailable here
 49 |
 50 | UIKIT_EXTERN API_AVAILABLE(ios(2.0)) API_UNAVAILABLE(watchos) NS_SWIFT_UI_ACTOR
 51 | @interface UITouch : NSObject
    |            `- note: 'UITouch' has been explicitly marked unavailable here
 52 |
 53 | @property(nonatomic,readonly) NSTimeInterval      timestamp;
/Users/admin/builder/spi-builder-workspace/Sources/Magnetic.swift:119:74: error: 'UIEvent' is unavailable in watchOS
117 | extension Magnetic {
118 |
119 |     open override func touchesBegan(_ touches: Set<UITouch>, with event: UIEvent?) {
    |                                                                          `- error: 'UIEvent' is unavailable in watchOS
120 |         guard removeNodeOnLongPress, let touch = touches.first else { return }
121 |         touchStarted = touch.timestamp
/Applications/Xcode-27.0.0-Release.Candidate.app/Contents/Developer/Platforms/WatchOS.platform/Developer/SDKs/WatchOS27.0.sdk/System/Library/Frameworks/UIKit.framework/Headers/UIEvent.h:62:12: note: 'UIEvent' has been explicitly marked unavailable here
60 |
61 | UIKIT_EXTERN API_AVAILABLE(ios(2.0)) API_UNAVAILABLE(watchos) NS_SWIFT_UI_ACTOR
62 | @interface UIEvent : NSObject
   |            `- note: 'UIEvent' has been explicitly marked unavailable here
63 |
64 | @property(nonatomic,readonly) UIEventType     type API_AVAILABLE(ios(3.0));
/Users/admin/builder/spi-builder-workspace/Sources/Magnetic.swift:119:24: error: method does not override any method from its superclass
117 | extension Magnetic {
118 |
119 |     open override func touchesBegan(_ touches: Set<UITouch>, with event: UIEvent?) {
    |                        `- error: method does not override any method from its superclass
120 |         guard removeNodeOnLongPress, let touch = touches.first else { return }
121 |         touchStarted = touch.timestamp
/Users/admin/builder/spi-builder-workspace/Sources/Magnetic.swift:124:52: error: 'UITouch' is unavailable in watchOS
122 |     }
123 |
124 |     override open func touchesMoved(_ touches: Set<UITouch>, with event: UIEvent?) {
    |                                                    `- error: 'UITouch' is unavailable in watchOS
125 |         guard let touch = touches.first else { return }
126 |         let location = touch.location(in: self)
/Applications/Xcode-27.0.0-Release.Candidate.app/Contents/Developer/Platforms/WatchOS.platform/Developer/SDKs/WatchOS27.0.sdk/System/Library/Frameworks/UIKit.framework/Headers/UITouch.h:51:12: note: 'UITouch' has been explicitly marked unavailable here
 49 |
 50 | UIKIT_EXTERN API_AVAILABLE(ios(2.0)) API_UNAVAILABLE(watchos) NS_SWIFT_UI_ACTOR
 51 | @interface UITouch : NSObject
    |            `- note: 'UITouch' has been explicitly marked unavailable here
 52 |
 53 | @property(nonatomic,readonly) NSTimeInterval      timestamp;
/Users/admin/builder/spi-builder-workspace/Sources/Magnetic.swift:124:74: error: 'UIEvent' is unavailable in watchOS
122 |     }
123 |
124 |     override open func touchesMoved(_ touches: Set<UITouch>, with event: UIEvent?) {
    |                                                                          `- error: 'UIEvent' is unavailable in watchOS
125 |         guard let touch = touches.first else { return }
126 |         let location = touch.location(in: self)
/Applications/Xcode-27.0.0-Release.Candidate.app/Contents/Developer/Platforms/WatchOS.platform/Developer/SDKs/WatchOS27.0.sdk/System/Library/Frameworks/UIKit.framework/Headers/UIEvent.h:62:12: note: 'UIEvent' has been explicitly marked unavailable here
60 |
61 | UIKIT_EXTERN API_AVAILABLE(ios(2.0)) API_UNAVAILABLE(watchos) NS_SWIFT_UI_ACTOR
62 | @interface UIEvent : NSObject
   |            `- note: 'UIEvent' has been explicitly marked unavailable here
63 |
64 | @property(nonatomic,readonly) UIEventType     type API_AVAILABLE(ios(3.0));
/Users/admin/builder/spi-builder-workspace/Sources/Magnetic.swift:124:24: error: method does not override any method from its superclass
122 |     }
123 |
124 |     override open func touchesMoved(_ touches: Set<UITouch>, with event: UIEvent?) {
    |                        `- error: method does not override any method from its superclass
125 |         guard let touch = touches.first else { return }
126 |         let location = touch.location(in: self)
/Users/admin/builder/spi-builder-workspace/Sources/Magnetic.swift:135:52: error: 'UITouch' is unavailable in watchOS
133 |     }
134 |
135 |     override open func touchesEnded(_ touches: Set<UITouch>, with event: UIEvent?) {
    |                                                    `- error: 'UITouch' is unavailable in watchOS
136 |         guard let touch = touches.first else { return }
137 |         let location = touch.location(in: self)
/Applications/Xcode-27.0.0-Release.Candidate.app/Contents/Developer/Platforms/WatchOS.platform/Developer/SDKs/WatchOS27.0.sdk/System/Library/Frameworks/UIKit.framework/Headers/UITouch.h:51:12: note: 'UITouch' has been explicitly marked unavailable here
 49 |
 50 | UIKIT_EXTERN API_AVAILABLE(ios(2.0)) API_UNAVAILABLE(watchos) NS_SWIFT_UI_ACTOR
 51 | @interface UITouch : NSObject
    |            `- note: 'UITouch' has been explicitly marked unavailable here
 52 |
 53 | @property(nonatomic,readonly) NSTimeInterval      timestamp;
/Users/admin/builder/spi-builder-workspace/Sources/Magnetic.swift:135:74: error: 'UIEvent' is unavailable in watchOS
133 |     }
134 |
135 |     override open func touchesEnded(_ touches: Set<UITouch>, with event: UIEvent?) {
    |                                                                          `- error: 'UIEvent' is unavailable in watchOS
136 |         guard let touch = touches.first else { return }
137 |         let location = touch.location(in: self)
/Applications/Xcode-27.0.0-Release.Candidate.app/Contents/Developer/Platforms/WatchOS.platform/Developer/SDKs/WatchOS27.0.sdk/System/Library/Frameworks/UIKit.framework/Headers/UIEvent.h:62:12: note: 'UIEvent' has been explicitly marked unavailable here
60 |
61 | UIKIT_EXTERN API_AVAILABLE(ios(2.0)) API_UNAVAILABLE(watchos) NS_SWIFT_UI_ACTOR
62 | @interface UIEvent : NSObject
   |            `- note: 'UIEvent' has been explicitly marked unavailable here
63 |
64 | @property(nonatomic,readonly) UIEventType     type API_AVAILABLE(ios(3.0));
/Users/admin/builder/spi-builder-workspace/Sources/Magnetic.swift:135:24: error: method does not override any method from its superclass
133 |     }
134 |
135 |     override open func touchesEnded(_ touches: Set<UITouch>, with event: UIEvent?) {
    |                        `- error: method does not override any method from its superclass
136 |         guard let touch = touches.first else { return }
137 |         let location = touch.location(in: self)
/Users/admin/builder/spi-builder-workspace/Sources/Magnetic.swift:168:56: error: 'UITouch' is unavailable in watchOS
166 |     }
167 |
168 |     override open func touchesCancelled(_ touches: Set<UITouch>, with event: UIEvent?) {
    |                                                        `- error: 'UITouch' is unavailable in watchOS
169 |         isDragging = false
170 |     }
/Applications/Xcode-27.0.0-Release.Candidate.app/Contents/Developer/Platforms/WatchOS.platform/Developer/SDKs/WatchOS27.0.sdk/System/Library/Frameworks/UIKit.framework/Headers/UITouch.h:51:12: note: 'UITouch' has been explicitly marked unavailable here
 49 |
 50 | UIKIT_EXTERN API_AVAILABLE(ios(2.0)) API_UNAVAILABLE(watchos) NS_SWIFT_UI_ACTOR
 51 | @interface UITouch : NSObject
    |            `- note: 'UITouch' has been explicitly marked unavailable here
 52 |
 53 | @property(nonatomic,readonly) NSTimeInterval      timestamp;
/Users/admin/builder/spi-builder-workspace/Sources/Magnetic.swift:168:78: error: 'UIEvent' is unavailable in watchOS
166 |     }
167 |
168 |     override open func touchesCancelled(_ touches: Set<UITouch>, with event: UIEvent?) {
    |                                                                              `- error: 'UIEvent' is unavailable in watchOS
169 |         isDragging = false
170 |     }
/Applications/Xcode-27.0.0-Release.Candidate.app/Contents/Developer/Platforms/WatchOS.platform/Developer/SDKs/WatchOS27.0.sdk/System/Library/Frameworks/UIKit.framework/Headers/UIEvent.h:62:12: note: 'UIEvent' has been explicitly marked unavailable here
60 |
61 | UIKIT_EXTERN API_AVAILABLE(ios(2.0)) API_UNAVAILABLE(watchos) NS_SWIFT_UI_ACTOR
62 | @interface UIEvent : NSObject
   |            `- note: 'UIEvent' has been explicitly marked unavailable here
63 |
64 | @property(nonatomic,readonly) UIEventType     type API_AVAILABLE(ios(3.0));
/Users/admin/builder/spi-builder-workspace/Sources/Magnetic.swift:168:24: error: method does not override any method from its superclass
166 |     }
167 |
168 |     override open func touchesCancelled(_ touches: Set<UITouch>, with event: UIEvent?) {
    |                        `- error: method does not override any method from its superclass
169 |         isDragging = false
170 |     }
/Users/admin/builder/spi-builder-workspace/Sources/MagneticView.swift:11:28: error: cannot find type 'SKView' in scope
 9 | import SpriteKit
10 |
11 | public class MagneticView: SKView {
   |                            `- error: cannot find type 'SKView' in scope
12 |
13 |     @objc
/Users/admin/builder/spi-builder-workspace/Sources/MagneticView+SwiftUI.swift:15:37: error: cannot find type 'Context' in scope
13 |
14 | public struct MagneticView_SwiftUI: UIViewRepresentable {
15 |     public func makeUIView(context: Context) -> MagneticView {
   |                                     `- error: cannot find type 'Context' in scope
16 |         MagneticView()
17 |     }
/Users/admin/builder/spi-builder-workspace/Sources/MagneticView+SwiftUI.swift:18:63: error: cannot find type 'Context' in scope
16 |         MagneticView()
17 |     }
18 |     public func updateUIView(_ uiView: MagneticView, context: Context) {}
   |                                                               `- error: cannot find type 'Context' in scope
19 | }
20 |
/Users/admin/builder/spi-builder-workspace/Sources/MagneticView+SwiftUI.swift:14:37: error: cannot find type 'UIViewRepresentable' in scope
12 | import SwiftUI
13 |
14 | public struct MagneticView_SwiftUI: UIViewRepresentable {
   |                                     `- error: cannot find type 'UIViewRepresentable' in scope
15 |     public func makeUIView(context: Context) -> MagneticView {
16 |         MagneticView()
/Users/admin/builder/spi-builder-workspace/Sources/MagneticView.swift:15:41: error: value of type 'MagneticView' has no member 'bounds'
13 |     @objc
14 |     public lazy var magnetic: Magnetic = { [unowned self] in
15 |         let scene = Magnetic(size: self.bounds.size)
   |                                         `- error: value of type 'MagneticView' has no member 'bounds'
16 |         self.presentScene(scene)
17 |         return scene
/Users/admin/builder/spi-builder-workspace/Sources/MagneticView.swift:20:21: error: initializer does not override a designated initializer from its superclass
18 |     }()
19 |
20 |     override public init(frame: CGRect) {
   |                     `- error: initializer does not override a designated initializer from its superclass
21 |         super.init(frame: frame)
22 |
/Users/admin/builder/spi-builder-workspace/Sources/MagneticView.swift:36:26: error: method does not override any method from its superclass
34 |     }
35 |
36 |     public override func layoutSubviews() {
   |                          `- error: method does not override any method from its superclass
37 |         super.layoutSubviews()
38 |
/Users/admin/builder/spi-builder-workspace/Sources/Node.swift:68:17: error: 'accessibilityTraits' is unavailable in watchOS
 66 |             if isSelected {
 67 |                 selectedAnimation()
 68 |                 accessibilityTraits = .selected
    |                 `- error: 'accessibilityTraits' is unavailable in watchOS
 69 |             } else {
 70 |                 deselectedAnimation()
/Applications/Xcode-27.0.0-Release.Candidate.app/Contents/Developer/Platforms/WatchOS.platform/Developer/SDKs/WatchOS27.0.sdk/System/Library/Frameworks/UIKit.framework/Headers/UIAccessibility.h:113:45: note: 'accessibilityTraits' has been explicitly marked unavailable here
111 |  Setting the property will change the traits that are returned to the accessibility client.
112 |  */
113 | @property (nonatomic) UIAccessibilityTraits accessibilityTraits API_UNAVAILABLE(watchos) NS_SWIFT_UI_ACTOR;
    |                                             `- note: 'accessibilityTraits' has been explicitly marked unavailable here
114 |
115 | /*
/Users/admin/builder/spi-builder-workspace/Sources/Node.swift:71:17: error: 'accessibilityTraits' is unavailable in watchOS
 69 |             } else {
 70 |                 deselectedAnimation()
 71 |                 accessibilityTraits = .none
    |                 `- error: 'accessibilityTraits' is unavailable in watchOS
 72 |             }
 73 |         }
/Applications/Xcode-27.0.0-Release.Candidate.app/Contents/Developer/Platforms/WatchOS.platform/Developer/SDKs/WatchOS27.0.sdk/System/Library/Frameworks/UIKit.framework/Headers/UIAccessibility.h:113:45: note: 'accessibilityTraits' has been explicitly marked unavailable here
111 |  Setting the property will change the traits that are returned to the accessibility client.
112 |  */
113 | @property (nonatomic) UIAccessibilityTraits accessibilityTraits API_UNAVAILABLE(watchos) NS_SWIFT_UI_ACTOR;
    |                                             `- note: 'accessibilityTraits' has been explicitly marked unavailable here
114 |
115 | /*
/Users/admin/builder/spi-builder-workspace/Sources/Node.swift:81:23: error: cannot override 'accessibilityPath' which has been marked unavailable
 79 |     private var overridenAccessibilityPath: UIBezierPath?
 80 |
 81 |     open override var accessibilityPath: UIBezierPath? {
    |                       |- error: cannot override 'accessibilityPath' which has been marked unavailable
    |                       `- note: remove 'override' modifier to declare a new 'accessibilityPath'
 82 |         get { overridenAccessibilityPath ?? UIBezierPath(ovalIn: self.accessibilityFrame) }
 83 |         set { self.overridenAccessibilityPath = newValue }
/Applications/Xcode-27.0.0-Release.Candidate.app/Contents/Developer/Platforms/WatchOS.platform/Developer/SDKs/WatchOS27.0.sdk/System/Library/Frameworks/UIKit.framework/Headers/UIAccessibility.h:134:53: note: 'accessibilityPath' has been explicitly marked unavailable here
132 |  frame when highlighting the element.
133 |  */
134 | @property (nullable, nonatomic, copy) UIBezierPath *accessibilityPath API_AVAILABLE(ios(7.0)) API_UNAVAILABLE(watchos) NS_SWIFT_UI_ACTOR;
    |                                                     `- note: 'accessibilityPath' has been explicitly marked unavailable here
135 |
136 | // The accessibilityPath is expected to be in screen coordinates.
Failed frontend command:
/Applications/Xcode-27.0.0-Release.Candidate.app/Contents/Developer/Toolchains/XcodeDefault.xctoolchain/usr/bin/swift-frontend -frontend -emit-module -experimental-skip-non-inlinable-function-bodies-without-types /Users/admin/builder/spi-builder-workspace/Sources/Extensions.swift /Users/admin/builder/spi-builder-workspace/Sources/Magnetic.swift /Users/admin/builder/spi-builder-workspace/Sources/MagneticView+Accessibility.swift /Users/admin/builder/spi-builder-workspace/Sources/MagneticView+SwiftUI.swift /Users/admin/builder/spi-builder-workspace/Sources/MagneticView.swift /Users/admin/builder/spi-builder-workspace/Sources/Node.swift /Users/admin/builder/spi-builder-workspace/Sources/SKAction+Color.swift /Users/admin/builder/spi-builder-workspace/Sources/SKMultilineLabelNode.swift -target arm64_32-apple-watchos9.0 -disable-cross-import-overlay-search -swift-module-cross-import SpriteKit /Applications/Xcode-27.0.0-Release.Candidate.app/Contents/Developer/Platforms/WatchOS.platform/Developer/SDKs/WatchOS.sdk/System/Library/Frameworks/SpriteKit.framework/Modules/SpriteKit.swiftcrossimport/SwiftUI.swiftoverlay -load-resolved-plugin /Applications/Xcode-27.0.0-Release.Candidate.app/Contents/Developer/Platforms/WatchOS.platform/Developer/usr/lib/swift/host/plugins/libFoundationMacros.dylib\#/Applications/Xcode-27.0.0-Release.Candidate.app/Contents/Developer/Platforms/WatchOS.platform/Developer/usr/bin/swift-plugin-server\#FoundationMacros -load-resolved-plugin /Applications/Xcode-27.0.0-Release.Candidate.app/Contents/Developer/Platforms/WatchOS.platform/Developer/usr/lib/swift/host/plugins/libObservationMacros.dylib\#/Applications/Xcode-27.0.0-Release.Candidate.app/Contents/Developer/Platforms/WatchOS.platform/Developer/usr/bin/swift-plugin-server\#ObservationMacros -load-resolved-plugin /Applications/Xcode-27.0.0-Release.Candidate.app/Contents/Developer/Platforms/WatchOS.platform/Developer/usr/lib/swift/host/plugins/libPreviewsMacros.dylib\#/Applications/Xcode-27.0.0-Release.Candidate.app/Contents/Developer/Platforms/WatchOS.platform/Developer/usr/bin/swift-plugin-server\#PreviewsMacros -load-resolved-plugin /Applications/Xcode-27.0.0-Release.Candidate.app/Contents/Developer/Platforms/WatchOS.platform/Developer/usr/lib/swift/host/plugins/libSwiftMacros.dylib\#/Applications/Xcode-27.0.0-Release.Candidate.app/Contents/Developer/Platforms/WatchOS.platform/Developer/usr/bin/swift-plugin-server\#SwiftMacros -load-resolved-plugin /Applications/Xcode-27.0.0-Release.Candidate.app/Contents/Developer/Platforms/WatchOS.platform/Developer/usr/lib/swift/host/plugins/libSwiftUIMacros.dylib\#/Applications/Xcode-27.0.0-Release.Candidate.app/Contents/Developer/Platforms/WatchOS.platform/Developer/usr/bin/swift-plugin-server\#SwiftUIMacros -disable-implicit-swift-modules -Xcc -fno-implicit-modules -Xcc -fno-implicit-module-maps -explicit-swift-module-map-file /Users/admin/builder/spi-builder-workspace/.derivedData/Build/Intermediates.noindex/Magnetic.build/Debug-watchos/Magnetic-t.build/Objects-normal/arm64_32/Magnetic-dependencies-1.json -enable-objc-interop -sdk /Applications/Xcode-27.0.0-Release.Candidate.app/Contents/Developer/Platforms/WatchOS.platform/Developer/SDKs/WatchOS27.0.sdk -I /Users/admin/builder/spi-builder-workspace/.derivedData/Build/Products/Debug-watchos -Isystem /Applications/Xcode-27.0.0-Release.Candidate.app/Contents/Developer/Platforms/WatchOS.platform/Developer/usr/lib -F /Users/admin/builder/spi-builder-workspace/.derivedData/Build/Products/Debug-watchos -F /Applications/Xcode-27.0.0-Release.Candidate.app/Contents/Developer/Platforms/WatchOS.platform/Developer/Library/Frameworks -F /Applications/Xcode-27.0.0-Release.Candidate.app/Contents/Developer/Platforms/WatchOS.platform/Developer/SDKs/WatchOS27.0.sdk/Developer/Library/Frameworks -module-cache-path /Users/admin/builder/spi-builder-workspace/.derivedData/Build/Intermediates.noindex/SwiftExplicitPrecompiledModules -no-color-diagnostics -Xcc -fno-color-diagnostics -enable-testing -g -debug-info-format\=dwarf -dwarf-version\=4 -swift-version 5 -Onone -D SWIFT_PACKAGE -D DEBUG -D SWIFT_MODULE_RESOURCE_BUNDLE_UNAVAILABLE -D Xcode -serialize-debugging-options -enable-experimental-feature DebugDescriptionMacro -empty-abi-descriptor -validate-clang-modules-once -clang-build-session-file /Users/admin/builder/spi-builder-workspace/.derivedData/ModuleCache.noindex/Session.modulevalidation -Xcc -working-directory -Xcc /Users/admin/builder/spi-builder-workspace/.swiftpm/xcode -enable-anonymous-context-mangled-names -file-compilation-dir /Users/admin/builder/spi-builder-workspace/.swiftpm/xcode -Xcc -D_LIBCPP_HARDENING_MODE\=_LIBCPP_HARDENING_MODE_DEBUG -Xcc -ivfsstatcache -Xcc /Users/admin/builder/spi-builder-workspace/.derivedData/SDKStatCaches.noindex/watchos27.0-24R360-e829b21a6f8c9b70876ba0858053c04477534ef55a1706bf4c1112bbb242f0a2.sdkstatcache -Xcc -fmodules-prune-interval\=86400 -Xcc -fmodules-prune-after\=345600 -Xcc -I/Users/admin/builder/spi-builder-workspace/.derivedData/Build/Products/Debug-watchos/include -Xcc -I/Users/admin/builder/spi-builder-workspace/.derivedData/Build/Intermediates.noindex/Magnetic.build/Debug-watchos/Magnetic-t.build/DerivedSources-normal/arm64_32 -Xcc -I/Users/admin/builder/spi-builder-workspace/.derivedData/Build/Intermediates.noindex/Magnetic.build/Debug-watchos/Magnetic-t.build/DerivedSources/arm64_32 -Xcc -I/Users/admin/builder/spi-builder-workspace/.derivedData/Build/Intermediates.noindex/Magnetic.build/Debug-watchos/Magnetic-t.build/DerivedSources -Xcc -DSWIFT_PACKAGE -Xcc -DDEBUG\=1 -no-auto-bridging-header-chaining -module-name Magnetic -package-name spi_builder_workspace -const-gather-protocols-file /Users/admin/builder/spi-builder-workspace/.derivedData/Build/Intermediates.noindex/Magnetic.build/Debug-watchos/Magnetic-t.build/Objects-normal/arm64_32/Magnetic_const_extract_protocols.json -disable-clang-spi -clang-target arm64_32-apple-watchos27.0 -target-sdk-version 27.0 -target-sdk-name watchos27.0 -in-process-plugin-server-path /Applications/Xcode-27.0.0-Release.Candidate.app/Contents/Developer/Toolchains/XcodeDefault.xctoolchain/usr/lib/swift/host/libSwiftInProcPluginServer.dylib -emit-module-doc-path /Users/admin/builder/spi-builder-workspace/.derivedData/Build/Intermediates.noindex/Magnetic.build/Debug-watchos/Magnetic-t.build/Objects-normal/arm64_32/Magnetic.swiftdoc -emit-module-source-info-path /Users/admin/builder/spi-builder-workspace/.derivedData/Build/Intermediates.noindex/Magnetic.build/Debug-watchos/Magnetic-t.build/Objects-normal/arm64_32/Magnetic.swiftsourceinfo -emit-objc-header-path /Users/admin/builder/spi-builder-workspace/.derivedData/Build/Intermediates.noindex/Magnetic.build/Debug-watchos/Magnetic-t.build/Objects-normal/arm64_32/Magnetic-Swift.h -serialize-diagnostics-path /Users/admin/builder/spi-builder-workspace/.derivedData/Build/Intermediates.noindex/Magnetic.build/Debug-watchos/Magnetic-t.build/Objects-normal/arm64_32/Magnetic-primary-emit-module.dia -emit-dependencies-path /Users/admin/builder/spi-builder-workspace/.derivedData/Build/Intermediates.noindex/Magnetic.build/Debug-watchos/Magnetic-t.build/Objects-normal/arm64_32/Magnetic-primary-emit-module.d -parse-as-library -o /Users/admin/builder/spi-builder-workspace/.derivedData/Build/Intermediates.noindex/Magnetic.build/Debug-watchos/Magnetic-t.build/Objects-normal/arm64_32/Magnetic.swiftmodule -emit-abi-descriptor-path /Users/admin/builder/spi-builder-workspace/.derivedData/Build/Intermediates.noindex/Magnetic.build/Debug-watchos/Magnetic-t.build/Objects-normal/arm64_32/Magnetic.abi.json
SwiftCompile normal arm64_32 (in target 'Magnetic' from project 'Magnetic')
    cd /Users/admin/builder/spi-builder-workspace/.swiftpm/xcode

SwiftCompile normal arm64_32 Compiling\ MagneticView.swift /Users/admin/builder/spi-builder-workspace/Sources/MagneticView.swift (in target 'Magnetic' from project 'Magnetic')
/Users/admin/builder/spi-builder-workspace/Sources/MagneticView.swift:11:28: error: cannot find type 'SKView' in scope
 9 | import SpriteKit
10 |
11 | public class MagneticView: SKView {
   |                            `- error: cannot find type 'SKView' in scope
12 |
13 |     @objc
/Users/admin/builder/spi-builder-workspace/Sources/MagneticView.swift:15:41: error: value of type 'MagneticView' has no member 'bounds'
13 |     @objc
14 |     public lazy var magnetic: Magnetic = { [unowned self] in
15 |         let scene = Magnetic(size: self.bounds.size)
   |                                         `- error: value of type 'MagneticView' has no member 'bounds'
16 |         self.presentScene(scene)
17 |         return scene
/Users/admin/builder/spi-builder-workspace/Sources/MagneticView.swift:20:21: error: initializer does not override a designated initializer from its superclass
18 |     }()
19 |
20 |     override public init(frame: CGRect) {
   |                     `- error: initializer does not override a designated initializer from its superclass
21 |         super.init(frame: frame)
22 |
/Users/admin/builder/spi-builder-workspace/Sources/MagneticView.swift:36:26: error: method does not override any method from its superclass
34 |     }
35 |
36 |     public override func layoutSubviews() {
   |                          `- error: method does not override any method from its superclass
37 |         super.layoutSubviews()
38 |
/Users/admin/builder/spi-builder-workspace/Sources/MagneticView.swift:21:9: error: 'super' cannot be used in class 'MagneticView' because it has no superclass
19 |
20 |     override public init(frame: CGRect) {
21 |         super.init(frame: frame)
   |         `- error: 'super' cannot be used in class 'MagneticView' because it has no superclass
22 |
23 |         commonInit()
/Users/admin/builder/spi-builder-workspace/Sources/MagneticView.swift:27:9: error: 'super' cannot be used in class 'MagneticView' because it has no superclass
25 |
26 |     required public init?(coder aDecoder: NSCoder) {
27 |         super.init(coder: aDecoder)
   |         `- error: 'super' cannot be used in class 'MagneticView' because it has no superclass
28 |
29 |         commonInit()
/Users/admin/builder/spi-builder-workspace/Sources/MagneticView.swift:37:9: error: 'super' cannot be used in class 'MagneticView' because it has no superclass
35 |
36 |     public override func layoutSubviews() {
37 |         super.layoutSubviews()
   |         `- error: 'super' cannot be used in class 'MagneticView' because it has no superclass
38 |
39 |         magnetic.size = bounds.size
SwiftCompile normal arm64_32 /Users/admin/builder/spi-builder-workspace/Sources/MagneticView.swift (in target 'Magnetic' from project 'Magnetic')
    cd /Users/admin/builder/spi-builder-workspace/.swiftpm/xcode
    builtin-SwiftPerFileCompile MagneticView.swift
SwiftCompile normal arm64_32 Compiling\ Node.swift /Users/admin/builder/spi-builder-workspace/Sources/Node.swift (in target 'Magnetic' from project 'Magnetic')
/Users/admin/builder/spi-builder-workspace/Sources/Node.swift:68:17: error: 'accessibilityTraits' is unavailable in watchOS
 66 |             if isSelected {
 67 |                 selectedAnimation()
 68 |                 accessibilityTraits = .selected
    |                 `- error: 'accessibilityTraits' is unavailable in watchOS
 69 |             } else {
 70 |                 deselectedAnimation()
/Applications/Xcode-27.0.0-Release.Candidate.app/Contents/Developer/Platforms/WatchOS.platform/Developer/SDKs/WatchOS27.0.sdk/System/Library/Frameworks/UIKit.framework/Headers/UIAccessibility.h:113:45: note: 'accessibilityTraits' has been explicitly marked unavailable here
111 |  Setting the property will change the traits that are returned to the accessibility client.
112 |  */
113 | @property (nonatomic) UIAccessibilityTraits accessibilityTraits API_UNAVAILABLE(watchos) NS_SWIFT_UI_ACTOR;
    |                                             `- note: 'accessibilityTraits' has been explicitly marked unavailable here
114 |
115 | /*
/Users/admin/builder/spi-builder-workspace/Sources/Node.swift:71:17: error: 'accessibilityTraits' is unavailable in watchOS
 69 |             } else {
 70 |                 deselectedAnimation()
 71 |                 accessibilityTraits = .none
    |                 `- error: 'accessibilityTraits' is unavailable in watchOS
 72 |             }
 73 |         }
/Applications/Xcode-27.0.0-Release.Candidate.app/Contents/Developer/Platforms/WatchOS.platform/Developer/SDKs/WatchOS27.0.sdk/System/Library/Frameworks/UIKit.framework/Headers/UIAccessibility.h:113:45: note: 'accessibilityTraits' has been explicitly marked unavailable here
111 |  Setting the property will change the traits that are returned to the accessibility client.
112 |  */
113 | @property (nonatomic) UIAccessibilityTraits accessibilityTraits API_UNAVAILABLE(watchos) NS_SWIFT_UI_ACTOR;
    |                                             `- note: 'accessibilityTraits' has been explicitly marked unavailable here
114 |
115 | /*
/Users/admin/builder/spi-builder-workspace/Sources/Node.swift:81:23: error: cannot override 'accessibilityPath' which has been marked unavailable
 79 |     private var overridenAccessibilityPath: UIBezierPath?
 80 |
 81 |     open override var accessibilityPath: UIBezierPath? {
    |                       |- error: cannot override 'accessibilityPath' which has been marked unavailable
    |                       `- note: remove 'override' modifier to declare a new 'accessibilityPath'
 82 |         get { overridenAccessibilityPath ?? UIBezierPath(ovalIn: self.accessibilityFrame) }
 83 |         set { self.overridenAccessibilityPath = newValue }
/Applications/Xcode-27.0.0-Release.Candidate.app/Contents/Developer/Platforms/WatchOS.platform/Developer/SDKs/WatchOS27.0.sdk/System/Library/Frameworks/UIKit.framework/Headers/UIAccessibility.h:134:53: note: 'accessibilityPath' has been explicitly marked unavailable here
132 |  frame when highlighting the element.
133 |  */
134 | @property (nullable, nonatomic, copy) UIBezierPath *accessibilityPath API_AVAILABLE(ios(7.0)) API_UNAVAILABLE(watchos) NS_SWIFT_UI_ACTOR;
    |                                                     `- note: 'accessibilityPath' has been explicitly marked unavailable here
135 |
136 | // The accessibilityPath is expected to be in screen coordinates.
/Users/admin/builder/spi-builder-workspace/Sources/Node.swift:82:71: error: 'accessibilityFrame' is unavailable in watchOS
 80 |
 81 |     open override var accessibilityPath: UIBezierPath? {
 82 |         get { overridenAccessibilityPath ?? UIBezierPath(ovalIn: self.accessibilityFrame) }
    |                                                                       `- error: 'accessibilityFrame' is unavailable in watchOS
 83 |         set { self.overridenAccessibilityPath = newValue }
 84 |     }
/Applications/Xcode-27.0.0-Release.Candidate.app/Contents/Developer/Platforms/WatchOS.platform/Developer/SDKs/WatchOS27.0.sdk/System/Library/Frameworks/UIKit.framework/Headers/UIAccessibility.h:121:30: note: 'accessibilityFrame' has been explicitly marked unavailable here
119 |  Setting the property will change the frame that is returned to the accessibility client.
120 |  */
121 | @property (nonatomic) CGRect accessibilityFrame API_UNAVAILABLE(watchos) NS_SWIFT_UI_ACTOR;
    |                              `- note: 'accessibilityFrame' has been explicitly marked unavailable here
122 |
123 | // The accessibilityFrame is expected to be in screen coordinates.
/Users/admin/builder/spi-builder-workspace/Sources/Node.swift:214:14: error: 'isAccessibilityElement' is unavailable in watchOS
212 |         _ = self.text
213 |         configure(text: text, image: image, color: color)
214 |         self.isAccessibilityElement = true
    |              `- error: 'isAccessibilityElement' is unavailable in watchOS
215 |         self.shouldGroupAccessibilityChildren = true
216 |     }
/Applications/Xcode-27.0.0-Release.Candidate.app/Contents/Developer/Platforms/WatchOS.platform/Developer/SDKs/WatchOS27.0.sdk/System/Library/Frameworks/UIKit.framework/Headers/UIAccessibility.h:52:28: note: 'isAccessibilityElement' has been explicitly marked unavailable here
 50 |  Setting the property to YES will cause the receiver to be visible to assistive applications.
 51 |  */
 52 | @property (nonatomic) BOOL isAccessibilityElement API_UNAVAILABLE(watchos) NS_SWIFT_UI_ACTOR;
    |                            `- note: 'isAccessibilityElement' has been explicitly marked unavailable here
 53 |
 54 | /*
/Users/admin/builder/spi-builder-workspace/Sources/Node.swift:215:14: error: 'shouldGroupAccessibilityChildren' is unavailable in watchOS
213 |         configure(text: text, image: image, color: color)
214 |         self.isAccessibilityElement = true
215 |         self.shouldGroupAccessibilityChildren = true
    |              `- error: 'shouldGroupAccessibilityChildren' is unavailable in watchOS
216 |     }
217 |
/Applications/Xcode-27.0.0-Release.Candidate.app/Contents/Developer/Platforms/WatchOS.platform/Developer/SDKs/WatchOS27.0.sdk/System/Library/Frameworks/UIKit.framework/Headers/UIAccessibility.h:176:28: note: 'shouldGroupAccessibilityChildren' has been explicitly marked unavailable here
174 |  default == NO
175 |  */
176 | @property (nonatomic) BOOL shouldGroupAccessibilityChildren API_AVAILABLE(ios(6.0)) API_UNAVAILABLE(watchos) NS_SWIFT_UI_ACTOR;
    |                            `- note: 'shouldGroupAccessibilityChildren' has been explicitly marked unavailable here
177 |
178 | /*
SwiftCompile normal arm64_32 /Users/admin/builder/spi-builder-workspace/Sources/Node.swift (in target 'Magnetic' from project 'Magnetic')
    cd /Users/admin/builder/spi-builder-workspace/.swiftpm/xcode
    builtin-SwiftPerFileCompile Node.swift
SwiftCompile normal arm64 Compiling\ MagneticView.swift /Users/admin/builder/spi-builder-workspace/Sources/MagneticView.swift (in target 'Magnetic' from project 'Magnetic')
/Users/admin/builder/spi-builder-workspace/Sources/MagneticView.swift:11:28: error: cannot find type 'SKView' in scope
 9 | import SpriteKit
10 |
11 | public class MagneticView: SKView {
   |                            `- error: cannot find type 'SKView' in scope
12 |
13 |     @objc
/Users/admin/builder/spi-builder-workspace/Sources/MagneticView.swift:15:41: error: value of type 'MagneticView' has no member 'bounds'
13 |     @objc
14 |     public lazy var magnetic: Magnetic = { [unowned self] in
15 |         let scene = Magnetic(size: self.bounds.size)
   |                                         `- error: value of type 'MagneticView' has no member 'bounds'
16 |         self.presentScene(scene)
17 |         return scene
/Users/admin/builder/spi-builder-workspace/Sources/MagneticView.swift:20:21: error: initializer does not override a designated initializer from its superclass
18 |     }()
19 |
20 |     override public init(frame: CGRect) {
   |                     `- error: initializer does not override a designated initializer from its superclass
21 |         super.init(frame: frame)
22 |
/Users/admin/builder/spi-builder-workspace/Sources/MagneticView.swift:36:26: error: method does not override any method from its superclass
34 |     }
35 |
36 |     public override func layoutSubviews() {
   |                          `- error: method does not override any method from its superclass
37 |         super.layoutSubviews()
38 |
/Users/admin/builder/spi-builder-workspace/Sources/MagneticView.swift:21:9: error: 'super' cannot be used in class 'MagneticView' because it has no superclass
19 |
20 |     override public init(frame: CGRect) {
21 |         super.init(frame: frame)
   |         `- error: 'super' cannot be used in class 'MagneticView' because it has no superclass
22 |
23 |         commonInit()
/Users/admin/builder/spi-builder-workspace/Sources/MagneticView.swift:27:9: error: 'super' cannot be used in class 'MagneticView' because it has no superclass
25 |
26 |     required public init?(coder aDecoder: NSCoder) {
27 |         super.init(coder: aDecoder)
   |         `- error: 'super' cannot be used in class 'MagneticView' because it has no superclass
28 |
29 |         commonInit()
/Users/admin/builder/spi-builder-workspace/Sources/MagneticView.swift:37:9: error: 'super' cannot be used in class 'MagneticView' because it has no superclass
35 |
36 |     public override func layoutSubviews() {
37 |         super.layoutSubviews()
   |         `- error: 'super' cannot be used in class 'MagneticView' because it has no superclass
38 |
39 |         magnetic.size = bounds.size
SwiftCompile normal arm64 /Users/admin/builder/spi-builder-workspace/Sources/MagneticView.swift (in target 'Magnetic' from project 'Magnetic')
    cd /Users/admin/builder/spi-builder-workspace/.swiftpm/xcode
    builtin-SwiftPerFileCompile MagneticView.swift
SwiftCompile normal arm64_32 Compiling\ SKMultilineLabelNode.swift /Users/admin/builder/spi-builder-workspace/Sources/SKMultilineLabelNode.swift (in target 'Magnetic' from project 'Magnetic')
SwiftCompile normal arm64_32 /Users/admin/builder/spi-builder-workspace/Sources/SKMultilineLabelNode.swift (in target 'Magnetic' from project 'Magnetic')
    cd /Users/admin/builder/spi-builder-workspace/.swiftpm/xcode
    builtin-SwiftPerFileCompile SKMultilineLabelNode.swift
SwiftCompile normal arm64 Compiling\ SKMultilineLabelNode.swift /Users/admin/builder/spi-builder-workspace/Sources/SKMultilineLabelNode.swift (in target 'Magnetic' from project 'Magnetic')
SwiftCompile normal arm64 /Users/admin/builder/spi-builder-workspace/Sources/SKMultilineLabelNode.swift (in target 'Magnetic' from project 'Magnetic')
    cd /Users/admin/builder/spi-builder-workspace/.swiftpm/xcode
    builtin-SwiftPerFileCompile SKMultilineLabelNode.swift
SwiftCompile normal arm64 Compiling\ MagneticView+SwiftUI.swift /Users/admin/builder/spi-builder-workspace/Sources/MagneticView+SwiftUI.swift (in target 'Magnetic' from project 'Magnetic')
/Users/admin/builder/spi-builder-workspace/Sources/MagneticView+SwiftUI.swift:15:37: error: cannot find type 'Context' in scope
13 |
14 | public struct MagneticView_SwiftUI: UIViewRepresentable {
15 |     public func makeUIView(context: Context) -> MagneticView {
   |                                     `- error: cannot find type 'Context' in scope
16 |         MagneticView()
17 |     }
/Users/admin/builder/spi-builder-workspace/Sources/MagneticView+SwiftUI.swift:18:63: error: cannot find type 'Context' in scope
16 |         MagneticView()
17 |     }
18 |     public func updateUIView(_ uiView: MagneticView, context: Context) {}
   |                                                               `- error: cannot find type 'Context' in scope
19 | }
20 |
/Users/admin/builder/spi-builder-workspace/Sources/MagneticView+SwiftUI.swift:14:37: error: cannot find type 'UIViewRepresentable' in scope
12 | import SwiftUI
13 |
14 | public struct MagneticView_SwiftUI: UIViewRepresentable {
   |                                     `- error: cannot find type 'UIViewRepresentable' in scope
15 |     public func makeUIView(context: Context) -> MagneticView {
16 |         MagneticView()
SwiftCompile normal arm64 /Users/admin/builder/spi-builder-workspace/Sources/MagneticView+SwiftUI.swift (in target 'Magnetic' from project 'Magnetic')
    cd /Users/admin/builder/spi-builder-workspace/.swiftpm/xcode
    builtin-SwiftPerFileCompile MagneticView+SwiftUI.swift
SwiftCompile normal arm64 Compiling\ SKAction+Color.swift /Users/admin/builder/spi-builder-workspace/Sources/SKAction+Color.swift (in target 'Magnetic' from project 'Magnetic')
SwiftCompile normal arm64 /Users/admin/builder/spi-builder-workspace/Sources/SKAction+Color.swift (in target 'Magnetic' from project 'Magnetic')
    cd /Users/admin/builder/spi-builder-workspace/.swiftpm/xcode
    builtin-SwiftPerFileCompile SKAction+Color.swift
SwiftCompile normal arm64_32 Compiling\ MagneticView+SwiftUI.swift /Users/admin/builder/spi-builder-workspace/Sources/MagneticView+SwiftUI.swift (in target 'Magnetic' from project 'Magnetic')
SwiftCompile normal arm64_32 /Users/admin/builder/spi-builder-workspace/Sources/MagneticView+SwiftUI.swift (in target 'Magnetic' from project 'Magnetic')
    cd /Users/admin/builder/spi-builder-workspace/.swiftpm/xcode
    builtin-SwiftPerFileCompile MagneticView+SwiftUI.swift
PruneExplicitPrecompiledModules /Users/admin/builder/spi-builder-workspace/.derivedData/SDKExplicitPrecompiledModules
PruneExplicitPrecompiledModules /Users/admin/builder/spi-builder-workspace/.derivedData/Build/Intermediates.noindex/SwiftExplicitPrecompiledModules
PruneExplicitPrecompiledModules /Users/admin/builder/spi-builder-workspace/.derivedData/Build/Intermediates.noindex/ExplicitPrecompiledModules
2026-09-22 11:05:10.674 xcodebuild[867:5114] [MT] IDERunDestination: Supported platforms for the buildables in the current scheme is empty.
** BUILD FAILED **
The following build commands failed:
	SwiftEmitModule normal arm64 Emitting\ module\ for\ Magnetic (in target 'Magnetic' from project 'Magnetic')
	SwiftCompile normal arm64 (in target 'Magnetic' from project 'Magnetic')
	SwiftEmitModule normal arm64_32 Emitting\ module\ for\ Magnetic (in target 'Magnetic' from project 'Magnetic')
	SwiftCompile normal arm64_32 (in target 'Magnetic' from project 'Magnetic')
	Building workspace Magnetic with scheme Magnetic
(5 failures)
BUILD FAILURE 6.4 watchOS