Build Information
Failed to build SwiftyXMLParser, reference master (d7a1d2), with Swift 6.4 for macOS (Xcode) using Xcode 27.0 on 18 Sep 2026 00:43:06 UTC.
Build Command
env DEVELOPER_DIR=/Applications/Xcode-27.0.0-Release.Candidate.app xcrun xcodebuild -IDEClonedSourcePackagesDirPathOverride=$PWD/.dependencies -skipMacroValidation -skipPackagePluginValidation -derivedDataPath $PWD/.derivedData build -scheme SwiftyXMLParser -destination platform=macOS,arch=arm64Build Log
========================================
RunAll
========================================
Builder version: 5.1.0
Interrupt handler set up.
========================================
Checkout
========================================
Clone URL: https://github.com/yahoojapan/SwiftyXMLParser.git
Reference: master
Initialized empty Git repository in /Users/admin/builder/spi-builder-workspace/.git/
From https://github.com/yahoojapan/SwiftyXMLParser
* branch master -> FETCH_HEAD
* [new branch] master -> origin/master
HEAD is now at d7a1d23 Merge pull request #68 from mrotrifork/feature/escape-characters
Cloned https://github.com/yahoojapan/SwiftyXMLParser.git
Revision (git rev-parse @):
d7a1d23f04c86c1cd2e8f19247dd15d74e0ea8be
SUCCESS checkout https://github.com/yahoojapan/SwiftyXMLParser.git at master
========================================
Build
========================================
Selected platform: macosXcodebuild
Swift version: 6.4
Building package at path: $PWD
https://github.com/yahoojapan/SwiftyXMLParser.git
Command line invocation:
/Applications/Xcode-27.0.0-Release.Candidate.app/Contents/Developer/usr/bin/xcodebuild -IDEClonedSourcePackagesDirPathOverride=/Users/admin/builder/spi-builder-workspace/.dependencies -resolvePackageDependencies
resolved source packages:
{
"dependencies" : [
],
"manifest_display_name" : "SwiftyXMLParser",
"name" : "SwiftyXMLParser",
"path" : "/Users/admin/builder/spi-builder-workspace",
"platforms" : [
{
"name" : "ios",
"version" : "9.0"
},
{
"name" : "macos",
"version" : "10.10"
},
{
"name" : "watchos",
"version" : "6.0"
}
],
"products" : [
{
"name" : "SwiftyXMLParser",
"targets" : [
"SwiftyXMLParser"
],
"type" : {
"library" : [
"automatic"
]
}
}
],
"targets" : [
{
"c99name" : "SwiftyXMLParserTests",
"module_type" : "SwiftTarget",
"name" : "SwiftyXMLParserTests",
"path" : "SwiftyXMLParserTests",
"sources" : [
"AccessorTests.swift",
"ConverterTests.swift",
"CustomOperatorTests.swift",
"ParserTests.swift",
"SwiftyXMLParserTests.swift",
"XMLTests.swift"
],
"target_dependencies" : [
"SwiftyXMLParser"
],
"type" : "test"
},
{
"c99name" : "SwiftyXMLParser",
"module_type" : "SwiftTarget",
"name" : "SwiftyXMLParser",
"path" : "SwiftyXMLParser",
"product_memberships" : [
"SwiftyXMLParser"
],
"sources" : [
"Accessor.swift",
"Element.swift",
"Error.swift",
"Parser.swift",
"XML.swift"
],
"type" : "library"
}
],
"tools_version" : "5.1"
}
{
"project" : {
"configurations" : [
"Debug",
"Release"
],
"name" : "SwiftyXMLParser",
"schemes" : [
"SwiftyXMLParser"
],
"targets" : [
"SwiftyXMLParser",
"SwiftyXMLParserTests"
]
}
}
Running build ...
env DEVELOPER_DIR=/Applications/Xcode-27.0.0-Release.Candidate.app xcrun xcodebuild -IDEClonedSourcePackagesDirPathOverride=$PWD/.dependencies -skipMacroValidation -skipPackagePluginValidation -derivedDataPath $PWD/.derivedData build -scheme SwiftyXMLParser -destination platform=macOS,arch=arm64
Command line invocation:
/Applications/Xcode-27.0.0-Release.Candidate.app/Contents/Developer/usr/bin/xcodebuild -IDEClonedSourcePackagesDirPathOverride=/Users/admin/builder/spi-builder-workspace/.dependencies -skipMacroValidation -skipPackagePluginValidation -derivedDataPath /Users/admin/builder/spi-builder-workspace/.derivedData build -scheme SwiftyXMLParser -destination platform=macOS,arch=arm64
ComputePackagePrebuildTargetDependencyGraph
Prepare packages
CreateBuildRequest
SendProjectDescription
CreateBuildOperation
ComputeTargetDependencyGraph
note: Building targets in dependency order
note: Target dependency graph (1 target)
Target 'SwiftyXMLParser' in project 'SwiftyXMLParser' (no dependencies)
GatherProvisioningInputs
CreateBuildDescription
ExecuteExternalTool /Applications/Xcode-27.0.0-Release.Candidate.app/Contents/Developer/Toolchains/XcodeDefault.xctoolchain/usr/bin/clang -v -E -dM -isysroot /Applications/Xcode-27.0.0-Release.Candidate.app/Contents/Developer/Platforms/MacOSX.platform/Developer/SDKs/MacOSX27.0.sdk -x c -c /dev/null
ExecuteExternalTool /Applications/Xcode-27.0.0-Release.Candidate.app/Contents/Developer/Toolchains/XcodeDefault.xctoolchain/usr/bin/clang -v -E -dM -arch arm64 -isysroot /Applications/Xcode-27.0.0-Release.Candidate.app/Contents/Developer/Platforms/MacOSX.platform/Developer/SDKs/MacOSX27.0.sdk -x c -c /dev/null
ExecuteExternalTool /Applications/Xcode-27.0.0-Release.Candidate.app/Contents/Developer/Toolchains/XcodeDefault.xctoolchain/usr/bin/swiftc --version
ExecuteExternalTool /Applications/Xcode-27.0.0-Release.Candidate.app/Contents/Developer/Toolchains/XcodeDefault.xctoolchain/usr/bin/ld -version_details
Build description signature: fcd547e2a63e98ad65a23ed59884c864
Build description path: /Users/admin/builder/spi-builder-workspace/.derivedData/Build/Intermediates.noindex/XCBuildData/fcd547e2a63e98ad65a23ed59884c864.xcbuilddata
/Users/admin/builder/spi-builder-workspace/SwiftyXMLParser.xcodeproj: error: The macOS deployment target 'MACOSX_DEPLOYMENT_TARGET' is set to 10.10, but the range of supported deployment target versions is 12.0 to 27.0.x. (in target 'SwiftyXMLParser' from project 'SwiftyXMLParser')
** BUILD FAILED **
The following build commands failed:
Building project SwiftyXMLParser with scheme SwiftyXMLParser
(1 failure)
Command line invocation:
/Applications/Xcode-27.0.0-Release.Candidate.app/Contents/Developer/usr/bin/xcodebuild -IDEClonedSourcePackagesDirPathOverride=/Users/admin/builder/spi-builder-workspace/.dependencies -resolvePackageDependencies
resolved source packages:
{
"dependencies" : [
],
"manifest_display_name" : "SwiftyXMLParser",
"name" : "SwiftyXMLParser",
"path" : "/Users/admin/builder/spi-builder-workspace",
"platforms" : [
{
"name" : "ios",
"version" : "9.0"
},
{
"name" : "macos",
"version" : "10.10"
},
{
"name" : "watchos",
"version" : "6.0"
}
],
"products" : [
{
"name" : "SwiftyXMLParser",
"targets" : [
"SwiftyXMLParser"
],
"type" : {
"library" : [
"automatic"
]
}
}
],
"targets" : [
{
"c99name" : "SwiftyXMLParserTests",
"module_type" : "SwiftTarget",
"name" : "SwiftyXMLParserTests",
"path" : "SwiftyXMLParserTests",
"sources" : [
"AccessorTests.swift",
"ConverterTests.swift",
"CustomOperatorTests.swift",
"ParserTests.swift",
"SwiftyXMLParserTests.swift",
"XMLTests.swift"
],
"target_dependencies" : [
"SwiftyXMLParser"
],
"type" : "test"
},
{
"c99name" : "SwiftyXMLParser",
"module_type" : "SwiftTarget",
"name" : "SwiftyXMLParser",
"path" : "SwiftyXMLParser",
"product_memberships" : [
"SwiftyXMLParser"
],
"sources" : [
"Accessor.swift",
"Element.swift",
"Error.swift",
"Parser.swift",
"XML.swift"
],
"type" : "library"
}
],
"tools_version" : "5.1"
}
{
"project" : {
"configurations" : [
"Debug",
"Release"
],
"name" : "SwiftyXMLParser",
"schemes" : [
"SwiftyXMLParser"
],
"targets" : [
"SwiftyXMLParser",
"SwiftyXMLParserTests"
]
}
}
Running build ...
env DEVELOPER_DIR=/Applications/Xcode-27.0.0-Release.Candidate.app xcrun xcodebuild -IDEClonedSourcePackagesDirPathOverride=$PWD/.dependencies -skipMacroValidation -skipPackagePluginValidation -derivedDataPath $PWD/.derivedData build -scheme SwiftyXMLParser -destination platform=macOS,arch=arm64
Command line invocation:
/Applications/Xcode-27.0.0-Release.Candidate.app/Contents/Developer/usr/bin/xcodebuild -IDEClonedSourcePackagesDirPathOverride=/Users/admin/builder/spi-builder-workspace/.dependencies -skipMacroValidation -skipPackagePluginValidation -derivedDataPath /Users/admin/builder/spi-builder-workspace/.derivedData build -scheme SwiftyXMLParser -destination platform=macOS,arch=arm64
ComputePackagePrebuildTargetDependencyGraph
Prepare packages
CreateBuildRequest
SendProjectDescription
CreateBuildOperation
ComputeTargetDependencyGraph
note: Building targets in dependency order
note: Target dependency graph (1 target)
Target 'SwiftyXMLParser' in project 'SwiftyXMLParser' (no dependencies)
GatherProvisioningInputs
CreateBuildDescription
/Users/admin/builder/spi-builder-workspace/SwiftyXMLParser.xcodeproj: error: The macOS deployment target 'MACOSX_DEPLOYMENT_TARGET' is set to 10.10, but the range of supported deployment target versions is 12.0 to 27.0.x. (in target 'SwiftyXMLParser' from project 'SwiftyXMLParser')
** BUILD FAILED **
The following build commands failed:
Building project SwiftyXMLParser with scheme SwiftyXMLParser
(1 failure)
BUILD FAILURE 6.4 macosXcodebuild