Build Information
Failed to build SemanticUI, reference main (bc8979), with Swift 6.4 for watchOS using Xcode 27.0 on 21 Sep 2026 04:36:37 UTC.
Build Command
No build command. This typically means the build failed at an early stage where we determine the build command.Build Log
========================================
RunAll
========================================
Builder version: 5.1.0
Interrupt handler set up.
========================================
Checkout
========================================
Clone URL: https://github.com/SwiftWebResources/SemanticUI-Swift.git
Reference: main
Initialized empty Git repository in /Users/admin/builder/spi-builder-workspace/.git/
From https://github.com/SwiftWebResources/SemanticUI-Swift
* branch main -> FETCH_HEAD
* [new branch] main -> origin/main
HEAD is now at bc89799 GHA: Reduce Linux build matrix
Cloned https://github.com/SwiftWebResources/SemanticUI-Swift.git
Revision (git rev-parse @):
bc89799247573c1feaafb147a2f95d465e8a7673
SUCCESS checkout https://github.com/SwiftWebResources/SemanticUI-Swift.git at main
========================================
Build
========================================
Selected platform: watchOS
Swift version: 6.4
Building package at path: $PWD
https://github.com/SwiftWebResources/SemanticUI-Swift.git
Command line invocation:
/Applications/Xcode-27.0.0-Release.Candidate.app/Contents/Developer/usr/bin/xcodebuild -IDEClonedSourcePackagesDirPathOverride=/Users/admin/builder/spi-builder-workspace/.dependencies -resolvePackageDependencies
Resolve Package Graph
Source files for target SemanticUI should be located under 'Sources/SemanticUI', or a custom sources path can be set with the 'path' property in Package.swift
Resolve Package Graph
Source files for target SemanticUI should be located under 'Sources/SemanticUI', or a custom sources path can be set with the 'path' property in Package.swift
Resolved source packages:
spi-builder-workspace: (null)
2026-09-21 00:36:36.635 xcodebuild[524:3008] Writing error result bundle to /var/folders/xq/y_g06wb113726d38xsyx71_h0000gn/T/ResultBundle_2026-21-09_00-36-0036.xcresult
xcodebuild: error: Could not resolve package dependencies:
Source files for target SemanticUI should be located under 'Sources/SemanticUI', or a custom sources path can be set with the 'path' property in Package.swift
Command line invocation:
/Applications/Xcode-27.0.0-Release.Candidate.app/Contents/Developer/usr/bin/xcodebuild -IDEClonedSourcePackagesDirPathOverride=/Users/admin/builder/spi-builder-workspace/.dependencies -resolvePackageDependencies
Resolve Package Graph
Source files for target SemanticUI should be located under 'Sources/SemanticUI', or a custom sources path can be set with the 'path' property in Package.swift
Resolved source packages:
spi-builder-workspace: (null)
2026-09-21 00:36:37.703 xcodebuild[593:3623] Writing error result bundle to /var/folders/xq/y_g06wb113726d38xsyx71_h0000gn/T/ResultBundle_2026-21-09_00-36-0037.xcresult
xcodebuild: error: Could not resolve package dependencies:
Source files for target SemanticUI should be located under 'Sources/SemanticUI', or a custom sources path can be set with the 'path' property in Package.swift
BUILD FAILURE 6.4 watchOS