Build Information
Failed to build Wasmtime, reference 48.0.5 (323a74), with Swift 6.1 for watchOS using Xcode 16.3 on 15 Oct 2026 20:39:08 UTC.
Build Command
No build command. This typically means the build failed at an early stage where we determine the build command.Build Log
========================================
RunAll
========================================
Builder version: 5.1.3
Interrupt handler set up.
========================================
Checkout
========================================
Clone URL: https://github.com/OpenCow42/swift-wasmtime.git
Reference: 48.0.5
Initialized empty Git repository in /Users/admin/builder/spi-builder-workspace/.git/
From https://github.com/OpenCow42/swift-wasmtime
* tag 48.0.5 -> FETCH_HEAD
HEAD is now at 323a748 Merge pull request #22 from OpenCow42/automation/wasmtime-48.0.5
Updating files: 51% (374/724)
Updating files: 52% (377/724)
Updating files: 53% (384/724)
Updating files: 54% (391/724)
Updating files: 55% (399/724)
Updating files: 56% (406/724)
Updating files: 57% (413/724)
Updating files: 58% (420/724)
Updating files: 59% (428/724)
Updating files: 60% (435/724)
Updating files: 61% (442/724)
Updating files: 62% (449/724)
Updating files: 63% (457/724)
Updating files: 64% (464/724)
Updating files: 65% (471/724)
Updating files: 66% (478/724)
Updating files: 67% (486/724)
Updating files: 68% (493/724)
Updating files: 69% (500/724)
Updating files: 70% (507/724)
Updating files: 71% (515/724)
Updating files: 72% (522/724)
Updating files: 73% (529/724)
Updating files: 74% (536/724)
Updating files: 75% (543/724)
Updating files: 76% (551/724)
Updating files: 77% (558/724)
Updating files: 78% (565/724)
Updating files: 79% (572/724)
Updating files: 80% (580/724)
Updating files: 81% (587/724)
Updating files: 82% (594/724)
Updating files: 83% (601/724)
Updating files: 84% (609/724)
Updating files: 85% (616/724)
Updating files: 86% (623/724)
Updating files: 87% (630/724)
Updating files: 88% (638/724)
Updating files: 89% (645/724)
Updating files: 90% (652/724)
Updating files: 91% (659/724)
Updating files: 92% (667/724)
Updating files: 93% (674/724)
Updating files: 94% (681/724)
Updating files: 95% (688/724)
Updating files: 96% (696/724)
Updating files: 97% (703/724)
Updating files: 98% (710/724)
Updating files: 99% (717/724)
Updating files: 100% (724/724)
Updating files: 100% (724/724), done.
Cloned https://github.com/OpenCow42/swift-wasmtime.git
Revision (git rev-parse @):
323a7481f0509161ff19e9d202bf848c6f187794
SUCCESS checkout https://github.com/OpenCow42/swift-wasmtime.git at 48.0.5
========================================
Build
========================================
Selected platform: watchOS
Swift version: 6.1
Building package at path: $PWD
https://github.com/OpenCow42/swift-wasmtime.git
https://github.com/OpenCow42/swift-wasmtime.git
error: 'spi-builder-workspace': package 'spi-builder-workspace' is using Swift tools version 6.3.0 but the installed version is 6.1.0
error: fatalError
Command line invocation:
/Applications/Xcode-16.3.0.app/Contents/Developer/usr/bin/xcodebuild -IDEClonedSourcePackagesDirPathOverride=/Users/admin/builder/spi-builder-workspace/.dependencies -resolvePackageDependencies
Resolve Package Graph
package 'spi-builder-workspace' is using Swift tools version 6.3.0 but the installed version is 6.1.0
Resolved source packages:
spi-builder-workspace: (null)
2026-10-15 13:39:08.005 xcodebuild[529:3296] Writing error result bundle to /var/folders/5k/5yc19ymj0jqd5v0zvgfqz0xw0000gn/T/ResultBundle_2026-15-10_13-39-0008.xcresult
xcodebuild: error: Could not resolve package dependencies:
package 'spi-builder-workspace' is using Swift tools version 6.3.0 but the installed version is 6.1.0
Command line invocation:
/Applications/Xcode-16.3.0.app/Contents/Developer/usr/bin/xcodebuild -IDEClonedSourcePackagesDirPathOverride=/Users/admin/builder/spi-builder-workspace/.dependencies -resolvePackageDependencies
Resolve Package Graph
package 'spi-builder-workspace' is using Swift tools version 6.3.0 but the installed version is 6.1.0
Resolved source packages:
spi-builder-workspace: (null)
2026-10-15 13:39:08.711 xcodebuild[540:3417] Writing error result bundle to /var/folders/5k/5yc19ymj0jqd5v0zvgfqz0xw0000gn/T/ResultBundle_2026-15-10_13-39-0008.xcresult
xcodebuild: error: Could not resolve package dependencies:
package 'spi-builder-workspace' is using Swift tools version 6.3.0 but the installed version is 6.1.0
BUILD FAILURE 6.1 watchOS