The Swift Package Index logo.Swift Package Index

Build Information

Failed to build RIBs, reference 1.1.0 (f5f6c7), with Swift 6.4 for watchOS using Xcode 27.0 on 26 Sep 2026 06:08:35 UTC.

Build Command

env DEVELOPER_DIR=/Applications/Xcode-27.0.0-Release.Candidate.app xcrun xcodebuild -IDEClonedSourcePackagesDirPathOverride=$PWD/.dependencies -skipMacroValidation -skipPackagePluginValidation -derivedDataPath $PWD/.derivedData build -scheme RIBs -destination generic/platform=watchOS

Build Log

SwiftCompile normal arm64_32 /Users/admin/builder/spi-builder-workspace/.dependencies/checkouts/RxSwift/Sources/RxSwift/Buffer.swift (in target 'RxSwift' from project 'RxSwift')
    cd /Users/admin/builder/spi-builder-workspace/.swiftpm/xcode
    builtin-SwiftPerFileCompile Buffer.swift
SwiftCompile normal arm64_32 /Users/admin/builder/spi-builder-workspace/.dependencies/checkouts/RxSwift/Sources/RxSwift/Cancelable.swift (in target 'RxSwift' from project 'RxSwift')
    cd /Users/admin/builder/spi-builder-workspace/.swiftpm/xcode
    builtin-SwiftPerFileCompile Cancelable.swift
SwiftCompile normal arm64_32 /Users/admin/builder/spi-builder-workspace/.dependencies/checkouts/RxSwift/Sources/RxSwift/Catch.swift (in target 'RxSwift' from project 'RxSwift')
    cd /Users/admin/builder/spi-builder-workspace/.swiftpm/xcode
    builtin-SwiftPerFileCompile Catch.swift
SwiftCompile normal arm64_32 /Users/admin/builder/spi-builder-workspace/.dependencies/checkouts/RxSwift/Sources/RxSwift/CombineLatest+Collection.swift (in target 'RxSwift' from project 'RxSwift')
    cd /Users/admin/builder/spi-builder-workspace/.swiftpm/xcode
    builtin-SwiftPerFileCompile CombineLatest+Collection.swift
SwiftCompile normal arm64_32 /Users/admin/builder/spi-builder-workspace/.dependencies/checkouts/RxSwift/Sources/RxSwift/CombineLatest+arity.swift (in target 'RxSwift' from project 'RxSwift')
    cd /Users/admin/builder/spi-builder-workspace/.swiftpm/xcode
    builtin-SwiftPerFileCompile CombineLatest+arity.swift
SwiftCompile normal arm64_32 /Users/admin/builder/spi-builder-workspace/.dependencies/checkouts/RxSwift/Sources/RxSwift/CombineLatest.swift (in target 'RxSwift' from project 'RxSwift')
    cd /Users/admin/builder/spi-builder-workspace/.swiftpm/xcode
    builtin-SwiftPerFileCompile CombineLatest.swift
SwiftCompile normal arm64_32 /Users/admin/builder/spi-builder-workspace/.dependencies/checkouts/RxSwift/Sources/RxSwift/CompactMap.swift (in target 'RxSwift' from project 'RxSwift')
    cd /Users/admin/builder/spi-builder-workspace/.swiftpm/xcode
    builtin-SwiftPerFileCompile CompactMap.swift
SwiftCompile normal arm64_32 /Users/admin/builder/spi-builder-workspace/.dependencies/checkouts/RxSwift/Sources/RxSwift/Completable+AndThen.swift (in target 'RxSwift' from project 'RxSwift')
    cd /Users/admin/builder/spi-builder-workspace/.swiftpm/xcode
    builtin-SwiftPerFileCompile Completable+AndThen.swift
SwiftCompile normal arm64_32 /Users/admin/builder/spi-builder-workspace/.dependencies/checkouts/RxSwift/Sources/RxSwift/Completable.swift (in target 'RxSwift' from project 'RxSwift')
    cd /Users/admin/builder/spi-builder-workspace/.swiftpm/xcode
    builtin-SwiftPerFileCompile Completable.swift
SwiftCompile normal arm64_32 /Users/admin/builder/spi-builder-workspace/.dependencies/checkouts/RxSwift/Sources/RxSwift/CompositeDisposable.swift (in target 'RxSwift' from project 'RxSwift')
    cd /Users/admin/builder/spi-builder-workspace/.swiftpm/xcode
    builtin-SwiftPerFileCompile CompositeDisposable.swift
SwiftCompile normal arm64_32 /Users/admin/builder/spi-builder-workspace/.dependencies/checkouts/RxSwift/Sources/RxSwift/Concat.swift (in target 'RxSwift' from project 'RxSwift')
    cd /Users/admin/builder/spi-builder-workspace/.swiftpm/xcode
    builtin-SwiftPerFileCompile Concat.swift
SwiftCompile normal arm64_32 /Users/admin/builder/spi-builder-workspace/.dependencies/checkouts/RxSwift/Sources/RxSwift/ConcurrentDispatchQueueScheduler.swift (in target 'RxSwift' from project 'RxSwift')
    cd /Users/admin/builder/spi-builder-workspace/.swiftpm/xcode
    builtin-SwiftPerFileCompile ConcurrentDispatchQueueScheduler.swift
SwiftCompile normal arm64_32 /Users/admin/builder/spi-builder-workspace/.dependencies/checkouts/RxSwift/Sources/RxSwift/ConcurrentMainScheduler.swift (in target 'RxSwift' from project 'RxSwift')
    cd /Users/admin/builder/spi-builder-workspace/.swiftpm/xcode
    builtin-SwiftPerFileCompile ConcurrentMainScheduler.swift
SwiftCompile normal arm64_32 /Users/admin/builder/spi-builder-workspace/.dependencies/checkouts/RxSwift/Sources/RxSwift/ConnectableObservableType.swift (in target 'RxSwift' from project 'RxSwift')
    cd /Users/admin/builder/spi-builder-workspace/.swiftpm/xcode
    builtin-SwiftPerFileCompile ConnectableObservableType.swift
SwiftCompile normal arm64_32 /Users/admin/builder/spi-builder-workspace/.dependencies/checkouts/RxSwift/Sources/RxSwift/Create.swift (in target 'RxSwift' from project 'RxSwift')
    cd /Users/admin/builder/spi-builder-workspace/.swiftpm/xcode
    builtin-SwiftPerFileCompile Create.swift
SwiftCompile normal arm64_32 /Users/admin/builder/spi-builder-workspace/.dependencies/checkouts/RxSwift/Sources/RxSwift/CurrentThreadScheduler.swift (in target 'RxSwift' from project 'RxSwift')
    cd /Users/admin/builder/spi-builder-workspace/.swiftpm/xcode
    builtin-SwiftPerFileCompile CurrentThreadScheduler.swift
SwiftCompile normal arm64_32 /Users/admin/builder/spi-builder-workspace/.dependencies/checkouts/RxSwift/Sources/RxSwift/Date+Dispatch.swift (in target 'RxSwift' from project 'RxSwift')
    cd /Users/admin/builder/spi-builder-workspace/.swiftpm/xcode
    builtin-SwiftPerFileCompile Date+Dispatch.swift
SwiftDriverJobDiscovery normal arm64 Compiling Platform.Linux.swift, PrimitiveSequence+Concurrency.swift, PrimitiveSequence+Zip+arity.swift, PrimitiveSequence.swift, PriorityQueue.swift, Producer.swift, PublishSubject.swift, Queue.swift, Range.swift, Reactive.swift, RecursiveLock.swift, RecursiveScheduler.swift, Reduce.swift, RefCountDisposable.swift, Repeat.swift, ReplaySubject.swift (in target 'RxSwift' from project 'RxSwift')
SwiftDriverJobDiscovery normal arm64 Compiling Debounce.swift, Debug.swift, Decode.swift, DefaultIfEmpty.swift, Deferred.swift, Delay.swift, DelaySubscription.swift, Dematerialize.swift, DispatchQueue+Extensions.swift, DispatchQueueConfiguration.swift, Disposable.swift, Disposables.swift, DisposeBag.swift, DisposeBase.swift, DistinctUntilChanged.swift, Do.swift, ElementAt.swift (in target 'RxSwift' from project 'RxSwift')
SwiftDriverJobDiscovery normal arm64 Compiling RetryWhen.swift, Rx.swift, RxMutableBox.swift, Sample.swift, Scan.swift, ScheduledDisposable.swift, ScheduledItem.swift, ScheduledItemType.swift, SchedulerServices+Emulation.swift, SchedulerType.swift, Sequence.swift, SerialDispatchQueueScheduler.swift, SerialDisposable.swift, ShareReplayScope.swift, Single.swift, SingleAssignmentDisposable.swift (in target 'RxSwift' from project 'RxSwift')
SwiftDriverJobDiscovery normal arm64 Compiling Infallible+Create.swift, Infallible+Debug.swift, Infallible+Operators.swift, Infallible+Zip+arity.swift, Infallible.swift, InfiniteSequence.swift, InvocableScheduledItem.swift, InvocableType.swift, Just.swift, Lock.swift, LockOwnerType.swift, MainScheduler.swift, Map.swift, Materialize.swift, Maybe.swift, Merge.swift (in target 'RxSwift' from project 'RxSwift')
SwiftDriverJobDiscovery normal arm64 Compiling Take.swift, TakeLast.swift, TakeWithPredicate.swift, Throttle.swift, Timeout.swift, Timer.swift, ToArray.swift, Using.swift, VirtualTimeConverterType.swift, VirtualTimeScheduler.swift, Window.swift, WithLatestFrom.swift, WithUnretained.swift, Zip+Collection.swift, Zip+arity.swift, Zip.swift (in target 'RxSwift' from project 'RxSwift')
SwiftDriverJobDiscovery normal arm64 Compiling Buffer.swift, Cancelable.swift, Catch.swift, CombineLatest+Collection.swift, CombineLatest+arity.swift, CombineLatest.swift, CompactMap.swift, Completable+AndThen.swift, Completable.swift, CompositeDisposable.swift, Concat.swift, ConcurrentDispatchQueueScheduler.swift, ConcurrentMainScheduler.swift, ConnectableObservableType.swift, Create.swift, CurrentThreadScheduler.swift, Date+Dispatch.swift (in target 'RxSwift' from project 'RxSwift')
SwiftDriverJobDiscovery normal arm64_32 Compiling Empty.swift, Enumerated.swift, Error.swift, Errors.swift, Event.swift, Filter.swift, First.swift, Generate.swift, GroupBy.swift, GroupedObservable.swift, HistoricalScheduler.swift, HistoricalSchedulerTimeConverter.swift, ImmediateSchedulerType.swift, Infallible+CombineLatest+Collection.swift, Infallible+CombineLatest+arity.swift, Infallible+Concurrency.swift (in target 'RxSwift' from project 'RxSwift')
SwiftCompile normal arm64 Compiling\ resource_bundle_accessor.swift,\ AddRef.swift,\ Amb.swift,\ AnonymousDisposable.swift,\ AnonymousObserver.swift,\ AnyObserver.swift,\ AsMaybe.swift,\ AsSingle.swift,\ AsyncLock.swift,\ AsyncSubject.swift,\ AtomicInt.swift,\ Bag+Rx.swift,\ Bag.swift,\ BehaviorSubject.swift,\ BinaryDisposable.swift,\ Binder.swift,\ BooleanDisposable.swift /Users/admin/builder/spi-builder-workspace/.derivedData/Build/Intermediates.noindex/RxSwift.build/Debug-watchos/RxSwift-t.build/DerivedSources/resource_bundle_accessor.swift /Users/admin/builder/spi-builder-workspace/.dependencies/checkouts/RxSwift/Sources/RxSwift/AddRef.swift /Users/admin/builder/spi-builder-workspace/.dependencies/checkouts/RxSwift/Sources/RxSwift/Amb.swift /Users/admin/builder/spi-builder-workspace/.dependencies/checkouts/RxSwift/Sources/RxSwift/AnonymousDisposable.swift /Users/admin/builder/spi-builder-workspace/.dependencies/checkouts/RxSwift/Sources/RxSwift/AnonymousObserver.swift /Users/admin/builder/spi-builder-workspace/.dependencies/checkouts/RxSwift/Sources/RxSwift/AnyObserver.swift /Users/admin/builder/spi-builder-workspace/.dependencies/checkouts/RxSwift/Sources/RxSwift/AsMaybe.swift /Users/admin/builder/spi-builder-workspace/.dependencies/checkouts/RxSwift/Sources/RxSwift/AsSingle.swift /Users/admin/builder/spi-builder-workspace/.dependencies/checkouts/RxSwift/Sources/RxSwift/AsyncLock.swift /Users/admin/builder/spi-builder-workspace/.dependencies/checkouts/RxSwift/Sources/RxSwift/AsyncSubject.swift /Users/admin/builder/spi-builder-workspace/.dependencies/checkouts/RxSwift/Sources/RxSwift/AtomicInt.swift /Users/admin/builder/spi-builder-workspace/.dependencies/checkouts/RxSwift/Sources/RxSwift/Bag+Rx.swift /Users/admin/builder/spi-builder-workspace/.dependencies/checkouts/RxSwift/Sources/RxSwift/Bag.swift /Users/admin/builder/spi-builder-workspace/.dependencies/checkouts/RxSwift/Sources/RxSwift/BehaviorSubject.swift /Users/admin/builder/spi-builder-workspace/.dependencies/checkouts/RxSwift/Sources/RxSwift/BinaryDisposable.swift /Users/admin/builder/spi-builder-workspace/.dependencies/checkouts/RxSwift/Sources/RxSwift/Binder.swift /Users/admin/builder/spi-builder-workspace/.dependencies/checkouts/RxSwift/Sources/RxSwift/BooleanDisposable.swift (in target 'RxSwift' from project 'RxSwift')
SwiftCompile normal arm64 /Users/admin/builder/spi-builder-workspace/.derivedData/Build/Intermediates.noindex/RxSwift.build/Debug-watchos/RxSwift-t.build/DerivedSources/resource_bundle_accessor.swift (in target 'RxSwift' from project 'RxSwift')
    cd /Users/admin/builder/spi-builder-workspace/.swiftpm/xcode
    builtin-SwiftPerFileCompile resource_bundle_accessor.swift
SwiftCompile normal arm64 /Users/admin/builder/spi-builder-workspace/.dependencies/checkouts/RxSwift/Sources/RxSwift/AddRef.swift (in target 'RxSwift' from project 'RxSwift')
    cd /Users/admin/builder/spi-builder-workspace/.swiftpm/xcode
    builtin-SwiftPerFileCompile AddRef.swift
SwiftCompile normal arm64 /Users/admin/builder/spi-builder-workspace/.dependencies/checkouts/RxSwift/Sources/RxSwift/Amb.swift (in target 'RxSwift' from project 'RxSwift')
    cd /Users/admin/builder/spi-builder-workspace/.swiftpm/xcode
    builtin-SwiftPerFileCompile Amb.swift
SwiftCompile normal arm64 /Users/admin/builder/spi-builder-workspace/.dependencies/checkouts/RxSwift/Sources/RxSwift/AnonymousDisposable.swift (in target 'RxSwift' from project 'RxSwift')
    cd /Users/admin/builder/spi-builder-workspace/.swiftpm/xcode
    builtin-SwiftPerFileCompile AnonymousDisposable.swift
SwiftCompile normal arm64 /Users/admin/builder/spi-builder-workspace/.dependencies/checkouts/RxSwift/Sources/RxSwift/AnonymousObserver.swift (in target 'RxSwift' from project 'RxSwift')
    cd /Users/admin/builder/spi-builder-workspace/.swiftpm/xcode
    builtin-SwiftPerFileCompile AnonymousObserver.swift
SwiftCompile normal arm64 /Users/admin/builder/spi-builder-workspace/.dependencies/checkouts/RxSwift/Sources/RxSwift/AnyObserver.swift (in target 'RxSwift' from project 'RxSwift')
    cd /Users/admin/builder/spi-builder-workspace/.swiftpm/xcode
    builtin-SwiftPerFileCompile AnyObserver.swift
SwiftCompile normal arm64 /Users/admin/builder/spi-builder-workspace/.dependencies/checkouts/RxSwift/Sources/RxSwift/AsMaybe.swift (in target 'RxSwift' from project 'RxSwift')
    cd /Users/admin/builder/spi-builder-workspace/.swiftpm/xcode
    builtin-SwiftPerFileCompile AsMaybe.swift
SwiftCompile normal arm64 /Users/admin/builder/spi-builder-workspace/.dependencies/checkouts/RxSwift/Sources/RxSwift/AsSingle.swift (in target 'RxSwift' from project 'RxSwift')
    cd /Users/admin/builder/spi-builder-workspace/.swiftpm/xcode
    builtin-SwiftPerFileCompile AsSingle.swift
SwiftCompile normal arm64 /Users/admin/builder/spi-builder-workspace/.dependencies/checkouts/RxSwift/Sources/RxSwift/AsyncLock.swift (in target 'RxSwift' from project 'RxSwift')
    cd /Users/admin/builder/spi-builder-workspace/.swiftpm/xcode
    builtin-SwiftPerFileCompile AsyncLock.swift
SwiftCompile normal arm64 /Users/admin/builder/spi-builder-workspace/.dependencies/checkouts/RxSwift/Sources/RxSwift/AsyncSubject.swift (in target 'RxSwift' from project 'RxSwift')
    cd /Users/admin/builder/spi-builder-workspace/.swiftpm/xcode
    builtin-SwiftPerFileCompile AsyncSubject.swift
SwiftCompile normal arm64 /Users/admin/builder/spi-builder-workspace/.dependencies/checkouts/RxSwift/Sources/RxSwift/AtomicInt.swift (in target 'RxSwift' from project 'RxSwift')
    cd /Users/admin/builder/spi-builder-workspace/.swiftpm/xcode
    builtin-SwiftPerFileCompile AtomicInt.swift
SwiftCompile normal arm64 /Users/admin/builder/spi-builder-workspace/.dependencies/checkouts/RxSwift/Sources/RxSwift/Bag+Rx.swift (in target 'RxSwift' from project 'RxSwift')
    cd /Users/admin/builder/spi-builder-workspace/.swiftpm/xcode
    builtin-SwiftPerFileCompile Bag+Rx.swift
SwiftCompile normal arm64 /Users/admin/builder/spi-builder-workspace/.dependencies/checkouts/RxSwift/Sources/RxSwift/Bag.swift (in target 'RxSwift' from project 'RxSwift')
    cd /Users/admin/builder/spi-builder-workspace/.swiftpm/xcode
    builtin-SwiftPerFileCompile Bag.swift
SwiftCompile normal arm64 /Users/admin/builder/spi-builder-workspace/.dependencies/checkouts/RxSwift/Sources/RxSwift/BehaviorSubject.swift (in target 'RxSwift' from project 'RxSwift')
    cd /Users/admin/builder/spi-builder-workspace/.swiftpm/xcode
    builtin-SwiftPerFileCompile BehaviorSubject.swift
SwiftCompile normal arm64 /Users/admin/builder/spi-builder-workspace/.dependencies/checkouts/RxSwift/Sources/RxSwift/BinaryDisposable.swift (in target 'RxSwift' from project 'RxSwift')
    cd /Users/admin/builder/spi-builder-workspace/.swiftpm/xcode
    builtin-SwiftPerFileCompile BinaryDisposable.swift
SwiftCompile normal arm64 /Users/admin/builder/spi-builder-workspace/.dependencies/checkouts/RxSwift/Sources/RxSwift/Binder.swift (in target 'RxSwift' from project 'RxSwift')
    cd /Users/admin/builder/spi-builder-workspace/.swiftpm/xcode
    builtin-SwiftPerFileCompile Binder.swift
SwiftCompile normal arm64 /Users/admin/builder/spi-builder-workspace/.dependencies/checkouts/RxSwift/Sources/RxSwift/BooleanDisposable.swift (in target 'RxSwift' from project 'RxSwift')
    cd /Users/admin/builder/spi-builder-workspace/.swiftpm/xcode
    builtin-SwiftPerFileCompile BooleanDisposable.swift
SwiftDriverJobDiscovery normal arm64_32 Compiling Multicast.swift, Never.swift, NopDisposable.swift, Observable+Concurrency.swift, Observable.swift, ObservableConvertibleType+Infallible.swift, ObservableConvertibleType.swift, ObservableType+Extensions.swift, ObservableType+PrimitiveSequence.swift, ObservableType.swift, ObserveOn.swift, ObserverBase.swift, ObserverType.swift, OperationQueueScheduler.swift, Optional.swift, Platform.Darwin.swift (in target 'RxSwift' from project 'RxSwift')
SwiftDriverJobDiscovery normal arm64_32 Compiling SingleAsync.swift, Sink.swift, Skip.swift, SkipUntil.swift, SkipWhile.swift, StartWith.swift, SubjectType.swift, SubscribeOn.swift, SubscriptionDisposable.swift, SwiftSupport.swift, Switch.swift, SwitchIfEmpty.swift, SynchronizedDisposeType.swift, SynchronizedOnType.swift, SynchronizedUnsubscribeType.swift, TailRecursiveSink.swift (in target 'RxSwift' from project 'RxSwift')
SwiftDriverJobDiscovery normal arm64_32 Compiling Platform.Linux.swift, PrimitiveSequence+Concurrency.swift, PrimitiveSequence+Zip+arity.swift, PrimitiveSequence.swift, PriorityQueue.swift, Producer.swift, PublishSubject.swift, Queue.swift, Range.swift, Reactive.swift, RecursiveLock.swift, RecursiveScheduler.swift, Reduce.swift, RefCountDisposable.swift, Repeat.swift, ReplaySubject.swift (in target 'RxSwift' from project 'RxSwift')
SwiftDriverJobDiscovery normal arm64_32 Compiling Infallible+Create.swift, Infallible+Debug.swift, Infallible+Operators.swift, Infallible+Zip+arity.swift, Infallible.swift, InfiniteSequence.swift, InvocableScheduledItem.swift, InvocableType.swift, Just.swift, Lock.swift, LockOwnerType.swift, MainScheduler.swift, Map.swift, Materialize.swift, Maybe.swift, Merge.swift (in target 'RxSwift' from project 'RxSwift')
SwiftDriverJobDiscovery normal arm64_32 Compiling Debounce.swift, Debug.swift, Decode.swift, DefaultIfEmpty.swift, Deferred.swift, Delay.swift, DelaySubscription.swift, Dematerialize.swift, DispatchQueue+Extensions.swift, DispatchQueueConfiguration.swift, Disposable.swift, Disposables.swift, DisposeBag.swift, DisposeBase.swift, DistinctUntilChanged.swift, Do.swift, ElementAt.swift (in target 'RxSwift' from project 'RxSwift')
SwiftDriverJobDiscovery normal arm64_32 Compiling RetryWhen.swift, Rx.swift, RxMutableBox.swift, Sample.swift, Scan.swift, ScheduledDisposable.swift, ScheduledItem.swift, ScheduledItemType.swift, SchedulerServices+Emulation.swift, SchedulerType.swift, Sequence.swift, SerialDispatchQueueScheduler.swift, SerialDisposable.swift, ShareReplayScope.swift, Single.swift, SingleAssignmentDisposable.swift (in target 'RxSwift' from project 'RxSwift')
SwiftDriverJobDiscovery normal arm64_32 Compiling Take.swift, TakeLast.swift, TakeWithPredicate.swift, Throttle.swift, Timeout.swift, Timer.swift, ToArray.swift, Using.swift, VirtualTimeConverterType.swift, VirtualTimeScheduler.swift, Window.swift, WithLatestFrom.swift, WithUnretained.swift, Zip+Collection.swift, Zip+arity.swift, Zip.swift (in target 'RxSwift' from project 'RxSwift')
SwiftDriverJobDiscovery normal arm64_32 Compiling resource_bundle_accessor.swift, AddRef.swift, Amb.swift, AnonymousDisposable.swift, AnonymousObserver.swift, AnyObserver.swift, AsMaybe.swift, AsSingle.swift, AsyncLock.swift, AsyncSubject.swift, AtomicInt.swift, Bag+Rx.swift, Bag.swift, BehaviorSubject.swift, BinaryDisposable.swift, Binder.swift, BooleanDisposable.swift (in target 'RxSwift' from project 'RxSwift')
SwiftDriver RxRelay normal arm64_32 com.apple.xcode.tools.swift.compiler (in target 'RxRelay' from project 'RxSwift')
    cd /Users/admin/builder/spi-builder-workspace/.swiftpm/xcode
    builtin-SwiftDriver -- /Applications/Xcode-27.0.0-Release.Candidate.app/Contents/Developer/Toolchains/XcodeDefault.xctoolchain/usr/bin/swiftc -parse-as-library -module-name RxRelay -Onone @/Users/admin/builder/spi-builder-workspace/.derivedData/Build/Intermediates.noindex/RxSwift.build/Debug-watchos/RxRelay-t.build/Objects-normal/arm64_32/RxRelay.SwiftFileList -DSWIFT_PACKAGE -DDEBUG -DSWIFT_MODULE_RESOURCE_BUNDLE_AVAILABLE -DXcode -plugin-path /Applications/Xcode-27.0.0-Release.Candidate.app/Contents/Developer/Toolchains/XcodeDefault.xctoolchain/usr/lib/swift/host/plugins/testing -enable-experimental-feature DebugDescriptionMacro -sdk /Applications/Xcode-27.0.0-Release.Candidate.app/Contents/Developer/Platforms/WatchOS.platform/Developer/SDKs/WatchOS27.0.sdk -target arm64_32-apple-watchos9.0 -g -module-cache-path /Users/admin/builder/spi-builder-workspace/.derivedData/ModuleCache.noindex -Xfrontend -serialize-debugging-options -profile-coverage-mapping -profile-generate -enable-testing -suppress-warnings -index-store-path /Users/admin/builder/spi-builder-workspace/.derivedData/Index.noindex/DataStore -Xcc -D_LIBCPP_HARDENING_MODE\=_LIBCPP_HARDENING_MODE_DEBUG -swift-version 5 -I /Users/admin/builder/spi-builder-workspace/.derivedData/Build/Products/Debug-watchos -Isystem /Applications/Xcode-27.0.0-Release.Candidate.app/Contents/Developer/Platforms/WatchOS.platform/Developer/usr/lib -F /Users/admin/builder/spi-builder-workspace/.derivedData/Build/Products/Debug-watchos/PackageFrameworks -F /Users/admin/builder/spi-builder-workspace/.derivedData/Build/Products/Debug-watchos -F /Applications/Xcode-27.0.0-Release.Candidate.app/Contents/Developer/Platforms/WatchOS.platform/Developer/Library/Frameworks -F /Applications/Xcode-27.0.0-Release.Candidate.app/Contents/Developer/Platforms/WatchOS.platform/Developer/SDKs/WatchOS27.0.sdk/Developer/Library/Frameworks -c -j10 -enable-batch-mode -incremental -Xcc -ivfsstatcache -Xcc /Users/admin/builder/spi-builder-workspace/.derivedData/SDKStatCaches.noindex/watchos27.0-24R360-e829b21a6f8c9b70876ba0858053c04477534ef55a1706bf4c1112bbb242f0a2.sdkstatcache -output-file-map /Users/admin/builder/spi-builder-workspace/.derivedData/Build/Intermediates.noindex/RxSwift.build/Debug-watchos/RxRelay-t.build/Objects-normal/arm64_32/RxRelay-OutputFileMap.json -save-temps -no-color-diagnostics -explicit-module-build -module-cache-path /Users/admin/builder/spi-builder-workspace/.derivedData/Build/Intermediates.noindex/SwiftExplicitPrecompiledModules -clang-scanner-module-cache-path /Users/admin/builder/spi-builder-workspace/.derivedData/ModuleCache.noindex -sdk-module-cache-path /Users/admin/builder/spi-builder-workspace/.derivedData/SDKExplicitPrecompiledModules -emit-dependencies -emit-module -emit-module-path /Users/admin/builder/spi-builder-workspace/.derivedData/Build/Intermediates.noindex/RxSwift.build/Debug-watchos/RxRelay-t.build/Objects-normal/arm64_32/RxRelay.swiftmodule -serialize-diagnostics -dependency-scan-serialize-diagnostics-path /Users/admin/builder/spi-builder-workspace/.derivedData/Build/Intermediates.noindex/RxSwift.build/Debug-watchos/RxRelay-t.build/Objects-normal/arm64_32/RxRelay-dependency-scan.dia -validate-clang-modules-once -clang-build-session-file /Users/admin/builder/spi-builder-workspace/.derivedData/ModuleCache.noindex/Session.modulevalidation -Xcc -fmodules-prune-interval\=86400 -Xcc -fmodules-prune-after\=345600 -package-name rxswift -emit-const-values -const-gather-protocols-list /Users/admin/builder/spi-builder-workspace/.derivedData/Build/Intermediates.noindex/RxSwift.build/Debug-watchos/RxRelay-t.build/Objects-normal/arm64_32/RxRelay_const_extract_protocols.json -Xcc -I/Users/admin/builder/spi-builder-workspace/.derivedData/Build/Products/Debug-watchos/include -Xcc -I/Users/admin/builder/spi-builder-workspace/.derivedData/Build/Intermediates.noindex/RxSwift.build/Debug-watchos/RxRelay-t.build/DerivedSources-normal/arm64_32 -Xcc -I/Users/admin/builder/spi-builder-workspace/.derivedData/Build/Intermediates.noindex/RxSwift.build/Debug-watchos/RxRelay-t.build/DerivedSources/arm64_32 -Xcc -I/Users/admin/builder/spi-builder-workspace/.derivedData/Build/Intermediates.noindex/RxSwift.build/Debug-watchos/RxRelay-t.build/DerivedSources -Xcc -DSWIFT_PACKAGE -Xcc -DDEBUG\=1 -emit-objc-header -emit-objc-header-path /Users/admin/builder/spi-builder-workspace/.derivedData/Build/Intermediates.noindex/RxSwift.build/Debug-watchos/RxRelay-t.build/Objects-normal/arm64_32/RxRelay-Swift.h -working-directory /Users/admin/builder/spi-builder-workspace/.swiftpm/xcode -experimental-emit-module-separately -disable-cmo
SwiftDriver RxRelay normal arm64 com.apple.xcode.tools.swift.compiler (in target 'RxRelay' from project 'RxSwift')
    cd /Users/admin/builder/spi-builder-workspace/.swiftpm/xcode
    builtin-SwiftDriver -- /Applications/Xcode-27.0.0-Release.Candidate.app/Contents/Developer/Toolchains/XcodeDefault.xctoolchain/usr/bin/swiftc -parse-as-library -module-name RxRelay -Onone @/Users/admin/builder/spi-builder-workspace/.derivedData/Build/Intermediates.noindex/RxSwift.build/Debug-watchos/RxRelay-t.build/Objects-normal/arm64/RxRelay.SwiftFileList -DSWIFT_PACKAGE -DDEBUG -DSWIFT_MODULE_RESOURCE_BUNDLE_AVAILABLE -DXcode -plugin-path /Applications/Xcode-27.0.0-Release.Candidate.app/Contents/Developer/Toolchains/XcodeDefault.xctoolchain/usr/lib/swift/host/plugins/testing -enable-experimental-feature DebugDescriptionMacro -sdk /Applications/Xcode-27.0.0-Release.Candidate.app/Contents/Developer/Platforms/WatchOS.platform/Developer/SDKs/WatchOS27.0.sdk -target arm64-apple-watchos9.0 -g -module-cache-path /Users/admin/builder/spi-builder-workspace/.derivedData/ModuleCache.noindex -Xfrontend -serialize-debugging-options -profile-coverage-mapping -profile-generate -enable-testing -suppress-warnings -index-store-path /Users/admin/builder/spi-builder-workspace/.derivedData/Index.noindex/DataStore -Xcc -D_LIBCPP_HARDENING_MODE\=_LIBCPP_HARDENING_MODE_DEBUG -swift-version 5 -I /Users/admin/builder/spi-builder-workspace/.derivedData/Build/Products/Debug-watchos -Isystem /Applications/Xcode-27.0.0-Release.Candidate.app/Contents/Developer/Platforms/WatchOS.platform/Developer/usr/lib -F /Users/admin/builder/spi-builder-workspace/.derivedData/Build/Products/Debug-watchos/PackageFrameworks -F /Users/admin/builder/spi-builder-workspace/.derivedData/Build/Products/Debug-watchos -F /Applications/Xcode-27.0.0-Release.Candidate.app/Contents/Developer/Platforms/WatchOS.platform/Developer/Library/Frameworks -F /Applications/Xcode-27.0.0-Release.Candidate.app/Contents/Developer/Platforms/WatchOS.platform/Developer/SDKs/WatchOS27.0.sdk/Developer/Library/Frameworks -c -j10 -enable-batch-mode -incremental -Xcc -ivfsstatcache -Xcc /Users/admin/builder/spi-builder-workspace/.derivedData/SDKStatCaches.noindex/watchos27.0-24R360-e829b21a6f8c9b70876ba0858053c04477534ef55a1706bf4c1112bbb242f0a2.sdkstatcache -output-file-map /Users/admin/builder/spi-builder-workspace/.derivedData/Build/Intermediates.noindex/RxSwift.build/Debug-watchos/RxRelay-t.build/Objects-normal/arm64/RxRelay-OutputFileMap.json -save-temps -no-color-diagnostics -explicit-module-build -module-cache-path /Users/admin/builder/spi-builder-workspace/.derivedData/Build/Intermediates.noindex/SwiftExplicitPrecompiledModules -clang-scanner-module-cache-path /Users/admin/builder/spi-builder-workspace/.derivedData/ModuleCache.noindex -sdk-module-cache-path /Users/admin/builder/spi-builder-workspace/.derivedData/SDKExplicitPrecompiledModules -emit-dependencies -emit-module -emit-module-path /Users/admin/builder/spi-builder-workspace/.derivedData/Build/Intermediates.noindex/RxSwift.build/Debug-watchos/RxRelay-t.build/Objects-normal/arm64/RxRelay.swiftmodule -serialize-diagnostics -dependency-scan-serialize-diagnostics-path /Users/admin/builder/spi-builder-workspace/.derivedData/Build/Intermediates.noindex/RxSwift.build/Debug-watchos/RxRelay-t.build/Objects-normal/arm64/RxRelay-dependency-scan.dia -validate-clang-modules-once -clang-build-session-file /Users/admin/builder/spi-builder-workspace/.derivedData/ModuleCache.noindex/Session.modulevalidation -Xcc -fmodules-prune-interval\=86400 -Xcc -fmodules-prune-after\=345600 -package-name rxswift -emit-const-values -const-gather-protocols-list /Users/admin/builder/spi-builder-workspace/.derivedData/Build/Intermediates.noindex/RxSwift.build/Debug-watchos/RxRelay-t.build/Objects-normal/arm64/RxRelay_const_extract_protocols.json -Xcc -I/Users/admin/builder/spi-builder-workspace/.derivedData/Build/Products/Debug-watchos/include -Xcc -I/Users/admin/builder/spi-builder-workspace/.derivedData/Build/Intermediates.noindex/RxSwift.build/Debug-watchos/RxRelay-t.build/DerivedSources-normal/arm64 -Xcc -I/Users/admin/builder/spi-builder-workspace/.derivedData/Build/Intermediates.noindex/RxSwift.build/Debug-watchos/RxRelay-t.build/DerivedSources/arm64 -Xcc -I/Users/admin/builder/spi-builder-workspace/.derivedData/Build/Intermediates.noindex/RxSwift.build/Debug-watchos/RxRelay-t.build/DerivedSources -Xcc -DSWIFT_PACKAGE -Xcc -DDEBUG\=1 -emit-objc-header -emit-objc-header-path /Users/admin/builder/spi-builder-workspace/.derivedData/Build/Intermediates.noindex/RxSwift.build/Debug-watchos/RxRelay-t.build/Objects-normal/arm64/RxRelay-Swift.h -working-directory /Users/admin/builder/spi-builder-workspace/.swiftpm/xcode -experimental-emit-module-separately -disable-cmo
SwiftDriverJobDiscovery normal arm64_32 Compiling Buffer.swift, Cancelable.swift, Catch.swift, CombineLatest+Collection.swift, CombineLatest+arity.swift, CombineLatest.swift, CompactMap.swift, Completable+AndThen.swift, Completable.swift, CompositeDisposable.swift, Concat.swift, ConcurrentDispatchQueueScheduler.swift, ConcurrentMainScheduler.swift, ConnectableObservableType.swift, Create.swift, CurrentThreadScheduler.swift, Date+Dispatch.swift (in target 'RxSwift' from project 'RxSwift')
SwiftDriver\ Compilation RxSwift normal arm64_32 com.apple.xcode.tools.swift.compiler (in target 'RxSwift' from project 'RxSwift')
    cd /Users/admin/builder/spi-builder-workspace/.swiftpm/xcode
    builtin-Swift-Compilation -- /Applications/Xcode-27.0.0-Release.Candidate.app/Contents/Developer/Toolchains/XcodeDefault.xctoolchain/usr/bin/swiftc -parse-as-library -module-name RxSwift -Onone @/Users/admin/builder/spi-builder-workspace/.derivedData/Build/Intermediates.noindex/RxSwift.build/Debug-watchos/RxSwift-t.build/Objects-normal/arm64_32/RxSwift.SwiftFileList -DSWIFT_PACKAGE -DDEBUG -DSWIFT_MODULE_RESOURCE_BUNDLE_AVAILABLE -DXcode -plugin-path /Applications/Xcode-27.0.0-Release.Candidate.app/Contents/Developer/Toolchains/XcodeDefault.xctoolchain/usr/lib/swift/host/plugins/testing -enable-experimental-feature DebugDescriptionMacro -sdk /Applications/Xcode-27.0.0-Release.Candidate.app/Contents/Developer/Platforms/WatchOS.platform/Developer/SDKs/WatchOS27.0.sdk -target arm64_32-apple-watchos9.0 -g -module-cache-path /Users/admin/builder/spi-builder-workspace/.derivedData/ModuleCache.noindex -Xfrontend -serialize-debugging-options -profile-coverage-mapping -profile-generate -enable-testing -suppress-warnings -index-store-path /Users/admin/builder/spi-builder-workspace/.derivedData/Index.noindex/DataStore -Xcc -D_LIBCPP_HARDENING_MODE\=_LIBCPP_HARDENING_MODE_DEBUG -swift-version 5 -I /Users/admin/builder/spi-builder-workspace/.derivedData/Build/Products/Debug-watchos -Isystem /Applications/Xcode-27.0.0-Release.Candidate.app/Contents/Developer/Platforms/WatchOS.platform/Developer/usr/lib -F /Users/admin/builder/spi-builder-workspace/.derivedData/Build/Products/Debug-watchos -F /Applications/Xcode-27.0.0-Release.Candidate.app/Contents/Developer/Platforms/WatchOS.platform/Developer/Library/Frameworks -F /Applications/Xcode-27.0.0-Release.Candidate.app/Contents/Developer/Platforms/WatchOS.platform/Developer/SDKs/WatchOS27.0.sdk/Developer/Library/Frameworks -c -j10 -enable-batch-mode -incremental -Xcc -ivfsstatcache -Xcc /Users/admin/builder/spi-builder-workspace/.derivedData/SDKStatCaches.noindex/watchos27.0-24R360-e829b21a6f8c9b70876ba0858053c04477534ef55a1706bf4c1112bbb242f0a2.sdkstatcache -output-file-map /Users/admin/builder/spi-builder-workspace/.derivedData/Build/Intermediates.noindex/RxSwift.build/Debug-watchos/RxSwift-t.build/Objects-normal/arm64_32/RxSwift-OutputFileMap.json -save-temps -no-color-diagnostics -explicit-module-build -module-cache-path /Users/admin/builder/spi-builder-workspace/.derivedData/Build/Intermediates.noindex/SwiftExplicitPrecompiledModules -clang-scanner-module-cache-path /Users/admin/builder/spi-builder-workspace/.derivedData/ModuleCache.noindex -sdk-module-cache-path /Users/admin/builder/spi-builder-workspace/.derivedData/SDKExplicitPrecompiledModules -emit-dependencies -emit-module -emit-module-path /Users/admin/builder/spi-builder-workspace/.derivedData/Build/Intermediates.noindex/RxSwift.build/Debug-watchos/RxSwift-t.build/Objects-normal/arm64_32/RxSwift.swiftmodule -serialize-diagnostics -dependency-scan-serialize-diagnostics-path /Users/admin/builder/spi-builder-workspace/.derivedData/Build/Intermediates.noindex/RxSwift.build/Debug-watchos/RxSwift-t.build/Objects-normal/arm64_32/RxSwift-dependency-scan.dia -validate-clang-modules-once -clang-build-session-file /Users/admin/builder/spi-builder-workspace/.derivedData/ModuleCache.noindex/Session.modulevalidation -Xcc -fmodules-prune-interval\=86400 -Xcc -fmodules-prune-after\=345600 -package-name rxswift -emit-const-values -const-gather-protocols-list /Users/admin/builder/spi-builder-workspace/.derivedData/Build/Intermediates.noindex/RxSwift.build/Debug-watchos/RxSwift-t.build/Objects-normal/arm64_32/RxSwift_const_extract_protocols.json -Xcc -I/Users/admin/builder/spi-builder-workspace/.derivedData/Build/Products/Debug-watchos/include -Xcc -I/Users/admin/builder/spi-builder-workspace/.derivedData/Build/Intermediates.noindex/RxSwift.build/Debug-watchos/RxSwift-t.build/DerivedSources-normal/arm64_32 -Xcc -I/Users/admin/builder/spi-builder-workspace/.derivedData/Build/Intermediates.noindex/RxSwift.build/Debug-watchos/RxSwift-t.build/DerivedSources/arm64_32 -Xcc -I/Users/admin/builder/spi-builder-workspace/.derivedData/Build/Intermediates.noindex/RxSwift.build/Debug-watchos/RxSwift-t.build/DerivedSources -Xcc -DSWIFT_PACKAGE -Xcc -DDEBUG\=1 -emit-objc-header -emit-objc-header-path /Users/admin/builder/spi-builder-workspace/.derivedData/Build/Intermediates.noindex/RxSwift.build/Debug-watchos/RxSwift-t.build/Objects-normal/arm64_32/RxSwift-Swift.h -working-directory /Users/admin/builder/spi-builder-workspace/.swiftpm/xcode -experimental-emit-module-separately -disable-cmo
Ld /Users/admin/builder/spi-builder-workspace/.derivedData/Build/Intermediates.noindex/RxSwift.build/Debug-watchos/RxSwift-t.build/Objects-normal/arm64_32/Binary/RxSwift.o normal arm64_32 (in target 'RxSwift' from project 'RxSwift')
    cd /Users/admin/builder/spi-builder-workspace/.dependencies/checkouts/RxSwift
    /Applications/Xcode-27.0.0-Release.Candidate.app/Contents/Developer/Toolchains/XcodeDefault.xctoolchain/usr/bin/clang -Xlinker -reproducible -target arm64_32-apple-watchos9.0 -r -isysroot /Applications/Xcode-27.0.0-Release.Candidate.app/Contents/Developer/Platforms/WatchOS.platform/Developer/SDKs/WatchOS27.0.sdk -O0 -w -Xlinker -no_warn_duplicate_libraries -F/Users/admin/builder/spi-builder-workspace/.derivedData/Build/Intermediates.noindex/EagerLinkingTBDs/Debug-watchos -F/Users/admin/builder/spi-builder-workspace/.derivedData/Build/Products/Debug-watchos -iframework /Applications/Xcode-27.0.0-Release.Candidate.app/Contents/Developer/Platforms/WatchOS.platform/Developer/Library/Frameworks -iframework /Applications/Xcode-27.0.0-Release.Candidate.app/Contents/Developer/Platforms/WatchOS.platform/Developer/SDKs/WatchOS27.0.sdk/Developer/Library/Frameworks -filelist /Users/admin/builder/spi-builder-workspace/.derivedData/Build/Intermediates.noindex/RxSwift.build/Debug-watchos/RxSwift-t.build/Objects-normal/arm64_32/RxSwift.LinkFileList -nostdlib -Xlinker -object_path_lto -Xlinker /Users/admin/builder/spi-builder-workspace/.derivedData/Build/Intermediates.noindex/RxSwift.build/Debug-watchos/RxSwift-t.build/Objects-normal/arm64_32/RxSwift_lto.o -Xlinker -no_deduplicate -Xlinker -debug_variant -Xlinker -dependency_info -Xlinker /Users/admin/builder/spi-builder-workspace/.derivedData/Build/Intermediates.noindex/RxSwift.build/Debug-watchos/RxSwift-t.build/Objects-normal/arm64_32/RxSwift_dependency_info.dat -fobjc-link-runtime -L/Applications/Xcode-27.0.0-Release.Candidate.app/Contents/Developer/Toolchains/XcodeDefault.xctoolchain/usr/lib/swift/watchos -L/usr/lib/swift -Xlinker -add_ast_path -Xlinker /Users/admin/builder/spi-builder-workspace/.derivedData/Build/Intermediates.noindex/RxSwift.build/Debug-watchos/RxSwift-t.build/Objects-normal/arm64_32/RxSwift.swiftmodule -o /Users/admin/builder/spi-builder-workspace/.derivedData/Build/Intermediates.noindex/RxSwift.build/Debug-watchos/RxSwift-t.build/Objects-normal/arm64_32/Binary/RxSwift.o
SwiftEmitModule normal arm64_32 Emitting\ module\ for\ RxRelay (in target 'RxRelay' from project 'RxSwift')
SwiftCompile normal arm64_32 (in target 'RxRelay' from project 'RxSwift')
    cd /Users/admin/builder/spi-builder-workspace/.swiftpm/xcode

SwiftCompile normal arm64_32 Compiling\ resource_bundle_accessor.swift /Users/admin/builder/spi-builder-workspace/.derivedData/Build/Intermediates.noindex/RxSwift.build/Debug-watchos/RxRelay-t.build/DerivedSources/resource_bundle_accessor.swift (in target 'RxRelay' from project 'RxSwift')
SwiftCompile normal arm64_32 /Users/admin/builder/spi-builder-workspace/.derivedData/Build/Intermediates.noindex/RxSwift.build/Debug-watchos/RxRelay-t.build/DerivedSources/resource_bundle_accessor.swift (in target 'RxRelay' from project 'RxSwift')
    cd /Users/admin/builder/spi-builder-workspace/.swiftpm/xcode
    builtin-SwiftPerFileCompile resource_bundle_accessor.swift
SwiftCompile normal arm64_32 Compiling\ ReplayRelay.swift /Users/admin/builder/spi-builder-workspace/.dependencies/checkouts/RxSwift/Sources/RxRelay/ReplayRelay.swift (in target 'RxRelay' from project 'RxSwift')
SwiftCompile normal arm64_32 /Users/admin/builder/spi-builder-workspace/.dependencies/checkouts/RxSwift/Sources/RxRelay/ReplayRelay.swift (in target 'RxRelay' from project 'RxSwift')
    cd /Users/admin/builder/spi-builder-workspace/.swiftpm/xcode
    builtin-SwiftPerFileCompile ReplayRelay.swift
SwiftCompile normal arm64_32 Compiling\ PublishRelay.swift /Users/admin/builder/spi-builder-workspace/.dependencies/checkouts/RxSwift/Sources/RxRelay/PublishRelay.swift (in target 'RxRelay' from project 'RxSwift')
SwiftCompile normal arm64_32 /Users/admin/builder/spi-builder-workspace/.dependencies/checkouts/RxSwift/Sources/RxRelay/PublishRelay.swift (in target 'RxRelay' from project 'RxSwift')
    cd /Users/admin/builder/spi-builder-workspace/.swiftpm/xcode
    builtin-SwiftPerFileCompile PublishRelay.swift
SwiftCompile normal arm64_32 Compiling\ Utils.swift /Users/admin/builder/spi-builder-workspace/.dependencies/checkouts/RxSwift/Sources/RxRelay/Utils.swift (in target 'RxRelay' from project 'RxSwift')
SwiftCompile normal arm64_32 /Users/admin/builder/spi-builder-workspace/.dependencies/checkouts/RxSwift/Sources/RxRelay/Utils.swift (in target 'RxRelay' from project 'RxSwift')
    cd /Users/admin/builder/spi-builder-workspace/.swiftpm/xcode
    builtin-SwiftPerFileCompile Utils.swift
SwiftCompile normal arm64_32 Compiling\ Observable+Bind.swift /Users/admin/builder/spi-builder-workspace/.dependencies/checkouts/RxSwift/Sources/RxRelay/Observable+Bind.swift (in target 'RxRelay' from project 'RxSwift')
SwiftCompile normal arm64_32 /Users/admin/builder/spi-builder-workspace/.dependencies/checkouts/RxSwift/Sources/RxRelay/Observable+Bind.swift (in target 'RxRelay' from project 'RxSwift')
    cd /Users/admin/builder/spi-builder-workspace/.swiftpm/xcode
    builtin-SwiftPerFileCompile Observable+Bind.swift
SwiftCompile normal arm64_32 Compiling\ BehaviorRelay.swift /Users/admin/builder/spi-builder-workspace/.dependencies/checkouts/RxSwift/Sources/RxRelay/BehaviorRelay.swift (in target 'RxRelay' from project 'RxSwift')
SwiftCompile normal arm64_32 /Users/admin/builder/spi-builder-workspace/.dependencies/checkouts/RxSwift/Sources/RxRelay/BehaviorRelay.swift (in target 'RxRelay' from project 'RxSwift')
    cd /Users/admin/builder/spi-builder-workspace/.swiftpm/xcode
    builtin-SwiftPerFileCompile BehaviorRelay.swift
SwiftEmitModule normal arm64 Emitting\ module\ for\ RxRelay (in target 'RxRelay' from project 'RxSwift')
SwiftCompile normal arm64 (in target 'RxRelay' from project 'RxSwift')
    cd /Users/admin/builder/spi-builder-workspace/.swiftpm/xcode

SwiftCompile normal arm64 Compiling\ PublishRelay.swift /Users/admin/builder/spi-builder-workspace/.dependencies/checkouts/RxSwift/Sources/RxRelay/PublishRelay.swift (in target 'RxRelay' from project 'RxSwift')
SwiftCompile normal arm64 /Users/admin/builder/spi-builder-workspace/.dependencies/checkouts/RxSwift/Sources/RxRelay/PublishRelay.swift (in target 'RxRelay' from project 'RxSwift')
    cd /Users/admin/builder/spi-builder-workspace/.swiftpm/xcode
    builtin-SwiftPerFileCompile PublishRelay.swift
SwiftCompile normal arm64 Compiling\ Utils.swift /Users/admin/builder/spi-builder-workspace/.dependencies/checkouts/RxSwift/Sources/RxRelay/Utils.swift (in target 'RxRelay' from project 'RxSwift')
SwiftCompile normal arm64 /Users/admin/builder/spi-builder-workspace/.dependencies/checkouts/RxSwift/Sources/RxRelay/Utils.swift (in target 'RxRelay' from project 'RxSwift')
    cd /Users/admin/builder/spi-builder-workspace/.swiftpm/xcode
    builtin-SwiftPerFileCompile Utils.swift
SwiftDriverJobDiscovery normal arm64_32 Compiling Utils.swift (in target 'RxRelay' from project 'RxSwift')
SwiftCompile normal arm64 Compiling\ resource_bundle_accessor.swift /Users/admin/builder/spi-builder-workspace/.derivedData/Build/Intermediates.noindex/RxSwift.build/Debug-watchos/RxRelay-t.build/DerivedSources/resource_bundle_accessor.swift (in target 'RxRelay' from project 'RxSwift')
SwiftCompile normal arm64 /Users/admin/builder/spi-builder-workspace/.derivedData/Build/Intermediates.noindex/RxSwift.build/Debug-watchos/RxRelay-t.build/DerivedSources/resource_bundle_accessor.swift (in target 'RxRelay' from project 'RxSwift')
    cd /Users/admin/builder/spi-builder-workspace/.swiftpm/xcode
    builtin-SwiftPerFileCompile resource_bundle_accessor.swift
SwiftDriverJobDiscovery normal arm64_32 Compiling PublishRelay.swift (in target 'RxRelay' from project 'RxSwift')
SwiftCompile normal arm64 Compiling\ ReplayRelay.swift /Users/admin/builder/spi-builder-workspace/.dependencies/checkouts/RxSwift/Sources/RxRelay/ReplayRelay.swift (in target 'RxRelay' from project 'RxSwift')
SwiftCompile normal arm64 /Users/admin/builder/spi-builder-workspace/.dependencies/checkouts/RxSwift/Sources/RxRelay/ReplayRelay.swift (in target 'RxRelay' from project 'RxSwift')
    cd /Users/admin/builder/spi-builder-workspace/.swiftpm/xcode
    builtin-SwiftPerFileCompile ReplayRelay.swift
SwiftDriverJobDiscovery normal arm64_32 Compiling ReplayRelay.swift (in target 'RxRelay' from project 'RxSwift')
SwiftCompile normal arm64 Compiling\ Observable+Bind.swift /Users/admin/builder/spi-builder-workspace/.dependencies/checkouts/RxSwift/Sources/RxRelay/Observable+Bind.swift (in target 'RxRelay' from project 'RxSwift')
SwiftCompile normal arm64 /Users/admin/builder/spi-builder-workspace/.dependencies/checkouts/RxSwift/Sources/RxRelay/Observable+Bind.swift (in target 'RxRelay' from project 'RxSwift')
    cd /Users/admin/builder/spi-builder-workspace/.swiftpm/xcode
    builtin-SwiftPerFileCompile Observable+Bind.swift
SwiftCompile normal arm64 Compiling\ BehaviorRelay.swift /Users/admin/builder/spi-builder-workspace/.dependencies/checkouts/RxSwift/Sources/RxRelay/BehaviorRelay.swift (in target 'RxRelay' from project 'RxSwift')
SwiftCompile normal arm64 /Users/admin/builder/spi-builder-workspace/.dependencies/checkouts/RxSwift/Sources/RxRelay/BehaviorRelay.swift (in target 'RxRelay' from project 'RxSwift')
    cd /Users/admin/builder/spi-builder-workspace/.swiftpm/xcode
    builtin-SwiftPerFileCompile BehaviorRelay.swift
SwiftDriverJobDiscovery normal arm64_32 Compiling BehaviorRelay.swift (in target 'RxRelay' from project 'RxSwift')
SwiftDriverJobDiscovery normal arm64 Compiling PublishRelay.swift (in target 'RxRelay' from project 'RxSwift')
SwiftDriverJobDiscovery normal arm64 Emitting module for RxRelay (in target 'RxRelay' from project 'RxSwift')
SwiftDriver\ Compilation\ Requirements RxRelay normal arm64 com.apple.xcode.tools.swift.compiler (in target 'RxRelay' from project 'RxSwift')
    cd /Users/admin/builder/spi-builder-workspace/.swiftpm/xcode
    builtin-Swift-Compilation-Requirements -- /Applications/Xcode-27.0.0-Release.Candidate.app/Contents/Developer/Toolchains/XcodeDefault.xctoolchain/usr/bin/swiftc -parse-as-library -module-name RxRelay -Onone @/Users/admin/builder/spi-builder-workspace/.derivedData/Build/Intermediates.noindex/RxSwift.build/Debug-watchos/RxRelay-t.build/Objects-normal/arm64/RxRelay.SwiftFileList -DSWIFT_PACKAGE -DDEBUG -DSWIFT_MODULE_RESOURCE_BUNDLE_AVAILABLE -DXcode -plugin-path /Applications/Xcode-27.0.0-Release.Candidate.app/Contents/Developer/Toolchains/XcodeDefault.xctoolchain/usr/lib/swift/host/plugins/testing -enable-experimental-feature DebugDescriptionMacro -sdk /Applications/Xcode-27.0.0-Release.Candidate.app/Contents/Developer/Platforms/WatchOS.platform/Developer/SDKs/WatchOS27.0.sdk -target arm64-apple-watchos9.0 -g -module-cache-path /Users/admin/builder/spi-builder-workspace/.derivedData/ModuleCache.noindex -Xfrontend -serialize-debugging-options -profile-coverage-mapping -profile-generate -enable-testing -suppress-warnings -index-store-path /Users/admin/builder/spi-builder-workspace/.derivedData/Index.noindex/DataStore -Xcc -D_LIBCPP_HARDENING_MODE\=_LIBCPP_HARDENING_MODE_DEBUG -swift-version 5 -I /Users/admin/builder/spi-builder-workspace/.derivedData/Build/Products/Debug-watchos -Isystem /Applications/Xcode-27.0.0-Release.Candidate.app/Contents/Developer/Platforms/WatchOS.platform/Developer/usr/lib -F /Users/admin/builder/spi-builder-workspace/.derivedData/Build/Products/Debug-watchos/PackageFrameworks -F /Users/admin/builder/spi-builder-workspace/.derivedData/Build/Products/Debug-watchos -F /Applications/Xcode-27.0.0-Release.Candidate.app/Contents/Developer/Platforms/WatchOS.platform/Developer/Library/Frameworks -F /Applications/Xcode-27.0.0-Release.Candidate.app/Contents/Developer/Platforms/WatchOS.platform/Developer/SDKs/WatchOS27.0.sdk/Developer/Library/Frameworks -c -j10 -enable-batch-mode -incremental -Xcc -ivfsstatcache -Xcc /Users/admin/builder/spi-builder-workspace/.derivedData/SDKStatCaches.noindex/watchos27.0-24R360-e829b21a6f8c9b70876ba0858053c04477534ef55a1706bf4c1112bbb242f0a2.sdkstatcache -output-file-map /Users/admin/builder/spi-builder-workspace/.derivedData/Build/Intermediates.noindex/RxSwift.build/Debug-watchos/RxRelay-t.build/Objects-normal/arm64/RxRelay-OutputFileMap.json -save-temps -no-color-diagnostics -explicit-module-build -module-cache-path /Users/admin/builder/spi-builder-workspace/.derivedData/Build/Intermediates.noindex/SwiftExplicitPrecompiledModules -clang-scanner-module-cache-path /Users/admin/builder/spi-builder-workspace/.derivedData/ModuleCache.noindex -sdk-module-cache-path /Users/admin/builder/spi-builder-workspace/.derivedData/SDKExplicitPrecompiledModules -emit-dependencies -emit-module -emit-module-path /Users/admin/builder/spi-builder-workspace/.derivedData/Build/Intermediates.noindex/RxSwift.build/Debug-watchos/RxRelay-t.build/Objects-normal/arm64/RxRelay.swiftmodule -serialize-diagnostics -dependency-scan-serialize-diagnostics-path /Users/admin/builder/spi-builder-workspace/.derivedData/Build/Intermediates.noindex/RxSwift.build/Debug-watchos/RxRelay-t.build/Objects-normal/arm64/RxRelay-dependency-scan.dia -validate-clang-modules-once -clang-build-session-file /Users/admin/builder/spi-builder-workspace/.derivedData/ModuleCache.noindex/Session.modulevalidation -Xcc -fmodules-prune-interval\=86400 -Xcc -fmodules-prune-after\=345600 -package-name rxswift -emit-const-values -const-gather-protocols-list /Users/admin/builder/spi-builder-workspace/.derivedData/Build/Intermediates.noindex/RxSwift.build/Debug-watchos/RxRelay-t.build/Objects-normal/arm64/RxRelay_const_extract_protocols.json -Xcc -I/Users/admin/builder/spi-builder-workspace/.derivedData/Build/Products/Debug-watchos/include -Xcc -I/Users/admin/builder/spi-builder-workspace/.derivedData/Build/Intermediates.noindex/RxSwift.build/Debug-watchos/RxRelay-t.build/DerivedSources-normal/arm64 -Xcc -I/Users/admin/builder/spi-builder-workspace/.derivedData/Build/Intermediates.noindex/RxSwift.build/Debug-watchos/RxRelay-t.build/DerivedSources/arm64 -Xcc -I/Users/admin/builder/spi-builder-workspace/.derivedData/Build/Intermediates.noindex/RxSwift.build/Debug-watchos/RxRelay-t.build/DerivedSources -Xcc -DSWIFT_PACKAGE -Xcc -DDEBUG\=1 -emit-objc-header -emit-objc-header-path /Users/admin/builder/spi-builder-workspace/.derivedData/Build/Intermediates.noindex/RxSwift.build/Debug-watchos/RxRelay-t.build/Objects-normal/arm64/RxRelay-Swift.h -working-directory /Users/admin/builder/spi-builder-workspace/.swiftpm/xcode -experimental-emit-module-separately -disable-cmo
SwiftDriverJobDiscovery normal arm64_32 Emitting module for RxRelay (in target 'RxRelay' from project 'RxSwift')
SwiftDriver\ Compilation\ Requirements RxRelay normal arm64_32 com.apple.xcode.tools.swift.compiler (in target 'RxRelay' from project 'RxSwift')
    cd /Users/admin/builder/spi-builder-workspace/.swiftpm/xcode
    builtin-Swift-Compilation-Requirements -- /Applications/Xcode-27.0.0-Release.Candidate.app/Contents/Developer/Toolchains/XcodeDefault.xctoolchain/usr/bin/swiftc -parse-as-library -module-name RxRelay -Onone @/Users/admin/builder/spi-builder-workspace/.derivedData/Build/Intermediates.noindex/RxSwift.build/Debug-watchos/RxRelay-t.build/Objects-normal/arm64_32/RxRelay.SwiftFileList -DSWIFT_PACKAGE -DDEBUG -DSWIFT_MODULE_RESOURCE_BUNDLE_AVAILABLE -DXcode -plugin-path /Applications/Xcode-27.0.0-Release.Candidate.app/Contents/Developer/Toolchains/XcodeDefault.xctoolchain/usr/lib/swift/host/plugins/testing -enable-experimental-feature DebugDescriptionMacro -sdk /Applications/Xcode-27.0.0-Release.Candidate.app/Contents/Developer/Platforms/WatchOS.platform/Developer/SDKs/WatchOS27.0.sdk -target arm64_32-apple-watchos9.0 -g -module-cache-path /Users/admin/builder/spi-builder-workspace/.derivedData/ModuleCache.noindex -Xfrontend -serialize-debugging-options -profile-coverage-mapping -profile-generate -enable-testing -suppress-warnings -index-store-path /Users/admin/builder/spi-builder-workspace/.derivedData/Index.noindex/DataStore -Xcc -D_LIBCPP_HARDENING_MODE\=_LIBCPP_HARDENING_MODE_DEBUG -swift-version 5 -I /Users/admin/builder/spi-builder-workspace/.derivedData/Build/Products/Debug-watchos -Isystem /Applications/Xcode-27.0.0-Release.Candidate.app/Contents/Developer/Platforms/WatchOS.platform/Developer/usr/lib -F /Users/admin/builder/spi-builder-workspace/.derivedData/Build/Products/Debug-watchos/PackageFrameworks -F /Users/admin/builder/spi-builder-workspace/.derivedData/Build/Products/Debug-watchos -F /Applications/Xcode-27.0.0-Release.Candidate.app/Contents/Developer/Platforms/WatchOS.platform/Developer/Library/Frameworks -F /Applications/Xcode-27.0.0-Release.Candidate.app/Contents/Developer/Platforms/WatchOS.platform/Developer/SDKs/WatchOS27.0.sdk/Developer/Library/Frameworks -c -j10 -enable-batch-mode -incremental -Xcc -ivfsstatcache -Xcc /Users/admin/builder/spi-builder-workspace/.derivedData/SDKStatCaches.noindex/watchos27.0-24R360-e829b21a6f8c9b70876ba0858053c04477534ef55a1706bf4c1112bbb242f0a2.sdkstatcache -output-file-map /Users/admin/builder/spi-builder-workspace/.derivedData/Build/Intermediates.noindex/RxSwift.build/Debug-watchos/RxRelay-t.build/Objects-normal/arm64_32/RxRelay-OutputFileMap.json -save-temps -no-color-diagnostics -explicit-module-build -module-cache-path /Users/admin/builder/spi-builder-workspace/.derivedData/Build/Intermediates.noindex/SwiftExplicitPrecompiledModules -clang-scanner-module-cache-path /Users/admin/builder/spi-builder-workspace/.derivedData/ModuleCache.noindex -sdk-module-cache-path /Users/admin/builder/spi-builder-workspace/.derivedData/SDKExplicitPrecompiledModules -emit-dependencies -emit-module -emit-module-path /Users/admin/builder/spi-builder-workspace/.derivedData/Build/Intermediates.noindex/RxSwift.build/Debug-watchos/RxRelay-t.build/Objects-normal/arm64_32/RxRelay.swiftmodule -serialize-diagnostics -dependency-scan-serialize-diagnostics-path /Users/admin/builder/spi-builder-workspace/.derivedData/Build/Intermediates.noindex/RxSwift.build/Debug-watchos/RxRelay-t.build/Objects-normal/arm64_32/RxRelay-dependency-scan.dia -validate-clang-modules-once -clang-build-session-file /Users/admin/builder/spi-builder-workspace/.derivedData/ModuleCache.noindex/Session.modulevalidation -Xcc -fmodules-prune-interval\=86400 -Xcc -fmodules-prune-after\=345600 -package-name rxswift -emit-const-values -const-gather-protocols-list /Users/admin/builder/spi-builder-workspace/.derivedData/Build/Intermediates.noindex/RxSwift.build/Debug-watchos/RxRelay-t.build/Objects-normal/arm64_32/RxRelay_const_extract_protocols.json -Xcc -I/Users/admin/builder/spi-builder-workspace/.derivedData/Build/Products/Debug-watchos/include -Xcc -I/Users/admin/builder/spi-builder-workspace/.derivedData/Build/Intermediates.noindex/RxSwift.build/Debug-watchos/RxRelay-t.build/DerivedSources-normal/arm64_32 -Xcc -I/Users/admin/builder/spi-builder-workspace/.derivedData/Build/Intermediates.noindex/RxSwift.build/Debug-watchos/RxRelay-t.build/DerivedSources/arm64_32 -Xcc -I/Users/admin/builder/spi-builder-workspace/.derivedData/Build/Intermediates.noindex/RxSwift.build/Debug-watchos/RxRelay-t.build/DerivedSources -Xcc -DSWIFT_PACKAGE -Xcc -DDEBUG\=1 -emit-objc-header -emit-objc-header-path /Users/admin/builder/spi-builder-workspace/.derivedData/Build/Intermediates.noindex/RxSwift.build/Debug-watchos/RxRelay-t.build/Objects-normal/arm64_32/RxRelay-Swift.h -working-directory /Users/admin/builder/spi-builder-workspace/.swiftpm/xcode -experimental-emit-module-separately -disable-cmo
Copy /Users/admin/builder/spi-builder-workspace/.derivedData/Build/Products/Debug-watchos/RxRelay.swiftmodule/arm64-apple-watchos.swiftdoc /Users/admin/builder/spi-builder-workspace/.derivedData/Build/Intermediates.noindex/RxSwift.build/Debug-watchos/RxRelay-t.build/Objects-normal/arm64/RxRelay.swiftdoc (in target 'RxRelay' from project 'RxSwift')
    cd /Users/admin/builder/spi-builder-workspace/.dependencies/checkouts/RxSwift
    builtin-copy -exclude .DS_Store -exclude CVS -exclude .svn -exclude .git -exclude .hg -resolve-src-symlinks -rename /Users/admin/builder/spi-builder-workspace/.derivedData/Build/Intermediates.noindex/RxSwift.build/Debug-watchos/RxRelay-t.build/Objects-normal/arm64/RxRelay.swiftdoc /Users/admin/builder/spi-builder-workspace/.derivedData/Build/Products/Debug-watchos/RxRelay.swiftmodule/arm64-apple-watchos.swiftdoc
Copy /Users/admin/builder/spi-builder-workspace/.derivedData/Build/Products/Debug-watchos/RxRelay.swiftmodule/arm64-apple-watchos.swiftmodule /Users/admin/builder/spi-builder-workspace/.derivedData/Build/Intermediates.noindex/RxSwift.build/Debug-watchos/RxRelay-t.build/Objects-normal/arm64/RxRelay.swiftmodule (in target 'RxRelay' from project 'RxSwift')
    cd /Users/admin/builder/spi-builder-workspace/.dependencies/checkouts/RxSwift
    builtin-copy -exclude .DS_Store -exclude CVS -exclude .svn -exclude .git -exclude .hg -resolve-src-symlinks -rename /Users/admin/builder/spi-builder-workspace/.derivedData/Build/Intermediates.noindex/RxSwift.build/Debug-watchos/RxRelay-t.build/Objects-normal/arm64/RxRelay.swiftmodule /Users/admin/builder/spi-builder-workspace/.derivedData/Build/Products/Debug-watchos/RxRelay.swiftmodule/arm64-apple-watchos.swiftmodule
SwiftMergeGeneratedHeaders /Users/admin/builder/spi-builder-workspace/.derivedData/Build/Intermediates.noindex/GeneratedModuleMaps-watchos/RxRelay-Swift.h /Users/admin/builder/spi-builder-workspace/.derivedData/Build/Intermediates.noindex/RxSwift.build/Debug-watchos/RxRelay-t.build/Objects-normal/arm64/RxRelay-Swift.h /Users/admin/builder/spi-builder-workspace/.derivedData/Build/Intermediates.noindex/RxSwift.build/Debug-watchos/RxRelay-t.build/Objects-normal/arm64_32/RxRelay-Swift.h (in target 'RxRelay' from project 'RxSwift')
    cd /Users/admin/builder/spi-builder-workspace/.dependencies/checkouts/RxSwift
    builtin-swiftHeaderTool -arch arm64 /Users/admin/builder/spi-builder-workspace/.derivedData/Build/Intermediates.noindex/RxSwift.build/Debug-watchos/RxRelay-t.build/Objects-normal/arm64/RxRelay-Swift.h -arch arm64_32 /Users/admin/builder/spi-builder-workspace/.derivedData/Build/Intermediates.noindex/RxSwift.build/Debug-watchos/RxRelay-t.build/Objects-normal/arm64_32/RxRelay-Swift.h -o /Users/admin/builder/spi-builder-workspace/.derivedData/Build/Intermediates.noindex/GeneratedModuleMaps-watchos/RxRelay-Swift.h
Copy /Users/admin/builder/spi-builder-workspace/.derivedData/Build/Products/Debug-watchos/RxRelay.swiftmodule/arm64_32-apple-watchos.swiftmodule /Users/admin/builder/spi-builder-workspace/.derivedData/Build/Intermediates.noindex/RxSwift.build/Debug-watchos/RxRelay-t.build/Objects-normal/arm64_32/RxRelay.swiftmodule (in target 'RxRelay' from project 'RxSwift')
    cd /Users/admin/builder/spi-builder-workspace/.dependencies/checkouts/RxSwift
    builtin-copy -exclude .DS_Store -exclude CVS -exclude .svn -exclude .git -exclude .hg -resolve-src-symlinks -rename /Users/admin/builder/spi-builder-workspace/.derivedData/Build/Intermediates.noindex/RxSwift.build/Debug-watchos/RxRelay-t.build/Objects-normal/arm64_32/RxRelay.swiftmodule /Users/admin/builder/spi-builder-workspace/.derivedData/Build/Products/Debug-watchos/RxRelay.swiftmodule/arm64_32-apple-watchos.swiftmodule
Copy /Users/admin/builder/spi-builder-workspace/.derivedData/Build/Products/Debug-watchos/RxRelay.swiftmodule/arm64_32-apple-watchos.swiftdoc /Users/admin/builder/spi-builder-workspace/.derivedData/Build/Intermediates.noindex/RxSwift.build/Debug-watchos/RxRelay-t.build/Objects-normal/arm64_32/RxRelay.swiftdoc (in target 'RxRelay' from project 'RxSwift')
    cd /Users/admin/builder/spi-builder-workspace/.dependencies/checkouts/RxSwift
    builtin-copy -exclude .DS_Store -exclude CVS -exclude .svn -exclude .git -exclude .hg -resolve-src-symlinks -rename /Users/admin/builder/spi-builder-workspace/.derivedData/Build/Intermediates.noindex/RxSwift.build/Debug-watchos/RxRelay-t.build/Objects-normal/arm64_32/RxRelay.swiftdoc /Users/admin/builder/spi-builder-workspace/.derivedData/Build/Products/Debug-watchos/RxRelay.swiftmodule/arm64_32-apple-watchos.swiftdoc
Copy /Users/admin/builder/spi-builder-workspace/.derivedData/Build/Products/Debug-watchos/RxRelay.swiftmodule/arm64_32-apple-watchos.abi.json /Users/admin/builder/spi-builder-workspace/.derivedData/Build/Intermediates.noindex/RxSwift.build/Debug-watchos/RxRelay-t.build/Objects-normal/arm64_32/RxRelay.abi.json (in target 'RxRelay' from project 'RxSwift')
    cd /Users/admin/builder/spi-builder-workspace/.dependencies/checkouts/RxSwift
    builtin-copy -exclude .DS_Store -exclude CVS -exclude .svn -exclude .git -exclude .hg -resolve-src-symlinks -rename /Users/admin/builder/spi-builder-workspace/.derivedData/Build/Intermediates.noindex/RxSwift.build/Debug-watchos/RxRelay-t.build/Objects-normal/arm64_32/RxRelay.abi.json /Users/admin/builder/spi-builder-workspace/.derivedData/Build/Products/Debug-watchos/RxRelay.swiftmodule/arm64_32-apple-watchos.abi.json
SwiftDriverJobDiscovery normal arm64_32 Compiling Observable+Bind.swift (in target 'RxRelay' from project 'RxSwift')
Copy /Users/admin/builder/spi-builder-workspace/.derivedData/Build/Products/Debug-watchos/RxRelay.swiftmodule/arm64-apple-watchos.abi.json /Users/admin/builder/spi-builder-workspace/.derivedData/Build/Intermediates.noindex/RxSwift.build/Debug-watchos/RxRelay-t.build/Objects-normal/arm64/RxRelay.abi.json (in target 'RxRelay' from project 'RxSwift')
    cd /Users/admin/builder/spi-builder-workspace/.dependencies/checkouts/RxSwift
    builtin-copy -exclude .DS_Store -exclude CVS -exclude .svn -exclude .git -exclude .hg -resolve-src-symlinks -rename /Users/admin/builder/spi-builder-workspace/.derivedData/Build/Intermediates.noindex/RxSwift.build/Debug-watchos/RxRelay-t.build/Objects-normal/arm64/RxRelay.abi.json /Users/admin/builder/spi-builder-workspace/.derivedData/Build/Products/Debug-watchos/RxRelay.swiftmodule/arm64-apple-watchos.abi.json
Copy /Users/admin/builder/spi-builder-workspace/.derivedData/Build/Products/Debug-watchos/RxRelay.swiftmodule/Project/arm64_32-apple-watchos.swiftsourceinfo /Users/admin/builder/spi-builder-workspace/.derivedData/Build/Intermediates.noindex/RxSwift.build/Debug-watchos/RxRelay-t.build/Objects-normal/arm64_32/RxRelay.swiftsourceinfo (in target 'RxRelay' from project 'RxSwift')
    cd /Users/admin/builder/spi-builder-workspace/.dependencies/checkouts/RxSwift
    builtin-copy -exclude .DS_Store -exclude CVS -exclude .svn -exclude .git -exclude .hg -resolve-src-symlinks -rename /Users/admin/builder/spi-builder-workspace/.derivedData/Build/Intermediates.noindex/RxSwift.build/Debug-watchos/RxRelay-t.build/Objects-normal/arm64_32/RxRelay.swiftsourceinfo /Users/admin/builder/spi-builder-workspace/.derivedData/Build/Products/Debug-watchos/RxRelay.swiftmodule/Project/arm64_32-apple-watchos.swiftsourceinfo
Copy /Users/admin/builder/spi-builder-workspace/.derivedData/Build/Products/Debug-watchos/RxRelay.swiftmodule/Project/arm64-apple-watchos.swiftsourceinfo /Users/admin/builder/spi-builder-workspace/.derivedData/Build/Intermediates.noindex/RxSwift.build/Debug-watchos/RxRelay-t.build/Objects-normal/arm64/RxRelay.swiftsourceinfo (in target 'RxRelay' from project 'RxSwift')
    cd /Users/admin/builder/spi-builder-workspace/.dependencies/checkouts/RxSwift
    builtin-copy -exclude .DS_Store -exclude CVS -exclude .svn -exclude .git -exclude .hg -resolve-src-symlinks -rename /Users/admin/builder/spi-builder-workspace/.derivedData/Build/Intermediates.noindex/RxSwift.build/Debug-watchos/RxRelay-t.build/Objects-normal/arm64/RxRelay.swiftsourceinfo /Users/admin/builder/spi-builder-workspace/.derivedData/Build/Products/Debug-watchos/RxRelay.swiftmodule/Project/arm64-apple-watchos.swiftsourceinfo
SwiftDriverJobDiscovery normal arm64_32 Compiling resource_bundle_accessor.swift (in target 'RxRelay' from project 'RxSwift')
SwiftDriver\ Compilation RxRelay normal arm64_32 com.apple.xcode.tools.swift.compiler (in target 'RxRelay' from project 'RxSwift')
    cd /Users/admin/builder/spi-builder-workspace/.swiftpm/xcode
    builtin-Swift-Compilation -- /Applications/Xcode-27.0.0-Release.Candidate.app/Contents/Developer/Toolchains/XcodeDefault.xctoolchain/usr/bin/swiftc -parse-as-library -module-name RxRelay -Onone @/Users/admin/builder/spi-builder-workspace/.derivedData/Build/Intermediates.noindex/RxSwift.build/Debug-watchos/RxRelay-t.build/Objects-normal/arm64_32/RxRelay.SwiftFileList -DSWIFT_PACKAGE -DDEBUG -DSWIFT_MODULE_RESOURCE_BUNDLE_AVAILABLE -DXcode -plugin-path /Applications/Xcode-27.0.0-Release.Candidate.app/Contents/Developer/Toolchains/XcodeDefault.xctoolchain/usr/lib/swift/host/plugins/testing -enable-experimental-feature DebugDescriptionMacro -sdk /Applications/Xcode-27.0.0-Release.Candidate.app/Contents/Developer/Platforms/WatchOS.platform/Developer/SDKs/WatchOS27.0.sdk -target arm64_32-apple-watchos9.0 -g -module-cache-path /Users/admin/builder/spi-builder-workspace/.derivedData/ModuleCache.noindex -Xfrontend -serialize-debugging-options -profile-coverage-mapping -profile-generate -enable-testing -suppress-warnings -index-store-path /Users/admin/builder/spi-builder-workspace/.derivedData/Index.noindex/DataStore -Xcc -D_LIBCPP_HARDENING_MODE\=_LIBCPP_HARDENING_MODE_DEBUG -swift-version 5 -I /Users/admin/builder/spi-builder-workspace/.derivedData/Build/Products/Debug-watchos -Isystem /Applications/Xcode-27.0.0-Release.Candidate.app/Contents/Developer/Platforms/WatchOS.platform/Developer/usr/lib -F /Users/admin/builder/spi-builder-workspace/.derivedData/Build/Products/Debug-watchos/PackageFrameworks -F /Users/admin/builder/spi-builder-workspace/.derivedData/Build/Products/Debug-watchos -F /Applications/Xcode-27.0.0-Release.Candidate.app/Contents/Developer/Platforms/WatchOS.platform/Developer/Library/Frameworks -F /Applications/Xcode-27.0.0-Release.Candidate.app/Contents/Developer/Platforms/WatchOS.platform/Developer/SDKs/WatchOS27.0.sdk/Developer/Library/Frameworks -c -j10 -enable-batch-mode -incremental -Xcc -ivfsstatcache -Xcc /Users/admin/builder/spi-builder-workspace/.derivedData/SDKStatCaches.noindex/watchos27.0-24R360-e829b21a6f8c9b70876ba0858053c04477534ef55a1706bf4c1112bbb242f0a2.sdkstatcache -output-file-map /Users/admin/builder/spi-builder-workspace/.derivedData/Build/Intermediates.noindex/RxSwift.build/Debug-watchos/RxRelay-t.build/Objects-normal/arm64_32/RxRelay-OutputFileMap.json -save-temps -no-color-diagnostics -explicit-module-build -module-cache-path /Users/admin/builder/spi-builder-workspace/.derivedData/Build/Intermediates.noindex/SwiftExplicitPrecompiledModules -clang-scanner-module-cache-path /Users/admin/builder/spi-builder-workspace/.derivedData/ModuleCache.noindex -sdk-module-cache-path /Users/admin/builder/spi-builder-workspace/.derivedData/SDKExplicitPrecompiledModules -emit-dependencies -emit-module -emit-module-path /Users/admin/builder/spi-builder-workspace/.derivedData/Build/Intermediates.noindex/RxSwift.build/Debug-watchos/RxRelay-t.build/Objects-normal/arm64_32/RxRelay.swiftmodule -serialize-diagnostics -dependency-scan-serialize-diagnostics-path /Users/admin/builder/spi-builder-workspace/.derivedData/Build/Intermediates.noindex/RxSwift.build/Debug-watchos/RxRelay-t.build/Objects-normal/arm64_32/RxRelay-dependency-scan.dia -validate-clang-modules-once -clang-build-session-file /Users/admin/builder/spi-builder-workspace/.derivedData/ModuleCache.noindex/Session.modulevalidation -Xcc -fmodules-prune-interval\=86400 -Xcc -fmodules-prune-after\=345600 -package-name rxswift -emit-const-values -const-gather-protocols-list /Users/admin/builder/spi-builder-workspace/.derivedData/Build/Intermediates.noindex/RxSwift.build/Debug-watchos/RxRelay-t.build/Objects-normal/arm64_32/RxRelay_const_extract_protocols.json -Xcc -I/Users/admin/builder/spi-builder-workspace/.derivedData/Build/Products/Debug-watchos/include -Xcc -I/Users/admin/builder/spi-builder-workspace/.derivedData/Build/Intermediates.noindex/RxSwift.build/Debug-watchos/RxRelay-t.build/DerivedSources-normal/arm64_32 -Xcc -I/Users/admin/builder/spi-builder-workspace/.derivedData/Build/Intermediates.noindex/RxSwift.build/Debug-watchos/RxRelay-t.build/DerivedSources/arm64_32 -Xcc -I/Users/admin/builder/spi-builder-workspace/.derivedData/Build/Intermediates.noindex/RxSwift.build/Debug-watchos/RxRelay-t.build/DerivedSources -Xcc -DSWIFT_PACKAGE -Xcc -DDEBUG\=1 -emit-objc-header -emit-objc-header-path /Users/admin/builder/spi-builder-workspace/.derivedData/Build/Intermediates.noindex/RxSwift.build/Debug-watchos/RxRelay-t.build/Objects-normal/arm64_32/RxRelay-Swift.h -working-directory /Users/admin/builder/spi-builder-workspace/.swiftpm/xcode -experimental-emit-module-separately -disable-cmo
SwiftDriver RIBs normal arm64 com.apple.xcode.tools.swift.compiler (in target 'RIBs' from project 'RIBs')
    cd /Users/admin/builder/spi-builder-workspace/.swiftpm/xcode
    builtin-SwiftDriver -- /Applications/Xcode-27.0.0-Release.Candidate.app/Contents/Developer/Toolchains/XcodeDefault.xctoolchain/usr/bin/swiftc -parse-as-library -module-name RIBs -Onone @/Users/admin/builder/spi-builder-workspace/.derivedData/Build/Intermediates.noindex/RIBs.build/Debug-watchos/RIBs-t.build/Objects-normal/arm64/RIBs.SwiftFileList -DSWIFT_PACKAGE -DDEBUG -DSWIFT_MODULE_RESOURCE_BUNDLE_UNAVAILABLE -DXcode -plugin-path /Applications/Xcode-27.0.0-Release.Candidate.app/Contents/Developer/Toolchains/XcodeDefault.xctoolchain/usr/lib/swift/host/plugins/testing -enable-experimental-feature DebugDescriptionMacro -sdk /Applications/Xcode-27.0.0-Release.Candidate.app/Contents/Developer/Platforms/WatchOS.platform/Developer/SDKs/WatchOS27.0.sdk -target arm64-apple-watchos9.0 -g -module-cache-path /Users/admin/builder/spi-builder-workspace/.derivedData/ModuleCache.noindex -Xfrontend -serialize-debugging-options -profile-coverage-mapping -profile-generate -enable-testing -index-store-path /Users/admin/builder/spi-builder-workspace/.derivedData/Index.noindex/DataStore -Xcc -D_LIBCPP_HARDENING_MODE\=_LIBCPP_HARDENING_MODE_DEBUG -swift-version 5 -I /Users/admin/builder/spi-builder-workspace/.derivedData/Build/Products/Debug-watchos -Isystem /Applications/Xcode-27.0.0-Release.Candidate.app/Contents/Developer/Platforms/WatchOS.platform/Developer/usr/lib -F /Users/admin/builder/spi-builder-workspace/.derivedData/Build/Products/Debug-watchos/PackageFrameworks -F /Users/admin/builder/spi-builder-workspace/.derivedData/Build/Products/Debug-watchos -F /Applications/Xcode-27.0.0-Release.Candidate.app/Contents/Developer/Platforms/WatchOS.platform/Developer/Library/Frameworks -F /Applications/Xcode-27.0.0-Release.Candidate.app/Contents/Developer/Platforms/WatchOS.platform/Developer/SDKs/WatchOS27.0.sdk/Developer/Library/Frameworks -c -j10 -enable-batch-mode -incremental -Xcc -ivfsstatcache -Xcc /Users/admin/builder/spi-builder-workspace/.derivedData/SDKStatCaches.noindex/watchos27.0-24R360-e829b21a6f8c9b70876ba0858053c04477534ef55a1706bf4c1112bbb242f0a2.sdkstatcache -output-file-map /Users/admin/builder/spi-builder-workspace/.derivedData/Build/Intermediates.noindex/RIBs.build/Debug-watchos/RIBs-t.build/Objects-normal/arm64/RIBs-OutputFileMap.json -save-temps -no-color-diagnostics -explicit-module-build -module-cache-path /Users/admin/builder/spi-builder-workspace/.derivedData/Build/Intermediates.noindex/SwiftExplicitPrecompiledModules -clang-scanner-module-cache-path /Users/admin/builder/spi-builder-workspace/.derivedData/ModuleCache.noindex -sdk-module-cache-path /Users/admin/builder/spi-builder-workspace/.derivedData/SDKExplicitPrecompiledModules -emit-dependencies -emit-module -emit-module-path /Users/admin/builder/spi-builder-workspace/.derivedData/Build/Intermediates.noindex/RIBs.build/Debug-watchos/RIBs-t.build/Objects-normal/arm64/RIBs.swiftmodule -serialize-diagnostics -dependency-scan-serialize-diagnostics-path /Users/admin/builder/spi-builder-workspace/.derivedData/Build/Intermediates.noindex/RIBs.build/Debug-watchos/RIBs-t.build/Objects-normal/arm64/RIBs-dependency-scan.dia -validate-clang-modules-once -clang-build-session-file /Users/admin/builder/spi-builder-workspace/.derivedData/ModuleCache.noindex/Session.modulevalidation -Xcc -fmodules-prune-interval\=86400 -Xcc -fmodules-prune-after\=345600 -emit-const-values -const-gather-protocols-list /Users/admin/builder/spi-builder-workspace/.derivedData/Build/Intermediates.noindex/RIBs.build/Debug-watchos/RIBs-t.build/Objects-normal/arm64/RIBs_const_extract_protocols.json -Xcc -I/Users/admin/builder/spi-builder-workspace/.derivedData/Build/Products/Debug-watchos/include -Xcc -I/Users/admin/builder/spi-builder-workspace/.derivedData/Build/Intermediates.noindex/RIBs.build/Debug-watchos/RIBs-t.build/DerivedSources-normal/arm64 -Xcc -I/Users/admin/builder/spi-builder-workspace/.derivedData/Build/Intermediates.noindex/RIBs.build/Debug-watchos/RIBs-t.build/DerivedSources/arm64 -Xcc -I/Users/admin/builder/spi-builder-workspace/.derivedData/Build/Intermediates.noindex/RIBs.build/Debug-watchos/RIBs-t.build/DerivedSources -Xcc -DSWIFT_PACKAGE -Xcc -DDEBUG\=1 -emit-objc-header -emit-objc-header-path /Users/admin/builder/spi-builder-workspace/.derivedData/Build/Intermediates.noindex/RIBs.build/Debug-watchos/RIBs-t.build/Objects-normal/arm64/RIBs-Swift.h -working-directory /Users/admin/builder/spi-builder-workspace/.swiftpm/xcode -experimental-emit-module-separately -disable-cmo
SwiftDriver RIBs normal arm64_32 com.apple.xcode.tools.swift.compiler (in target 'RIBs' from project 'RIBs')
    cd /Users/admin/builder/spi-builder-workspace/.swiftpm/xcode
    builtin-SwiftDriver -- /Applications/Xcode-27.0.0-Release.Candidate.app/Contents/Developer/Toolchains/XcodeDefault.xctoolchain/usr/bin/swiftc -parse-as-library -module-name RIBs -Onone @/Users/admin/builder/spi-builder-workspace/.derivedData/Build/Intermediates.noindex/RIBs.build/Debug-watchos/RIBs-t.build/Objects-normal/arm64_32/RIBs.SwiftFileList -DSWIFT_PACKAGE -DDEBUG -DSWIFT_MODULE_RESOURCE_BUNDLE_UNAVAILABLE -DXcode -plugin-path /Applications/Xcode-27.0.0-Release.Candidate.app/Contents/Developer/Toolchains/XcodeDefault.xctoolchain/usr/lib/swift/host/plugins/testing -enable-experimental-feature DebugDescriptionMacro -sdk /Applications/Xcode-27.0.0-Release.Candidate.app/Contents/Developer/Platforms/WatchOS.platform/Developer/SDKs/WatchOS27.0.sdk -target arm64_32-apple-watchos9.0 -g -module-cache-path /Users/admin/builder/spi-builder-workspace/.derivedData/ModuleCache.noindex -Xfrontend -serialize-debugging-options -profile-coverage-mapping -profile-generate -enable-testing -index-store-path /Users/admin/builder/spi-builder-workspace/.derivedData/Index.noindex/DataStore -Xcc -D_LIBCPP_HARDENING_MODE\=_LIBCPP_HARDENING_MODE_DEBUG -swift-version 5 -I /Users/admin/builder/spi-builder-workspace/.derivedData/Build/Products/Debug-watchos -Isystem /Applications/Xcode-27.0.0-Release.Candidate.app/Contents/Developer/Platforms/WatchOS.platform/Developer/usr/lib -F /Users/admin/builder/spi-builder-workspace/.derivedData/Build/Products/Debug-watchos/PackageFrameworks -F /Users/admin/builder/spi-builder-workspace/.derivedData/Build/Products/Debug-watchos -F /Applications/Xcode-27.0.0-Release.Candidate.app/Contents/Developer/Platforms/WatchOS.platform/Developer/Library/Frameworks -F /Applications/Xcode-27.0.0-Release.Candidate.app/Contents/Developer/Platforms/WatchOS.platform/Developer/SDKs/WatchOS27.0.sdk/Developer/Library/Frameworks -c -j10 -enable-batch-mode -incremental -Xcc -ivfsstatcache -Xcc /Users/admin/builder/spi-builder-workspace/.derivedData/SDKStatCaches.noindex/watchos27.0-24R360-e829b21a6f8c9b70876ba0858053c04477534ef55a1706bf4c1112bbb242f0a2.sdkstatcache -output-file-map /Users/admin/builder/spi-builder-workspace/.derivedData/Build/Intermediates.noindex/RIBs.build/Debug-watchos/RIBs-t.build/Objects-normal/arm64_32/RIBs-OutputFileMap.json -save-temps -no-color-diagnostics -explicit-module-build -module-cache-path /Users/admin/builder/spi-builder-workspace/.derivedData/Build/Intermediates.noindex/SwiftExplicitPrecompiledModules -clang-scanner-module-cache-path /Users/admin/builder/spi-builder-workspace/.derivedData/ModuleCache.noindex -sdk-module-cache-path /Users/admin/builder/spi-builder-workspace/.derivedData/SDKExplicitPrecompiledModules -emit-dependencies -emit-module -emit-module-path /Users/admin/builder/spi-builder-workspace/.derivedData/Build/Intermediates.noindex/RIBs.build/Debug-watchos/RIBs-t.build/Objects-normal/arm64_32/RIBs.swiftmodule -serialize-diagnostics -dependency-scan-serialize-diagnostics-path /Users/admin/builder/spi-builder-workspace/.derivedData/Build/Intermediates.noindex/RIBs.build/Debug-watchos/RIBs-t.build/Objects-normal/arm64_32/RIBs-dependency-scan.dia -validate-clang-modules-once -clang-build-session-file /Users/admin/builder/spi-builder-workspace/.derivedData/ModuleCache.noindex/Session.modulevalidation -Xcc -fmodules-prune-interval\=86400 -Xcc -fmodules-prune-after\=345600 -emit-const-values -const-gather-protocols-list /Users/admin/builder/spi-builder-workspace/.derivedData/Build/Intermediates.noindex/RIBs.build/Debug-watchos/RIBs-t.build/Objects-normal/arm64_32/RIBs_const_extract_protocols.json -Xcc -I/Users/admin/builder/spi-builder-workspace/.derivedData/Build/Products/Debug-watchos/include -Xcc -I/Users/admin/builder/spi-builder-workspace/.derivedData/Build/Intermediates.noindex/RIBs.build/Debug-watchos/RIBs-t.build/DerivedSources-normal/arm64_32 -Xcc -I/Users/admin/builder/spi-builder-workspace/.derivedData/Build/Intermediates.noindex/RIBs.build/Debug-watchos/RIBs-t.build/DerivedSources/arm64_32 -Xcc -I/Users/admin/builder/spi-builder-workspace/.derivedData/Build/Intermediates.noindex/RIBs.build/Debug-watchos/RIBs-t.build/DerivedSources -Xcc -DSWIFT_PACKAGE -Xcc -DDEBUG\=1 -emit-objc-header -emit-objc-header-path /Users/admin/builder/spi-builder-workspace/.derivedData/Build/Intermediates.noindex/RIBs.build/Debug-watchos/RIBs-t.build/Objects-normal/arm64_32/RIBs-Swift.h -working-directory /Users/admin/builder/spi-builder-workspace/.swiftpm/xcode -experimental-emit-module-separately -disable-cmo
SwiftDriverJobDiscovery normal arm64 Compiling Utils.swift (in target 'RxRelay' from project 'RxSwift')
SwiftDriverJobDiscovery normal arm64 Compiling ReplayRelay.swift (in target 'RxRelay' from project 'RxSwift')
SwiftDriverJobDiscovery normal arm64 Compiling BehaviorRelay.swift (in target 'RxRelay' from project 'RxSwift')
SwiftDriverJobDiscovery normal arm64 Compiling Observable+Bind.swift (in target 'RxRelay' from project 'RxSwift')
SwiftDriverJobDiscovery normal arm64 Compiling resource_bundle_accessor.swift (in target 'RxRelay' from project 'RxSwift')
SwiftDriver\ Compilation RxRelay normal arm64 com.apple.xcode.tools.swift.compiler (in target 'RxRelay' from project 'RxSwift')
    cd /Users/admin/builder/spi-builder-workspace/.swiftpm/xcode
    builtin-Swift-Compilation -- /Applications/Xcode-27.0.0-Release.Candidate.app/Contents/Developer/Toolchains/XcodeDefault.xctoolchain/usr/bin/swiftc -parse-as-library -module-name RxRelay -Onone @/Users/admin/builder/spi-builder-workspace/.derivedData/Build/Intermediates.noindex/RxSwift.build/Debug-watchos/RxRelay-t.build/Objects-normal/arm64/RxRelay.SwiftFileList -DSWIFT_PACKAGE -DDEBUG -DSWIFT_MODULE_RESOURCE_BUNDLE_AVAILABLE -DXcode -plugin-path /Applications/Xcode-27.0.0-Release.Candidate.app/Contents/Developer/Toolchains/XcodeDefault.xctoolchain/usr/lib/swift/host/plugins/testing -enable-experimental-feature DebugDescriptionMacro -sdk /Applications/Xcode-27.0.0-Release.Candidate.app/Contents/Developer/Platforms/WatchOS.platform/Developer/SDKs/WatchOS27.0.sdk -target arm64-apple-watchos9.0 -g -module-cache-path /Users/admin/builder/spi-builder-workspace/.derivedData/ModuleCache.noindex -Xfrontend -serialize-debugging-options -profile-coverage-mapping -profile-generate -enable-testing -suppress-warnings -index-store-path /Users/admin/builder/spi-builder-workspace/.derivedData/Index.noindex/DataStore -Xcc -D_LIBCPP_HARDENING_MODE\=_LIBCPP_HARDENING_MODE_DEBUG -swift-version 5 -I /Users/admin/builder/spi-builder-workspace/.derivedData/Build/Products/Debug-watchos -Isystem /Applications/Xcode-27.0.0-Release.Candidate.app/Contents/Developer/Platforms/WatchOS.platform/Developer/usr/lib -F /Users/admin/builder/spi-builder-workspace/.derivedData/Build/Products/Debug-watchos/PackageFrameworks -F /Users/admin/builder/spi-builder-workspace/.derivedData/Build/Products/Debug-watchos -F /Applications/Xcode-27.0.0-Release.Candidate.app/Contents/Developer/Platforms/WatchOS.platform/Developer/Library/Frameworks -F /Applications/Xcode-27.0.0-Release.Candidate.app/Contents/Developer/Platforms/WatchOS.platform/Developer/SDKs/WatchOS27.0.sdk/Developer/Library/Frameworks -c -j10 -enable-batch-mode -incremental -Xcc -ivfsstatcache -Xcc /Users/admin/builder/spi-builder-workspace/.derivedData/SDKStatCaches.noindex/watchos27.0-24R360-e829b21a6f8c9b70876ba0858053c04477534ef55a1706bf4c1112bbb242f0a2.sdkstatcache -output-file-map /Users/admin/builder/spi-builder-workspace/.derivedData/Build/Intermediates.noindex/RxSwift.build/Debug-watchos/RxRelay-t.build/Objects-normal/arm64/RxRelay-OutputFileMap.json -save-temps -no-color-diagnostics -explicit-module-build -module-cache-path /Users/admin/builder/spi-builder-workspace/.derivedData/Build/Intermediates.noindex/SwiftExplicitPrecompiledModules -clang-scanner-module-cache-path /Users/admin/builder/spi-builder-workspace/.derivedData/ModuleCache.noindex -sdk-module-cache-path /Users/admin/builder/spi-builder-workspace/.derivedData/SDKExplicitPrecompiledModules -emit-dependencies -emit-module -emit-module-path /Users/admin/builder/spi-builder-workspace/.derivedData/Build/Intermediates.noindex/RxSwift.build/Debug-watchos/RxRelay-t.build/Objects-normal/arm64/RxRelay.swiftmodule -serialize-diagnostics -dependency-scan-serialize-diagnostics-path /Users/admin/builder/spi-builder-workspace/.derivedData/Build/Intermediates.noindex/RxSwift.build/Debug-watchos/RxRelay-t.build/Objects-normal/arm64/RxRelay-dependency-scan.dia -validate-clang-modules-once -clang-build-session-file /Users/admin/builder/spi-builder-workspace/.derivedData/ModuleCache.noindex/Session.modulevalidation -Xcc -fmodules-prune-interval\=86400 -Xcc -fmodules-prune-after\=345600 -package-name rxswift -emit-const-values -const-gather-protocols-list /Users/admin/builder/spi-builder-workspace/.derivedData/Build/Intermediates.noindex/RxSwift.build/Debug-watchos/RxRelay-t.build/Objects-normal/arm64/RxRelay_const_extract_protocols.json -Xcc -I/Users/admin/builder/spi-builder-workspace/.derivedData/Build/Products/Debug-watchos/include -Xcc -I/Users/admin/builder/spi-builder-workspace/.derivedData/Build/Intermediates.noindex/RxSwift.build/Debug-watchos/RxRelay-t.build/DerivedSources-normal/arm64 -Xcc -I/Users/admin/builder/spi-builder-workspace/.derivedData/Build/Intermediates.noindex/RxSwift.build/Debug-watchos/RxRelay-t.build/DerivedSources/arm64 -Xcc -I/Users/admin/builder/spi-builder-workspace/.derivedData/Build/Intermediates.noindex/RxSwift.build/Debug-watchos/RxRelay-t.build/DerivedSources -Xcc -DSWIFT_PACKAGE -Xcc -DDEBUG\=1 -emit-objc-header -emit-objc-header-path /Users/admin/builder/spi-builder-workspace/.derivedData/Build/Intermediates.noindex/RxSwift.build/Debug-watchos/RxRelay-t.build/Objects-normal/arm64/RxRelay-Swift.h -working-directory /Users/admin/builder/spi-builder-workspace/.swiftpm/xcode -experimental-emit-module-separately -disable-cmo
SwiftDriverJobDiscovery normal arm64 Compiling resource_bundle_accessor.swift, AddRef.swift, Amb.swift, AnonymousDisposable.swift, AnonymousObserver.swift, AnyObserver.swift, AsMaybe.swift, AsSingle.swift, AsyncLock.swift, AsyncSubject.swift, AtomicInt.swift, Bag+Rx.swift, Bag.swift, BehaviorSubject.swift, BinaryDisposable.swift, Binder.swift, BooleanDisposable.swift (in target 'RxSwift' from project 'RxSwift')
SwiftDriver\ Compilation RxSwift normal arm64 com.apple.xcode.tools.swift.compiler (in target 'RxSwift' from project 'RxSwift')
    cd /Users/admin/builder/spi-builder-workspace/.swiftpm/xcode
    builtin-Swift-Compilation -- /Applications/Xcode-27.0.0-Release.Candidate.app/Contents/Developer/Toolchains/XcodeDefault.xctoolchain/usr/bin/swiftc -parse-as-library -module-name RxSwift -Onone @/Users/admin/builder/spi-builder-workspace/.derivedData/Build/Intermediates.noindex/RxSwift.build/Debug-watchos/RxSwift-t.build/Objects-normal/arm64/RxSwift.SwiftFileList -DSWIFT_PACKAGE -DDEBUG -DSWIFT_MODULE_RESOURCE_BUNDLE_AVAILABLE -DXcode -plugin-path /Applications/Xcode-27.0.0-Release.Candidate.app/Contents/Developer/Toolchains/XcodeDefault.xctoolchain/usr/lib/swift/host/plugins/testing -enable-experimental-feature DebugDescriptionMacro -sdk /Applications/Xcode-27.0.0-Release.Candidate.app/Contents/Developer/Platforms/WatchOS.platform/Developer/SDKs/WatchOS27.0.sdk -target arm64-apple-watchos9.0 -g -module-cache-path /Users/admin/builder/spi-builder-workspace/.derivedData/ModuleCache.noindex -Xfrontend -serialize-debugging-options -profile-coverage-mapping -profile-generate -enable-testing -suppress-warnings -index-store-path /Users/admin/builder/spi-builder-workspace/.derivedData/Index.noindex/DataStore -Xcc -D_LIBCPP_HARDENING_MODE\=_LIBCPP_HARDENING_MODE_DEBUG -swift-version 5 -I /Users/admin/builder/spi-builder-workspace/.derivedData/Build/Products/Debug-watchos -Isystem /Applications/Xcode-27.0.0-Release.Candidate.app/Contents/Developer/Platforms/WatchOS.platform/Developer/usr/lib -F /Users/admin/builder/spi-builder-workspace/.derivedData/Build/Products/Debug-watchos -F /Applications/Xcode-27.0.0-Release.Candidate.app/Contents/Developer/Platforms/WatchOS.platform/Developer/Library/Frameworks -F /Applications/Xcode-27.0.0-Release.Candidate.app/Contents/Developer/Platforms/WatchOS.platform/Developer/SDKs/WatchOS27.0.sdk/Developer/Library/Frameworks -c -j10 -enable-batch-mode -incremental -Xcc -ivfsstatcache -Xcc /Users/admin/builder/spi-builder-workspace/.derivedData/SDKStatCaches.noindex/watchos27.0-24R360-e829b21a6f8c9b70876ba0858053c04477534ef55a1706bf4c1112bbb242f0a2.sdkstatcache -output-file-map /Users/admin/builder/spi-builder-workspace/.derivedData/Build/Intermediates.noindex/RxSwift.build/Debug-watchos/RxSwift-t.build/Objects-normal/arm64/RxSwift-OutputFileMap.json -save-temps -no-color-diagnostics -explicit-module-build -module-cache-path /Users/admin/builder/spi-builder-workspace/.derivedData/Build/Intermediates.noindex/SwiftExplicitPrecompiledModules -clang-scanner-module-cache-path /Users/admin/builder/spi-builder-workspace/.derivedData/ModuleCache.noindex -sdk-module-cache-path /Users/admin/builder/spi-builder-workspace/.derivedData/SDKExplicitPrecompiledModules -emit-dependencies -emit-module -emit-module-path /Users/admin/builder/spi-builder-workspace/.derivedData/Build/Intermediates.noindex/RxSwift.build/Debug-watchos/RxSwift-t.build/Objects-normal/arm64/RxSwift.swiftmodule -serialize-diagnostics -dependency-scan-serialize-diagnostics-path /Users/admin/builder/spi-builder-workspace/.derivedData/Build/Intermediates.noindex/RxSwift.build/Debug-watchos/RxSwift-t.build/Objects-normal/arm64/RxSwift-dependency-scan.dia -validate-clang-modules-once -clang-build-session-file /Users/admin/builder/spi-builder-workspace/.derivedData/ModuleCache.noindex/Session.modulevalidation -Xcc -fmodules-prune-interval\=86400 -Xcc -fmodules-prune-after\=345600 -package-name rxswift -emit-const-values -const-gather-protocols-list /Users/admin/builder/spi-builder-workspace/.derivedData/Build/Intermediates.noindex/RxSwift.build/Debug-watchos/RxSwift-t.build/Objects-normal/arm64/RxSwift_const_extract_protocols.json -Xcc -I/Users/admin/builder/spi-builder-workspace/.derivedData/Build/Products/Debug-watchos/include -Xcc -I/Users/admin/builder/spi-builder-workspace/.derivedData/Build/Intermediates.noindex/RxSwift.build/Debug-watchos/RxSwift-t.build/DerivedSources-normal/arm64 -Xcc -I/Users/admin/builder/spi-builder-workspace/.derivedData/Build/Intermediates.noindex/RxSwift.build/Debug-watchos/RxSwift-t.build/DerivedSources/arm64 -Xcc -I/Users/admin/builder/spi-builder-workspace/.derivedData/Build/Intermediates.noindex/RxSwift.build/Debug-watchos/RxSwift-t.build/DerivedSources -Xcc -DSWIFT_PACKAGE -Xcc -DDEBUG\=1 -emit-objc-header -emit-objc-header-path /Users/admin/builder/spi-builder-workspace/.derivedData/Build/Intermediates.noindex/RxSwift.build/Debug-watchos/RxSwift-t.build/Objects-normal/arm64/RxSwift-Swift.h -working-directory /Users/admin/builder/spi-builder-workspace/.swiftpm/xcode -experimental-emit-module-separately -disable-cmo
Ld /Users/admin/builder/spi-builder-workspace/.derivedData/Build/Intermediates.noindex/RxSwift.build/Debug-watchos/RxSwift-t.build/Objects-normal/arm64/Binary/RxSwift.o normal arm64 (in target 'RxSwift' from project 'RxSwift')
    cd /Users/admin/builder/spi-builder-workspace/.dependencies/checkouts/RxSwift
    /Applications/Xcode-27.0.0-Release.Candidate.app/Contents/Developer/Toolchains/XcodeDefault.xctoolchain/usr/bin/clang -Xlinker -reproducible -target arm64-apple-watchos9.0 -r -isysroot /Applications/Xcode-27.0.0-Release.Candidate.app/Contents/Developer/Platforms/WatchOS.platform/Developer/SDKs/WatchOS27.0.sdk -O0 -w -Xlinker -no_warn_duplicate_libraries -F/Users/admin/builder/spi-builder-workspace/.derivedData/Build/Intermediates.noindex/EagerLinkingTBDs/Debug-watchos -F/Users/admin/builder/spi-builder-workspace/.derivedData/Build/Products/Debug-watchos -iframework /Applications/Xcode-27.0.0-Release.Candidate.app/Contents/Developer/Platforms/WatchOS.platform/Developer/Library/Frameworks -iframework /Applications/Xcode-27.0.0-Release.Candidate.app/Contents/Developer/Platforms/WatchOS.platform/Developer/SDKs/WatchOS27.0.sdk/Developer/Library/Frameworks -filelist /Users/admin/builder/spi-builder-workspace/.derivedData/Build/Intermediates.noindex/RxSwift.build/Debug-watchos/RxSwift-t.build/Objects-normal/arm64/RxSwift.LinkFileList -nostdlib -Xlinker -object_path_lto -Xlinker /Users/admin/builder/spi-builder-workspace/.derivedData/Build/Intermediates.noindex/RxSwift.build/Debug-watchos/RxSwift-t.build/Objects-normal/arm64/RxSwift_lto.o -Xlinker -no_deduplicate -Xlinker -debug_variant -Xlinker -dependency_info -Xlinker /Users/admin/builder/spi-builder-workspace/.derivedData/Build/Intermediates.noindex/RxSwift.build/Debug-watchos/RxSwift-t.build/Objects-normal/arm64/RxSwift_dependency_info.dat -fobjc-link-runtime -L/Applications/Xcode-27.0.0-Release.Candidate.app/Contents/Developer/Toolchains/XcodeDefault.xctoolchain/usr/lib/swift/watchos -L/usr/lib/swift -Xlinker -add_ast_path -Xlinker /Users/admin/builder/spi-builder-workspace/.derivedData/Build/Intermediates.noindex/RxSwift.build/Debug-watchos/RxSwift-t.build/Objects-normal/arm64/RxSwift.swiftmodule -o /Users/admin/builder/spi-builder-workspace/.derivedData/Build/Intermediates.noindex/RxSwift.build/Debug-watchos/RxSwift-t.build/Objects-normal/arm64/Binary/RxSwift.o
CreateUniversalBinary /Users/admin/builder/spi-builder-workspace/.derivedData/Build/Products/Debug-watchos/RxSwift.o normal arm64\ arm64_32 (in target 'RxSwift' from project 'RxSwift')
    cd /Users/admin/builder/spi-builder-workspace/.dependencies/checkouts/RxSwift
    /Applications/Xcode-27.0.0-Release.Candidate.app/Contents/Developer/Toolchains/XcodeDefault.xctoolchain/usr/bin/lipo -create /Users/admin/builder/spi-builder-workspace/.derivedData/Build/Intermediates.noindex/RxSwift.build/Debug-watchos/RxSwift-t.build/Objects-normal/arm64/Binary/RxSwift.o /Users/admin/builder/spi-builder-workspace/.derivedData/Build/Intermediates.noindex/RxSwift.build/Debug-watchos/RxSwift-t.build/Objects-normal/arm64_32/Binary/RxSwift.o -output /Users/admin/builder/spi-builder-workspace/.derivedData/Build/Products/Debug-watchos/RxSwift.o
ExtractAppIntentsMetadata (in target 'RxSwift' from project 'RxSwift')
    cd /Users/admin/builder/spi-builder-workspace/.dependencies/checkouts/RxSwift
    /Applications/Xcode-27.0.0-Release.Candidate.app/Contents/Developer/Toolchains/XcodeDefault.xctoolchain/usr/bin/appintentsmetadataprocessor --toolchain-dir /var/run/com.apple.security.cryptexd/mnt/com.apple.MobileAsset.MetalToolchain-v27.1.266.1.5TCw2X/Metal.xctoolchain --module-name RxSwift --sdk-root /Applications/Xcode-27.0.0-Release.Candidate.app/Contents/Developer/Platforms/WatchOS.platform/Developer/SDKs/WatchOS27.0.sdk --xcode-version 27A266a --platform-family watchOS --deployment-target 9.0 --bundle-identifier rxswift.RxSwift --output /Users/admin/builder/spi-builder-workspace/.derivedData/Build/Products/Debug-watchos/RxSwift.appintents --target-triple arm64-apple-watchos9.0 --target-triple arm64_32-apple-watchos9.0 --binary-file /Users/admin/builder/spi-builder-workspace/.derivedData/Build/Products/Debug-watchos/RxSwift.o --dependency-file /Users/admin/builder/spi-builder-workspace/.derivedData/Build/Intermediates.noindex/RxSwift.build/Debug-watchos/RxSwift-t.build/Objects-normal/arm64/RxSwift_dependency_info.dat --dependency-file /Users/admin/builder/spi-builder-workspace/.derivedData/Build/Intermediates.noindex/RxSwift.build/Debug-watchos/RxSwift-t.build/Objects-normal/arm64_32/RxSwift_dependency_info.dat --stringsdata-file /Users/admin/builder/spi-builder-workspace/.derivedData/Build/Intermediates.noindex/RxSwift.build/Debug-watchos/RxSwift-t.build/Objects-normal/arm64/ExtractedAppShortcutsMetadata.stringsdata --stringsdata-file /Users/admin/builder/spi-builder-workspace/.derivedData/Build/Intermediates.noindex/RxSwift.build/Debug-watchos/RxSwift-t.build/Objects-normal/arm64_32/ExtractedAppShortcutsMetadata.stringsdata --source-file-list /Users/admin/builder/spi-builder-workspace/.derivedData/Build/Intermediates.noindex/RxSwift.build/Debug-watchos/RxSwift-t.build/Objects-normal/arm64/RxSwift.SwiftFileList --source-file-list /Users/admin/builder/spi-builder-workspace/.derivedData/Build/Intermediates.noindex/RxSwift.build/Debug-watchos/RxSwift-t.build/Objects-normal/arm64_32/RxSwift.SwiftFileList --metadata-file-list /Users/admin/builder/spi-builder-workspace/.derivedData/Build/Intermediates.noindex/RxSwift.build/Debug-watchos/RxSwift-t.build/RxSwift.DependencyMetadataFileList --static-metadata-file-list /Users/admin/builder/spi-builder-workspace/.derivedData/Build/Intermediates.noindex/RxSwift.build/Debug-watchos/RxSwift-t.build/RxSwift.DependencyStaticMetadataFileList --swift-const-vals-list /Users/admin/builder/spi-builder-workspace/.derivedData/Build/Intermediates.noindex/RxSwift.build/Debug-watchos/RxSwift-t.build/Objects-normal/arm64/RxSwift.SwiftConstValuesFileList --swift-const-vals-list /Users/admin/builder/spi-builder-workspace/.derivedData/Build/Intermediates.noindex/RxSwift.build/Debug-watchos/RxSwift-t.build/Objects-normal/arm64_32/RxSwift.SwiftConstValuesFileList --force --compile-time-extraction --deployment-aware-processing --no-app-shortcuts-localization
2026-09-26 02:08:29.175 appintentsmetadataprocessor[906:5831] Starting appintentsmetadataprocessor export
2026-09-26 02:08:29.274 appintentsmetadataprocessor[906:5831] Extracted no relevant App Intents symbols, skipping writing output
Ld /Users/admin/builder/spi-builder-workspace/.derivedData/Build/Intermediates.noindex/RxSwift.build/Debug-watchos/RxRelay-t.build/Objects-normal/arm64_32/Binary/RxRelay.o normal arm64_32 (in target 'RxRelay' from project 'RxSwift')
    cd /Users/admin/builder/spi-builder-workspace/.dependencies/checkouts/RxSwift
    /Applications/Xcode-27.0.0-Release.Candidate.app/Contents/Developer/Toolchains/XcodeDefault.xctoolchain/usr/bin/clang -Xlinker -reproducible -target arm64_32-apple-watchos9.0 -r -isysroot /Applications/Xcode-27.0.0-Release.Candidate.app/Contents/Developer/Platforms/WatchOS.platform/Developer/SDKs/WatchOS27.0.sdk -O0 -w -Xlinker -no_warn_duplicate_libraries -F/Users/admin/builder/spi-builder-workspace/.derivedData/Build/Intermediates.noindex/EagerLinkingTBDs/Debug-watchos -F/Users/admin/builder/spi-builder-workspace/.derivedData/Build/Products/Debug-watchos/PackageFrameworks -F/Users/admin/builder/spi-builder-workspace/.derivedData/Build/Products/Debug-watchos -iframework /Applications/Xcode-27.0.0-Release.Candidate.app/Contents/Developer/Platforms/WatchOS.platform/Developer/Library/Frameworks -iframework /Applications/Xcode-27.0.0-Release.Candidate.app/Contents/Developer/Platforms/WatchOS.platform/Developer/SDKs/WatchOS27.0.sdk/Developer/Library/Frameworks -filelist /Users/admin/builder/spi-builder-workspace/.derivedData/Build/Intermediates.noindex/RxSwift.build/Debug-watchos/RxRelay-t.build/Objects-normal/arm64_32/RxRelay.LinkFileList -nostdlib -Xlinker -object_path_lto -Xlinker /Users/admin/builder/spi-builder-workspace/.derivedData/Build/Intermediates.noindex/RxSwift.build/Debug-watchos/RxRelay-t.build/Objects-normal/arm64_32/RxRelay_lto.o -Xlinker -no_deduplicate -Xlinker -debug_variant -Xlinker -dependency_info -Xlinker /Users/admin/builder/spi-builder-workspace/.derivedData/Build/Intermediates.noindex/RxSwift.build/Debug-watchos/RxRelay-t.build/Objects-normal/arm64_32/RxRelay_dependency_info.dat -fobjc-link-runtime -L/Applications/Xcode-27.0.0-Release.Candidate.app/Contents/Developer/Toolchains/XcodeDefault.xctoolchain/usr/lib/swift/watchos -L/usr/lib/swift -Xlinker -add_ast_path -Xlinker /Users/admin/builder/spi-builder-workspace/.derivedData/Build/Intermediates.noindex/RxSwift.build/Debug-watchos/RxRelay-t.build/Objects-normal/arm64_32/RxRelay.swiftmodule -o /Users/admin/builder/spi-builder-workspace/.derivedData/Build/Intermediates.noindex/RxSwift.build/Debug-watchos/RxRelay-t.build/Objects-normal/arm64_32/Binary/RxRelay.o
Ld /Users/admin/builder/spi-builder-workspace/.derivedData/Build/Intermediates.noindex/RxSwift.build/Debug-watchos/RxRelay-t.build/Objects-normal/arm64/Binary/RxRelay.o normal arm64 (in target 'RxRelay' from project 'RxSwift')
    cd /Users/admin/builder/spi-builder-workspace/.dependencies/checkouts/RxSwift
    /Applications/Xcode-27.0.0-Release.Candidate.app/Contents/Developer/Toolchains/XcodeDefault.xctoolchain/usr/bin/clang -Xlinker -reproducible -target arm64-apple-watchos9.0 -r -isysroot /Applications/Xcode-27.0.0-Release.Candidate.app/Contents/Developer/Platforms/WatchOS.platform/Developer/SDKs/WatchOS27.0.sdk -O0 -w -Xlinker -no_warn_duplicate_libraries -F/Users/admin/builder/spi-builder-workspace/.derivedData/Build/Intermediates.noindex/EagerLinkingTBDs/Debug-watchos -F/Users/admin/builder/spi-builder-workspace/.derivedData/Build/Products/Debug-watchos/PackageFrameworks -F/Users/admin/builder/spi-builder-workspace/.derivedData/Build/Products/Debug-watchos -iframework /Applications/Xcode-27.0.0-Release.Candidate.app/Contents/Developer/Platforms/WatchOS.platform/Developer/Library/Frameworks -iframework /Applications/Xcode-27.0.0-Release.Candidate.app/Contents/Developer/Platforms/WatchOS.platform/Developer/SDKs/WatchOS27.0.sdk/Developer/Library/Frameworks -filelist /Users/admin/builder/spi-builder-workspace/.derivedData/Build/Intermediates.noindex/RxSwift.build/Debug-watchos/RxRelay-t.build/Objects-normal/arm64/RxRelay.LinkFileList -nostdlib -Xlinker -object_path_lto -Xlinker /Users/admin/builder/spi-builder-workspace/.derivedData/Build/Intermediates.noindex/RxSwift.build/Debug-watchos/RxRelay-t.build/Objects-normal/arm64/RxRelay_lto.o -Xlinker -no_deduplicate -Xlinker -debug_variant -Xlinker -dependency_info -Xlinker /Users/admin/builder/spi-builder-workspace/.derivedData/Build/Intermediates.noindex/RxSwift.build/Debug-watchos/RxRelay-t.build/Objects-normal/arm64/RxRelay_dependency_info.dat -fobjc-link-runtime -L/Applications/Xcode-27.0.0-Release.Candidate.app/Contents/Developer/Toolchains/XcodeDefault.xctoolchain/usr/lib/swift/watchos -L/usr/lib/swift -Xlinker -add_ast_path -Xlinker /Users/admin/builder/spi-builder-workspace/.derivedData/Build/Intermediates.noindex/RxSwift.build/Debug-watchos/RxRelay-t.build/Objects-normal/arm64/RxRelay.swiftmodule -o /Users/admin/builder/spi-builder-workspace/.derivedData/Build/Intermediates.noindex/RxSwift.build/Debug-watchos/RxRelay-t.build/Objects-normal/arm64/Binary/RxRelay.o
CreateUniversalBinary /Users/admin/builder/spi-builder-workspace/.derivedData/Build/Products/Debug-watchos/RxRelay.o normal arm64\ arm64_32 (in target 'RxRelay' from project 'RxSwift')
    cd /Users/admin/builder/spi-builder-workspace/.dependencies/checkouts/RxSwift
    /Applications/Xcode-27.0.0-Release.Candidate.app/Contents/Developer/Toolchains/XcodeDefault.xctoolchain/usr/bin/lipo -create /Users/admin/builder/spi-builder-workspace/.derivedData/Build/Intermediates.noindex/RxSwift.build/Debug-watchos/RxRelay-t.build/Objects-normal/arm64/Binary/RxRelay.o /Users/admin/builder/spi-builder-workspace/.derivedData/Build/Intermediates.noindex/RxSwift.build/Debug-watchos/RxRelay-t.build/Objects-normal/arm64_32/Binary/RxRelay.o -output /Users/admin/builder/spi-builder-workspace/.derivedData/Build/Products/Debug-watchos/RxRelay.o
ExtractAppIntentsMetadata (in target 'RxRelay' from project 'RxSwift')
    cd /Users/admin/builder/spi-builder-workspace/.dependencies/checkouts/RxSwift
    /Applications/Xcode-27.0.0-Release.Candidate.app/Contents/Developer/Toolchains/XcodeDefault.xctoolchain/usr/bin/appintentsmetadataprocessor --toolchain-dir /var/run/com.apple.security.cryptexd/mnt/com.apple.MobileAsset.MetalToolchain-v27.1.266.1.5TCw2X/Metal.xctoolchain --module-name RxRelay --sdk-root /Applications/Xcode-27.0.0-Release.Candidate.app/Contents/Developer/Platforms/WatchOS.platform/Developer/SDKs/WatchOS27.0.sdk --xcode-version 27A266a --platform-family watchOS --deployment-target 9.0 --bundle-identifier rxswift.RxRelay --output /Users/admin/builder/spi-builder-workspace/.derivedData/Build/Products/Debug-watchos/RxRelay.appintents --target-triple arm64-apple-watchos9.0 --target-triple arm64_32-apple-watchos9.0 --binary-file /Users/admin/builder/spi-builder-workspace/.derivedData/Build/Products/Debug-watchos/RxRelay.o --dependency-file /Users/admin/builder/spi-builder-workspace/.derivedData/Build/Intermediates.noindex/RxSwift.build/Debug-watchos/RxRelay-t.build/Objects-normal/arm64/RxRelay_dependency_info.dat --dependency-file /Users/admin/builder/spi-builder-workspace/.derivedData/Build/Intermediates.noindex/RxSwift.build/Debug-watchos/RxRelay-t.build/Objects-normal/arm64_32/RxRelay_dependency_info.dat --stringsdata-file /Users/admin/builder/spi-builder-workspace/.derivedData/Build/Intermediates.noindex/RxSwift.build/Debug-watchos/RxRelay-t.build/Objects-normal/arm64/ExtractedAppShortcutsMetadata.stringsdata --stringsdata-file /Users/admin/builder/spi-builder-workspace/.derivedData/Build/Intermediates.noindex/RxSwift.build/Debug-watchos/RxRelay-t.build/Objects-normal/arm64_32/ExtractedAppShortcutsMetadata.stringsdata --source-file-list /Users/admin/builder/spi-builder-workspace/.derivedData/Build/Intermediates.noindex/RxSwift.build/Debug-watchos/RxRelay-t.build/Objects-normal/arm64/RxRelay.SwiftFileList --source-file-list /Users/admin/builder/spi-builder-workspace/.derivedData/Build/Intermediates.noindex/RxSwift.build/Debug-watchos/RxRelay-t.build/Objects-normal/arm64_32/RxRelay.SwiftFileList --metadata-file-list /Users/admin/builder/spi-builder-workspace/.derivedData/Build/Intermediates.noindex/RxSwift.build/Debug-watchos/RxRelay-t.build/RxRelay.DependencyMetadataFileList --static-metadata-file-list /Users/admin/builder/spi-builder-workspace/.derivedData/Build/Intermediates.noindex/RxSwift.build/Debug-watchos/RxRelay-t.build/RxRelay.DependencyStaticMetadataFileList --swift-const-vals-list /Users/admin/builder/spi-builder-workspace/.derivedData/Build/Intermediates.noindex/RxSwift.build/Debug-watchos/RxRelay-t.build/Objects-normal/arm64/RxRelay.SwiftConstValuesFileList --swift-const-vals-list /Users/admin/builder/spi-builder-workspace/.derivedData/Build/Intermediates.noindex/RxSwift.build/Debug-watchos/RxRelay-t.build/Objects-normal/arm64_32/RxRelay.SwiftConstValuesFileList --force --compile-time-extraction --deployment-aware-processing --no-app-shortcuts-localization
2026-09-26 02:08:29.323 appintentsmetadataprocessor[912:5867] Starting appintentsmetadataprocessor export
2026-09-26 02:08:29.390 appintentsmetadataprocessor[912:5867] Extracted no relevant App Intents symbols, skipping writing output
SwiftExplicitDependencyGeneratePcm arm64_32 /Users/admin/builder/spi-builder-workspace/.derivedData/SDKExplicitPrecompiledModules/DeveloperToolsSupport-DZU5G1OCMNWU0AQRULIFHUJ1Z.pcm
SwiftExplicitDependencyGeneratePcm arm64_32 /Users/admin/builder/spi-builder-workspace/.derivedData/SDKExplicitPrecompiledModules/CoreGraphics-9FDXYX6BKBUT6TJ2VF819E7T5.pcm
SwiftExplicitDependencyGeneratePcm arm64_32 /Users/admin/builder/spi-builder-workspace/.derivedData/SDKExplicitPrecompiledModules/UserNotifications-6TBN8TEAKO014N1T2QD926XED.pcm
SwiftExplicitDependencyGeneratePcm arm64_32 /Users/admin/builder/spi-builder-workspace/.derivedData/SDKExplicitPrecompiledModules/CoreTransferable-5D4IR6X37682FPHJ5CBPTKQV6.pcm
SwiftExplicitDependencyGeneratePcm arm64_32 /Users/admin/builder/spi-builder-workspace/.derivedData/SDKExplicitPrecompiledModules/_Builtin_stdatomic-1TY035TURL76BF2U98PZPPZRX.pcm
SwiftExplicitDependencyGeneratePcm arm64_32 /Users/admin/builder/spi-builder-workspace/.derivedData/SDKExplicitPrecompiledModules/UIUtilities-9YFVNIMRC5HRVOIARNWHP1E3H.pcm
SwiftExplicitDependencyGeneratePcm arm64_32 /Users/admin/builder/spi-builder-workspace/.derivedData/SDKExplicitPrecompiledModules/_Builtin_tgmath-23PGCKURCQILXMK0MYZRYDCOU.pcm
SwiftExplicitDependencyGeneratePcm arm64_32 /Users/admin/builder/spi-builder-workspace/.derivedData/SDKExplicitPrecompiledModules/MachO-56838ZJ0NC1EBAJ0O6O8QMPDX.pcm
SwiftExplicitDependencyGeneratePcm arm64_32 /Users/admin/builder/spi-builder-workspace/.derivedData/SDKExplicitPrecompiledModules/_Builtin_intrinsics-196IIAKDQVU42DLOZP9OQCV76.pcm
SwiftExplicitDependencyGeneratePcm arm64 /Users/admin/builder/spi-builder-workspace/.derivedData/SDKExplicitPrecompiledModules/UniformTypeIdentifiers-8L08Q8DQJV8C4AW84YVGFGTRN.pcm
SwiftExplicitDependencyGeneratePcm arm64 /Users/admin/builder/spi-builder-workspace/.derivedData/SDKExplicitPrecompiledModules/_LocationEssentials-5ZZDGDXB6HLQUC72SJW7YJ7MK.pcm
SwiftExplicitDependencyGeneratePcm arm64 /Users/admin/builder/spi-builder-workspace/.derivedData/SDKExplicitPrecompiledModules/DeveloperToolsSupport-E7CNISCB36UE8XQ9IOHK9XDX1.pcm
SwiftExplicitDependencyGeneratePcm arm64 /Users/admin/builder/spi-builder-workspace/.derivedData/SDKExplicitPrecompiledModules/_Builtin_stdatomic-7JEFA3KBJJJN6TKJWY3OG1VG5.pcm
SwiftExplicitDependencyGeneratePcm arm64 /Users/admin/builder/spi-builder-workspace/.derivedData/SDKExplicitPrecompiledModules/DataDetection-7BNVI1SZW5ISQL5SX4WL2X7I5.pcm
SwiftExplicitDependencyGeneratePcm arm64 /Users/admin/builder/spi-builder-workspace/.derivedData/SDKExplicitPrecompiledModules/CoreTransferable-9PPG3SLJ55T4LITIFYX2M0NOZ.pcm
SwiftExplicitDependencyGeneratePcm arm64 /Users/admin/builder/spi-builder-workspace/.derivedData/SDKExplicitPrecompiledModules/_Builtin_tgmath-8NQ96OZ0YHXEC24JI95P01UF8.pcm
SwiftExplicitDependencyGeneratePcm arm64 /Users/admin/builder/spi-builder-workspace/.derivedData/SDKExplicitPrecompiledModules/Symbols-3EFABTJ9L5PQDJ7RQCYQWEJMM.pcm
SwiftExplicitDependencyGeneratePcm arm64_32 /Users/admin/builder/spi-builder-workspace/.derivedData/SDKExplicitPrecompiledModules/os-E5IGB442IA6SBB25TTCOLK2OC.pcm
SwiftExplicitDependencyGeneratePcm arm64 /Users/admin/builder/spi-builder-workspace/.derivedData/SDKExplicitPrecompiledModules/CoreGraphics-DWNZ73GEH98SBJXZ7DEXB420K.pcm
SwiftExplicitDependencyGeneratePcm arm64_32 /Users/admin/builder/spi-builder-workspace/.derivedData/SDKExplicitPrecompiledModules/CoreText-C9X2REPZN2V5BSU4G80FCETDR.pcm
SwiftExplicitDependencyGeneratePcm arm64 /Users/admin/builder/spi-builder-workspace/.derivedData/SDKExplicitPrecompiledModules/CoreLocation-ACKJ9K7ABI14F97Y46Y6SRR17.pcm
SwiftExplicitDependencyGeneratePcm arm64_32 /Users/admin/builder/spi-builder-workspace/.derivedData/SDKExplicitPrecompiledModules/CoreVideo-2P8HI0403J99LBDPKNFJ5D4DL.pcm
SwiftExplicitDependencyGeneratePcm arm64_32 /Users/admin/builder/spi-builder-workspace/.derivedData/SDKExplicitPrecompiledModules/DataDetection-U9BF7WHFVA6BZGFXXXP272PS.pcm
SwiftExplicitDependencyGeneratePcm arm64_32 /Users/admin/builder/spi-builder-workspace/.derivedData/SDKExplicitPrecompiledModules/UniformTypeIdentifiers-CJZ3NTHPSBH4XWX5EVOG56UZS.pcm
SwiftExplicitDependencyGeneratePcm arm64 /Users/admin/builder/spi-builder-workspace/.derivedData/SDKExplicitPrecompiledModules/_Builtin_intrinsics-75960HIPCIYA06IUW8FIIPQT.pcm
SwiftExplicitDependencyGeneratePcm arm64 /Users/admin/builder/spi-builder-workspace/.derivedData/SDKExplicitPrecompiledModules/UIUtilities-IR7RNW23VAUKYI9MLCS9NL9A.pcm
SwiftExplicitDependencyGeneratePcm arm64_32 /Users/admin/builder/spi-builder-workspace/.derivedData/SDKExplicitPrecompiledModules/Accessibility-F385OMZ5GYBUY5O4QAJB4NRII.pcm
SwiftExplicitDependencyGeneratePcm arm64_32 /Users/admin/builder/spi-builder-workspace/.derivedData/SDKExplicitPrecompiledModules/OSLog-D9AVFY0KWO7RVBIQ73CBIJVCN.pcm
SwiftExplicitDependencyGeneratePcm arm64_32 /Users/admin/builder/spi-builder-workspace/.derivedData/SDKExplicitPrecompiledModules/Symbols-1H97WMG76HU94F5VGJR19PXFY.pcm
SwiftExplicitDependencyGeneratePcm arm64_32 /Users/admin/builder/spi-builder-workspace/.derivedData/SDKExplicitPrecompiledModules/QuartzCore-6375NPYACK5NYVHPMC1QQ8MC2.pcm
SwiftExplicitDependencyGeneratePcm arm64 /Users/admin/builder/spi-builder-workspace/.derivedData/SDKExplicitPrecompiledModules/MachO-2U90NNSAQILBNBPS1SA4F8TYP.pcm
SwiftExplicitDependencyGeneratePcm arm64 /Users/admin/builder/spi-builder-workspace/.derivedData/SDKExplicitPrecompiledModules/CoreMotion-6RD5K48QT1F4L9CATNFD2O7YB.pcm
SwiftExplicitDependencyGeneratePcm arm64 /Users/admin/builder/spi-builder-workspace/.derivedData/SDKExplicitPrecompiledModules/UserNotifications-ARAH8MEQ0C2L0FBO39HITJMAO.pcm
SwiftExplicitDependencyGeneratePcm arm64_32 /Users/admin/builder/spi-builder-workspace/.derivedData/SDKExplicitPrecompiledModules/simd-21UNWYOBUZI1LVSQ99S1XBLMO.pcm
SwiftExplicitDependencyGeneratePcm arm64 /Users/admin/builder/spi-builder-workspace/.derivedData/SDKExplicitPrecompiledModules/Accessibility-27QMG6ZQ1NKYTNBYFPM1XKNFC.pcm
SwiftExplicitDependencyGeneratePcm arm64 /Users/admin/builder/spi-builder-workspace/.derivedData/SDKExplicitPrecompiledModules/CoreVideo-8MRR5MNWUOAW2DBPGUQ8FKK4.pcm
SwiftExplicitDependencyGeneratePcm arm64 /Users/admin/builder/spi-builder-workspace/.derivedData/SDKExplicitPrecompiledModules/CoreText-970YJN6NIYGK1316L35Z0O8QT.pcm
SwiftExplicitDependencyGeneratePcm arm64_32 /Users/admin/builder/spi-builder-workspace/.derivedData/SDKExplicitPrecompiledModules/_LocationEssentials-AQ1OL9QKC3LQLY5CNSRM1HB53.pcm
SwiftExplicitDependencyGeneratePcm arm64 /Users/admin/builder/spi-builder-workspace/.derivedData/SDKExplicitPrecompiledModules/os-5DIL6Z9LFIGLMZAHM7X2T5435.pcm
SwiftExplicitDependencyGeneratePcm arm64_32 /Users/admin/builder/spi-builder-workspace/.derivedData/SDKExplicitPrecompiledModules/SwiftUICore-3Q7WLRD8MR9R3NGIPUBQCP6F6.pcm
SwiftExplicitDependencyGeneratePcm arm64_32 /Users/admin/builder/spi-builder-workspace/.derivedData/SDKExplicitPrecompiledModules/CoreLocation-8XU5YMYM4P11RQMYCQAG65ITK.pcm
SwiftExplicitDependencyGeneratePcm arm64 /Users/admin/builder/spi-builder-workspace/.derivedData/SDKExplicitPrecompiledModules/QuartzCore-94KFMWNOU7ZLUZNB4T5DLZC9D.pcm
SwiftExplicitDependencyGeneratePcm arm64 /Users/admin/builder/spi-builder-workspace/.derivedData/SDKExplicitPrecompiledModules/simd-EH08NODU6574T74ZKU61VP9BW.pcm
SwiftExplicitDependencyGeneratePcm arm64 /Users/admin/builder/spi-builder-workspace/.derivedData/SDKExplicitPrecompiledModules/OSLog-B7VGO357Y3GJG35TST7DKDSI3.pcm
SwiftExplicitDependencyGeneratePcm arm64_32 /Users/admin/builder/spi-builder-workspace/.derivedData/SDKExplicitPrecompiledModules/CoreMotion-1XGTVTE5PP32UHME8AC63TL6.pcm
SwiftExplicitDependencyGeneratePcm arm64 /Users/admin/builder/spi-builder-workspace/.derivedData/SDKExplicitPrecompiledModules/SwiftUICore-C1DST1IX2Z0PTH5SJJZ1IULRB.pcm
SwiftExplicitDependencyGeneratePcm arm64 /Users/admin/builder/spi-builder-workspace/.derivedData/SDKExplicitPrecompiledModules/UIKit-27R3P1YMV4C6JLDT661G3MRIA.pcm
SwiftExplicitDependencyGeneratePcm arm64_32 /Users/admin/builder/spi-builder-workspace/.derivedData/SDKExplicitPrecompiledModules/UIKit-6PPV7YPZ89CZPHYAP072QH8B6.pcm
SwiftExplicitDependencyGeneratePcm arm64_32 /Users/admin/builder/spi-builder-workspace/.derivedData/SDKExplicitPrecompiledModules/Spatial-CWVWNML3T0NXVHZDKVLD3X1YZ.pcm
SwiftExplicitDependencyGeneratePcm arm64 /Users/admin/builder/spi-builder-workspace/.derivedData/SDKExplicitPrecompiledModules/Spatial-44FJGYXFAT2AQAW9Z6T7YS02U.pcm
SwiftEmitModule normal arm64 Emitting\ module\ for\ RIBs (in target 'RIBs' from project 'RIBs')
/Users/admin/builder/spi-builder-workspace/RIBs/Classes/LaunchRouter.swift:25:30: error: 'UIWindow' is unavailable in watchOS
23 |     ///
24 |     /// - parameter window: The application window to launch from.
25 |     func launch(from window: UIWindow)
   |                              `- error: 'UIWindow' is unavailable in watchOS
26 | }
27 |
/Applications/Xcode-27.0.0-Release.Candidate.app/Contents/Developer/Platforms/WatchOS.platform/Developer/SDKs/WatchOS27.0.sdk/System/Library/Frameworks/UIKit.framework/Headers/UIWindow.h:22:12: note: 'UIWindow' has been explicitly marked unavailable here
 20 |
 21 | UIKIT_EXTERN API_AVAILABLE(ios(2.0)) API_UNAVAILABLE(watchos) NS_SWIFT_UI_ACTOR
 22 | @interface UIWindow : UIView
    |            `- note: 'UIWindow' has been explicitly marked unavailable here
 23 |
 24 | // instantiate a UIWindow already associated with a given UIWindowScene instance, with matching frame & interface orientations.
/Users/admin/builder/spi-builder-workspace/RIBs/Classes/LaunchRouter.swift:42:43: error: 'UIWindow' is unavailable in watchOS
40 |     ///
41 |     /// - parameter window: The window to launch the router tree in.
42 |     public final func launch(from window: UIWindow) {
   |                                           `- error: 'UIWindow' is unavailable in watchOS
43 |         window.rootViewController = viewControllable.uiviewController
44 |         window.makeKeyAndVisible()
/Applications/Xcode-27.0.0-Release.Candidate.app/Contents/Developer/Platforms/WatchOS.platform/Developer/SDKs/WatchOS27.0.sdk/System/Library/Frameworks/UIKit.framework/Headers/UIWindow.h:22:12: note: 'UIWindow' has been explicitly marked unavailable here
 20 |
 21 | UIKIT_EXTERN API_AVAILABLE(ios(2.0)) API_UNAVAILABLE(watchos) NS_SWIFT_UI_ACTOR
 22 | @interface UIWindow : UIView
    |            `- note: 'UIWindow' has been explicitly marked unavailable here
 23 |
 24 | // instantiate a UIWindow already associated with a given UIWindowScene instance, with matching frame & interface orientations.
/Users/admin/builder/spi-builder-workspace/RIBs/Classes/LeakDetector/LeakDetector.swift:123:63: error: 'UIViewController' is unavailable in watchOS
121 |     /// - returns: The handle that can be used to cancel the expectation.
122 |     @discardableResult
123 |     public func expectViewControllerDisappear(viewController: UIViewController, inTime time: TimeInterval = LeakDefaultExpectationTime.viewDisappear) -> LeakDetectionHandle {
    |                                                               `- error: 'UIViewController' is unavailable in watchOS
124 |         expectationCount.accept(expectationCount.value + 1)
125 |
/Applications/Xcode-27.0.0-Release.Candidate.app/Contents/Developer/Platforms/WatchOS.platform/Developer/SDKs/WatchOS27.0.sdk/System/Library/Frameworks/UIKit.framework/Headers/UIViewController.h:104:12: note: 'UIViewController' has been explicitly marked unavailable here
102 |
103 | UIKIT_EXTERN API_AVAILABLE(ios(2.0)) API_UNAVAILABLE(watchos) NS_SWIFT_UI_ACTOR
104 | @interface UIViewController : UIResponder <NSCoding, UIAppearanceContainer, UITraitEnvironment, UIContentContainer, UIFocusEnvironment>
    |            `- note: 'UIViewController' has been explicitly marked unavailable here
105 |
106 | /*
/Users/admin/builder/spi-builder-workspace/RIBs/Classes/ViewControllable.swift:22:27: error: 'UIViewController' is unavailable in watchOS
20 | public protocol ViewControllable: AnyObject {
21 |
22 |     var uiviewController: UIViewController { get }
   |                           `- error: 'UIViewController' is unavailable in watchOS
23 | }
24 |
/Applications/Xcode-27.0.0-Release.Candidate.app/Contents/Developer/Platforms/WatchOS.platform/Developer/SDKs/WatchOS27.0.sdk/System/Library/Frameworks/UIKit.framework/Headers/UIViewController.h:104:12: note: 'UIViewController' has been explicitly marked unavailable here
102 |
103 | UIKIT_EXTERN API_AVAILABLE(ios(2.0)) API_UNAVAILABLE(watchos) NS_SWIFT_UI_ACTOR
104 | @interface UIViewController : UIResponder <NSCoding, UIAppearanceContainer, UITraitEnvironment, UIContentContainer, UIFocusEnvironment>
    |            `- note: 'UIViewController' has been explicitly marked unavailable here
105 |
106 | /*
/Users/admin/builder/spi-builder-workspace/RIBs/Classes/ViewControllable.swift:28:27: error: 'UIViewController' is unavailable in watchOS
26 | public extension ViewControllable where Self: UIViewController {
27 |
28 |     var uiviewController: UIViewController {
   |                           `- error: 'UIViewController' is unavailable in watchOS
29 |         return self
30 |     }
/Applications/Xcode-27.0.0-Release.Candidate.app/Contents/Developer/Platforms/WatchOS.platform/Developer/SDKs/WatchOS27.0.sdk/System/Library/Frameworks/UIKit.framework/Headers/UIViewController.h:104:12: note: 'UIViewController' has been explicitly marked unavailable here
102 |
103 | UIKIT_EXTERN API_AVAILABLE(ios(2.0)) API_UNAVAILABLE(watchos) NS_SWIFT_UI_ACTOR
104 | @interface UIViewController : UIResponder <NSCoding, UIAppearanceContainer, UITraitEnvironment, UIContentContainer, UIFocusEnvironment>
    |            `- note: 'UIViewController' has been explicitly marked unavailable here
105 |
106 | /*
/Users/admin/builder/spi-builder-workspace/RIBs/Classes/ViewControllable.swift:26:47: error: 'UIViewController' is unavailable in watchOS
24 |
25 | /// Default implementation on `UIViewController` to conform to `ViewControllable` protocol
26 | public extension ViewControllable where Self: UIViewController {
   |                                               `- error: 'UIViewController' is unavailable in watchOS
27 |
28 |     var uiviewController: UIViewController {
/Applications/Xcode-27.0.0-Release.Candidate.app/Contents/Developer/Platforms/WatchOS.platform/Developer/SDKs/WatchOS27.0.sdk/System/Library/Frameworks/UIKit.framework/Headers/UIViewController.h:104:12: note: 'UIViewController' has been explicitly marked unavailable here
102 |
103 | UIKIT_EXTERN API_AVAILABLE(ios(2.0)) API_UNAVAILABLE(watchos) NS_SWIFT_UI_ACTOR
104 | @interface UIViewController : UIResponder <NSCoding, UIAppearanceContainer, UITraitEnvironment, UIContentContainer, UIFocusEnvironment>
    |            `- note: 'UIViewController' has been explicitly marked unavailable here
105 |
106 | /*
Failed frontend command:
SwiftCompile normal arm64 (in target 'RIBs' from project 'RIBs')
    cd /Users/admin/builder/spi-builder-workspace/.swiftpm/xcode

/Applications/Xcode-27.0.0-Release.Candidate.app/Contents/Developer/Toolchains/XcodeDefault.xctoolchain/usr/bin/swift-frontend -frontend -emit-module -experimental-skip-non-inlinable-function-bodies-without-types /Users/admin/builder/spi-builder-workspace/RIBs/Classes/Builder.swift /Users/admin/builder/spi-builder-workspace/RIBs/Classes/ComponentizedBuilder.swift /Users/admin/builder/spi-builder-workspace/RIBs/Classes/Concurrency/Observable+Async.swift /Users/admin/builder/spi-builder-workspace/RIBs/Classes/Concurrency/Task+RIBs.swift /Users/admin/builder/spi-builder-workspace/RIBs/Classes/DI/Component.swift /Users/admin/builder/spi-builder-workspace/RIBs/Classes/DI/Dependency.swift /Users/admin/builder/spi-builder-workspace/RIBs/Classes/Extensions/Foundation+Extensions.swift /Users/admin/builder/spi-builder-workspace/RIBs/Classes/Interactor.swift /Users/admin/builder/spi-builder-workspace/RIBs/Classes/LaunchRouter.swift /Users/admin/builder/spi-builder-workspace/RIBs/Classes/LeakDetector/Executor.swift /Users/admin/builder/spi-builder-workspace/RIBs/Classes/LeakDetector/LeakDetector.swift /Users/admin/builder/spi-builder-workspace/RIBs/Classes/MultiStageComponentizedBuilder.swift /Users/admin/builder/spi-builder-workspace/RIBs/Classes/PresentableInteractor.swift /Users/admin/builder/spi-builder-workspace/RIBs/Classes/Presenter.swift /Users/admin/builder/spi-builder-workspace/RIBs/Classes/Router.swift /Users/admin/builder/spi-builder-workspace/RIBs/Classes/ViewControllable.swift /Users/admin/builder/spi-builder-workspace/RIBs/Classes/ViewableRouter.swift /Users/admin/builder/spi-builder-workspace/RIBs/Classes/Worker/Worker.swift /Users/admin/builder/spi-builder-workspace/RIBs/Classes/Workflow/Workflow.swift -target arm64-apple-watchos9.0 -module-can-import-version _Concurrency 6.4.0.31 0 -disable-cross-import-overlay-search -load-resolved-plugin /Applications/Xcode-27.0.0-Release.Candidate.app/Contents/Developer/Platforms/WatchOS.platform/Developer/usr/lib/swift/host/plugins/libFoundationMacros.dylib\#/Applications/Xcode-27.0.0-Release.Candidate.app/Contents/Developer/Platforms/WatchOS.platform/Developer/usr/bin/swift-plugin-server\#FoundationMacros -load-resolved-plugin /Applications/Xcode-27.0.0-Release.Candidate.app/Contents/Developer/Platforms/WatchOS.platform/Developer/usr/lib/swift/host/plugins/libObservationMacros.dylib\#/Applications/Xcode-27.0.0-Release.Candidate.app/Contents/Developer/Platforms/WatchOS.platform/Developer/usr/bin/swift-plugin-server\#ObservationMacros -load-resolved-plugin /Applications/Xcode-27.0.0-Release.Candidate.app/Contents/Developer/Platforms/WatchOS.platform/Developer/usr/lib/swift/host/plugins/libSwiftMacros.dylib\#/Applications/Xcode-27.0.0-Release.Candidate.app/Contents/Developer/Platforms/WatchOS.platform/Developer/usr/bin/swift-plugin-server\#SwiftMacros -load-resolved-plugin /Applications/Xcode-27.0.0-Release.Candidate.app/Contents/Developer/Platforms/WatchOS.platform/Developer/usr/lib/swift/host/plugins/libSwiftUIMacros.dylib\#/Applications/Xcode-27.0.0-Release.Candidate.app/Contents/Developer/Platforms/WatchOS.platform/Developer/usr/bin/swift-plugin-server\#SwiftUIMacros -disable-implicit-swift-modules -Xcc -fno-implicit-modules -Xcc -fno-implicit-module-maps -explicit-swift-module-map-file /Users/admin/builder/spi-builder-workspace/.derivedData/Build/Intermediates.noindex/RIBs.build/Debug-watchos/RIBs-t.build/Objects-normal/arm64/RIBs-dependencies-2.json -Xllvm -aarch64-use-tbi -enable-objc-interop -stack-check -sdk /Applications/Xcode-27.0.0-Release.Candidate.app/Contents/Developer/Platforms/WatchOS.platform/Developer/SDKs/WatchOS27.0.sdk -I /Users/admin/builder/spi-builder-workspace/.derivedData/Build/Products/Debug-watchos -Isystem /Applications/Xcode-27.0.0-Release.Candidate.app/Contents/Developer/Platforms/WatchOS.platform/Developer/usr/lib -F /Users/admin/builder/spi-builder-workspace/.derivedData/Build/Products/Debug-watchos/PackageFrameworks -F /Users/admin/builder/spi-builder-workspace/.derivedData/Build/Products/Debug-watchos -F /Applications/Xcode-27.0.0-Release.Candidate.app/Contents/Developer/Platforms/WatchOS.platform/Developer/Library/Frameworks -F /Applications/Xcode-27.0.0-Release.Candidate.app/Contents/Developer/Platforms/WatchOS.platform/Developer/SDKs/WatchOS27.0.sdk/Developer/Library/Frameworks -module-cache-path /Users/admin/builder/spi-builder-workspace/.derivedData/Build/Intermediates.noindex/SwiftExplicitPrecompiledModules -no-color-diagnostics -Xcc -fno-color-diagnostics -enable-testing -g -debug-info-format\=dwarf -dwarf-version\=4 -profile-generate -profile-coverage-mapping -swift-version 5 -Onone -D SWIFT_PACKAGE -D DEBUG -D SWIFT_MODULE_RESOURCE_BUNDLE_UNAVAILABLE -D Xcode -serialize-debugging-options -enable-experimental-feature DebugDescriptionMacro -empty-abi-descriptor -validate-clang-modules-once -clang-build-session-file /Users/admin/builder/spi-builder-workspace/.derivedData/ModuleCache.noindex/Session.modulevalidation -Xcc -working-directory -Xcc /Users/admin/builder/spi-builder-workspace/.swiftpm/xcode -enable-anonymous-context-mangled-names -file-compilation-dir /Users/admin/builder/spi-builder-workspace/.swiftpm/xcode -Xcc -D_LIBCPP_HARDENING_MODE\=_LIBCPP_HARDENING_MODE_DEBUG -Xcc -ivfsstatcache -Xcc /Users/admin/builder/spi-builder-workspace/.derivedData/SDKStatCaches.noindex/watchos27.0-24R360-e829b21a6f8c9b70876ba0858053c04477534ef55a1706bf4c1112bbb242f0a2.sdkstatcache -Xcc -fmodules-prune-interval\=86400 -Xcc -fmodules-prune-after\=345600 -Xcc -I/Users/admin/builder/spi-builder-workspace/.derivedData/Build/Products/Debug-watchos/include -Xcc -I/Users/admin/builder/spi-builder-workspace/.derivedData/Build/Intermediates.noindex/RIBs.build/Debug-watchos/RIBs-t.build/DerivedSources-normal/arm64 -Xcc -I/Users/admin/builder/spi-builder-workspace/.derivedData/Build/Intermediates.noindex/RIBs.build/Debug-watchos/RIBs-t.build/DerivedSources/arm64 -Xcc -I/Users/admin/builder/spi-builder-workspace/.derivedData/Build/Intermediates.noindex/RIBs.build/Debug-watchos/RIBs-t.build/DerivedSources -Xcc -DSWIFT_PACKAGE -Xcc -DDEBUG\=1 -no-auto-bridging-header-chaining -module-name RIBs -const-gather-protocols-file /Users/admin/builder/spi-builder-workspace/.derivedData/Build/Intermediates.noindex/RIBs.build/Debug-watchos/RIBs-t.build/Objects-normal/arm64/RIBs_const_extract_protocols.json -disable-clang-spi -clang-target arm64-apple-watchos27.0 -target-sdk-version 27.0 -target-sdk-name watchos27.0 -in-process-plugin-server-path /Applications/Xcode-27.0.0-Release.Candidate.app/Contents/Developer/Toolchains/XcodeDefault.xctoolchain/usr/lib/swift/host/libSwiftInProcPluginServer.dylib -emit-module-doc-path /Users/admin/builder/spi-builder-workspace/.derivedData/Build/Intermediates.noindex/RIBs.build/Debug-watchos/RIBs-t.build/Objects-normal/arm64/RIBs.swiftdoc -emit-module-source-info-path /Users/admin/builder/spi-builder-workspace/.derivedData/Build/Intermediates.noindex/RIBs.build/Debug-watchos/RIBs-t.build/Objects-normal/arm64/RIBs.swiftsourceinfo -emit-objc-header-path /Users/admin/builder/spi-builder-workspace/.derivedData/Build/Intermediates.noindex/RIBs.build/Debug-watchos/RIBs-t.build/Objects-normal/arm64/RIBs-Swift.h -serialize-diagnostics-path /Users/admin/builder/spi-builder-workspace/.derivedData/Build/Intermediates.noindex/RIBs.build/Debug-watchos/RIBs-t.build/Objects-normal/arm64/RIBs-primary-emit-module.dia -emit-dependencies-path /Users/admin/builder/spi-builder-workspace/.derivedData/Build/Intermediates.noindex/RIBs.build/Debug-watchos/RIBs-t.build/Objects-normal/arm64/RIBs-primary-emit-module.d -parse-as-library -o /Users/admin/builder/spi-builder-workspace/.derivedData/Build/Intermediates.noindex/RIBs.build/Debug-watchos/RIBs-t.build/Objects-normal/arm64/RIBs.swiftmodule -emit-abi-descriptor-path /Users/admin/builder/spi-builder-workspace/.derivedData/Build/Intermediates.noindex/RIBs.build/Debug-watchos/RIBs-t.build/Objects-normal/arm64/RIBs.abi.json
SwiftCompile normal arm64 Compiling\ Router.swift,\ ViewControllable.swift /Users/admin/builder/spi-builder-workspace/RIBs/Classes/Router.swift /Users/admin/builder/spi-builder-workspace/RIBs/Classes/ViewControllable.swift (in target 'RIBs' from project 'RIBs')
SwiftCompile normal arm64 /Users/admin/builder/spi-builder-workspace/RIBs/Classes/Router.swift (in target 'RIBs' from project 'RIBs')
    cd /Users/admin/builder/spi-builder-workspace/.swiftpm/xcode
    builtin-SwiftPerFileCompile Router.swift
SwiftCompile normal arm64 /Users/admin/builder/spi-builder-workspace/RIBs/Classes/ViewControllable.swift (in target 'RIBs' from project 'RIBs')
    cd /Users/admin/builder/spi-builder-workspace/.swiftpm/xcode
    builtin-SwiftPerFileCompile ViewControllable.swift
/Users/admin/builder/spi-builder-workspace/RIBs/Classes/ViewControllable.swift:22:27: error: 'UIViewController' is unavailable in watchOS
20 | public protocol ViewControllable: AnyObject {
21 |
22 |     var uiviewController: UIViewController { get }
   |                           `- error: 'UIViewController' is unavailable in watchOS
23 | }
24 |
/Applications/Xcode-27.0.0-Release.Candidate.app/Contents/Developer/Platforms/WatchOS.platform/Developer/SDKs/WatchOS27.0.sdk/System/Library/Frameworks/UIKit.framework/Headers/UIViewController.h:104:12: note: 'UIViewController' has been explicitly marked unavailable here
102 |
103 | UIKIT_EXTERN API_AVAILABLE(ios(2.0)) API_UNAVAILABLE(watchos) NS_SWIFT_UI_ACTOR
104 | @interface UIViewController : UIResponder <NSCoding, UIAppearanceContainer, UITraitEnvironment, UIContentContainer, UIFocusEnvironment>
    |            `- note: 'UIViewController' has been explicitly marked unavailable here
105 |
106 | /*
/Users/admin/builder/spi-builder-workspace/RIBs/Classes/ViewControllable.swift:28:27: error: 'UIViewController' is unavailable in watchOS
26 | public extension ViewControllable where Self: UIViewController {
27 |
28 |     var uiviewController: UIViewController {
   |                           `- error: 'UIViewController' is unavailable in watchOS
29 |         return self
30 |     }
/Applications/Xcode-27.0.0-Release.Candidate.app/Contents/Developer/Platforms/WatchOS.platform/Developer/SDKs/WatchOS27.0.sdk/System/Library/Frameworks/UIKit.framework/Headers/UIViewController.h:104:12: note: 'UIViewController' has been explicitly marked unavailable here
102 |
103 | UIKIT_EXTERN API_AVAILABLE(ios(2.0)) API_UNAVAILABLE(watchos) NS_SWIFT_UI_ACTOR
104 | @interface UIViewController : UIResponder <NSCoding, UIAppearanceContainer, UITraitEnvironment, UIContentContainer, UIFocusEnvironment>
    |            `- note: 'UIViewController' has been explicitly marked unavailable here
105 |
106 | /*
SwiftCompile normal arm64 Compiling\ Workflow.swift /Users/admin/builder/spi-builder-workspace/RIBs/Classes/Workflow/Workflow.swift (in target 'RIBs' from project 'RIBs')
SwiftCompile normal arm64 /Users/admin/builder/spi-builder-workspace/RIBs/Classes/Workflow/Workflow.swift (in target 'RIBs' from project 'RIBs')
    cd /Users/admin/builder/spi-builder-workspace/.swiftpm/xcode
    builtin-SwiftPerFileCompile Workflow.swift
SwiftCompile normal arm64 Compiling\ ViewableRouter.swift,\ Worker.swift /Users/admin/builder/spi-builder-workspace/RIBs/Classes/ViewableRouter.swift /Users/admin/builder/spi-builder-workspace/RIBs/Classes/Worker/Worker.swift (in target 'RIBs' from project 'RIBs')
SwiftCompile normal arm64 /Users/admin/builder/spi-builder-workspace/RIBs/Classes/ViewableRouter.swift (in target 'RIBs' from project 'RIBs')
    cd /Users/admin/builder/spi-builder-workspace/.swiftpm/xcode
    builtin-SwiftPerFileCompile ViewableRouter.swift
SwiftCompile normal arm64 /Users/admin/builder/spi-builder-workspace/RIBs/Classes/Worker/Worker.swift (in target 'RIBs' from project 'RIBs')
    cd /Users/admin/builder/spi-builder-workspace/.swiftpm/xcode
    builtin-SwiftPerFileCompile Worker.swift
SwiftCompile normal arm64 Compiling\ LeakDetector.swift,\ MultiStageComponentizedBuilder.swift /Users/admin/builder/spi-builder-workspace/RIBs/Classes/LeakDetector/LeakDetector.swift /Users/admin/builder/spi-builder-workspace/RIBs/Classes/MultiStageComponentizedBuilder.swift (in target 'RIBs' from project 'RIBs')
SwiftCompile normal arm64 /Users/admin/builder/spi-builder-workspace/RIBs/Classes/LeakDetector/LeakDetector.swift (in target 'RIBs' from project 'RIBs')
    cd /Users/admin/builder/spi-builder-workspace/.swiftpm/xcode
    builtin-SwiftPerFileCompile LeakDetector.swift
SwiftCompile normal arm64 /Users/admin/builder/spi-builder-workspace/RIBs/Classes/MultiStageComponentizedBuilder.swift (in target 'RIBs' from project 'RIBs')
    cd /Users/admin/builder/spi-builder-workspace/.swiftpm/xcode
    builtin-SwiftPerFileCompile MultiStageComponentizedBuilder.swift
SwiftCompile normal arm64 Compiling\ LaunchRouter.swift,\ Executor.swift /Users/admin/builder/spi-builder-workspace/RIBs/Classes/LaunchRouter.swift /Users/admin/builder/spi-builder-workspace/RIBs/Classes/LeakDetector/Executor.swift (in target 'RIBs' from project 'RIBs')
/Users/admin/builder/spi-builder-workspace/RIBs/Classes/LaunchRouter.swift:25:30: error: 'UIWindow' is unavailable in watchOS
23 |     ///
24 |     /// - parameter window: The application window to launch from.
25 |     func launch(from window: UIWindow)
   |                              `- error: 'UIWindow' is unavailable in watchOS
26 | }
27 |
/Applications/Xcode-27.0.0-Release.Candidate.app/Contents/Developer/Platforms/WatchOS.platform/Developer/SDKs/WatchOS27.0.sdk/System/Library/Frameworks/UIKit.framework/Headers/UIWindow.h:22:12: note: 'UIWindow' has been explicitly marked unavailable here
 20 |
 21 | UIKIT_EXTERN API_AVAILABLE(ios(2.0)) API_UNAVAILABLE(watchos) NS_SWIFT_UI_ACTOR
 22 | @interface UIWindow : UIView
    |            `- note: 'UIWindow' has been explicitly marked unavailable here
 23 |
 24 | // instantiate a UIWindow already associated with a given UIWindowScene instance, with matching frame & interface orientations.
SwiftCompile normal arm64 /Users/admin/builder/spi-builder-workspace/RIBs/Classes/LaunchRouter.swift (in target 'RIBs' from project 'RIBs')
    cd /Users/admin/builder/spi-builder-workspace/.swiftpm/xcode
    builtin-SwiftPerFileCompile LaunchRouter.swift
SwiftCompile normal arm64 /Users/admin/builder/spi-builder-workspace/RIBs/Classes/LeakDetector/Executor.swift (in target 'RIBs' from project 'RIBs')
    cd /Users/admin/builder/spi-builder-workspace/.swiftpm/xcode
    builtin-SwiftPerFileCompile Executor.swift
SwiftCompile normal arm64 Compiling\ Builder.swift,\ ComponentizedBuilder.swift /Users/admin/builder/spi-builder-workspace/RIBs/Classes/Builder.swift /Users/admin/builder/spi-builder-workspace/RIBs/Classes/ComponentizedBuilder.swift (in target 'RIBs' from project 'RIBs')
SwiftCompile normal arm64 /Users/admin/builder/spi-builder-workspace/RIBs/Classes/Builder.swift (in target 'RIBs' from project 'RIBs')
    cd /Users/admin/builder/spi-builder-workspace/.swiftpm/xcode
    builtin-SwiftPerFileCompile Builder.swift
SwiftCompile normal arm64 /Users/admin/builder/spi-builder-workspace/RIBs/Classes/ComponentizedBuilder.swift (in target 'RIBs' from project 'RIBs')
    cd /Users/admin/builder/spi-builder-workspace/.swiftpm/xcode
    builtin-SwiftPerFileCompile ComponentizedBuilder.swift
SwiftCompile normal arm64 Compiling\ PresentableInteractor.swift,\ Presenter.swift /Users/admin/builder/spi-builder-workspace/RIBs/Classes/PresentableInteractor.swift /Users/admin/builder/spi-builder-workspace/RIBs/Classes/Presenter.swift (in target 'RIBs' from project 'RIBs')
SwiftCompile normal arm64 /Users/admin/builder/spi-builder-workspace/RIBs/Classes/PresentableInteractor.swift (in target 'RIBs' from project 'RIBs')
    cd /Users/admin/builder/spi-builder-workspace/.swiftpm/xcode
    builtin-SwiftPerFileCompile PresentableInteractor.swift
SwiftCompile normal arm64 /Users/admin/builder/spi-builder-workspace/RIBs/Classes/Presenter.swift (in target 'RIBs' from project 'RIBs')
    cd /Users/admin/builder/spi-builder-workspace/.swiftpm/xcode
    builtin-SwiftPerFileCompile Presenter.swift
SwiftCompile normal arm64 Compiling\ Observable+Async.swift,\ Task+RIBs.swift /Users/admin/builder/spi-builder-workspace/RIBs/Classes/Concurrency/Observable+Async.swift /Users/admin/builder/spi-builder-workspace/RIBs/Classes/Concurrency/Task+RIBs.swift (in target 'RIBs' from project 'RIBs')
SwiftCompile normal arm64 /Users/admin/builder/spi-builder-workspace/RIBs/Classes/Concurrency/Observable+Async.swift (in target 'RIBs' from project 'RIBs')
    cd /Users/admin/builder/spi-builder-workspace/.swiftpm/xcode
    builtin-SwiftPerFileCompile Observable+Async.swift
SwiftCompile normal arm64 /Users/admin/builder/spi-builder-workspace/RIBs/Classes/Concurrency/Task+RIBs.swift (in target 'RIBs' from project 'RIBs')
    cd /Users/admin/builder/spi-builder-workspace/.swiftpm/xcode
    builtin-SwiftPerFileCompile Task+RIBs.swift
SwiftCompile normal arm64 Compiling\ Component.swift,\ Dependency.swift /Users/admin/builder/spi-builder-workspace/RIBs/Classes/DI/Component.swift /Users/admin/builder/spi-builder-workspace/RIBs/Classes/DI/Dependency.swift (in target 'RIBs' from project 'RIBs')
SwiftCompile normal arm64 /Users/admin/builder/spi-builder-workspace/RIBs/Classes/DI/Component.swift (in target 'RIBs' from project 'RIBs')
    cd /Users/admin/builder/spi-builder-workspace/.swiftpm/xcode
    builtin-SwiftPerFileCompile Component.swift
SwiftCompile normal arm64 /Users/admin/builder/spi-builder-workspace/RIBs/Classes/DI/Dependency.swift (in target 'RIBs' from project 'RIBs')
    cd /Users/admin/builder/spi-builder-workspace/.swiftpm/xcode
    builtin-SwiftPerFileCompile Dependency.swift
SwiftEmitModule normal arm64_32 Emitting\ module\ for\ RIBs (in target 'RIBs' from project 'RIBs')
SwiftCompile normal arm64_32 (in target 'RIBs' from project 'RIBs')
    cd /Users/admin/builder/spi-builder-workspace/.swiftpm/xcode

SwiftDriverJobDiscovery normal arm64 Compiling PresentableInteractor.swift, Presenter.swift (in target 'RIBs' from project 'RIBs')
SwiftCompile normal arm64_32 Compiling\ Builder.swift,\ ComponentizedBuilder.swift /Users/admin/builder/spi-builder-workspace/RIBs/Classes/Builder.swift /Users/admin/builder/spi-builder-workspace/RIBs/Classes/ComponentizedBuilder.swift (in target 'RIBs' from project 'RIBs')
SwiftCompile normal arm64_32 /Users/admin/builder/spi-builder-workspace/RIBs/Classes/Builder.swift (in target 'RIBs' from project 'RIBs')
    cd /Users/admin/builder/spi-builder-workspace/.swiftpm/xcode
    builtin-SwiftPerFileCompile Builder.swift
SwiftCompile normal arm64_32 /Users/admin/builder/spi-builder-workspace/RIBs/Classes/ComponentizedBuilder.swift (in target 'RIBs' from project 'RIBs')
    cd /Users/admin/builder/spi-builder-workspace/.swiftpm/xcode
    builtin-SwiftPerFileCompile ComponentizedBuilder.swift
SwiftDriverJobDiscovery normal arm64 Compiling Observable+Async.swift, Task+RIBs.swift (in target 'RIBs' from project 'RIBs')
SwiftCompile normal arm64_32 Compiling\ Router.swift,\ ViewControllable.swift /Users/admin/builder/spi-builder-workspace/RIBs/Classes/Router.swift /Users/admin/builder/spi-builder-workspace/RIBs/Classes/ViewControllable.swift (in target 'RIBs' from project 'RIBs')
SwiftCompile normal arm64_32 /Users/admin/builder/spi-builder-workspace/RIBs/Classes/Router.swift (in target 'RIBs' from project 'RIBs')
    cd /Users/admin/builder/spi-builder-workspace/.swiftpm/xcode
    builtin-SwiftPerFileCompile Router.swift
SwiftCompile normal arm64_32 /Users/admin/builder/spi-builder-workspace/RIBs/Classes/ViewControllable.swift (in target 'RIBs' from project 'RIBs')
    cd /Users/admin/builder/spi-builder-workspace/.swiftpm/xcode
    builtin-SwiftPerFileCompile ViewControllable.swift
SwiftDriverJobDiscovery normal arm64 Compiling Builder.swift, ComponentizedBuilder.swift (in target 'RIBs' from project 'RIBs')
SwiftCompile normal arm64_32 Compiling\ LaunchRouter.swift,\ Executor.swift /Users/admin/builder/spi-builder-workspace/RIBs/Classes/LaunchRouter.swift /Users/admin/builder/spi-builder-workspace/RIBs/Classes/LeakDetector/Executor.swift (in target 'RIBs' from project 'RIBs')
SwiftCompile normal arm64_32 /Users/admin/builder/spi-builder-workspace/RIBs/Classes/LaunchRouter.swift (in target 'RIBs' from project 'RIBs')
    cd /Users/admin/builder/spi-builder-workspace/.swiftpm/xcode
    builtin-SwiftPerFileCompile LaunchRouter.swift
SwiftCompile normal arm64_32 /Users/admin/builder/spi-builder-workspace/RIBs/Classes/LeakDetector/Executor.swift (in target 'RIBs' from project 'RIBs')
    cd /Users/admin/builder/spi-builder-workspace/.swiftpm/xcode
    builtin-SwiftPerFileCompile Executor.swift
SwiftDriverJobDiscovery normal arm64 Compiling Component.swift, Dependency.swift (in target 'RIBs' from project 'RIBs')
SwiftCompile normal arm64_32 Compiling\ Component.swift,\ Dependency.swift /Users/admin/builder/spi-builder-workspace/RIBs/Classes/DI/Component.swift /Users/admin/builder/spi-builder-workspace/RIBs/Classes/DI/Dependency.swift (in target 'RIBs' from project 'RIBs')
SwiftCompile normal arm64_32 /Users/admin/builder/spi-builder-workspace/RIBs/Classes/DI/Component.swift (in target 'RIBs' from project 'RIBs')
    cd /Users/admin/builder/spi-builder-workspace/.swiftpm/xcode
    builtin-SwiftPerFileCompile Component.swift
SwiftCompile normal arm64_32 /Users/admin/builder/spi-builder-workspace/RIBs/Classes/DI/Dependency.swift (in target 'RIBs' from project 'RIBs')
    cd /Users/admin/builder/spi-builder-workspace/.swiftpm/xcode
    builtin-SwiftPerFileCompile Dependency.swift
SwiftDriverJobDiscovery normal arm64 Compiling Workflow.swift (in target 'RIBs' from project 'RIBs')
SwiftCompile normal arm64_32 Compiling\ ViewableRouter.swift,\ Worker.swift /Users/admin/builder/spi-builder-workspace/RIBs/Classes/ViewableRouter.swift /Users/admin/builder/spi-builder-workspace/RIBs/Classes/Worker/Worker.swift (in target 'RIBs' from project 'RIBs')
SwiftCompile normal arm64_32 /Users/admin/builder/spi-builder-workspace/RIBs/Classes/ViewableRouter.swift (in target 'RIBs' from project 'RIBs')
    cd /Users/admin/builder/spi-builder-workspace/.swiftpm/xcode
    builtin-SwiftPerFileCompile ViewableRouter.swift
SwiftCompile normal arm64_32 /Users/admin/builder/spi-builder-workspace/RIBs/Classes/Worker/Worker.swift (in target 'RIBs' from project 'RIBs')
    cd /Users/admin/builder/spi-builder-workspace/.swiftpm/xcode
    builtin-SwiftPerFileCompile Worker.swift
PruneExplicitPrecompiledModules /Users/admin/builder/spi-builder-workspace/.derivedData/Build/Intermediates.noindex/ExplicitPrecompiledModules
PruneExplicitPrecompiledModules /Users/admin/builder/spi-builder-workspace/.derivedData/SDKExplicitPrecompiledModules
PruneExplicitPrecompiledModules /Users/admin/builder/spi-builder-workspace/.derivedData/Build/Intermediates.noindex/SwiftExplicitPrecompiledModules
2026-09-26 02:08:20.320 xcodebuild[772:4789] [MT] IDERunDestination: Supported platforms for the buildables in the current scheme is empty.
** BUILD FAILED **
The following build commands failed:
	SwiftCompile normal arm64 (in target 'RIBs' from project 'RIBs')
	SwiftEmitModule normal arm64 Emitting\ module\ for\ RIBs (in target 'RIBs' from project 'RIBs')
	Building workspace RIBs with scheme RIBs
(3 failures)
Command line invocation:
    /Applications/Xcode-27.0.0-Release.Candidate.app/Contents/Developer/usr/bin/xcodebuild -IDEClonedSourcePackagesDirPathOverride=/Users/admin/builder/spi-builder-workspace/.dependencies -resolvePackageDependencies
Resolve Package Graph
Resolved source packages:
  RIBs: /Users/admin/builder/spi-builder-workspace
  RxSwift: https://github.com/ReactiveX/RxSwift @ 6.10.2
  CwlPreconditionTesting: https://github.com/mattgallagher/CwlPreconditionTesting.git @ 2.2.2
  CwlCatchException: https://github.com/mattgallagher/CwlCatchException.git @ 2.2.1
resolved source packages: RIBs, RxSwift, CwlPreconditionTesting, CwlCatchException
2026-09-26 02:08:31.799 xcodebuild[978:6049] [MT] IDERunDestination: Supported platforms for the buildables in the current scheme is empty.
{
  "dependencies" : [
    {
      "identity" : "rxswift",
      "requirement" : {
        "range" : [
          {
            "lower_bound" : "6.9.0",
            "upper_bound" : "7.0.0"
          }
        ]
      },
      "type" : "sourceControl",
      "url" : "https://github.com/ReactiveX/RxSwift"
    },
    {
      "identity" : "cwlpreconditiontesting",
      "requirement" : {
        "range" : [
          {
            "lower_bound" : "2.2.2",
            "upper_bound" : "3.0.0"
          }
        ]
      },
      "type" : "sourceControl",
      "url" : "https://github.com/mattgallagher/CwlPreconditionTesting.git"
    }
  ],
  "manifest_display_name" : "RIBs",
  "name" : "RIBs",
  "path" : "/Users/admin/builder/spi-builder-workspace",
  "platforms" : [
    {
      "name" : "ios",
      "version" : "15.0"
    }
  ],
  "products" : [
    {
      "name" : "RIBs",
      "targets" : [
        "RIBs"
      ],
      "type" : {
        "library" : [
          "automatic"
        ]
      }
    }
  ],
  "targets" : [
    {
      "c99name" : "RIBsTests",
      "module_type" : "SwiftTarget",
      "name" : "RIBsTests",
      "path" : "RIBsTests",
      "product_dependencies" : [
        "CwlPreconditionTesting"
      ],
      "sources" : [
        "ComponentizedBuilderTests.swift",
        "Concurrency/InteractorConcurrencyTests.swift",
        "Concurrency/ObservableConcurrencyTests.swift",
        "Concurrency/WorkerConcurrencyTests.swift",
        "Concurrency/WorkflowConcurrencyTests.swift",
        "DI/ComponentTests.swift",
        "Extensions/Foundation+ExtensionsTests.swift",
        "Interactor/InteractorTests.swift",
        "Interactor/PresentableInteractorTests.swift",
        "LaunchRouterTests.swift",
        "LeakDetector/LeakDetectorMock.swift",
        "Mocks.swift",
        "MultiStageComponentizedBuilderTests.swift",
        "Router/RouterTests.swift",
        "Router/ViewableRouterTests.swift",
        "Worker/WorkerTests.swift",
        "Workflow/WorkflowTests.swift"
      ],
      "target_dependencies" : [
        "RIBs"
      ],
      "type" : "test"
    },
    {
      "c99name" : "RIBs",
      "module_type" : "SwiftTarget",
      "name" : "RIBs",
      "path" : "RIBs",
      "product_dependencies" : [
        "RxSwift",
        "RxRelay"
      ],
      "product_memberships" : [
        "RIBs"
      ],
      "sources" : [
        "Classes/Builder.swift",
        "Classes/ComponentizedBuilder.swift",
        "Classes/Concurrency/Observable+Async.swift",
        "Classes/Concurrency/Task+RIBs.swift",
        "Classes/DI/Component.swift",
        "Classes/DI/Dependency.swift",
        "Classes/Extensions/Foundation+Extensions.swift",
        "Classes/Interactor.swift",
        "Classes/LaunchRouter.swift",
        "Classes/LeakDetector/Executor.swift",
        "Classes/LeakDetector/LeakDetector.swift",
        "Classes/MultiStageComponentizedBuilder.swift",
        "Classes/PresentableInteractor.swift",
        "Classes/Presenter.swift",
        "Classes/Router.swift",
        "Classes/ViewControllable.swift",
        "Classes/ViewableRouter.swift",
        "Classes/Worker/Worker.swift",
        "Classes/Workflow/Workflow.swift"
      ],
      "type" : "library"
    }
  ],
  "tools_version" : "5.5"
}
{
  "workspace" : {
    "name" : "RIBs",
    "schemes" : [
      "RIBs"
    ]
  }
}
2026-09-26 02:08:33.174 xcodebuild[986:6119] [MT] IDERunDestination: Supported platforms for the buildables in the current scheme is empty.
Running build ...
env DEVELOPER_DIR=/Applications/Xcode-27.0.0-Release.Candidate.app xcrun xcodebuild -IDEClonedSourcePackagesDirPathOverride=$PWD/.dependencies -skipMacroValidation -skipPackagePluginValidation -derivedDataPath $PWD/.derivedData build -scheme RIBs -destination generic/platform=watchOS
Command line invocation:
    /Applications/Xcode-27.0.0-Release.Candidate.app/Contents/Developer/usr/bin/xcodebuild -IDEClonedSourcePackagesDirPathOverride=/Users/admin/builder/spi-builder-workspace/.dependencies -skipMacroValidation -skipPackagePluginValidation -derivedDataPath /Users/admin/builder/spi-builder-workspace/.derivedData build -scheme RIBs -destination generic/platform=watchOS
Resolve Package Graph
Resolved source packages:
  RIBs: /Users/admin/builder/spi-builder-workspace
  CwlCatchException: https://github.com/mattgallagher/CwlCatchException.git @ 2.2.1
  RxSwift: https://github.com/ReactiveX/RxSwift @ 6.10.2
  CwlPreconditionTesting: https://github.com/mattgallagher/CwlPreconditionTesting.git @ 2.2.2
ComputePackagePrebuildTargetDependencyGraph
Prepare packages
CreateBuildRequest
SendProjectDescription
CreateBuildOperation
ComputeTargetDependencyGraph
note: Building targets in dependency order
note: Target dependency graph (8 targets)
    Target 'RIBs-product' in project 'RIBs'
        ➜ Explicit dependency on target 'RIBs' in project 'RIBs'
        ➜ Explicit dependency on target 'RxSwift-product' in project 'RxSwift'
        ➜ Explicit dependency on target 'RxRelay-product' in project 'RxSwift'
    Target 'RIBs' in project 'RIBs'
        ➜ Explicit dependency on target 'RxSwift-product' in project 'RxSwift'
        ➜ Explicit dependency on target 'RxRelay-product' in project 'RxSwift'
    Target 'RxRelay-product' in project 'RxSwift'
        ➜ Explicit dependency on target 'RxRelay' in project 'RxSwift'
        ➜ Explicit dependency on target 'RxSwift_RxRelay' in project 'RxSwift'
        ➜ Explicit dependency on target 'RxSwift' in project 'RxSwift'
    Target 'RxRelay' in project 'RxSwift'
        ➜ Explicit dependency on target 'RxSwift_RxRelay' in project 'RxSwift'
        ➜ Explicit dependency on target 'RxSwift' in project 'RxSwift'
    Target 'RxSwift_RxRelay' in project 'RxSwift' (no dependencies)
    Target 'RxSwift-product' in project 'RxSwift'
        ➜ Explicit dependency on target 'RxSwift' in project 'RxSwift'
        ➜ Explicit dependency on target 'RxSwift_RxSwift' in project 'RxSwift'
    Target 'RxSwift' in project 'RxSwift'
        ➜ Explicit dependency on target 'RxSwift_RxSwift' in project 'RxSwift'
    Target 'RxSwift_RxSwift' in project 'RxSwift' (no dependencies)
GatherProvisioningInputs
CreateBuildDescription
ClangStatCache /Applications/Xcode-27.0.0-Release.Candidate.app/Contents/Developer/Toolchains/XcodeDefault.xctoolchain/usr/bin/clang-stat-cache /Applications/Xcode-27.0.0-Release.Candidate.app/Contents/Developer/Platforms/WatchOS.platform/Developer/SDKs/WatchOS27.0.sdk /Users/admin/builder/spi-builder-workspace/.derivedData/SDKStatCaches.noindex/watchos27.0-24R360-e829b21a6f8c9b70876ba0858053c04477534ef55a1706bf4c1112bbb242f0a2.sdkstatcache
    cd /Users/admin/builder/spi-builder-workspace/.swiftpm/xcode
    /Applications/Xcode-27.0.0-Release.Candidate.app/Contents/Developer/Toolchains/XcodeDefault.xctoolchain/usr/bin/clang-stat-cache /Applications/Xcode-27.0.0-Release.Candidate.app/Contents/Developer/Platforms/WatchOS.platform/Developer/SDKs/WatchOS27.0.sdk -o /Users/admin/builder/spi-builder-workspace/.derivedData/SDKStatCaches.noindex/watchos27.0-24R360-e829b21a6f8c9b70876ba0858053c04477534ef55a1706bf4c1112bbb242f0a2.sdkstatcache
SwiftDriver RIBs normal arm64 com.apple.xcode.tools.swift.compiler (in target 'RIBs' from project 'RIBs')
    cd /Users/admin/builder/spi-builder-workspace/.swiftpm/xcode
    builtin-SwiftDriver -- /Applications/Xcode-27.0.0-Release.Candidate.app/Contents/Developer/Toolchains/XcodeDefault.xctoolchain/usr/bin/swiftc -parse-as-library -module-name RIBs -Onone @/Users/admin/builder/spi-builder-workspace/.derivedData/Build/Intermediates.noindex/RIBs.build/Debug-watchos/RIBs-t.build/Objects-normal/arm64/RIBs.SwiftFileList -DSWIFT_PACKAGE -DDEBUG -DSWIFT_MODULE_RESOURCE_BUNDLE_UNAVAILABLE -DXcode -plugin-path /Applications/Xcode-27.0.0-Release.Candidate.app/Contents/Developer/Toolchains/XcodeDefault.xctoolchain/usr/lib/swift/host/plugins/testing -enable-experimental-feature DebugDescriptionMacro -sdk /Applications/Xcode-27.0.0-Release.Candidate.app/Contents/Developer/Platforms/WatchOS.platform/Developer/SDKs/WatchOS27.0.sdk -target arm64-apple-watchos9.0 -g -module-cache-path /Users/admin/builder/spi-builder-workspace/.derivedData/ModuleCache.noindex -Xfrontend -serialize-debugging-options -profile-coverage-mapping -profile-generate -enable-testing -index-store-path /Users/admin/builder/spi-builder-workspace/.derivedData/Index.noindex/DataStore -Xcc -D_LIBCPP_HARDENING_MODE\=_LIBCPP_HARDENING_MODE_DEBUG -swift-version 5 -I /Users/admin/builder/spi-builder-workspace/.derivedData/Build/Products/Debug-watchos -Isystem /Applications/Xcode-27.0.0-Release.Candidate.app/Contents/Developer/Platforms/WatchOS.platform/Developer/usr/lib -F /Users/admin/builder/spi-builder-workspace/.derivedData/Build/Products/Debug-watchos/PackageFrameworks -F /Users/admin/builder/spi-builder-workspace/.derivedData/Build/Products/Debug-watchos -F /Applications/Xcode-27.0.0-Release.Candidate.app/Contents/Developer/Platforms/WatchOS.platform/Developer/Library/Frameworks -F /Applications/Xcode-27.0.0-Release.Candidate.app/Contents/Developer/Platforms/WatchOS.platform/Developer/SDKs/WatchOS27.0.sdk/Developer/Library/Frameworks -c -j10 -enable-batch-mode -incremental -Xcc -ivfsstatcache -Xcc /Users/admin/builder/spi-builder-workspace/.derivedData/SDKStatCaches.noindex/watchos27.0-24R360-e829b21a6f8c9b70876ba0858053c04477534ef55a1706bf4c1112bbb242f0a2.sdkstatcache -output-file-map /Users/admin/builder/spi-builder-workspace/.derivedData/Build/Intermediates.noindex/RIBs.build/Debug-watchos/RIBs-t.build/Objects-normal/arm64/RIBs-OutputFileMap.json -save-temps -no-color-diagnostics -explicit-module-build -module-cache-path /Users/admin/builder/spi-builder-workspace/.derivedData/Build/Intermediates.noindex/SwiftExplicitPrecompiledModules -clang-scanner-module-cache-path /Users/admin/builder/spi-builder-workspace/.derivedData/ModuleCache.noindex -sdk-module-cache-path /Users/admin/builder/spi-builder-workspace/.derivedData/SDKExplicitPrecompiledModules -emit-dependencies -emit-module -emit-module-path /Users/admin/builder/spi-builder-workspace/.derivedData/Build/Intermediates.noindex/RIBs.build/Debug-watchos/RIBs-t.build/Objects-normal/arm64/RIBs.swiftmodule -serialize-diagnostics -dependency-scan-serialize-diagnostics-path /Users/admin/builder/spi-builder-workspace/.derivedData/Build/Intermediates.noindex/RIBs.build/Debug-watchos/RIBs-t.build/Objects-normal/arm64/RIBs-dependency-scan.dia -validate-clang-modules-once -clang-build-session-file /Users/admin/builder/spi-builder-workspace/.derivedData/ModuleCache.noindex/Session.modulevalidation -Xcc -fmodules-prune-interval\=86400 -Xcc -fmodules-prune-after\=345600 -emit-const-values -const-gather-protocols-list /Users/admin/builder/spi-builder-workspace/.derivedData/Build/Intermediates.noindex/RIBs.build/Debug-watchos/RIBs-t.build/Objects-normal/arm64/RIBs_const_extract_protocols.json -Xcc -I/Users/admin/builder/spi-builder-workspace/.derivedData/Build/Products/Debug-watchos/include -Xcc -I/Users/admin/builder/spi-builder-workspace/.derivedData/Build/Intermediates.noindex/RIBs.build/Debug-watchos/RIBs-t.build/DerivedSources-normal/arm64 -Xcc -I/Users/admin/builder/spi-builder-workspace/.derivedData/Build/Intermediates.noindex/RIBs.build/Debug-watchos/RIBs-t.build/DerivedSources/arm64 -Xcc -I/Users/admin/builder/spi-builder-workspace/.derivedData/Build/Intermediates.noindex/RIBs.build/Debug-watchos/RIBs-t.build/DerivedSources -Xcc -DSWIFT_PACKAGE -Xcc -DDEBUG\=1 -emit-objc-header -emit-objc-header-path /Users/admin/builder/spi-builder-workspace/.derivedData/Build/Intermediates.noindex/RIBs.build/Debug-watchos/RIBs-t.build/Objects-normal/arm64/RIBs-Swift.h -working-directory /Users/admin/builder/spi-builder-workspace/.swiftpm/xcode -experimental-emit-module-separately -disable-cmo
SwiftDriver RIBs normal arm64_32 com.apple.xcode.tools.swift.compiler (in target 'RIBs' from project 'RIBs')
    cd /Users/admin/builder/spi-builder-workspace/.swiftpm/xcode
    builtin-SwiftDriver -- /Applications/Xcode-27.0.0-Release.Candidate.app/Contents/Developer/Toolchains/XcodeDefault.xctoolchain/usr/bin/swiftc -parse-as-library -module-name RIBs -Onone @/Users/admin/builder/spi-builder-workspace/.derivedData/Build/Intermediates.noindex/RIBs.build/Debug-watchos/RIBs-t.build/Objects-normal/arm64_32/RIBs.SwiftFileList -DSWIFT_PACKAGE -DDEBUG -DSWIFT_MODULE_RESOURCE_BUNDLE_UNAVAILABLE -DXcode -plugin-path /Applications/Xcode-27.0.0-Release.Candidate.app/Contents/Developer/Toolchains/XcodeDefault.xctoolchain/usr/lib/swift/host/plugins/testing -enable-experimental-feature DebugDescriptionMacro -sdk /Applications/Xcode-27.0.0-Release.Candidate.app/Contents/Developer/Platforms/WatchOS.platform/Developer/SDKs/WatchOS27.0.sdk -target arm64_32-apple-watchos9.0 -g -module-cache-path /Users/admin/builder/spi-builder-workspace/.derivedData/ModuleCache.noindex -Xfrontend -serialize-debugging-options -profile-coverage-mapping -profile-generate -enable-testing -index-store-path /Users/admin/builder/spi-builder-workspace/.derivedData/Index.noindex/DataStore -Xcc -D_LIBCPP_HARDENING_MODE\=_LIBCPP_HARDENING_MODE_DEBUG -swift-version 5 -I /Users/admin/builder/spi-builder-workspace/.derivedData/Build/Products/Debug-watchos -Isystem /Applications/Xcode-27.0.0-Release.Candidate.app/Contents/Developer/Platforms/WatchOS.platform/Developer/usr/lib -F /Users/admin/builder/spi-builder-workspace/.derivedData/Build/Products/Debug-watchos/PackageFrameworks -F /Users/admin/builder/spi-builder-workspace/.derivedData/Build/Products/Debug-watchos -F /Applications/Xcode-27.0.0-Release.Candidate.app/Contents/Developer/Platforms/WatchOS.platform/Developer/Library/Frameworks -F /Applications/Xcode-27.0.0-Release.Candidate.app/Contents/Developer/Platforms/WatchOS.platform/Developer/SDKs/WatchOS27.0.sdk/Developer/Library/Frameworks -c -j10 -enable-batch-mode -incremental -Xcc -ivfsstatcache -Xcc /Users/admin/builder/spi-builder-workspace/.derivedData/SDKStatCaches.noindex/watchos27.0-24R360-e829b21a6f8c9b70876ba0858053c04477534ef55a1706bf4c1112bbb242f0a2.sdkstatcache -output-file-map /Users/admin/builder/spi-builder-workspace/.derivedData/Build/Intermediates.noindex/RIBs.build/Debug-watchos/RIBs-t.build/Objects-normal/arm64_32/RIBs-OutputFileMap.json -save-temps -no-color-diagnostics -explicit-module-build -module-cache-path /Users/admin/builder/spi-builder-workspace/.derivedData/Build/Intermediates.noindex/SwiftExplicitPrecompiledModules -clang-scanner-module-cache-path /Users/admin/builder/spi-builder-workspace/.derivedData/ModuleCache.noindex -sdk-module-cache-path /Users/admin/builder/spi-builder-workspace/.derivedData/SDKExplicitPrecompiledModules -emit-dependencies -emit-module -emit-module-path /Users/admin/builder/spi-builder-workspace/.derivedData/Build/Intermediates.noindex/RIBs.build/Debug-watchos/RIBs-t.build/Objects-normal/arm64_32/RIBs.swiftmodule -serialize-diagnostics -dependency-scan-serialize-diagnostics-path /Users/admin/builder/spi-builder-workspace/.derivedData/Build/Intermediates.noindex/RIBs.build/Debug-watchos/RIBs-t.build/Objects-normal/arm64_32/RIBs-dependency-scan.dia -validate-clang-modules-once -clang-build-session-file /Users/admin/builder/spi-builder-workspace/.derivedData/ModuleCache.noindex/Session.modulevalidation -Xcc -fmodules-prune-interval\=86400 -Xcc -fmodules-prune-after\=345600 -emit-const-values -const-gather-protocols-list /Users/admin/builder/spi-builder-workspace/.derivedData/Build/Intermediates.noindex/RIBs.build/Debug-watchos/RIBs-t.build/Objects-normal/arm64_32/RIBs_const_extract_protocols.json -Xcc -I/Users/admin/builder/spi-builder-workspace/.derivedData/Build/Products/Debug-watchos/include -Xcc -I/Users/admin/builder/spi-builder-workspace/.derivedData/Build/Intermediates.noindex/RIBs.build/Debug-watchos/RIBs-t.build/DerivedSources-normal/arm64_32 -Xcc -I/Users/admin/builder/spi-builder-workspace/.derivedData/Build/Intermediates.noindex/RIBs.build/Debug-watchos/RIBs-t.build/DerivedSources/arm64_32 -Xcc -I/Users/admin/builder/spi-builder-workspace/.derivedData/Build/Intermediates.noindex/RIBs.build/Debug-watchos/RIBs-t.build/DerivedSources -Xcc -DSWIFT_PACKAGE -Xcc -DDEBUG\=1 -emit-objc-header -emit-objc-header-path /Users/admin/builder/spi-builder-workspace/.derivedData/Build/Intermediates.noindex/RIBs.build/Debug-watchos/RIBs-t.build/Objects-normal/arm64_32/RIBs-Swift.h -working-directory /Users/admin/builder/spi-builder-workspace/.swiftpm/xcode -experimental-emit-module-separately -disable-cmo
SwiftEmitModule normal arm64_32 Emitting\ module\ for\ RIBs (in target 'RIBs' from project 'RIBs')
/Users/admin/builder/spi-builder-workspace/RIBs/Classes/LaunchRouter.swift:25:30: error: 'UIWindow' is unavailable in watchOS
23 |     ///
24 |     /// - parameter window: The application window to launch from.
25 |     func launch(from window: UIWindow)
   |                              `- error: 'UIWindow' is unavailable in watchOS
26 | }
27 |
/Applications/Xcode-27.0.0-Release.Candidate.app/Contents/Developer/Platforms/WatchOS.platform/Developer/SDKs/WatchOS27.0.sdk/System/Library/Frameworks/UIKit.framework/Headers/UIWindow.h:22:12: note: 'UIWindow' has been explicitly marked unavailable here
 20 |
 21 | UIKIT_EXTERN API_AVAILABLE(ios(2.0)) API_UNAVAILABLE(watchos) NS_SWIFT_UI_ACTOR
 22 | @interface UIWindow : UIView
    |            `- note: 'UIWindow' has been explicitly marked unavailable here
 23 |
 24 | // instantiate a UIWindow already associated with a given UIWindowScene instance, with matching frame & interface orientations.
/Users/admin/builder/spi-builder-workspace/RIBs/Classes/LaunchRouter.swift:42:43: error: 'UIWindow' is unavailable in watchOS
40 |     ///
41 |     /// - parameter window: The window to launch the router tree in.
42 |     public final func launch(from window: UIWindow) {
   |                                           `- error: 'UIWindow' is unavailable in watchOS
43 |         window.rootViewController = viewControllable.uiviewController
44 |         window.makeKeyAndVisible()
/Applications/Xcode-27.0.0-Release.Candidate.app/Contents/Developer/Platforms/WatchOS.platform/Developer/SDKs/WatchOS27.0.sdk/System/Library/Frameworks/UIKit.framework/Headers/UIWindow.h:22:12: note: 'UIWindow' has been explicitly marked unavailable here
 20 |
 21 | UIKIT_EXTERN API_AVAILABLE(ios(2.0)) API_UNAVAILABLE(watchos) NS_SWIFT_UI_ACTOR
 22 | @interface UIWindow : UIView
    |            `- note: 'UIWindow' has been explicitly marked unavailable here
 23 |
 24 | // instantiate a UIWindow already associated with a given UIWindowScene instance, with matching frame & interface orientations.
/Users/admin/builder/spi-builder-workspace/RIBs/Classes/LeakDetector/LeakDetector.swift:123:63: error: 'UIViewController' is unavailable in watchOS
121 |     /// - returns: The handle that can be used to cancel the expectation.
122 |     @discardableResult
123 |     public func expectViewControllerDisappear(viewController: UIViewController, inTime time: TimeInterval = LeakDefaultExpectationTime.viewDisappear) -> LeakDetectionHandle {
    |                                                               `- error: 'UIViewController' is unavailable in watchOS
124 |         expectationCount.accept(expectationCount.value + 1)
125 |
/Applications/Xcode-27.0.0-Release.Candidate.app/Contents/Developer/Platforms/WatchOS.platform/Developer/SDKs/WatchOS27.0.sdk/System/Library/Frameworks/UIKit.framework/Headers/UIViewController.h:104:12: note: 'UIViewController' has been explicitly marked unavailable here
102 |
103 | UIKIT_EXTERN API_AVAILABLE(ios(2.0)) API_UNAVAILABLE(watchos) NS_SWIFT_UI_ACTOR
104 | @interface UIViewController : UIResponder <NSCoding, UIAppearanceContainer, UITraitEnvironment, UIContentContainer, UIFocusEnvironment>
    |            `- note: 'UIViewController' has been explicitly marked unavailable here
105 |
106 | /*
/Users/admin/builder/spi-builder-workspace/RIBs/Classes/ViewControllable.swift:22:27: error: 'UIViewController' is unavailable in watchOS
20 | public protocol ViewControllable: AnyObject {
21 |
22 |     var uiviewController: UIViewController { get }
   |                           `- error: 'UIViewController' is unavailable in watchOS
23 | }
24 |
/Applications/Xcode-27.0.0-Release.Candidate.app/Contents/Developer/Platforms/WatchOS.platform/Developer/SDKs/WatchOS27.0.sdk/System/Library/Frameworks/UIKit.framework/Headers/UIViewController.h:104:12: note: 'UIViewController' has been explicitly marked unavailable here
102 |
103 | UIKIT_EXTERN API_AVAILABLE(ios(2.0)) API_UNAVAILABLE(watchos) NS_SWIFT_UI_ACTOR
104 | @interface UIViewController : UIResponder <NSCoding, UIAppearanceContainer, UITraitEnvironment, UIContentContainer, UIFocusEnvironment>
    |            `- note: 'UIViewController' has been explicitly marked unavailable here
105 |
106 | /*
/Users/admin/builder/spi-builder-workspace/RIBs/Classes/ViewControllable.swift:28:27: error: 'UIViewController' is unavailable in watchOS
26 | public extension ViewControllable where Self: UIViewController {
27 |
28 |     var uiviewController: UIViewController {
   |                           `- error: 'UIViewController' is unavailable in watchOS
29 |         return self
30 |     }
/Applications/Xcode-27.0.0-Release.Candidate.app/Contents/Developer/Platforms/WatchOS.platform/Developer/SDKs/WatchOS27.0.sdk/System/Library/Frameworks/UIKit.framework/Headers/UIViewController.h:104:12: note: 'UIViewController' has been explicitly marked unavailable here
102 |
103 | UIKIT_EXTERN API_AVAILABLE(ios(2.0)) API_UNAVAILABLE(watchos) NS_SWIFT_UI_ACTOR
104 | @interface UIViewController : UIResponder <NSCoding, UIAppearanceContainer, UITraitEnvironment, UIContentContainer, UIFocusEnvironment>
    |            `- note: 'UIViewController' has been explicitly marked unavailable here
105 |
106 | /*
/Users/admin/builder/spi-builder-workspace/RIBs/Classes/ViewControllable.swift:26:47: error: 'UIViewController' is unavailable in watchOS
24 |
25 | /// Default implementation on `UIViewController` to conform to `ViewControllable` protocol
26 | public extension ViewControllable where Self: UIViewController {
   |                                               `- error: 'UIViewController' is unavailable in watchOS
27 |
28 |     var uiviewController: UIViewController {
/Applications/Xcode-27.0.0-Release.Candidate.app/Contents/Developer/Platforms/WatchOS.platform/Developer/SDKs/WatchOS27.0.sdk/System/Library/Frameworks/UIKit.framework/Headers/UIViewController.h:104:12: note: 'UIViewController' has been explicitly marked unavailable here
102 |
103 | UIKIT_EXTERN API_AVAILABLE(ios(2.0)) API_UNAVAILABLE(watchos) NS_SWIFT_UI_ACTOR
104 | @interface UIViewController : UIResponder <NSCoding, UIAppearanceContainer, UITraitEnvironment, UIContentContainer, UIFocusEnvironment>
    |            `- note: 'UIViewController' has been explicitly marked unavailable here
105 |
106 | /*
Failed frontend command:
SwiftCompile normal arm64_32 (in target 'RIBs' from project 'RIBs')
    cd /Users/admin/builder/spi-builder-workspace/.swiftpm/xcode

/Applications/Xcode-27.0.0-Release.Candidate.app/Contents/Developer/Toolchains/XcodeDefault.xctoolchain/usr/bin/swift-frontend -frontend -emit-module -experimental-skip-non-inlinable-function-bodies-without-types /Users/admin/builder/spi-builder-workspace/RIBs/Classes/Builder.swift /Users/admin/builder/spi-builder-workspace/RIBs/Classes/ComponentizedBuilder.swift /Users/admin/builder/spi-builder-workspace/RIBs/Classes/Concurrency/Observable+Async.swift /Users/admin/builder/spi-builder-workspace/RIBs/Classes/Concurrency/Task+RIBs.swift /Users/admin/builder/spi-builder-workspace/RIBs/Classes/DI/Component.swift /Users/admin/builder/spi-builder-workspace/RIBs/Classes/DI/Dependency.swift /Users/admin/builder/spi-builder-workspace/RIBs/Classes/Extensions/Foundation+Extensions.swift /Users/admin/builder/spi-builder-workspace/RIBs/Classes/Interactor.swift /Users/admin/builder/spi-builder-workspace/RIBs/Classes/LaunchRouter.swift /Users/admin/builder/spi-builder-workspace/RIBs/Classes/LeakDetector/Executor.swift /Users/admin/builder/spi-builder-workspace/RIBs/Classes/LeakDetector/LeakDetector.swift /Users/admin/builder/spi-builder-workspace/RIBs/Classes/MultiStageComponentizedBuilder.swift /Users/admin/builder/spi-builder-workspace/RIBs/Classes/PresentableInteractor.swift /Users/admin/builder/spi-builder-workspace/RIBs/Classes/Presenter.swift /Users/admin/builder/spi-builder-workspace/RIBs/Classes/Router.swift /Users/admin/builder/spi-builder-workspace/RIBs/Classes/ViewControllable.swift /Users/admin/builder/spi-builder-workspace/RIBs/Classes/ViewableRouter.swift /Users/admin/builder/spi-builder-workspace/RIBs/Classes/Worker/Worker.swift /Users/admin/builder/spi-builder-workspace/RIBs/Classes/Workflow/Workflow.swift -target arm64_32-apple-watchos9.0 -module-can-import-version _Concurrency 6.4.0.31 0 -disable-cross-import-overlay-search -load-resolved-plugin /Applications/Xcode-27.0.0-Release.Candidate.app/Contents/Developer/Platforms/WatchOS.platform/Developer/usr/lib/swift/host/plugins/libFoundationMacros.dylib\#/Applications/Xcode-27.0.0-Release.Candidate.app/Contents/Developer/Platforms/WatchOS.platform/Developer/usr/bin/swift-plugin-server\#FoundationMacros -load-resolved-plugin /Applications/Xcode-27.0.0-Release.Candidate.app/Contents/Developer/Platforms/WatchOS.platform/Developer/usr/lib/swift/host/plugins/libObservationMacros.dylib\#/Applications/Xcode-27.0.0-Release.Candidate.app/Contents/Developer/Platforms/WatchOS.platform/Developer/usr/bin/swift-plugin-server\#ObservationMacros -load-resolved-plugin /Applications/Xcode-27.0.0-Release.Candidate.app/Contents/Developer/Platforms/WatchOS.platform/Developer/usr/lib/swift/host/plugins/libSwiftMacros.dylib\#/Applications/Xcode-27.0.0-Release.Candidate.app/Contents/Developer/Platforms/WatchOS.platform/Developer/usr/bin/swift-plugin-server\#SwiftMacros -load-resolved-plugin /Applications/Xcode-27.0.0-Release.Candidate.app/Contents/Developer/Platforms/WatchOS.platform/Developer/usr/lib/swift/host/plugins/libSwiftUIMacros.dylib\#/Applications/Xcode-27.0.0-Release.Candidate.app/Contents/Developer/Platforms/WatchOS.platform/Developer/usr/bin/swift-plugin-server\#SwiftUIMacros -disable-implicit-swift-modules -Xcc -fno-implicit-modules -Xcc -fno-implicit-module-maps -explicit-swift-module-map-file /Users/admin/builder/spi-builder-workspace/.derivedData/Build/Intermediates.noindex/RIBs.build/Debug-watchos/RIBs-t.build/Objects-normal/arm64_32/RIBs-dependencies-1.json -enable-objc-interop -sdk /Applications/Xcode-27.0.0-Release.Candidate.app/Contents/Developer/Platforms/WatchOS.platform/Developer/SDKs/WatchOS27.0.sdk -I /Users/admin/builder/spi-builder-workspace/.derivedData/Build/Products/Debug-watchos -Isystem /Applications/Xcode-27.0.0-Release.Candidate.app/Contents/Developer/Platforms/WatchOS.platform/Developer/usr/lib -F /Users/admin/builder/spi-builder-workspace/.derivedData/Build/Products/Debug-watchos/PackageFrameworks -F /Users/admin/builder/spi-builder-workspace/.derivedData/Build/Products/Debug-watchos -F /Applications/Xcode-27.0.0-Release.Candidate.app/Contents/Developer/Platforms/WatchOS.platform/Developer/Library/Frameworks -F /Applications/Xcode-27.0.0-Release.Candidate.app/Contents/Developer/Platforms/WatchOS.platform/Developer/SDKs/WatchOS27.0.sdk/Developer/Library/Frameworks -module-cache-path /Users/admin/builder/spi-builder-workspace/.derivedData/Build/Intermediates.noindex/SwiftExplicitPrecompiledModules -no-color-diagnostics -Xcc -fno-color-diagnostics -enable-testing -g -debug-info-format\=dwarf -dwarf-version\=4 -profile-generate -profile-coverage-mapping -swift-version 5 -Onone -D SWIFT_PACKAGE -D DEBUG -D SWIFT_MODULE_RESOURCE_BUNDLE_UNAVAILABLE -D Xcode -serialize-debugging-options -enable-experimental-feature DebugDescriptionMacro -empty-abi-descriptor -validate-clang-modules-once -clang-build-session-file /Users/admin/builder/spi-builder-workspace/.derivedData/ModuleCache.noindex/Session.modulevalidation -Xcc -working-directory -Xcc /Users/admin/builder/spi-builder-workspace/.swiftpm/xcode -enable-anonymous-context-mangled-names -file-compilation-dir /Users/admin/builder/spi-builder-workspace/.swiftpm/xcode -Xcc -D_LIBCPP_HARDENING_MODE\=_LIBCPP_HARDENING_MODE_DEBUG -Xcc -ivfsstatcache -Xcc /Users/admin/builder/spi-builder-workspace/.derivedData/SDKStatCaches.noindex/watchos27.0-24R360-e829b21a6f8c9b70876ba0858053c04477534ef55a1706bf4c1112bbb242f0a2.sdkstatcache -Xcc -fmodules-prune-interval\=86400 -Xcc -fmodules-prune-after\=345600 -Xcc -I/Users/admin/builder/spi-builder-workspace/.derivedData/Build/Products/Debug-watchos/include -Xcc -I/Users/admin/builder/spi-builder-workspace/.derivedData/Build/Intermediates.noindex/RIBs.build/Debug-watchos/RIBs-t.build/DerivedSources-normal/arm64_32 -Xcc -I/Users/admin/builder/spi-builder-workspace/.derivedData/Build/Intermediates.noindex/RIBs.build/Debug-watchos/RIBs-t.build/DerivedSources/arm64_32 -Xcc -I/Users/admin/builder/spi-builder-workspace/.derivedData/Build/Intermediates.noindex/RIBs.build/Debug-watchos/RIBs-t.build/DerivedSources -Xcc -DSWIFT_PACKAGE -Xcc -DDEBUG\=1 -no-auto-bridging-header-chaining -module-name RIBs -const-gather-protocols-file /Users/admin/builder/spi-builder-workspace/.derivedData/Build/Intermediates.noindex/RIBs.build/Debug-watchos/RIBs-t.build/Objects-normal/arm64_32/RIBs_const_extract_protocols.json -disable-clang-spi -clang-target arm64_32-apple-watchos27.0 -target-sdk-version 27.0 -target-sdk-name watchos27.0 -in-process-plugin-server-path /Applications/Xcode-27.0.0-Release.Candidate.app/Contents/Developer/Toolchains/XcodeDefault.xctoolchain/usr/lib/swift/host/libSwiftInProcPluginServer.dylib -emit-module-doc-path /Users/admin/builder/spi-builder-workspace/.derivedData/Build/Intermediates.noindex/RIBs.build/Debug-watchos/RIBs-t.build/Objects-normal/arm64_32/RIBs.swiftdoc -emit-module-source-info-path /Users/admin/builder/spi-builder-workspace/.derivedData/Build/Intermediates.noindex/RIBs.build/Debug-watchos/RIBs-t.build/Objects-normal/arm64_32/RIBs.swiftsourceinfo -emit-objc-header-path /Users/admin/builder/spi-builder-workspace/.derivedData/Build/Intermediates.noindex/RIBs.build/Debug-watchos/RIBs-t.build/Objects-normal/arm64_32/RIBs-Swift.h -serialize-diagnostics-path /Users/admin/builder/spi-builder-workspace/.derivedData/Build/Intermediates.noindex/RIBs.build/Debug-watchos/RIBs-t.build/Objects-normal/arm64_32/RIBs-primary-emit-module.dia -emit-dependencies-path /Users/admin/builder/spi-builder-workspace/.derivedData/Build/Intermediates.noindex/RIBs.build/Debug-watchos/RIBs-t.build/Objects-normal/arm64_32/RIBs-primary-emit-module.d -parse-as-library -o /Users/admin/builder/spi-builder-workspace/.derivedData/Build/Intermediates.noindex/RIBs.build/Debug-watchos/RIBs-t.build/Objects-normal/arm64_32/RIBs.swiftmodule -emit-abi-descriptor-path /Users/admin/builder/spi-builder-workspace/.derivedData/Build/Intermediates.noindex/RIBs.build/Debug-watchos/RIBs-t.build/Objects-normal/arm64_32/RIBs.abi.json
SwiftCompile normal arm64_32 Compiling\ Observable+Async.swift,\ Task+RIBs.swift /Users/admin/builder/spi-builder-workspace/RIBs/Classes/Concurrency/Observable+Async.swift /Users/admin/builder/spi-builder-workspace/RIBs/Classes/Concurrency/Task+RIBs.swift (in target 'RIBs' from project 'RIBs')
SwiftCompile normal arm64_32 /Users/admin/builder/spi-builder-workspace/RIBs/Classes/Concurrency/Observable+Async.swift (in target 'RIBs' from project 'RIBs')
    cd /Users/admin/builder/spi-builder-workspace/.swiftpm/xcode
    builtin-SwiftPerFileCompile Observable+Async.swift
SwiftCompile normal arm64_32 /Users/admin/builder/spi-builder-workspace/RIBs/Classes/Concurrency/Task+RIBs.swift (in target 'RIBs' from project 'RIBs')
    cd /Users/admin/builder/spi-builder-workspace/.swiftpm/xcode
    builtin-SwiftPerFileCompile Task+RIBs.swift
SwiftCompile normal arm64_32 Compiling\ LeakDetector.swift,\ MultiStageComponentizedBuilder.swift /Users/admin/builder/spi-builder-workspace/RIBs/Classes/LeakDetector/LeakDetector.swift /Users/admin/builder/spi-builder-workspace/RIBs/Classes/MultiStageComponentizedBuilder.swift (in target 'RIBs' from project 'RIBs')
SwiftCompile normal arm64_32 /Users/admin/builder/spi-builder-workspace/RIBs/Classes/LeakDetector/LeakDetector.swift (in target 'RIBs' from project 'RIBs')
    cd /Users/admin/builder/spi-builder-workspace/.swiftpm/xcode
    builtin-SwiftPerFileCompile LeakDetector.swift
SwiftCompile normal arm64_32 /Users/admin/builder/spi-builder-workspace/RIBs/Classes/MultiStageComponentizedBuilder.swift (in target 'RIBs' from project 'RIBs')
    cd /Users/admin/builder/spi-builder-workspace/.swiftpm/xcode
    builtin-SwiftPerFileCompile MultiStageComponentizedBuilder.swift
SwiftEmitModule normal arm64 Emitting\ module\ for\ RIBs (in target 'RIBs' from project 'RIBs')
/Users/admin/builder/spi-builder-workspace/RIBs/Classes/LaunchRouter.swift:25:30: error: 'UIWindow' is unavailable in watchOS
23 |     ///
24 |     /// - parameter window: The application window to launch from.
25 |     func launch(from window: UIWindow)
   |                              `- error: 'UIWindow' is unavailable in watchOS
26 | }
27 |
/Applications/Xcode-27.0.0-Release.Candidate.app/Contents/Developer/Platforms/WatchOS.platform/Developer/SDKs/WatchOS27.0.sdk/System/Library/Frameworks/UIKit.framework/Headers/UIWindow.h:22:12: note: 'UIWindow' has been explicitly marked unavailable here
 20 |
 21 | UIKIT_EXTERN API_AVAILABLE(ios(2.0)) API_UNAVAILABLE(watchos) NS_SWIFT_UI_ACTOR
 22 | @interface UIWindow : UIView
    |            `- note: 'UIWindow' has been explicitly marked unavailable here
 23 |
 24 | // instantiate a UIWindow already associated with a given UIWindowScene instance, with matching frame & interface orientations.
/Users/admin/builder/spi-builder-workspace/RIBs/Classes/LaunchRouter.swift:42:43: error: 'UIWindow' is unavailable in watchOS
40 |     ///
41 |     /// - parameter window: The window to launch the router tree in.
42 |     public final func launch(from window: UIWindow) {
   |                                           `- error: 'UIWindow' is unavailable in watchOS
43 |         window.rootViewController = viewControllable.uiviewController
44 |         window.makeKeyAndVisible()
/Applications/Xcode-27.0.0-Release.Candidate.app/Contents/Developer/Platforms/WatchOS.platform/Developer/SDKs/WatchOS27.0.sdk/System/Library/Frameworks/UIKit.framework/Headers/UIWindow.h:22:12: note: 'UIWindow' has been explicitly marked unavailable here
 20 |
 21 | UIKIT_EXTERN API_AVAILABLE(ios(2.0)) API_UNAVAILABLE(watchos) NS_SWIFT_UI_ACTOR
 22 | @interface UIWindow : UIView
    |            `- note: 'UIWindow' has been explicitly marked unavailable here
 23 |
 24 | // instantiate a UIWindow already associated with a given UIWindowScene instance, with matching frame & interface orientations.
/Users/admin/builder/spi-builder-workspace/RIBs/Classes/LeakDetector/LeakDetector.swift:123:63: error: 'UIViewController' is unavailable in watchOS
121 |     /// - returns: The handle that can be used to cancel the expectation.
122 |     @discardableResult
123 |     public func expectViewControllerDisappear(viewController: UIViewController, inTime time: TimeInterval = LeakDefaultExpectationTime.viewDisappear) -> LeakDetectionHandle {
    |                                                               `- error: 'UIViewController' is unavailable in watchOS
124 |         expectationCount.accept(expectationCount.value + 1)
125 |
/Applications/Xcode-27.0.0-Release.Candidate.app/Contents/Developer/Platforms/WatchOS.platform/Developer/SDKs/WatchOS27.0.sdk/System/Library/Frameworks/UIKit.framework/Headers/UIViewController.h:104:12: note: 'UIViewController' has been explicitly marked unavailable here
102 |
103 | UIKIT_EXTERN API_AVAILABLE(ios(2.0)) API_UNAVAILABLE(watchos) NS_SWIFT_UI_ACTOR
104 | @interface UIViewController : UIResponder <NSCoding, UIAppearanceContainer, UITraitEnvironment, UIContentContainer, UIFocusEnvironment>
    |            `- note: 'UIViewController' has been explicitly marked unavailable here
105 |
106 | /*
/Users/admin/builder/spi-builder-workspace/RIBs/Classes/ViewControllable.swift:22:27: error: 'UIViewController' is unavailable in watchOS
20 | public protocol ViewControllable: AnyObject {
21 |
22 |     var uiviewController: UIViewController { get }
   |                           `- error: 'UIViewController' is unavailable in watchOS
23 | }
24 |
/Applications/Xcode-27.0.0-Release.Candidate.app/Contents/Developer/Platforms/WatchOS.platform/Developer/SDKs/WatchOS27.0.sdk/System/Library/Frameworks/UIKit.framework/Headers/UIViewController.h:104:12: note: 'UIViewController' has been explicitly marked unavailable here
102 |
103 | UIKIT_EXTERN API_AVAILABLE(ios(2.0)) API_UNAVAILABLE(watchos) NS_SWIFT_UI_ACTOR
104 | @interface UIViewController : UIResponder <NSCoding, UIAppearanceContainer, UITraitEnvironment, UIContentContainer, UIFocusEnvironment>
    |            `- note: 'UIViewController' has been explicitly marked unavailable here
105 |
106 | /*
/Users/admin/builder/spi-builder-workspace/RIBs/Classes/ViewControllable.swift:28:27: error: 'UIViewController' is unavailable in watchOS
26 | public extension ViewControllable where Self: UIViewController {
27 |
28 |     var uiviewController: UIViewController {
   |                           `- error: 'UIViewController' is unavailable in watchOS
29 |         return self
30 |     }
/Applications/Xcode-27.0.0-Release.Candidate.app/Contents/Developer/Platforms/WatchOS.platform/Developer/SDKs/WatchOS27.0.sdk/System/Library/Frameworks/UIKit.framework/Headers/UIViewController.h:104:12: note: 'UIViewController' has been explicitly marked unavailable here
102 |
103 | UIKIT_EXTERN API_AVAILABLE(ios(2.0)) API_UNAVAILABLE(watchos) NS_SWIFT_UI_ACTOR
104 | @interface UIViewController : UIResponder <NSCoding, UIAppearanceContainer, UITraitEnvironment, UIContentContainer, UIFocusEnvironment>
    |            `- note: 'UIViewController' has been explicitly marked unavailable here
105 |
106 | /*
/Users/admin/builder/spi-builder-workspace/RIBs/Classes/ViewControllable.swift:26:47: error: 'UIViewController' is unavailable in watchOS
24 |
25 | /// Default implementation on `UIViewController` to conform to `ViewControllable` protocol
26 | public extension ViewControllable where Self: UIViewController {
   |                                               `- error: 'UIViewController' is unavailable in watchOS
27 |
28 |     var uiviewController: UIViewController {
/Applications/Xcode-27.0.0-Release.Candidate.app/Contents/Developer/Platforms/WatchOS.platform/Developer/SDKs/WatchOS27.0.sdk/System/Library/Frameworks/UIKit.framework/Headers/UIViewController.h:104:12: note: 'UIViewController' has been explicitly marked unavailable here
102 |
103 | UIKIT_EXTERN API_AVAILABLE(ios(2.0)) API_UNAVAILABLE(watchos) NS_SWIFT_UI_ACTOR
104 | @interface UIViewController : UIResponder <NSCoding, UIAppearanceContainer, UITraitEnvironment, UIContentContainer, UIFocusEnvironment>
    |            `- note: 'UIViewController' has been explicitly marked unavailable here
105 |
106 | /*
Failed frontend command:
/Applications/Xcode-27.0.0-Release.Candidate.app/Contents/Developer/Toolchains/XcodeDefault.xctoolchain/usr/bin/swift-frontend -frontend -emit-module -experimental-skip-non-inlinable-function-bodies-without-types /Users/admin/builder/spi-builder-workspace/RIBs/Classes/Builder.swift /Users/admin/builder/spi-builder-workspace/RIBs/Classes/ComponentizedBuilder.swift /Users/admin/builder/spi-builder-workspace/RIBs/Classes/Concurrency/Observable+Async.swift /Users/admin/builder/spi-builder-workspace/RIBs/Classes/Concurrency/Task+RIBs.swift /Users/admin/builder/spi-builder-workspace/RIBs/Classes/DI/Component.swift /Users/admin/builder/spi-builder-workspace/RIBs/Classes/DI/Dependency.swift /Users/admin/builder/spi-builder-workspace/RIBs/Classes/Extensions/Foundation+Extensions.swift /Users/admin/builder/spi-builder-workspace/RIBs/Classes/Interactor.swift /Users/admin/builder/spi-builder-workspace/RIBs/Classes/LaunchRouter.swift /Users/admin/builder/spi-builder-workspace/RIBs/Classes/LeakDetector/Executor.swift /Users/admin/builder/spi-builder-workspace/RIBs/Classes/LeakDetector/LeakDetector.swift /Users/admin/builder/spi-builder-workspace/RIBs/Classes/MultiStageComponentizedBuilder.swift /Users/admin/builder/spi-builder-workspace/RIBs/Classes/PresentableInteractor.swift /Users/admin/builder/spi-builder-workspace/RIBs/Classes/Presenter.swift /Users/admin/builder/spi-builder-workspace/RIBs/Classes/Router.swift /Users/admin/builder/spi-builder-workspace/RIBs/Classes/ViewControllable.swift /Users/admin/builder/spi-builder-workspace/RIBs/Classes/ViewableRouter.swift /Users/admin/builder/spi-builder-workspace/RIBs/Classes/Worker/Worker.swift /Users/admin/builder/spi-builder-workspace/RIBs/Classes/Workflow/Workflow.swift -target arm64-apple-watchos9.0 -module-can-import-version _Concurrency 6.4.0.31 0 -disable-cross-import-overlay-search -load-resolved-plugin /Applications/Xcode-27.0.0-Release.Candidate.app/Contents/Developer/Platforms/WatchOS.platform/Developer/usr/lib/swift/host/plugins/libFoundationMacros.dylib\#/Applications/Xcode-27.0.0-Release.Candidate.app/Contents/Developer/Platforms/WatchOS.platform/Developer/usr/bin/swift-plugin-server\#FoundationMacros -load-resolved-plugin /Applications/Xcode-27.0.0-Release.Candidate.app/Contents/Developer/Platforms/WatchOS.platform/Developer/usr/lib/swift/host/plugins/libObservationMacros.dylib\#/Applications/Xcode-27.0.0-Release.Candidate.app/Contents/Developer/Platforms/WatchOS.platform/Developer/usr/bin/swift-plugin-server\#ObservationMacros -load-resolved-plugin /Applications/Xcode-27.0.0-Release.Candidate.app/Contents/Developer/Platforms/WatchOS.platform/Developer/usr/lib/swift/host/plugins/libSwiftMacros.dylib\#/Applications/Xcode-27.0.0-Release.Candidate.app/Contents/Developer/Platforms/WatchOS.platform/Developer/usr/bin/swift-plugin-server\#SwiftMacros -load-resolved-plugin /Applications/Xcode-27.0.0-Release.Candidate.app/Contents/Developer/Platforms/WatchOS.platform/Developer/usr/lib/swift/host/plugins/libSwiftUIMacros.dylib\#/Applications/Xcode-27.0.0-Release.Candidate.app/Contents/Developer/Platforms/WatchOS.platform/Developer/usr/bin/swift-plugin-server\#SwiftUIMacros -disable-implicit-swift-modules -Xcc -fno-implicit-modules -Xcc -fno-implicit-module-maps -explicit-swift-module-map-file /Users/admin/builder/spi-builder-workspace/.derivedData/Build/Intermediates.noindex/RIBs.build/Debug-watchos/RIBs-t.build/Objects-normal/arm64/RIBs-dependencies-2.json -Xllvm -aarch64-use-tbi -enable-objc-interop -stack-check -sdk /Applications/Xcode-27.0.0-Release.Candidate.app/Contents/Developer/Platforms/WatchOS.platform/Developer/SDKs/WatchOS27.0.sdk -I /Users/admin/builder/spi-builder-workspace/.derivedData/Build/Products/Debug-watchos -Isystem /Applications/Xcode-27.0.0-Release.Candidate.app/Contents/Developer/Platforms/WatchOS.platform/Developer/usr/lib -F /Users/admin/builder/spi-builder-workspace/.derivedData/Build/Products/Debug-watchos/PackageFrameworks -F /Users/admin/builder/spi-builder-workspace/.derivedData/Build/Products/Debug-watchos -F /Applications/Xcode-27.0.0-Release.Candidate.app/Contents/Developer/Platforms/WatchOS.platform/Developer/Library/Frameworks -F /Applications/Xcode-27.0.0-Release.Candidate.app/Contents/Developer/Platforms/WatchOS.platform/Developer/SDKs/WatchOS27.0.sdk/Developer/Library/Frameworks -module-cache-path /Users/admin/builder/spi-builder-workspace/.derivedData/Build/Intermediates.noindex/SwiftExplicitPrecompiledModules -no-color-diagnostics -Xcc -fno-color-diagnostics -enable-testing -g -debug-info-format\=dwarf -dwarf-version\=4 -profile-generate -profile-coverage-mapping -swift-version 5 -Onone -D SWIFT_PACKAGE -D DEBUG -D SWIFT_MODULE_RESOURCE_BUNDLE_UNAVAILABLE -D Xcode -serialize-debugging-options -enable-experimental-feature DebugDescriptionMacro -empty-abi-descriptor -validate-clang-modules-once -clang-build-session-file /Users/admin/builder/spi-builder-workspace/.derivedData/ModuleCache.noindex/Session.modulevalidation -Xcc -working-directory -Xcc /Users/admin/builder/spi-builder-workspace/.swiftpm/xcode -enable-anonymous-context-mangled-names -file-compilation-dir /Users/admin/builder/spi-builder-workspace/.swiftpm/xcode -Xcc -D_LIBCPP_HARDENING_MODE\=_LIBCPP_HARDENING_MODE_DEBUG -Xcc -ivfsstatcache -Xcc /Users/admin/builder/spi-builder-workspace/.derivedData/SDKStatCaches.noindex/watchos27.0-24R360-e829b21a6f8c9b70876ba0858053c04477534ef55a1706bf4c1112bbb242f0a2.sdkstatcache -Xcc -fmodules-prune-interval\=86400 -Xcc -fmodules-prune-after\=345600 -Xcc -I/Users/admin/builder/spi-builder-workspace/.derivedData/Build/Products/Debug-watchos/include -Xcc -I/Users/admin/builder/spi-builder-workspace/.derivedData/Build/Intermediates.noindex/RIBs.build/Debug-watchos/RIBs-t.build/DerivedSources-normal/arm64 -Xcc -I/Users/admin/builder/spi-builder-workspace/.derivedData/Build/Intermediates.noindex/RIBs.build/Debug-watchos/RIBs-t.build/DerivedSources/arm64 -Xcc -I/Users/admin/builder/spi-builder-workspace/.derivedData/Build/Intermediates.noindex/RIBs.build/Debug-watchos/RIBs-t.build/DerivedSources -Xcc -DSWIFT_PACKAGE -Xcc -DDEBUG\=1 -no-auto-bridging-header-chaining -module-name RIBs -const-gather-protocols-file /Users/admin/builder/spi-builder-workspace/.derivedData/Build/Intermediates.noindex/RIBs.build/Debug-watchos/RIBs-t.build/Objects-normal/arm64/RIBs_const_extract_protocols.json -disable-clang-spi -clang-target arm64-apple-watchos27.0 -target-sdk-version 27.0 -target-sdk-name watchos27.0 -in-process-plugin-server-path /Applications/Xcode-27.0.0-Release.Candidate.app/Contents/Developer/Toolchains/XcodeDefault.xctoolchain/usr/lib/swift/host/libSwiftInProcPluginServer.dylib -emit-module-doc-path /Users/admin/builder/spi-builder-workspace/.derivedData/Build/Intermediates.noindex/RIBs.build/Debug-watchos/RIBs-t.build/Objects-normal/arm64/RIBs.swiftdoc -emit-module-source-info-path /Users/admin/builder/spi-builder-workspace/.derivedData/Build/Intermediates.noindex/RIBs.build/Debug-watchos/RIBs-t.build/Objects-normal/arm64/RIBs.swiftsourceinfo -emit-objc-header-path /Users/admin/builder/spi-builder-workspace/.derivedData/Build/Intermediates.noindex/RIBs.build/Debug-watchos/RIBs-t.build/Objects-normal/arm64/RIBs-Swift.h -serialize-diagnostics-path /Users/admin/builder/spi-builder-workspace/.derivedData/Build/Intermediates.noindex/RIBs.build/Debug-watchos/RIBs-t.build/Objects-normal/arm64/RIBs-primary-emit-module.dia -emit-dependencies-path /Users/admin/builder/spi-builder-workspace/.derivedData/Build/Intermediates.noindex/RIBs.build/Debug-watchos/RIBs-t.build/Objects-normal/arm64/RIBs-primary-emit-module.d -parse-as-library -o /Users/admin/builder/spi-builder-workspace/.derivedData/Build/Intermediates.noindex/RIBs.build/Debug-watchos/RIBs-t.build/Objects-normal/arm64/RIBs.swiftmodule -emit-abi-descriptor-path /Users/admin/builder/spi-builder-workspace/.derivedData/Build/Intermediates.noindex/RIBs.build/Debug-watchos/RIBs-t.build/Objects-normal/arm64/RIBs.abi.json
SwiftCompile normal arm64 (in target 'RIBs' from project 'RIBs')
    cd /Users/admin/builder/spi-builder-workspace/.swiftpm/xcode

SwiftCompile normal arm64 Compiling\ Executor.swift /Users/admin/builder/spi-builder-workspace/RIBs/Classes/LeakDetector/Executor.swift (in target 'RIBs' from project 'RIBs')
SwiftCompile normal arm64 /Users/admin/builder/spi-builder-workspace/RIBs/Classes/LeakDetector/Executor.swift (in target 'RIBs' from project 'RIBs')
    cd /Users/admin/builder/spi-builder-workspace/.swiftpm/xcode
    builtin-SwiftPerFileCompile Executor.swift
SwiftCompile normal arm64_32 Compiling\ Router.swift,\ ViewControllable.swift /Users/admin/builder/spi-builder-workspace/RIBs/Classes/Router.swift /Users/admin/builder/spi-builder-workspace/RIBs/Classes/ViewControllable.swift (in target 'RIBs' from project 'RIBs')
/Users/admin/builder/spi-builder-workspace/RIBs/Classes/ViewControllable.swift:22:27: error: 'UIViewController' is unavailable in watchOS
20 | public protocol ViewControllable: AnyObject {
21 |
22 |     var uiviewController: UIViewController { get }
   |                           `- error: 'UIViewController' is unavailable in watchOS
23 | }
24 |
/Applications/Xcode-27.0.0-Release.Candidate.app/Contents/Developer/Platforms/WatchOS.platform/Developer/SDKs/WatchOS27.0.sdk/System/Library/Frameworks/UIKit.framework/Headers/UIViewController.h:104:12: note: 'UIViewController' has been explicitly marked unavailable here
102 |
103 | UIKIT_EXTERN API_AVAILABLE(ios(2.0)) API_UNAVAILABLE(watchos) NS_SWIFT_UI_ACTOR
104 | @interface UIViewController : UIResponder <NSCoding, UIAppearanceContainer, UITraitEnvironment, UIContentContainer, UIFocusEnvironment>
    |            `- note: 'UIViewController' has been explicitly marked unavailable here
105 |
106 | /*
/Users/admin/builder/spi-builder-workspace/RIBs/Classes/ViewControllable.swift:28:27: error: 'UIViewController' is unavailable in watchOS
26 | public extension ViewControllable where Self: UIViewController {
27 |
28 |     var uiviewController: UIViewController {
   |                           `- error: 'UIViewController' is unavailable in watchOS
29 |         return self
30 |     }
/Applications/Xcode-27.0.0-Release.Candidate.app/Contents/Developer/Platforms/WatchOS.platform/Developer/SDKs/WatchOS27.0.sdk/System/Library/Frameworks/UIKit.framework/Headers/UIViewController.h:104:12: note: 'UIViewController' has been explicitly marked unavailable here
102 |
103 | UIKIT_EXTERN API_AVAILABLE(ios(2.0)) API_UNAVAILABLE(watchos) NS_SWIFT_UI_ACTOR
104 | @interface UIViewController : UIResponder <NSCoding, UIAppearanceContainer, UITraitEnvironment, UIContentContainer, UIFocusEnvironment>
    |            `- note: 'UIViewController' has been explicitly marked unavailable here
105 |
106 | /*
SwiftCompile normal arm64_32 /Users/admin/builder/spi-builder-workspace/RIBs/Classes/Router.swift (in target 'RIBs' from project 'RIBs')
    cd /Users/admin/builder/spi-builder-workspace/.swiftpm/xcode
    builtin-SwiftPerFileCompile Router.swift
SwiftCompile normal arm64_32 /Users/admin/builder/spi-builder-workspace/RIBs/Classes/ViewControllable.swift (in target 'RIBs' from project 'RIBs')
    cd /Users/admin/builder/spi-builder-workspace/.swiftpm/xcode
    builtin-SwiftPerFileCompile ViewControllable.swift
SwiftCompile normal arm64 Compiling\ LeakDetector.swift /Users/admin/builder/spi-builder-workspace/RIBs/Classes/LeakDetector/LeakDetector.swift (in target 'RIBs' from project 'RIBs')
SwiftCompile normal arm64 /Users/admin/builder/spi-builder-workspace/RIBs/Classes/LeakDetector/LeakDetector.swift (in target 'RIBs' from project 'RIBs')
    cd /Users/admin/builder/spi-builder-workspace/.swiftpm/xcode
    builtin-SwiftPerFileCompile LeakDetector.swift
SwiftCompile normal arm64_32 Compiling\ PresentableInteractor.swift,\ Presenter.swift /Users/admin/builder/spi-builder-workspace/RIBs/Classes/PresentableInteractor.swift /Users/admin/builder/spi-builder-workspace/RIBs/Classes/Presenter.swift (in target 'RIBs' from project 'RIBs')
SwiftCompile normal arm64_32 /Users/admin/builder/spi-builder-workspace/RIBs/Classes/PresentableInteractor.swift (in target 'RIBs' from project 'RIBs')
    cd /Users/admin/builder/spi-builder-workspace/.swiftpm/xcode
    builtin-SwiftPerFileCompile PresentableInteractor.swift
SwiftCompile normal arm64_32 /Users/admin/builder/spi-builder-workspace/RIBs/Classes/Presenter.swift (in target 'RIBs' from project 'RIBs')
    cd /Users/admin/builder/spi-builder-workspace/.swiftpm/xcode
    builtin-SwiftPerFileCompile Presenter.swift
SwiftCompile normal arm64 Compiling\ Foundation+Extensions.swift /Users/admin/builder/spi-builder-workspace/RIBs/Classes/Extensions/Foundation+Extensions.swift (in target 'RIBs' from project 'RIBs')
SwiftCompile normal arm64 /Users/admin/builder/spi-builder-workspace/RIBs/Classes/Extensions/Foundation+Extensions.swift (in target 'RIBs' from project 'RIBs')
    cd /Users/admin/builder/spi-builder-workspace/.swiftpm/xcode
    builtin-SwiftPerFileCompile Foundation+Extensions.swift
SwiftCompile normal arm64 Compiling\ Worker.swift /Users/admin/builder/spi-builder-workspace/RIBs/Classes/Worker/Worker.swift (in target 'RIBs' from project 'RIBs')
SwiftCompile normal arm64 /Users/admin/builder/spi-builder-workspace/RIBs/Classes/Worker/Worker.swift (in target 'RIBs' from project 'RIBs')
    cd /Users/admin/builder/spi-builder-workspace/.swiftpm/xcode
    builtin-SwiftPerFileCompile Worker.swift
SwiftCompile normal arm64_32 Compiling\ Foundation+Extensions.swift,\ Interactor.swift /Users/admin/builder/spi-builder-workspace/RIBs/Classes/Extensions/Foundation+Extensions.swift /Users/admin/builder/spi-builder-workspace/RIBs/Classes/Interactor.swift (in target 'RIBs' from project 'RIBs')
SwiftCompile normal arm64_32 /Users/admin/builder/spi-builder-workspace/RIBs/Classes/Extensions/Foundation+Extensions.swift (in target 'RIBs' from project 'RIBs')
    cd /Users/admin/builder/spi-builder-workspace/.swiftpm/xcode
    builtin-SwiftPerFileCompile Foundation+Extensions.swift
SwiftCompile normal arm64_32 /Users/admin/builder/spi-builder-workspace/RIBs/Classes/Interactor.swift (in target 'RIBs' from project 'RIBs')
    cd /Users/admin/builder/spi-builder-workspace/.swiftpm/xcode
    builtin-SwiftPerFileCompile Interactor.swift
SwiftDriverJobDiscovery normal arm64 Compiling Foundation+Extensions.swift (in target 'RIBs' from project 'RIBs')
SwiftCompile normal arm64 Compiling\ LaunchRouter.swift /Users/admin/builder/spi-builder-workspace/RIBs/Classes/LaunchRouter.swift (in target 'RIBs' from project 'RIBs')
SwiftCompile normal arm64 /Users/admin/builder/spi-builder-workspace/RIBs/Classes/LaunchRouter.swift (in target 'RIBs' from project 'RIBs')
    cd /Users/admin/builder/spi-builder-workspace/.swiftpm/xcode
    builtin-SwiftPerFileCompile LaunchRouter.swift
SwiftDriverJobDiscovery normal arm64 Compiling Executor.swift (in target 'RIBs' from project 'RIBs')
SwiftCompile normal arm64 Compiling\ ViewControllable.swift /Users/admin/builder/spi-builder-workspace/RIBs/Classes/ViewControllable.swift (in target 'RIBs' from project 'RIBs')
SwiftCompile normal arm64 /Users/admin/builder/spi-builder-workspace/RIBs/Classes/ViewControllable.swift (in target 'RIBs' from project 'RIBs')
    cd /Users/admin/builder/spi-builder-workspace/.swiftpm/xcode
    builtin-SwiftPerFileCompile ViewControllable.swift
SwiftDriverJobDiscovery normal arm64_32 Compiling PresentableInteractor.swift, Presenter.swift (in target 'RIBs' from project 'RIBs')
SwiftCompile normal arm64 Compiling\ MultiStageComponentizedBuilder.swift /Users/admin/builder/spi-builder-workspace/RIBs/Classes/MultiStageComponentizedBuilder.swift (in target 'RIBs' from project 'RIBs')
SwiftCompile normal arm64 /Users/admin/builder/spi-builder-workspace/RIBs/Classes/MultiStageComponentizedBuilder.swift (in target 'RIBs' from project 'RIBs')
    cd /Users/admin/builder/spi-builder-workspace/.swiftpm/xcode
    builtin-SwiftPerFileCompile MultiStageComponentizedBuilder.swift
SwiftDriverJobDiscovery normal arm64_32 Compiling Observable+Async.swift, Task+RIBs.swift (in target 'RIBs' from project 'RIBs')
SwiftCompile normal arm64_32 Compiling\ Component.swift,\ Dependency.swift /Users/admin/builder/spi-builder-workspace/RIBs/Classes/DI/Component.swift /Users/admin/builder/spi-builder-workspace/RIBs/Classes/DI/Dependency.swift (in target 'RIBs' from project 'RIBs')
SwiftCompile normal arm64_32 /Users/admin/builder/spi-builder-workspace/RIBs/Classes/DI/Component.swift (in target 'RIBs' from project 'RIBs')
    cd /Users/admin/builder/spi-builder-workspace/.swiftpm/xcode
    builtin-SwiftPerFileCompile Component.swift
SwiftCompile normal arm64_32 /Users/admin/builder/spi-builder-workspace/RIBs/Classes/DI/Dependency.swift (in target 'RIBs' from project 'RIBs')
    cd /Users/admin/builder/spi-builder-workspace/.swiftpm/xcode
    builtin-SwiftPerFileCompile Dependency.swift
SwiftDriverJobDiscovery normal arm64 Compiling Worker.swift (in target 'RIBs' from project 'RIBs')
SwiftCompile normal arm64 Compiling\ Observable+Async.swift /Users/admin/builder/spi-builder-workspace/RIBs/Classes/Concurrency/Observable+Async.swift (in target 'RIBs' from project 'RIBs')
SwiftCompile normal arm64 /Users/admin/builder/spi-builder-workspace/RIBs/Classes/Concurrency/Observable+Async.swift (in target 'RIBs' from project 'RIBs')
    cd /Users/admin/builder/spi-builder-workspace/.swiftpm/xcode
    builtin-SwiftPerFileCompile Observable+Async.swift
PruneExplicitPrecompiledModules /Users/admin/builder/spi-builder-workspace/.derivedData/Build/Intermediates.noindex/ExplicitPrecompiledModules
PruneExplicitPrecompiledModules /Users/admin/builder/spi-builder-workspace/.derivedData/Build/Intermediates.noindex/SwiftExplicitPrecompiledModules
PruneExplicitPrecompiledModules /Users/admin/builder/spi-builder-workspace/.derivedData/SDKExplicitPrecompiledModules
2026-09-26 02:08:34.297 xcodebuild[987:6144] [MT] IDERunDestination: Supported platforms for the buildables in the current scheme is empty.
** BUILD FAILED **
The following build commands failed:
	SwiftCompile normal arm64_32 (in target 'RIBs' from project 'RIBs')
	SwiftEmitModule normal arm64_32 Emitting\ module\ for\ RIBs (in target 'RIBs' from project 'RIBs')
	SwiftEmitModule normal arm64 Emitting\ module\ for\ RIBs (in target 'RIBs' from project 'RIBs')
	SwiftCompile normal arm64 (in target 'RIBs' from project 'RIBs')
	Building workspace RIBs with scheme RIBs
(5 failures)
BUILD FAILURE 6.4 watchOS