The Swift Package Index logo.Swift Package Index

Build Information

Failed to build swift-authentication-hummingbird, reference 0.3.1 (f2b39c), with Swift 6.3 for Wasm on 5 Oct 2026 17:15:00 UTC.

Build Command

bash -c docker run --pull=always --rm -v "checkouts-54344843-0":/host -w "$PWD" -e JAVA_HOME="/root/.sdkman/candidates/java/current" -e SPI_BUILD="1" -e SPI_PROCESSING="1" registry.gitlab.com/saguaro1/spi-images:wasm-6.3-latest swift build --swift-sdk swift-6.3.2-RELEASE_wasm 2>&1

Build Log

========================================
RunAll
========================================
Builder version: 5.1.1
Interrupt handler set up.
========================================
Checkout
========================================
Clone URL: https://github.com/swift-microservices/swift-authentication-hummingbird.git
Reference: 0.3.1
Initialized empty Git repository in /host/spi-builder-workspace/.git/
hint: Using 'master' as the name for the initial branch. This default branch name
hint: is subject to change. To configure the initial branch name to use in all
hint: of your new repositories, which will suppress this warning, call:
hint:
hint: 	git config --global init.defaultBranch <name>
hint:
hint: Names commonly chosen instead of 'master' are 'main', 'trunk' and
hint: 'development'. The just-created branch can be renamed via this command:
hint:
hint: 	git branch -m <name>
From https://github.com/swift-microservices/swift-authentication-hummingbird
 * tag               0.3.1      -> FETCH_HEAD
HEAD is now at f2b39c4 Scope the bearer middleware to the user route group in every example (#9)
Cloned https://github.com/swift-microservices/swift-authentication-hummingbird.git
Revision (git rev-parse @):
f2b39c4f8705f5801a749673fdfed5b4ff58f392
SPI manifest file found: $PWD/.spi.yml
SUCCESS checkout https://github.com/swift-microservices/swift-authentication-hummingbird.git at 0.3.1
========================================
Build
========================================
Selected platform:         wasm
Swift version:             6.3
Building package at path:  $PWD
https://github.com/swift-microservices/swift-authentication-hummingbird.git
Running build ...
bash -c docker run --pull=always --rm -v "checkouts-54344843-0":/host -w "$PWD" -e JAVA_HOME="/root/.sdkman/candidates/java/current" -e SPI_BUILD="1" -e SPI_PROCESSING="1" registry.gitlab.com/saguaro1/spi-images:wasm-6.3-latest swift build --swift-sdk swift-6.3.2-RELEASE_wasm 2>&1
wasm-6.3-latest: Pulling from saguaro1/spi-images
Digest: sha256:df2e9038ff906af397ec7b7e13902ccb183f8867606bc33419e44453a9abdb4b
Status: Image is up to date for registry.gitlab.com/saguaro1/spi-images:wasm-6.3-latest
Fetching https://github.com/apple/swift-service-context.git
Fetching https://github.com/hummingbird-project/hummingbird-auth.git
Fetching https://github.com/swift-microservices/swift-authentication.git
[1/211] Fetching swift-authentication
[212/1647] Fetching swift-authentication, swift-service-context
Fetched https://github.com/swift-microservices/swift-authentication.git from cache (0.59s)
[1020/1436] Fetching swift-service-context
Fetched https://github.com/apple/swift-service-context.git from cache (0.66s)
[1/2650] Fetching hummingbird-auth
Fetching https://github.com/hummingbird-project/hummingbird.git
Fetched https://github.com/hummingbird-project/hummingbird-auth.git from cache (0.87s)
[1/28833] Fetching hummingbird
Fetched https://github.com/hummingbird-project/hummingbird.git from cache (1.53s)
Computing version for https://github.com/hummingbird-project/hummingbird-auth.git
Computed https://github.com/hummingbird-project/hummingbird-auth.git at 2.5.0 (2.89s)
Fetching https://github.com/apple/swift-crypto.git
Fetching https://github.com/swift-extras/swift-extras-base64.git
[1/18572] Fetching swift-crypto
[382/19526] Fetching swift-crypto, swift-extras-base64
Fetched https://github.com/swift-extras/swift-extras-base64.git from cache (2.05s)
Fetched https://github.com/apple/swift-crypto.git from cache (2.08s)
Computing version for https://github.com/hummingbird-project/hummingbird.git
Computed https://github.com/hummingbird-project/hummingbird.git at 2.27.0 (2.57s)
Fetching https://github.com/swift-server/swift-service-lifecycle.git
Fetching https://github.com/apple/swift-nio-http2.git
Fetching https://github.com/apple/swift-nio.git
Fetching https://github.com/apple/swift-nio-ssl.git
Fetching https://github.com/apple/swift-nio-extras.git
Fetching https://github.com/apple/swift-nio-transport-services.git
[1/2867] Fetching swift-nio-transport-services
[890/5716] Fetching swift-nio-transport-services, swift-service-lifecycle
[5717/12409] Fetching swift-nio-transport-services, swift-service-lifecycle, swift-nio-extras
Fetched https://github.com/swift-server/swift-service-lifecycle.git from cache (0.71s)
[4608/9560] Fetching swift-nio-transport-services, swift-nio-extras
Fetching https://github.com/apple/swift-metrics.git
[9683/21815] Fetching swift-nio-transport-services, swift-nio-extras, swift-nio-http2
[12258/38669] Fetching swift-nio-transport-services, swift-nio-extras, swift-nio-http2, swift-nio-ssl
[14112/124957] Fetching swift-nio-transport-services, swift-nio-extras, swift-nio-http2, swift-nio-ssl, swift-nio
[25264/128505] Fetching swift-nio-transport-services, swift-nio-extras, swift-nio-http2, swift-nio-ssl, swift-nio, swift-metrics
Fetched https://github.com/apple/swift-metrics.git from cache (0.81s)
[31227/124957] Fetching swift-nio-transport-services, swift-nio-extras, swift-nio-http2, swift-nio-ssl, swift-nio
Fetching https://github.com/apple/swift-http-types.git
[57162/126896] Fetching swift-nio-transport-services, swift-nio-extras, swift-nio-http2, swift-nio-ssl, swift-nio, swift-http-types
Fetched https://github.com/apple/swift-http-types.git from cache (0.66s)
Fetching https://github.com/apple/swift-distributed-tracing.git
[62925/124957] Fetching swift-nio-transport-services, swift-nio-extras, swift-nio-http2, swift-nio-ssl, swift-nio
[99072/131448] Fetching swift-nio-transport-services, swift-nio-extras, swift-nio-http2, swift-nio-ssl, swift-nio, swift-distributed-tracing
Fetched https://github.com/apple/swift-distributed-tracing.git from cache (1.65s)
Fetching https://github.com/apple/swift-collections.git
[104248/124957] Fetching swift-nio-transport-services, swift-nio-extras, swift-nio-http2, swift-nio-ssl, swift-nio
Fetched https://github.com/apple/swift-nio-extras.git from cache (4.41s)
Fetching https://github.com/apple/swift-atomics.git
Fetched https://github.com/apple/swift-nio-transport-services.git from cache (4.42s)
Fetching https://github.com/apple/swift-async-algorithms.git
Fetched https://github.com/apple/swift-nio-ssl.git from cache (4.49s)
Fetching https://github.com/swift-server/async-http-client.git
[82149/98543] Fetching swift-nio-http2, swift-nio
[97682/127081] Fetching swift-nio-http2, swift-nio, swift-collections
[100275/128966] Fetching swift-nio-http2, swift-nio, swift-collections, swift-atomics
[100842/135761] Fetching swift-nio-http2, swift-nio, swift-collections, swift-atomics, swift-async-algorithms
[110934/152168] Fetching swift-nio-http2, swift-nio, swift-collections, swift-atomics, swift-async-algorithms, async-http-client
Fetched https://github.com/apple/swift-atomics.git from cache (0.95s)
[109991/150283] Fetching swift-nio-http2, swift-nio, swift-collections, swift-async-algorithms, async-http-client
Fetching https://github.com/apple/swift-log.git
Fetched https://github.com/apple/swift-async-algorithms.git from cache (1.05s)
[113169/143488] Fetching swift-nio-http2, swift-nio, swift-collections, async-http-client
[129266/151720] Fetching swift-nio-http2, swift-nio, swift-collections, async-http-client, swift-log
Fetched https://github.com/swift-server/async-http-client.git from cache (2.08s)
Fetched https://github.com/apple/swift-log.git from cache (1.22s)
[126796/127081] Fetching swift-nio-http2, swift-nio, swift-collections
Fetched https://github.com/apple/swift-collections.git from cache (3.91s)
Fetched https://github.com/apple/swift-nio-http2.git from cache (9.56s)
Fetched https://github.com/apple/swift-nio.git from cache (9.64s)
Computing version for https://github.com/apple/swift-service-context.git
Computed https://github.com/apple/swift-service-context.git at 1.3.0 (9.95s)
Computing version for https://github.com/swift-microservices/swift-authentication.git
Computed https://github.com/swift-microservices/swift-authentication.git at 0.3.1 (0.30s)
Computing version for https://github.com/swift-extras/swift-extras-base64.git
Computed https://github.com/swift-extras/swift-extras-base64.git at 1.2.0 (0.46s)
Computing version for https://github.com/apple/swift-nio-http2.git
Computed https://github.com/apple/swift-nio-http2.git at 1.46.0 (0.36s)
Computing version for https://github.com/apple/swift-log.git
Computed https://github.com/apple/swift-log.git at 1.15.1 (0.39s)
Computing version for https://github.com/apple/swift-metrics.git
Computed https://github.com/apple/swift-metrics.git at 2.11.0 (0.30s)
Computing version for https://github.com/apple/swift-nio-extras.git
Computed https://github.com/apple/swift-nio-extras.git at 1.35.1 (1.61s)
Fetching https://github.com/apple/swift-algorithms.git
Fetching https://github.com/apple/swift-asn1.git
Fetching https://github.com/apple/swift-http-structured-headers.git
Fetching https://github.com/apple/swift-certificates.git
[1/1253] Fetching swift-http-structured-headers
[1254/7412] Fetching swift-http-structured-headers, swift-algorithms
[1255/15019] Fetching swift-http-structured-headers, swift-algorithms, swift-certificates
[10247/17005] Fetching swift-http-structured-headers, swift-algorithms, swift-certificates, swift-asn1
Fetched https://github.com/apple/swift-asn1.git from cache (1.09s)
Fetched https://github.com/apple/swift-algorithms.git from cache (1.10s)
Fetched https://github.com/apple/swift-http-structured-headers.git from cache (1.12s)
Fetched https://github.com/apple/swift-certificates.git from cache (1.12s)
Computing version for https://github.com/apple/swift-algorithms.git
Computed https://github.com/apple/swift-algorithms.git at 1.2.1 (2.69s)
Fetching https://github.com/apple/swift-numerics.git
[1/6658] Fetching swift-numerics
Fetched https://github.com/apple/swift-numerics.git from cache (1.14s)
Computing version for https://github.com/apple/swift-atomics.git
Computed https://github.com/apple/swift-atomics.git at 1.3.1 (1.40s)
Computing version for https://github.com/apple/swift-distributed-tracing.git
Computed https://github.com/apple/swift-distributed-tracing.git at 1.5.0 (0.30s)
Computing version for https://github.com/apple/swift-numerics.git
Computed https://github.com/apple/swift-numerics.git at 1.1.1 (0.25s)
Computing version for https://github.com/apple/swift-nio.git
Computed https://github.com/apple/swift-nio.git at 2.103.0 (0.49s)
Fetching https://github.com/apple/swift-system.git
[1/7115] Fetching swift-system
Fetched https://github.com/apple/swift-system.git from cache (0.82s)
Computing version for https://github.com/swift-server/swift-service-lifecycle.git
Computed https://github.com/swift-server/swift-service-lifecycle.git at 2.12.1 (1.13s)
Computing version for https://github.com/apple/swift-async-algorithms.git
Computed https://github.com/apple/swift-async-algorithms.git at 1.1.7 (0.39s)
Computing version for https://github.com/apple/swift-collections.git
Computed https://github.com/apple/swift-collections.git at 1.7.1 (0.42s)
Computing version for https://github.com/apple/swift-http-types.git
Computed https://github.com/apple/swift-http-types.git at 1.8.0 (0.41s)
Computing version for https://github.com/apple/swift-http-structured-headers.git
Computed https://github.com/apple/swift-http-structured-headers.git at 1.7.0 (0.30s)
Computing version for https://github.com/apple/swift-asn1.git
Computed https://github.com/apple/swift-asn1.git at 1.7.3 (0.33s)
Computing version for https://github.com/apple/swift-nio-ssl.git
Computed https://github.com/apple/swift-nio-ssl.git at 2.37.5 (0.30s)
Computing version for https://github.com/apple/swift-nio-transport-services.git
Computed https://github.com/apple/swift-nio-transport-services.git at 1.28.0 (0.20s)
Computing version for https://github.com/swift-server/async-http-client.git
Computed https://github.com/swift-server/async-http-client.git at 1.36.2 (0.20s)
Fetching https://github.com/apple/swift-configuration.git
[1/3887] Fetching swift-configuration
Fetched https://github.com/apple/swift-configuration.git from cache (0.51s)
Computing version for https://github.com/apple/swift-configuration.git
Computed https://github.com/apple/swift-configuration.git at 1.2.2 (0.75s)
Computing version for https://github.com/apple/swift-certificates.git
Computed https://github.com/apple/swift-certificates.git at 1.21.0 (0.24s)
Computing version for https://github.com/apple/swift-system.git
Computed https://github.com/apple/swift-system.git at 1.8.1 (0.27s)
Computing version for https://github.com/apple/swift-crypto.git
Computed https://github.com/apple/swift-crypto.git at 5.0.0 (0.44s)
Creating working copy for https://github.com/swift-microservices/swift-authentication.git
Working copy of https://github.com/swift-microservices/swift-authentication.git resolved at 0.3.1
Creating working copy for https://github.com/hummingbird-project/hummingbird-auth.git
Working copy of https://github.com/hummingbird-project/hummingbird-auth.git resolved at 2.5.0
Creating working copy for https://github.com/swift-server/swift-service-lifecycle.git
Working copy of https://github.com/swift-server/swift-service-lifecycle.git resolved at 2.12.1
Creating working copy for https://github.com/apple/swift-http-structured-headers.git
Working copy of https://github.com/apple/swift-http-structured-headers.git resolved at 1.7.0
Creating working copy for https://github.com/apple/swift-asn1.git
Working copy of https://github.com/apple/swift-asn1.git resolved at 1.7.3
Creating working copy for https://github.com/apple/swift-service-context.git
Working copy of https://github.com/apple/swift-service-context.git resolved at 1.3.0
Creating working copy for https://github.com/apple/swift-async-algorithms.git
Working copy of https://github.com/apple/swift-async-algorithms.git resolved at 1.1.7
Creating working copy for https://github.com/apple/swift-nio-extras.git
Working copy of https://github.com/apple/swift-nio-extras.git resolved at 1.35.1
Creating working copy for https://github.com/apple/swift-numerics.git
Working copy of https://github.com/apple/swift-numerics.git resolved at 1.1.1
Creating working copy for https://github.com/apple/swift-nio-ssl.git
Working copy of https://github.com/apple/swift-nio-ssl.git resolved at 2.37.5
Creating working copy for https://github.com/apple/swift-metrics.git
Working copy of https://github.com/apple/swift-metrics.git resolved at 2.11.0
Creating working copy for https://github.com/apple/swift-certificates.git
Working copy of https://github.com/apple/swift-certificates.git resolved at 1.21.0
Creating working copy for https://github.com/apple/swift-collections.git
Working copy of https://github.com/apple/swift-collections.git resolved at 1.7.1
Creating working copy for https://github.com/apple/swift-configuration.git
Working copy of https://github.com/apple/swift-configuration.git resolved at 1.2.2
Creating working copy for https://github.com/apple/swift-distributed-tracing.git
Working copy of https://github.com/apple/swift-distributed-tracing.git resolved at 1.5.0
Creating working copy for https://github.com/apple/swift-atomics.git
Working copy of https://github.com/apple/swift-atomics.git resolved at 1.3.1
Creating working copy for https://github.com/swift-extras/swift-extras-base64.git
Working copy of https://github.com/swift-extras/swift-extras-base64.git resolved at 1.2.0
Creating working copy for https://github.com/apple/swift-nio.git
Working copy of https://github.com/apple/swift-nio.git resolved at 2.103.0
Creating working copy for https://github.com/apple/swift-crypto.git
Working copy of https://github.com/apple/swift-crypto.git resolved at 5.0.0
Creating working copy for https://github.com/apple/swift-nio-transport-services.git
Working copy of https://github.com/apple/swift-nio-transport-services.git resolved at 1.28.0
Creating working copy for https://github.com/apple/swift-nio-http2.git
Working copy of https://github.com/apple/swift-nio-http2.git resolved at 1.46.0
Creating working copy for https://github.com/apple/swift-log.git
Working copy of https://github.com/apple/swift-log.git resolved at 1.15.1
Creating working copy for https://github.com/apple/swift-system.git
Working copy of https://github.com/apple/swift-system.git resolved at 1.8.1
Creating working copy for https://github.com/apple/swift-algorithms.git
Working copy of https://github.com/apple/swift-algorithms.git resolved at 1.2.1
Creating working copy for https://github.com/swift-server/async-http-client.git
Working copy of https://github.com/swift-server/async-http-client.git resolved at 1.36.2
Creating working copy for https://github.com/hummingbird-project/hummingbird.git
Working copy of https://github.com/hummingbird-project/hummingbird.git resolved at 2.27.0
Creating working copy for https://github.com/apple/swift-http-types.git
Working copy of https://github.com/apple/swift-http-types.git resolved at 1.8.0
Building for debugging...
[0/55] Write sources
[27/55] Compiling _CWASI _CWASI.c
[27/55] Write sources
[34/55] Compiling _AtomicsShims.c
[35/55] Compiling CNIOWindows WSAStartup.c
[36/55] Compiling CNIOPosix event_loop_id.c
[37/55] Compiling CNIOWASI CNIOWASI.c
[38/55] Compiling CSystem shims.c
[39/55] Compiling CNIOOpenBSD shim.c
[40/55] Compiling CNIOWindows shim.c
[41/55] Compiling CNIOLinux shim.c
[42/55] Compiling CNIOLinux liburing_shims.c
[43/55] Compiling CNIOFreeBSD shim.c
[44/55] Compiling CNIODarwin shim.c
[45/55] Compiling CNIOLLHTTP c_nio_http.c
[46/55] Write sources
[50/55] Write swift-version-24593BA9C3E375BF.txt
[51/55] Compiling CNIOLLHTTP c_nio_api.c
[53/112] Emitting module _NIOBase64
[54/112] Emitting module SystemPackage
[54/117] Compiling c-nioatomics.c
[55/117] Compiling CNIOLLHTTP c_nio_llhttp.c
[57/155] Emitting module InternalCollectionsUtilities
[57/158] Compiling c-atomics.c
[59/165] Compiling _NIOBase64 Base64.swift
[60/166] Emitting module ServiceContextModule
[62/166] Compiling Logging Logger+Attributes.swift
[63/167] Compiling InternalCollectionsUtilities MutableSpan+Extras.swift
[64/167] Compiling InternalCollectionsUtilities OutputSpan+Extras.swift
[65/167] Compiling InternalCollectionsUtilities RandomAccessCollection+Offsets.swift
[66/167] Compiling InternalCollectionsUtilities Span+Extras.swift
[67/167] Compiling ServiceContextModule ServiceContext.swift
[68/167] Compiling ServiceContextModule ServiceContextKey.swift
[69/168] Compiling InternalCollectionsUtilities Iterable+CopyContents.swift
[70/168] Compiling InternalCollectionsUtilities Iterable+Equality.swift
[71/168] Compiling InternalCollectionsUtilities LifetimeOverride.swift
[72/168] Compiling InternalCollectionsUtilities MutableRef.swift
[73/168] Compiling InternalCollectionsUtilities UnsafeRawBufferPointer+Extras.swift
[74/168] Compiling InternalCollectionsUtilities _SortedCollection.swift
[75/168] Compiling InternalCollectionsUtilities _UniqueCollection.swift
[76/170] Compiling InternalCollectionsUtilities _UnsafeBitSet+Index.swift
[80/170] Compiling SystemPackage FilePathSyntax.swift
[81/170] Compiling InternalCollectionsUtilities UnsafeMutableRawBufferPointer+Extras.swift
[82/170] Compiling InternalCollectionsUtilities UnsafePointer+Extras.swift
[83/170] Compiling InternalCollectionsUtilities Strideable+LimitHelpers.swift
[84/170] Compiling InternalCollectionsUtilities String+Padding.swift
[85/170] Compiling InternalCollectionsUtilities TemporaryAllocation.swift
[86/172] Compiling HTTPTypes HTTP2ErrorCode.swift
[87/172] Compiling HTTPTypes HTTP3ErrorCode.swift
[88/172] Compiling HTTPTypes HTTPField.swift
[89/172] Compiling HTTPTypes HTTPFieldName.swift
[90/173] Compiling SystemPackage SystemString.swift
[91/173] Compiling SystemPackage Util+StringArray.swift
[92/173] Compiling SystemPackage Util.swift
[93/173] Compiling SystemPackage UtilConsumers.swift
[94/173] Compiling SystemPackage WinSDK+Overlay.swift
[95/173] Compiling InternalCollectionsUtilities FixedWidthInteger+roundUpToPowerOfTwo.swift
[96/173] Compiling InternalCollectionsUtilities Integer rank.swift
[97/173] Compiling InternalCollectionsUtilities UInt+first and last set bit.swift
[98/173] Compiling InternalCollectionsUtilities UInt+reversed.swift
[100/173] Emitting module _NIODataStructures
[101/173] Compiling _NIODataStructures _TinyArray.swift
[112/173] Compiling InternalCollectionsUtilities _UnsafeBitSet+_Word.swift
[113/173] Compiling InternalCollectionsUtilities _UnsafeBitSet.swift
[114/173] Compiling InternalCollectionsUtilities UnsafeBufferPointer+Extras.swift
[115/173] Compiling InternalCollectionsUtilities UnsafeMutableBufferPointer+Extras.swift
[116/173] Compiling InternalCollectionsUtilities UnsafeMutablePointer+Extras.swift
[119/173] Compiling Logging LoggingSystem.swift
[121/178] Compiling ExtrasBase64 Base32+Span.swift
[122/179] Compiling Logging Logger+With.swift
[125/179] Compiling Logging Logger.swift
[126/185] Compiling CoreMetrics MappingMetricsFactory.swift
[127/185] Compiling Instrumentation NoOpInstrument.swift
[128/185] Compiling CoreMetrics WithMetricsFactory.swift
[129/185] Compiling Instrumentation MultiplexInstrument.swift
[130/185] Compiling HTTPTypes HTTPParsedFields.swift
[131/186] Emitting module Instrumentation
[134/186] Compiling HTTPTypes HTTPRequest.swift
[137/186] Compiling HTTPTypes HTTPFieldValue.swift
[138/186] Emitting module HTTPTypes
[139/186] Compiling NIOConcurrencyHelpers lock.swift
[145/186] Compiling Instrumentation Instrument.swift
[146/186] Compiling Instrumentation Locks.swift
[152/186] Compiling NIOConcurrencyHelpers NIOAtomic.swift
[153/186] Compiling Instrumentation InstrumentationSystem.swift
[154/186] Compiling NIOConcurrencyHelpers NIOLock.swift
[155/186] Emitting module NIOConcurrencyHelpers
[156/186] Compiling NIOConcurrencyHelpers NIOLockedValueBox.swift
[157/187] Compiling _NIODataStructures PriorityQueue.swift
[158/187] Compiling _NIODataStructures Heap.swift
[159/188] Compiling SystemPackage RawBuffer.swift
[160/188] Compiling SystemPackage Syscalls.swift
[161/188] Compiling SystemPackage WindowsSyscallAdapters.swift
[162/188] Compiling SystemPackage MachPort.swift
[163/188] Compiling SystemPackage PlatformString.swift
[166/188] Compiling NIOConcurrencyHelpers NIOThreadPoolWorkAvailable.swift
[167/188] Compiling NIOConcurrencyHelpers atomics.swift
[173/189] Compiling Logging MetadataProvider.swift
[175/194] Compiling HTTPTypes HTTPFields.swift
[176/194] Compiling HTTPTypes HTTPRequest+URL.swift
[179/197] Emitting module Logging
[184/204] Compiling SpanPreview OutputSpan+InputSpanHelpers.swift
[185/220] Compiling SpanPreview InputSpan.swift
[186/220] Emitting module SpanPreview
[187/226] Compiling SpanPreview MutableSpan+InputSpanHelpers.swift
[189/269] Compiling Tracing InstrumentationSystem+Tracing.swift
[190/270] Compiling ConcurrencyHelpers LockedValueBox.swift
[191/270] Emitting module Authentication
[192/270] Compiling Authentication Authenticator.swift
[193/270] Compiling Authentication CredentialIssuer.swift
[194/270] Emitting module ConcurrencyHelpers
[195/270] Compiling Authentication Principal.swift
[196/270] Compiling Authentication PrincipalKey.swift
[198/272] Compiling Tracing WithTracer.swift
[199/320] Compiling Tracing TracerProtocol.swift
[200/327] Compiling ConcurrencyHelpers Lock.swift
[201/330] Compiling Tracing TracerProtocol+Legacy.swift
[202/330] Compiling Tracing Tracer.swift
[203/332] Compiling Tracing TracingTime.swift
[205/335] Emitting module CoreMetrics
[206/335] Compiling CoreMetrics Locks.swift
[207/335] Compiling CoreMetrics Metrics.swift
[209/336] Emitting module UnixSignals
[210/338] Compiling HTTPTypes HTTPResponse.swift
[211/338] Compiling UnixSignals UnixSignalsSequence.swift
[212/338] Compiling UnixSignals UnixSignal.swift
[213/340] Compiling DequeModule UniqueDeque+Consumption.swift
[214/340] Compiling DequeModule UniqueDeque+ContainerOperations.swift
[215/340] Compiling DequeModule UniqueDeque+Deprecations.swift
[216/340] Compiling DequeModule UniqueDeque+Descriptions.swift
[217/340] Compiling DequeModule UniqueDeque+Equatable.swift
[218/340] Compiling DequeModule UniqueDeque+Hashable.swift
[219/340] Compiling DequeModule RigidDeque+Descriptions.swift
[220/340] Compiling DequeModule RigidDeque+Equatable.swift
[221/340] Compiling DequeModule RigidDeque+Hashable.swift
[222/340] Compiling DequeModule RigidDeque+Initializers.swift
[223/340] Compiling DequeModule RigidDeque+Insertions.swift
[224/340] Compiling DequeModule RigidDeque+Iterable.swift
[226/345] Compiling OrderedCollections OrderedSet+Partial SetAlgebra formSymmetricDifference.swift
[227/345] Compiling OrderedCollections OrderedSet+Partial SetAlgebra formUnion.swift
[228/345] Compiling OrderedCollections OrderedSet+Partial SetAlgebra intersection.swift
[229/345] Compiling OrderedCollections OrderedSet+Partial SetAlgebra isDisjoint.swift
[230/345] Compiling OrderedCollections OrderedSet+Partial SetAlgebra isEqualSet.swift
[231/345] Compiling OrderedCollections OrderedSet+Partial SetAlgebra isStrictSubset.swift
[232/345] Compiling OrderedCollections OrderedSet+Partial SetAlgebra isStrictSuperset.swift
[233/345] Compiling OrderedCollections OrderedSet+Partial SetAlgebra isSubset.swift
[234/352] Compiling Atomics UnsafeAtomic.swift
[235/352] Compiling Atomics UnsafeAtomicLazyReference.swift
[237/354] Compiling ExtrasBase64 Base32.swift
[238/354] Compiling Atomics DoubleWord.swift
[239/354] Compiling Atomics IntegerOperations.swift
[240/354] Compiling Atomics Unmanaged extensions.swift
[246/354] Emitting module Tracing
[247/354] Compiling Tracing NoOpTracer.swift
[248/354] Compiling Tracing SpanProtocol.swift
[249/355] Compiling DequeModule UniqueDeque+Initializers.swift
[250/355] Compiling DequeModule UniqueDeque+Insertions.swift
[251/355] Compiling DequeModule UniqueDeque+Iterable.swift
[252/355] Compiling DequeModule UniqueDeque+Prepend.swift
[253/355] Compiling DequeModule UniqueDeque+Removals.swift
[255/355] Compiling Atomics ManagedAtomic.swift
[256/355] Compiling Atomics ManagedAtomicLazyReference.swift
[257/355] Compiling Atomics AtomicMemoryOrderings.swift
[259/355] Compiling Atomics AtomicStorage.swift
[260/355] Compiling Atomics AtomicValue.swift
[267/355] Compiling Metrics Metrics.swift
[268/355] Emitting module Metrics
[270/356] Compiling DequeModule UniqueDeque+Replacements.swift
[271/356] Compiling DequeModule UniqueDeque.swift
[272/356] Compiling DequeModule _DequeSlot.swift
[273/356] Compiling DequeModule _UnsafeDequeHandle.swift
[274/356] Compiling DequeModule _UnsafeDequeSegments.swift
[275/356] Compiling OrderedCollections OrderedSet+RandomAccessCollection.swift
[276/356] Compiling OrderedCollections OrderedSet+ReserveCapacity.swift
[280/356] Compiling Atomics AtomicBool.swift
[288/356] Compiling ExtrasBase64 Base64+Span.swift
[289/356] Compiling ExtrasBase64 Base64.swift
[290/356] Compiling DequeModule RigidDeque+Prepend.swift
[291/356] Compiling DequeModule RigidDeque+Removals.swift
[292/356] Compiling DequeModule RigidDeque+Replacements.swift
[293/356] Compiling DequeModule RigidDeque+Testing.swift
[294/356] Compiling DequeModule RigidDeque.swift
[295/356] Compiling DequeModule UniqueDeque+Append.swift
[304/356] Compiling Atomics AtomicInteger.swift
[305/356] Compiling Atomics AtomicOptionalWrappable.swift
[306/356] Compiling Atomics AtomicReference.swift
[307/356] Compiling Atomics IntegerConformances.swift
[308/356] Compiling Atomics PointerConformances.swift
[309/356] Compiling Atomics Primitives.native.swift
[310/356] Compiling Atomics OptionalRawRepresentable.swift
[311/356] Compiling Atomics RawRepresentable.swift
[312/356] Emitting module ExtrasBase64
[326/357] Emitting module Atomics
[335/357] Compiling OrderedCollections OrderedSet+Sendable.swift
[336/357] Compiling OrderedCollections OrderedSet+SubSequence.swift
[337/357] Compiling OrderedCollections OrderedSet+Testing.swift
[338/357] Compiling OrderedCollections OrderedSet+UnorderedView.swift
[339/357] Compiling OrderedCollections OrderedSet+UnstableInternals.swift
[340/357] Compiling OrderedCollections OrderedSet.swift
[341/357] Compiling OrderedCollections _UnsafeBitset.swift
[342/357] Emitting module OrderedCollections
[354/359] Emitting module DequeModule
[361/477] Compiling NIOCore NIOAsyncWriter.swift
[362/477] Compiling NIOCore NIOCoreSendableMetatype.swift
[363/477] Compiling NIOCore NIODecodedAsyncSequence.swift
[364/477] Compiling NIOCore NIOLoopBound.swift
[365/477] Compiling AsyncAlgorithms AsyncChunkedByGroupSequence.swift
[366/477] Compiling NIOCore NIOScheduledCallback.swift
[367/477] Compiling NIOCore NIOSendable.swift
[368/477] Compiling NIOCore NIOSplitLinesMessageDecoder.swift
[376/484] Compiling NIOCore NIOTransportAccessibleChannelCore.swift
[377/484] Compiling NIOCore RecvByteBufferAllocator.swift
[380/492] Compiling NIOCore NIOThrowingAsyncSequenceProducer.swift
[381/492] Compiling NIOCore BSDSocketAPI.swift
[382/492] Compiling NIOCore ByteBuffer-aux.swift
[383/492] Compiling NIOCore ByteBuffer-binaryEncodedLengthPrefix.swift
[384/492] Compiling NIOCore ByteBuffer-conversions.swift
[385/492] Compiling NIOCore ByteBuffer-quicBinaryEncodingStrategy.swift
[386/492] Compiling NIOCore ByteBuffer-views.swift
[387/492] Compiling NIOCore Channel.swift
[388/492] Compiling NIOCore ChannelHandler.swift
[389/492] Compiling NIOCore ChannelHandlers.swift
[390/492] Compiling NIOCore ChannelInvoker.swift
[391/492] Compiling NIOCore ChannelOption.swift
[392/492] Compiling NIOCore ChannelPipeline.swift
[393/492] Compiling AsyncAlgorithms AsyncFlatMapLatestSequence.swift
[394/492] Compiling AsyncAlgorithms FlatMapLatestStateMachine.swift
[395/492] Compiling AsyncAlgorithms FlatMapLatestStorage.swift
[396/492] Compiling AsyncAlgorithms Disconnected.swift
[397/492] Compiling AsyncAlgorithms _TinyArray.swift
[398/492] Compiling AsyncAlgorithms AsyncInterspersedSequence.swift
[399/492] Compiling AsyncAlgorithms Locking.swift
[400/492] Emitting module AsyncAlgorithms
[401/492] Compiling AsyncAlgorithms UnsafeTransfer.swift
[402/492] Compiling AsyncAlgorithms AsyncZip2Sequence.swift
[403/492] Compiling AsyncAlgorithms AsyncZip3Sequence.swift
[404/492] Compiling AsyncAlgorithms ZipStateMachine.swift
[405/492] Compiling AsyncAlgorithms ZipStorage.swift
[406/492] Compiling NIOCore MarkedCircularBuffer.swift
[407/492] Compiling NIOCore MulticastChannel.swift
[408/492] Compiling NIOCore NIOAny.swift
[409/492] Compiling NIOCore NIOCloseOnErrorHandler.swift
[410/492] Compiling AsyncAlgorithms AsyncCompactedSequence.swift
[411/492] Compiling AsyncAlgorithms AsyncExclusiveReductionsSequence.swift
[412/492] Compiling AsyncAlgorithms AsyncInclusiveReductionsSequence.swift
[413/492] Compiling AsyncAlgorithms AsyncJoinedBySeparatorSequence.swift
[414/492] Compiling NIOCore AsyncChannelInboundStream.swift
[415/492] Compiling NIOCore AsyncChannelOutboundWriter.swift
[416/492] Compiling NIOCore NIOAsyncSequenceProducer.swift
[417/492] Compiling NIOCore NIOAsyncSequenceProducerStrategies.swift
[419/492] Compiling AsyncAlgorithms Rethrow.swift
[420/492] Compiling AsyncAlgorithms SetAlgebra.swift
[426/492] Compiling AsyncAlgorithms AsyncCombineLatest3Sequence.swift
[427/492] Compiling AsyncAlgorithms CombineLatestStateMachine.swift
[428/492] Compiling AsyncAlgorithms CombineLatestStorage.swift
[429/492] Compiling AsyncAlgorithms AsyncDebounceSequence.swift
[430/492] Compiling AsyncAlgorithms DebounceStateMachine.swift
[431/492] Compiling AsyncAlgorithms DebounceStorage.swift
[432/492] Compiling NIOCore ByteBuffer-multi-int.swift
[433/492] Compiling NIOCore SingleStepByteToMessageDecoder.swift
[434/492] Compiling NIOCore SocketAddresses.swift
[435/492] Compiling NIOCore SocketOptionProvider.swift
[436/492] Compiling NIOCore SystemCallHelpers.swift
[437/492] Compiling NIOCore TimeAmount+Duration.swift
[438/492] Compiling NIOCore TypeAssistedChannelHandler.swift
[439/492] Compiling NIOCore UniversalBootstrapSupport.swift
[440/492] Compiling NIOCore Utilities.swift
[450/492] Compiling NIOCore CircularBuffer.swift
[451/492] Compiling NIOCore Codec.swift
[452/492] Compiling NIOCore ConvenienceOptionSupport.swift
[453/492] Compiling NIOCore DeadChannel.swift
[454/492] Compiling NIOCore DispatchQueue+WithFuture.swift
[455/492] Compiling NIOCore EventLoop+Deprecated.swift
[456/492] Compiling NIOCore EventLoop+SerialExecutor.swift
[484/502] Emitting module ServiceLifecycle
[485/503] Compiling ServiceLifecycle ServiceGroupConfiguration.swift
[486/503] Compiling ServiceLifecycle ServiceRunnerError.swift
[487/503] Compiling ServiceLifecycle ServiceGroup.swift
[488/503] Compiling ServiceLifecycle CancellationWaiter.swift
[489/503] Compiling ServiceLifecycle Service.swift
[490/503] Compiling ServiceLifecycle GracefulShutdown.swift
[491/503] Compiling ServiceLifecycle ClosureService.swift
[492/503] Compiling ServiceLifecycle AsyncCancelOnGracefulShutdownSequence.swift
[493/503] Compiling ServiceLifecycle AsyncGracefulShutdownSequence.swift
[495/504] Emitting module NIOCore
[506/581] Compiling NIOEmbedded AsyncTestingEventLoop.swift
[507/581] Compiling NIOHTTP1 HTTPServerProtocolErrorHandler.swift
[508/581] Compiling NIOHTTP1 HTTPServerRequestMethodQueue.swift
[509/581] Compiling NIOHTTP1 HTTPServerUpgradeHandler.swift
[510/581] Compiling NIOHTTP1 NIOHTTPClientUpgradeHandler.swift
[511/581] Compiling NIOHTTP1 NIOHTTPObjectAggregator.swift
[512/581] Compiling NIOHTTP1 HTTPTypedPipelineSetup.swift
[513/581] Compiling NIOHTTP1 HTTPTypes.swift
[514/588] Compiling NIOHTTP1 HTTPHeaderValidator.swift
/host/spi-builder-workspace/.build/checkouts/swift-nio/Sources/NIOPosix/BaseSocketChannel+AccessibleTransport.swift:17:11: error: cannot find type 'BaseSocketChannel' in scope
15 | import NIOCore
16 |
17 | extension BaseSocketChannel where SocketType: BaseSocket {
   |           `- error: cannot find type 'BaseSocketChannel' in scope
18 |     /// The underlying transport type backing this channel.
19 |     typealias Transport = NIOBSDSocket.Handle
/host/spi-builder-workspace/.build/checkouts/swift-nio/Sources/NIOPosix/BaseSocketChannel+AccessibleTransport.swift:27:11: error: cannot find type 'BaseSocketChannel' in scope
25 | }
26 |
27 | extension BaseSocketChannel where SocketType: PipePair {
   |           `- error: cannot find type 'BaseSocketChannel' in scope
28 |     /// The underlying transport type backing this channel.
29 |     typealias Transport = NIOBSDSocket.PipeHandle
/host/spi-builder-workspace/.build/checkouts/swift-nio/Sources/NIOPosix/BaseSocketChannel+AccessibleTransport.swift:42:11: error: cannot find type 'SocketChannel' in scope
40 | }
41 |
42 | extension SocketChannel: NIOTransportAccessibleChannelCore {}
   |           `- error: cannot find type 'SocketChannel' in scope
43 | extension ServerSocketChannel: NIOTransportAccessibleChannelCore {}
44 | extension DatagramChannel: NIOTransportAccessibleChannelCore {}
/host/spi-builder-workspace/.build/checkouts/swift-nio/Sources/NIOPosix/BaseSocketChannel+AccessibleTransport.swift:43:11: error: cannot find type 'ServerSocketChannel' in scope
41 |
42 | extension SocketChannel: NIOTransportAccessibleChannelCore {}
43 | extension ServerSocketChannel: NIOTransportAccessibleChannelCore {}
   |           `- error: cannot find type 'ServerSocketChannel' in scope
44 | extension DatagramChannel: NIOTransportAccessibleChannelCore {}
45 | extension PipeChannel: NIOTransportAccessibleChannelCore {}
/host/spi-builder-workspace/.build/checkouts/swift-nio/Sources/NIOPosix/BaseSocketChannel+AccessibleTransport.swift:44:11: error: cannot find type 'DatagramChannel' in scope
42 | extension SocketChannel: NIOTransportAccessibleChannelCore {}
43 | extension ServerSocketChannel: NIOTransportAccessibleChannelCore {}
44 | extension DatagramChannel: NIOTransportAccessibleChannelCore {}
   |           `- error: cannot find type 'DatagramChannel' in scope
45 | extension PipeChannel: NIOTransportAccessibleChannelCore {}
46 |
/host/spi-builder-workspace/.build/checkouts/swift-nio/Sources/NIOPosix/BaseSocketChannel+AccessibleTransport.swift:45:11: error: cannot find type 'PipeChannel' in scope
43 | extension ServerSocketChannel: NIOTransportAccessibleChannelCore {}
44 | extension DatagramChannel: NIOTransportAccessibleChannelCore {}
45 | extension PipeChannel: NIOTransportAccessibleChannelCore {}
   |           `- error: cannot find type 'PipeChannel' in scope
46 |
/host/spi-builder-workspace/.build/checkouts/swift-nio/Sources/NIOPosix/BaseSocketChannel+AccessibleTransport.swift:17:29: error: 'where' clause cannot be applied to a non-generic top-level declaration
15 | import NIOCore
16 |
17 | extension BaseSocketChannel where SocketType: BaseSocket {
   |                             `- error: 'where' clause cannot be applied to a non-generic top-level declaration
18 |     /// The underlying transport type backing this channel.
19 |     typealias Transport = NIOBSDSocket.Handle
/host/spi-builder-workspace/.build/checkouts/swift-nio/Sources/NIOPosix/BaseSocketChannel+AccessibleTransport.swift:27:29: error: 'where' clause cannot be applied to a non-generic top-level declaration
25 | }
26 |
27 | extension BaseSocketChannel where SocketType: PipePair {
   |                             `- error: 'where' clause cannot be applied to a non-generic top-level declaration
28 |     /// The underlying transport type backing this channel.
29 |     typealias Transport = NIOBSDSocket.PipeHandle
[515/588] Compiling NIOHTTP1 HTTPHeaders+Validation.swift
/host/spi-builder-workspace/.build/checkouts/swift-nio/Sources/NIOPosix/BaseSocketChannel+AccessibleTransport.swift:17:11: error: cannot find type 'BaseSocketChannel' in scope
15 | import NIOCore
16 |
17 | extension BaseSocketChannel where SocketType: BaseSocket {
   |           `- error: cannot find type 'BaseSocketChannel' in scope
18 |     /// The underlying transport type backing this channel.
19 |     typealias Transport = NIOBSDSocket.Handle
/host/spi-builder-workspace/.build/checkouts/swift-nio/Sources/NIOPosix/BaseSocketChannel+AccessibleTransport.swift:27:11: error: cannot find type 'BaseSocketChannel' in scope
25 | }
26 |
27 | extension BaseSocketChannel where SocketType: PipePair {
   |           `- error: cannot find type 'BaseSocketChannel' in scope
28 |     /// The underlying transport type backing this channel.
29 |     typealias Transport = NIOBSDSocket.PipeHandle
/host/spi-builder-workspace/.build/checkouts/swift-nio/Sources/NIOPosix/BaseSocketChannel+AccessibleTransport.swift:42:11: error: cannot find type 'SocketChannel' in scope
40 | }
41 |
42 | extension SocketChannel: NIOTransportAccessibleChannelCore {}
   |           `- error: cannot find type 'SocketChannel' in scope
43 | extension ServerSocketChannel: NIOTransportAccessibleChannelCore {}
44 | extension DatagramChannel: NIOTransportAccessibleChannelCore {}
/host/spi-builder-workspace/.build/checkouts/swift-nio/Sources/NIOPosix/BaseSocketChannel+AccessibleTransport.swift:43:11: error: cannot find type 'ServerSocketChannel' in scope
41 |
42 | extension SocketChannel: NIOTransportAccessibleChannelCore {}
43 | extension ServerSocketChannel: NIOTransportAccessibleChannelCore {}
   |           `- error: cannot find type 'ServerSocketChannel' in scope
44 | extension DatagramChannel: NIOTransportAccessibleChannelCore {}
45 | extension PipeChannel: NIOTransportAccessibleChannelCore {}
/host/spi-builder-workspace/.build/checkouts/swift-nio/Sources/NIOPosix/BaseSocketChannel+AccessibleTransport.swift:44:11: error: cannot find type 'DatagramChannel' in scope
42 | extension SocketChannel: NIOTransportAccessibleChannelCore {}
43 | extension ServerSocketChannel: NIOTransportAccessibleChannelCore {}
44 | extension DatagramChannel: NIOTransportAccessibleChannelCore {}
   |           `- error: cannot find type 'DatagramChannel' in scope
45 | extension PipeChannel: NIOTransportAccessibleChannelCore {}
46 |
/host/spi-builder-workspace/.build/checkouts/swift-nio/Sources/NIOPosix/BaseSocketChannel+AccessibleTransport.swift:45:11: error: cannot find type 'PipeChannel' in scope
43 | extension ServerSocketChannel: NIOTransportAccessibleChannelCore {}
44 | extension DatagramChannel: NIOTransportAccessibleChannelCore {}
45 | extension PipeChannel: NIOTransportAccessibleChannelCore {}
   |           `- error: cannot find type 'PipeChannel' in scope
46 |
/host/spi-builder-workspace/.build/checkouts/swift-nio/Sources/NIOPosix/BaseSocketChannel+AccessibleTransport.swift:17:29: error: 'where' clause cannot be applied to a non-generic top-level declaration
15 | import NIOCore
16 |
17 | extension BaseSocketChannel where SocketType: BaseSocket {
   |                             `- error: 'where' clause cannot be applied to a non-generic top-level declaration
18 |     /// The underlying transport type backing this channel.
19 |     typealias Transport = NIOBSDSocket.Handle
/host/spi-builder-workspace/.build/checkouts/swift-nio/Sources/NIOPosix/BaseSocketChannel+AccessibleTransport.swift:27:29: error: 'where' clause cannot be applied to a non-generic top-level declaration
25 | }
26 |
27 | extension BaseSocketChannel where SocketType: PipePair {
   |                             `- error: 'where' clause cannot be applied to a non-generic top-level declaration
28 |     /// The underlying transport type backing this channel.
29 |     typealias Transport = NIOBSDSocket.PipeHandle
[516/588] Compiling NIOHTTP1 HTTPPipelineSetup.swift
/host/spi-builder-workspace/.build/checkouts/swift-nio/Sources/NIOPosix/BaseSocketChannel+AccessibleTransport.swift:17:11: error: cannot find type 'BaseSocketChannel' in scope
15 | import NIOCore
16 |
17 | extension BaseSocketChannel where SocketType: BaseSocket {
   |           `- error: cannot find type 'BaseSocketChannel' in scope
18 |     /// The underlying transport type backing this channel.
19 |     typealias Transport = NIOBSDSocket.Handle
/host/spi-builder-workspace/.build/checkouts/swift-nio/Sources/NIOPosix/BaseSocketChannel+AccessibleTransport.swift:27:11: error: cannot find type 'BaseSocketChannel' in scope
25 | }
26 |
27 | extension BaseSocketChannel where SocketType: PipePair {
   |           `- error: cannot find type 'BaseSocketChannel' in scope
28 |     /// The underlying transport type backing this channel.
29 |     typealias Transport = NIOBSDSocket.PipeHandle
/host/spi-builder-workspace/.build/checkouts/swift-nio/Sources/NIOPosix/BaseSocketChannel+AccessibleTransport.swift:42:11: error: cannot find type 'SocketChannel' in scope
40 | }
41 |
42 | extension SocketChannel: NIOTransportAccessibleChannelCore {}
   |           `- error: cannot find type 'SocketChannel' in scope
43 | extension ServerSocketChannel: NIOTransportAccessibleChannelCore {}
44 | extension DatagramChannel: NIOTransportAccessibleChannelCore {}
/host/spi-builder-workspace/.build/checkouts/swift-nio/Sources/NIOPosix/BaseSocketChannel+AccessibleTransport.swift:43:11: error: cannot find type 'ServerSocketChannel' in scope
41 |
42 | extension SocketChannel: NIOTransportAccessibleChannelCore {}
43 | extension ServerSocketChannel: NIOTransportAccessibleChannelCore {}
   |           `- error: cannot find type 'ServerSocketChannel' in scope
44 | extension DatagramChannel: NIOTransportAccessibleChannelCore {}
45 | extension PipeChannel: NIOTransportAccessibleChannelCore {}
/host/spi-builder-workspace/.build/checkouts/swift-nio/Sources/NIOPosix/BaseSocketChannel+AccessibleTransport.swift:44:11: error: cannot find type 'DatagramChannel' in scope
42 | extension SocketChannel: NIOTransportAccessibleChannelCore {}
43 | extension ServerSocketChannel: NIOTransportAccessibleChannelCore {}
44 | extension DatagramChannel: NIOTransportAccessibleChannelCore {}
   |           `- error: cannot find type 'DatagramChannel' in scope
45 | extension PipeChannel: NIOTransportAccessibleChannelCore {}
46 |
/host/spi-builder-workspace/.build/checkouts/swift-nio/Sources/NIOPosix/BaseSocketChannel+AccessibleTransport.swift:45:11: error: cannot find type 'PipeChannel' in scope
43 | extension ServerSocketChannel: NIOTransportAccessibleChannelCore {}
44 | extension DatagramChannel: NIOTransportAccessibleChannelCore {}
45 | extension PipeChannel: NIOTransportAccessibleChannelCore {}
   |           `- error: cannot find type 'PipeChannel' in scope
46 |
/host/spi-builder-workspace/.build/checkouts/swift-nio/Sources/NIOPosix/BaseSocketChannel+AccessibleTransport.swift:17:29: error: 'where' clause cannot be applied to a non-generic top-level declaration
15 | import NIOCore
16 |
17 | extension BaseSocketChannel where SocketType: BaseSocket {
   |                             `- error: 'where' clause cannot be applied to a non-generic top-level declaration
18 |     /// The underlying transport type backing this channel.
19 |     typealias Transport = NIOBSDSocket.Handle
/host/spi-builder-workspace/.build/checkouts/swift-nio/Sources/NIOPosix/BaseSocketChannel+AccessibleTransport.swift:27:29: error: 'where' clause cannot be applied to a non-generic top-level declaration
25 | }
26 |
27 | extension BaseSocketChannel where SocketType: PipePair {
   |                             `- error: 'where' clause cannot be applied to a non-generic top-level declaration
28 |     /// The underlying transport type backing this channel.
29 |     typealias Transport = NIOBSDSocket.PipeHandle
[517/588] Compiling NIOHTTP1 ByteCollectionUtils.swift
/host/spi-builder-workspace/.build/checkouts/swift-nio/Sources/NIOPosix/BaseSocketChannel+AccessibleTransport.swift:17:11: error: cannot find type 'BaseSocketChannel' in scope
15 | import NIOCore
16 |
17 | extension BaseSocketChannel where SocketType: BaseSocket {
   |           `- error: cannot find type 'BaseSocketChannel' in scope
18 |     /// The underlying transport type backing this channel.
19 |     typealias Transport = NIOBSDSocket.Handle
/host/spi-builder-workspace/.build/checkouts/swift-nio/Sources/NIOPosix/BaseSocketChannel+AccessibleTransport.swift:27:11: error: cannot find type 'BaseSocketChannel' in scope
25 | }
26 |
27 | extension BaseSocketChannel where SocketType: PipePair {
   |           `- error: cannot find type 'BaseSocketChannel' in scope
28 |     /// The underlying transport type backing this channel.
29 |     typealias Transport = NIOBSDSocket.PipeHandle
/host/spi-builder-workspace/.build/checkouts/swift-nio/Sources/NIOPosix/BaseSocketChannel+AccessibleTransport.swift:42:11: error: cannot find type 'SocketChannel' in scope
40 | }
41 |
42 | extension SocketChannel: NIOTransportAccessibleChannelCore {}
   |           `- error: cannot find type 'SocketChannel' in scope
43 | extension ServerSocketChannel: NIOTransportAccessibleChannelCore {}
44 | extension DatagramChannel: NIOTransportAccessibleChannelCore {}
/host/spi-builder-workspace/.build/checkouts/swift-nio/Sources/NIOPosix/BaseSocketChannel+AccessibleTransport.swift:43:11: error: cannot find type 'ServerSocketChannel' in scope
41 |
42 | extension SocketChannel: NIOTransportAccessibleChannelCore {}
43 | extension ServerSocketChannel: NIOTransportAccessibleChannelCore {}
   |           `- error: cannot find type 'ServerSocketChannel' in scope
44 | extension DatagramChannel: NIOTransportAccessibleChannelCore {}
45 | extension PipeChannel: NIOTransportAccessibleChannelCore {}
/host/spi-builder-workspace/.build/checkouts/swift-nio/Sources/NIOPosix/BaseSocketChannel+AccessibleTransport.swift:44:11: error: cannot find type 'DatagramChannel' in scope
42 | extension SocketChannel: NIOTransportAccessibleChannelCore {}
43 | extension ServerSocketChannel: NIOTransportAccessibleChannelCore {}
44 | extension DatagramChannel: NIOTransportAccessibleChannelCore {}
   |           `- error: cannot find type 'DatagramChannel' in scope
45 | extension PipeChannel: NIOTransportAccessibleChannelCore {}
46 |
/host/spi-builder-workspace/.build/checkouts/swift-nio/Sources/NIOPosix/BaseSocketChannel+AccessibleTransport.swift:45:11: error: cannot find type 'PipeChannel' in scope
43 | extension ServerSocketChannel: NIOTransportAccessibleChannelCore {}
44 | extension DatagramChannel: NIOTransportAccessibleChannelCore {}
45 | extension PipeChannel: NIOTransportAccessibleChannelCore {}
   |           `- error: cannot find type 'PipeChannel' in scope
46 |
/host/spi-builder-workspace/.build/checkouts/swift-nio/Sources/NIOPosix/BaseSocketChannel+AccessibleTransport.swift:17:29: error: 'where' clause cannot be applied to a non-generic top-level declaration
15 | import NIOCore
16 |
17 | extension BaseSocketChannel where SocketType: BaseSocket {
   |                             `- error: 'where' clause cannot be applied to a non-generic top-level declaration
18 |     /// The underlying transport type backing this channel.
19 |     typealias Transport = NIOBSDSocket.Handle
/host/spi-builder-workspace/.build/checkouts/swift-nio/Sources/NIOPosix/BaseSocketChannel+AccessibleTransport.swift:27:29: error: 'where' clause cannot be applied to a non-generic top-level declaration
25 | }
26 |
27 | extension BaseSocketChannel where SocketType: PipePair {
   |                             `- error: 'where' clause cannot be applied to a non-generic top-level declaration
28 |     /// The underlying transport type backing this channel.
29 |     typealias Transport = NIOBSDSocket.PipeHandle
[518/588] Compiling NIOHTTP1 HTTPDecoder.swift
/host/spi-builder-workspace/.build/checkouts/swift-nio/Sources/NIOPosix/BaseSocketChannel+AccessibleTransport.swift:17:11: error: cannot find type 'BaseSocketChannel' in scope
15 | import NIOCore
16 |
17 | extension BaseSocketChannel where SocketType: BaseSocket {
   |           `- error: cannot find type 'BaseSocketChannel' in scope
18 |     /// The underlying transport type backing this channel.
19 |     typealias Transport = NIOBSDSocket.Handle
/host/spi-builder-workspace/.build/checkouts/swift-nio/Sources/NIOPosix/BaseSocketChannel+AccessibleTransport.swift:27:11: error: cannot find type 'BaseSocketChannel' in scope
25 | }
26 |
27 | extension BaseSocketChannel where SocketType: PipePair {
   |           `- error: cannot find type 'BaseSocketChannel' in scope
28 |     /// The underlying transport type backing this channel.
29 |     typealias Transport = NIOBSDSocket.PipeHandle
/host/spi-builder-workspace/.build/checkouts/swift-nio/Sources/NIOPosix/BaseSocketChannel+AccessibleTransport.swift:42:11: error: cannot find type 'SocketChannel' in scope
40 | }
41 |
42 | extension SocketChannel: NIOTransportAccessibleChannelCore {}
   |           `- error: cannot find type 'SocketChannel' in scope
43 | extension ServerSocketChannel: NIOTransportAccessibleChannelCore {}
44 | extension DatagramChannel: NIOTransportAccessibleChannelCore {}
/host/spi-builder-workspace/.build/checkouts/swift-nio/Sources/NIOPosix/BaseSocketChannel+AccessibleTransport.swift:43:11: error: cannot find type 'ServerSocketChannel' in scope
41 |
42 | extension SocketChannel: NIOTransportAccessibleChannelCore {}
43 | extension ServerSocketChannel: NIOTransportAccessibleChannelCore {}
   |           `- error: cannot find type 'ServerSocketChannel' in scope
44 | extension DatagramChannel: NIOTransportAccessibleChannelCore {}
45 | extension PipeChannel: NIOTransportAccessibleChannelCore {}
/host/spi-builder-workspace/.build/checkouts/swift-nio/Sources/NIOPosix/BaseSocketChannel+AccessibleTransport.swift:44:11: error: cannot find type 'DatagramChannel' in scope
42 | extension SocketChannel: NIOTransportAccessibleChannelCore {}
43 | extension ServerSocketChannel: NIOTransportAccessibleChannelCore {}
44 | extension DatagramChannel: NIOTransportAccessibleChannelCore {}
   |           `- error: cannot find type 'DatagramChannel' in scope
45 | extension PipeChannel: NIOTransportAccessibleChannelCore {}
46 |
/host/spi-builder-workspace/.build/checkouts/swift-nio/Sources/NIOPosix/BaseSocketChannel+AccessibleTransport.swift:45:11: error: cannot find type 'PipeChannel' in scope
43 | extension ServerSocketChannel: NIOTransportAccessibleChannelCore {}
44 | extension DatagramChannel: NIOTransportAccessibleChannelCore {}
45 | extension PipeChannel: NIOTransportAccessibleChannelCore {}
   |           `- error: cannot find type 'PipeChannel' in scope
46 |
/host/spi-builder-workspace/.build/checkouts/swift-nio/Sources/NIOPosix/BaseSocketChannel+AccessibleTransport.swift:17:29: error: 'where' clause cannot be applied to a non-generic top-level declaration
15 | import NIOCore
16 |
17 | extension BaseSocketChannel where SocketType: BaseSocket {
   |                             `- error: 'where' clause cannot be applied to a non-generic top-level declaration
18 |     /// The underlying transport type backing this channel.
19 |     typealias Transport = NIOBSDSocket.Handle
/host/spi-builder-workspace/.build/checkouts/swift-nio/Sources/NIOPosix/BaseSocketChannel+AccessibleTransport.swift:27:29: error: 'where' clause cannot be applied to a non-generic top-level declaration
25 | }
26 |
27 | extension BaseSocketChannel where SocketType: PipePair {
   |                             `- error: 'where' clause cannot be applied to a non-generic top-level declaration
28 |     /// The underlying transport type backing this channel.
29 |     typealias Transport = NIOBSDSocket.PipeHandle
[519/588] Compiling NIOHTTP1 HTTPEncoder.swift
/host/spi-builder-workspace/.build/checkouts/swift-nio/Sources/NIOPosix/BaseSocketChannel+AccessibleTransport.swift:17:11: error: cannot find type 'BaseSocketChannel' in scope
15 | import NIOCore
16 |
17 | extension BaseSocketChannel where SocketType: BaseSocket {
   |           `- error: cannot find type 'BaseSocketChannel' in scope
18 |     /// The underlying transport type backing this channel.
19 |     typealias Transport = NIOBSDSocket.Handle
/host/spi-builder-workspace/.build/checkouts/swift-nio/Sources/NIOPosix/BaseSocketChannel+AccessibleTransport.swift:27:11: error: cannot find type 'BaseSocketChannel' in scope
25 | }
26 |
27 | extension BaseSocketChannel where SocketType: PipePair {
   |           `- error: cannot find type 'BaseSocketChannel' in scope
28 |     /// The underlying transport type backing this channel.
29 |     typealias Transport = NIOBSDSocket.PipeHandle
/host/spi-builder-workspace/.build/checkouts/swift-nio/Sources/NIOPosix/BaseSocketChannel+AccessibleTransport.swift:42:11: error: cannot find type 'SocketChannel' in scope
40 | }
41 |
42 | extension SocketChannel: NIOTransportAccessibleChannelCore {}
   |           `- error: cannot find type 'SocketChannel' in scope
43 | extension ServerSocketChannel: NIOTransportAccessibleChannelCore {}
44 | extension DatagramChannel: NIOTransportAccessibleChannelCore {}
/host/spi-builder-workspace/.build/checkouts/swift-nio/Sources/NIOPosix/BaseSocketChannel+AccessibleTransport.swift:43:11: error: cannot find type 'ServerSocketChannel' in scope
41 |
42 | extension SocketChannel: NIOTransportAccessibleChannelCore {}
43 | extension ServerSocketChannel: NIOTransportAccessibleChannelCore {}
   |           `- error: cannot find type 'ServerSocketChannel' in scope
44 | extension DatagramChannel: NIOTransportAccessibleChannelCore {}
45 | extension PipeChannel: NIOTransportAccessibleChannelCore {}
/host/spi-builder-workspace/.build/checkouts/swift-nio/Sources/NIOPosix/BaseSocketChannel+AccessibleTransport.swift:44:11: error: cannot find type 'DatagramChannel' in scope
42 | extension SocketChannel: NIOTransportAccessibleChannelCore {}
43 | extension ServerSocketChannel: NIOTransportAccessibleChannelCore {}
44 | extension DatagramChannel: NIOTransportAccessibleChannelCore {}
   |           `- error: cannot find type 'DatagramChannel' in scope
45 | extension PipeChannel: NIOTransportAccessibleChannelCore {}
46 |
/host/spi-builder-workspace/.build/checkouts/swift-nio/Sources/NIOPosix/BaseSocketChannel+AccessibleTransport.swift:45:11: error: cannot find type 'PipeChannel' in scope
43 | extension ServerSocketChannel: NIOTransportAccessibleChannelCore {}
44 | extension DatagramChannel: NIOTransportAccessibleChannelCore {}
45 | extension PipeChannel: NIOTransportAccessibleChannelCore {}
   |           `- error: cannot find type 'PipeChannel' in scope
46 |
/host/spi-builder-workspace/.build/checkouts/swift-nio/Sources/NIOPosix/BaseSocketChannel+AccessibleTransport.swift:17:29: error: 'where' clause cannot be applied to a non-generic top-level declaration
15 | import NIOCore
16 |
17 | extension BaseSocketChannel where SocketType: BaseSocket {
   |                             `- error: 'where' clause cannot be applied to a non-generic top-level declaration
18 |     /// The underlying transport type backing this channel.
19 |     typealias Transport = NIOBSDSocket.Handle
/host/spi-builder-workspace/.build/checkouts/swift-nio/Sources/NIOPosix/BaseSocketChannel+AccessibleTransport.swift:27:29: error: 'where' clause cannot be applied to a non-generic top-level declaration
25 | }
26 |
27 | extension BaseSocketChannel where SocketType: PipePair {
   |                             `- error: 'where' clause cannot be applied to a non-generic top-level declaration
28 |     /// The underlying transport type backing this channel.
29 |     typealias Transport = NIOBSDSocket.PipeHandle
[520/588] Compiling NIOHTTP1 HTTPServerPipelineHandler.swift
/host/spi-builder-workspace/.build/checkouts/swift-nio/Sources/NIOPosix/BaseSocketChannel+AccessibleTransport.swift:17:11: error: cannot find type 'BaseSocketChannel' in scope
15 | import NIOCore
16 |
17 | extension BaseSocketChannel where SocketType: BaseSocket {
   |           `- error: cannot find type 'BaseSocketChannel' in scope
18 |     /// The underlying transport type backing this channel.
19 |     typealias Transport = NIOBSDSocket.Handle
/host/spi-builder-workspace/.build/checkouts/swift-nio/Sources/NIOPosix/BaseSocketChannel+AccessibleTransport.swift:27:11: error: cannot find type 'BaseSocketChannel' in scope
25 | }
26 |
27 | extension BaseSocketChannel where SocketType: PipePair {
   |           `- error: cannot find type 'BaseSocketChannel' in scope
28 |     /// The underlying transport type backing this channel.
29 |     typealias Transport = NIOBSDSocket.PipeHandle
/host/spi-builder-workspace/.build/checkouts/swift-nio/Sources/NIOPosix/BaseSocketChannel+AccessibleTransport.swift:42:11: error: cannot find type 'SocketChannel' in scope
40 | }
41 |
42 | extension SocketChannel: NIOTransportAccessibleChannelCore {}
   |           `- error: cannot find type 'SocketChannel' in scope
43 | extension ServerSocketChannel: NIOTransportAccessibleChannelCore {}
44 | extension DatagramChannel: NIOTransportAccessibleChannelCore {}
/host/spi-builder-workspace/.build/checkouts/swift-nio/Sources/NIOPosix/BaseSocketChannel+AccessibleTransport.swift:43:11: error: cannot find type 'ServerSocketChannel' in scope
41 |
42 | extension SocketChannel: NIOTransportAccessibleChannelCore {}
43 | extension ServerSocketChannel: NIOTransportAccessibleChannelCore {}
   |           `- error: cannot find type 'ServerSocketChannel' in scope
44 | extension DatagramChannel: NIOTransportAccessibleChannelCore {}
45 | extension PipeChannel: NIOTransportAccessibleChannelCore {}
/host/spi-builder-workspace/.build/checkouts/swift-nio/Sources/NIOPosix/BaseSocketChannel+AccessibleTransport.swift:44:11: error: cannot find type 'DatagramChannel' in scope
42 | extension SocketChannel: NIOTransportAccessibleChannelCore {}
43 | extension ServerSocketChannel: NIOTransportAccessibleChannelCore {}
44 | extension DatagramChannel: NIOTransportAccessibleChannelCore {}
   |           `- error: cannot find type 'DatagramChannel' in scope
45 | extension PipeChannel: NIOTransportAccessibleChannelCore {}
46 |
/host/spi-builder-workspace/.build/checkouts/swift-nio/Sources/NIOPosix/BaseSocketChannel+AccessibleTransport.swift:45:11: error: cannot find type 'PipeChannel' in scope
43 | extension ServerSocketChannel: NIOTransportAccessibleChannelCore {}
44 | extension DatagramChannel: NIOTransportAccessibleChannelCore {}
45 | extension PipeChannel: NIOTransportAccessibleChannelCore {}
   |           `- error: cannot find type 'PipeChannel' in scope
46 |
/host/spi-builder-workspace/.build/checkouts/swift-nio/Sources/NIOPosix/BaseSocketChannel+AccessibleTransport.swift:17:29: error: 'where' clause cannot be applied to a non-generic top-level declaration
15 | import NIOCore
16 |
17 | extension BaseSocketChannel where SocketType: BaseSocket {
   |                             `- error: 'where' clause cannot be applied to a non-generic top-level declaration
18 |     /// The underlying transport type backing this channel.
19 |     typealias Transport = NIOBSDSocket.Handle
/host/spi-builder-workspace/.build/checkouts/swift-nio/Sources/NIOPosix/BaseSocketChannel+AccessibleTransport.swift:27:29: error: 'where' clause cannot be applied to a non-generic top-level declaration
25 | }
26 |
27 | extension BaseSocketChannel where SocketType: PipePair {
   |                             `- error: 'where' clause cannot be applied to a non-generic top-level declaration
28 |     /// The underlying transport type backing this channel.
29 |     typealias Transport = NIOBSDSocket.PipeHandle
error: emit-module command failed with exit code 1 (use -v to see invocation)
[521/588] Emitting module NIOPosix
/host/spi-builder-workspace/.build/checkouts/swift-nio/Sources/NIOPosix/BaseSocketChannel+AccessibleTransport.swift:17:11: error: cannot find type 'BaseSocketChannel' in scope
15 | import NIOCore
16 |
17 | extension BaseSocketChannel where SocketType: BaseSocket {
   |           `- error: cannot find type 'BaseSocketChannel' in scope
18 |     /// The underlying transport type backing this channel.
19 |     typealias Transport = NIOBSDSocket.Handle
/host/spi-builder-workspace/.build/checkouts/swift-nio/Sources/NIOPosix/BaseSocketChannel+AccessibleTransport.swift:27:11: error: cannot find type 'BaseSocketChannel' in scope
25 | }
26 |
27 | extension BaseSocketChannel where SocketType: PipePair {
   |           `- error: cannot find type 'BaseSocketChannel' in scope
28 |     /// The underlying transport type backing this channel.
29 |     typealias Transport = NIOBSDSocket.PipeHandle
/host/spi-builder-workspace/.build/checkouts/swift-nio/Sources/NIOPosix/BaseSocketChannel+AccessibleTransport.swift:42:11: error: cannot find type 'SocketChannel' in scope
40 | }
41 |
42 | extension SocketChannel: NIOTransportAccessibleChannelCore {}
   |           `- error: cannot find type 'SocketChannel' in scope
43 | extension ServerSocketChannel: NIOTransportAccessibleChannelCore {}
44 | extension DatagramChannel: NIOTransportAccessibleChannelCore {}
/host/spi-builder-workspace/.build/checkouts/swift-nio/Sources/NIOPosix/BaseSocketChannel+AccessibleTransport.swift:43:11: error: cannot find type 'ServerSocketChannel' in scope
41 |
42 | extension SocketChannel: NIOTransportAccessibleChannelCore {}
43 | extension ServerSocketChannel: NIOTransportAccessibleChannelCore {}
   |           `- error: cannot find type 'ServerSocketChannel' in scope
44 | extension DatagramChannel: NIOTransportAccessibleChannelCore {}
45 | extension PipeChannel: NIOTransportAccessibleChannelCore {}
/host/spi-builder-workspace/.build/checkouts/swift-nio/Sources/NIOPosix/BaseSocketChannel+AccessibleTransport.swift:44:11: error: cannot find type 'DatagramChannel' in scope
42 | extension SocketChannel: NIOTransportAccessibleChannelCore {}
43 | extension ServerSocketChannel: NIOTransportAccessibleChannelCore {}
44 | extension DatagramChannel: NIOTransportAccessibleChannelCore {}
   |           `- error: cannot find type 'DatagramChannel' in scope
45 | extension PipeChannel: NIOTransportAccessibleChannelCore {}
46 |
/host/spi-builder-workspace/.build/checkouts/swift-nio/Sources/NIOPosix/BaseSocketChannel+AccessibleTransport.swift:45:11: error: cannot find type 'PipeChannel' in scope
43 | extension ServerSocketChannel: NIOTransportAccessibleChannelCore {}
44 | extension DatagramChannel: NIOTransportAccessibleChannelCore {}
45 | extension PipeChannel: NIOTransportAccessibleChannelCore {}
   |           `- error: cannot find type 'PipeChannel' in scope
46 |
[522/588] Compiling NIOHTTP1 NIOTypedHTTPClientUpgradeHandler.swift
[523/588] Compiling NIOHTTP1 NIOTypedHTTPClientUpgraderStateMachine.swift
[524/588] Compiling NIOPosix NIORandomizedDNSResolver.swift
[525/588] Compiling NIOPosix NIOThreadPool.swift
[526/588] Compiling NIOPosix NonBlockingFileIO.swift
[527/588] Compiling NIOPosix PendingDatagramWritesManager.swift
[528/588] Compiling NIOPosix PendingWritesManager.swift
[529/588] Compiling NIOPosix BaseStreamSocketChannel.swift
[530/588] Compiling NIOPosix Bootstrap.swift
[531/588] Compiling NIOPosix ControlMessage.swift
[532/588] Compiling NIOPosix DatagramVectorReadManager.swift
[533/588] Compiling NIOPosix Errors+Any.swift
[534/588] Compiling NIOPosix FileDescriptor.swift
[535/588] Compiling NIOPosix GetaddrinfoResolver.swift
[536/588] Compiling NIOPosix Selectable.swift
[537/588] Compiling NIOPosix SelectableChannel.swift
[538/588] Compiling NIOPosix SelectableEventLoop.swift
[539/588] Compiling NIOPosix SelectorEpoll.swift
[540/588] Compiling NIOPosix SelectorGeneric.swift
[541/588] Compiling NIOPosix SelectorKqueue.swift
[542/588] Compiling NIOPosix SelectorUring.swift
[543/588] Compiling NIOPosix SelectorWSAPoll.swift
[544/588] Compiling NIOPosix ServerSocket.swift
[545/588] Compiling NIOPosix Socket.swift
[546/588] Compiling NIOPosix SocketChannel.swift
[547/588] Compiling NIOPosix SocketProtocols.swift
[548/588] Compiling NIOPosix StructuredConcurrencyHelpers.swift
[549/588] Compiling NIOPosix System.swift
[550/588] Compiling NIOPosix PipeChannel.swift
[551/588] Compiling NIOPosix PipePair.swift
[552/588] Compiling NIOPosix Pool.swift
[553/588] Compiling NIOPosix PosixSingletons+ConcurrencyTakeOver.swift
[554/588] Compiling NIOPosix PosixSingletons.swift
[555/588] Compiling NIOPosix RawSocketBootstrap.swift
[556/588] Compiling NIOPosix Resolver.swift
[557/588] Emitting module NIOHTTPTypes
[558/588] Compiling NIOHTTPTypes NIOHTTPTypes.swift
[559/588] Compiling NIOFoundationEssentialsCompat Codable+ByteBuffer.swift
[561/589] Compiling NIOPosix Thread.swift
[562/589] Compiling NIOPosix ThreadPosix.swift
[563/589] Compiling NIOPosix ThreadWindows.swift
[564/589] Compiling NIOPosix Utilities.swift
[565/589] Compiling NIOPosix VsockAddress.swift
[566/589] Compiling NIOPosix VsockChannelEvents.swift
[567/589] Compiling NIOPosix Windows.swift
[568/589] Emitting module NIOFoundationEssentialsCompat
BUILD FAILURE 6.3 wasm