Build Information
Failed to build LottieUI, reference v1.3.3 (dd5b2f), with Swift 6.4 for tvOS using Xcode 27.0 on 19 Sep 2026 02:27:08 UTC.
Build Command
env DEVELOPER_DIR=/Applications/Xcode-27.0.0-Release.Candidate.app xcrun xcodebuild -IDEClonedSourcePackagesDirPathOverride=$PWD/.dependencies -skipMacroValidation -skipPackagePluginValidation -derivedDataPath $PWD/.derivedData build -scheme LottieUI -destination generic/platform=tvOSBuild Log
========================================
RunAll
========================================
Builder version: 5.1.0
Interrupt handler set up.
========================================
Checkout
========================================
Clone URL: https://github.com/tfmart/LottieUI.git
Reference: v1.3.3
Initialized empty Git repository in /Users/admin/builder/spi-builder-workspace/.git/
From https://github.com/tfmart/LottieUI
* tag v1.3.3 -> FETCH_HEAD
HEAD is now at dd5b2f1 Added code example to warning
Cloned https://github.com/tfmart/LottieUI.git
Revision (git rev-parse @):
dd5b2f16213f89ab996a55fc2f51b56236da4bbe
SUCCESS checkout https://github.com/tfmart/LottieUI.git at v1.3.3
========================================
Build
========================================
Selected platform: tvOS
Swift version: 6.4
Building package at path: $PWD
https://github.com/tfmart/LottieUI.git
Command line invocation:
/Applications/Xcode-27.0.0-Release.Candidate.app/Contents/Developer/usr/bin/xcodebuild -IDEClonedSourcePackagesDirPathOverride=/Users/admin/builder/spi-builder-workspace/.dependencies -resolvePackageDependencies
Resolve Package Graph
Fetching from https://github.com/airbnb/lottie-spm.git
Creating working copy of package ‘lottie-spm’
Checking out 4.6.1 of package ‘lottie-spm’
Resolve Package Graph
Resolved source packages:
LottieUI: /Users/admin/builder/spi-builder-workspace
Lottie: https://github.com/airbnb/lottie-spm.git @ 4.6.1
resolved source packages: LottieUI, Lottie
2026-09-18 22:26:13.075 xcodebuild[529:3018] [MT] IDERunDestination: Supported platforms for the buildables in the current scheme is empty.
{
"dependencies" : [
{
"identity" : "lottie-spm",
"requirement" : {
"range" : [
{
"lower_bound" : "4.1.2",
"upper_bound" : "5.0.0"
}
]
},
"type" : "sourceControl",
"url" : "https://github.com/airbnb/lottie-spm.git"
}
],
"manifest_display_name" : "LottieUI",
"name" : "LottieUI",
"path" : "/Users/admin/builder/spi-builder-workspace",
"platforms" : [
{
"name" : "ios",
"version" : "13.0"
},
{
"name" : "macos",
"version" : "10.15"
}
],
"products" : [
{
"name" : "LottieUI",
"targets" : [
"LottieUI"
],
"type" : {
"library" : [
"automatic"
]
}
}
],
"targets" : [
{
"c99name" : "LottieUITests",
"module_type" : "SwiftTarget",
"name" : "LottieUITests",
"path" : "Tests/LottieUITests",
"sources" : [
"LottieUITests.swift"
],
"target_dependencies" : [
"LottieUI"
],
"type" : "test"
},
{
"c99name" : "LottieUI",
"module_type" : "SwiftTarget",
"name" : "LottieUI",
"path" : "Sources/LottieUI",
"product_dependencies" : [
"Lottie"
],
"product_memberships" : [
"LottieUI"
],
"sources" : [
"AsyncLottieView/AsyncLottiePhase.swift",
"AsyncLottieView/AsyncLottieView.swift",
"LottieConfiguration.swift",
"LottieContentSource.swift",
"LottieView/LottieView+iOS.swift",
"LottieView/LottieView+macOS.swift",
"LottieView/LottieView.swift",
"iOS/AnimationProgressObserver.swift",
"iOS/WrappedAnimationView+iOS.swift",
"macOS/AnimationProgressObserver+macOS.swift",
"macOS/WrappedAnimationNSView.swift"
],
"type" : "library"
}
],
"tools_version" : "5.5"
}
{
"workspace" : {
"name" : "LottieUI",
"schemes" : [
"LottieUI"
]
}
}
2026-09-18 22:26:54.583 xcodebuild[702:4416] [MT] IDERunDestination: Supported platforms for the buildables in the current scheme is empty.
Running build ...
env DEVELOPER_DIR=/Applications/Xcode-27.0.0-Release.Candidate.app xcrun xcodebuild -IDEClonedSourcePackagesDirPathOverride=$PWD/.dependencies -skipMacroValidation -skipPackagePluginValidation -derivedDataPath $PWD/.derivedData build -scheme LottieUI -destination generic/platform=tvOS
Command line invocation:
/Applications/Xcode-27.0.0-Release.Candidate.app/Contents/Developer/usr/bin/xcodebuild -IDEClonedSourcePackagesDirPathOverride=/Users/admin/builder/spi-builder-workspace/.dependencies -skipMacroValidation -skipPackagePluginValidation -derivedDataPath /Users/admin/builder/spi-builder-workspace/.derivedData build -scheme LottieUI -destination generic/platform=tvOS
Resolve Package Graph
Resolve Package Graph
Resolved source packages:
LottieUI: /Users/admin/builder/spi-builder-workspace
Lottie: https://github.com/airbnb/lottie-spm.git @ 4.6.1
ComputePackagePrebuildTargetDependencyGraph
Prepare packages
CreateBuildRequest
SendProjectDescription
CreateBuildOperation
ComputeTargetDependencyGraph
note: Building targets in dependency order
note: Target dependency graph (4 targets)
Target 'LottieUI-product' in project 'LottieUI'
➜ Explicit dependency on target 'LottieUI' in project 'LottieUI'
➜ Explicit dependency on target 'Lottie-product' in project 'Lottie'
Target 'LottieUI' in project 'LottieUI'
➜ Explicit dependency on target 'Lottie-product' in project 'Lottie'
Target 'Lottie-product' in project 'Lottie'
➜ Explicit dependency on target '_LottieStub' in project 'Lottie'
Target '_LottieStub' in project 'Lottie' (no dependencies)
GatherProvisioningInputs
CreateBuildDescription
ExecuteExternalTool /Applications/Xcode-27.0.0-Release.Candidate.app/Contents/Developer/Toolchains/XcodeDefault.xctoolchain/usr/bin/clang -v -E -dM -isysroot /Applications/Xcode-27.0.0-Release.Candidate.app/Contents/Developer/Platforms/AppleTVOS.platform/Developer/SDKs/AppleTVOS27.0.sdk -x c -c /dev/null
ExecuteExternalTool /Applications/Xcode-27.0.0-Release.Candidate.app/Contents/Developer/Toolchains/XcodeDefault.xctoolchain/usr/bin/swiftc --version
ExecuteExternalTool /Applications/Xcode-27.0.0-Release.Candidate.app/Contents/Developer/Toolchains/XcodeDefault.xctoolchain/usr/bin/ld -version_details
Build description signature: dba43f2ff8cb02e9c5a1b7f498e0689f
Build description path: /Users/admin/builder/spi-builder-workspace/.derivedData/Build/Intermediates.noindex/XCBuildData/dba43f2ff8cb02e9c5a1b7f498e0689f.xcbuilddata
CreateBuildDirectory /Users/admin/builder/spi-builder-workspace/.derivedData/SDKExplicitPrecompiledModules
cd /Users/admin/builder/spi-builder-workspace/.swiftpm/xcode
builtin-create-build-directory /Users/admin/builder/spi-builder-workspace/.derivedData/SDKExplicitPrecompiledModules
CreateBuildDirectory /Users/admin/builder/spi-builder-workspace/.derivedData/ModuleCache.noindex
cd /Users/admin/builder/spi-builder-workspace/.swiftpm/xcode
builtin-create-build-directory /Users/admin/builder/spi-builder-workspace/.derivedData/ModuleCache.noindex
CreateBuildDirectory /Users/admin/builder/spi-builder-workspace/.derivedData/CompilationCache.noindex
cd /Users/admin/builder/spi-builder-workspace/.swiftpm/xcode
builtin-create-build-directory /Users/admin/builder/spi-builder-workspace/.derivedData/CompilationCache.noindex
CreateBuildDirectory /Users/admin/builder/spi-builder-workspace/.derivedData/Build/Intermediates.noindex
cd /Users/admin/builder/spi-builder-workspace/.swiftpm/xcode
builtin-create-build-directory /Users/admin/builder/spi-builder-workspace/.derivedData/Build/Intermediates.noindex
ClangStatCache /Applications/Xcode-27.0.0-Release.Candidate.app/Contents/Developer/Toolchains/XcodeDefault.xctoolchain/usr/bin/clang-stat-cache /Applications/Xcode-27.0.0-Release.Candidate.app/Contents/Developer/Platforms/AppleTVOS.platform/Developer/SDKs/AppleTVOS27.0.sdk /Users/admin/builder/spi-builder-workspace/.derivedData/SDKStatCaches.noindex/appletvos27.0-24J360-e829b21a6f8c9b70876ba0858053c044b32bfd8d43560033f8d89884cdb90028.sdkstatcache
cd /Users/admin/builder/spi-builder-workspace/.swiftpm/xcode
/Applications/Xcode-27.0.0-Release.Candidate.app/Contents/Developer/Toolchains/XcodeDefault.xctoolchain/usr/bin/clang-stat-cache /Applications/Xcode-27.0.0-Release.Candidate.app/Contents/Developer/Platforms/AppleTVOS.platform/Developer/SDKs/AppleTVOS27.0.sdk -o /Users/admin/builder/spi-builder-workspace/.derivedData/SDKStatCaches.noindex/appletvos27.0-24J360-e829b21a6f8c9b70876ba0858053c044b32bfd8d43560033f8d89884cdb90028.sdkstatcache
CreateBuildDirectory /Users/admin/builder/spi-builder-workspace/.derivedData/Build/Products
cd /Users/admin/builder/spi-builder-workspace/.swiftpm/xcode
builtin-create-build-directory /Users/admin/builder/spi-builder-workspace/.derivedData/Build/Products
CreateBuildDirectory /Users/admin/builder/spi-builder-workspace/.derivedData/Build/Products/Debug-appletvos
cd /Users/admin/builder/spi-builder-workspace/.swiftpm/xcode
builtin-create-build-directory /Users/admin/builder/spi-builder-workspace/.derivedData/Build/Products/Debug-appletvos
CreateBuildDirectory /Users/admin/builder/spi-builder-workspace/.derivedData/Build/Intermediates.noindex/ExplicitPrecompiledModules
cd /Users/admin/builder/spi-builder-workspace/.swiftpm/xcode
builtin-create-build-directory /Users/admin/builder/spi-builder-workspace/.derivedData/Build/Intermediates.noindex/ExplicitPrecompiledModules
CreateBuildDirectory /Users/admin/builder/spi-builder-workspace/.derivedData/Build/Intermediates.noindex/PrecompiledHeaders
cd /Users/admin/builder/spi-builder-workspace/.swiftpm/xcode
builtin-create-build-directory /Users/admin/builder/spi-builder-workspace/.derivedData/Build/Intermediates.noindex/PrecompiledHeaders
CreateBuildDirectory /Users/admin/builder/spi-builder-workspace/.derivedData/Build/Intermediates.noindex/SwiftExplicitPrecompiledModules
cd /Users/admin/builder/spi-builder-workspace/.swiftpm/xcode
builtin-create-build-directory /Users/admin/builder/spi-builder-workspace/.derivedData/Build/Intermediates.noindex/SwiftExplicitPrecompiledModules
CreateBuildDirectory /Users/admin/builder/spi-builder-workspace/.derivedData/Build/Intermediates.noindex/EagerLinkingTBDs/Debug-appletvos
cd /Users/admin/builder/spi-builder-workspace/.swiftpm/xcode
builtin-create-build-directory /Users/admin/builder/spi-builder-workspace/.derivedData/Build/Intermediates.noindex/EagerLinkingTBDs/Debug-appletvos
CreateBuildDirectory /Users/admin/builder/spi-builder-workspace/.derivedData/Build/Products/Debug-appletvos/PackageFrameworks
cd /Users/admin/builder/spi-builder-workspace/.swiftpm/xcode
builtin-create-build-directory /Users/admin/builder/spi-builder-workspace/.derivedData/Build/Products/Debug-appletvos/PackageFrameworks
WriteAuxiliaryFile /Users/admin/builder/spi-builder-workspace/.derivedData/Build/Intermediates.noindex/Lottie.build/Debug-appletvos/_LottieStub-t.build/_LottieStub.DependencyStaticMetadataFileList (in target '_LottieStub' from project 'Lottie')
cd /Users/admin/builder/spi-builder-workspace/.dependencies/checkouts/lottie-spm
write-file /Users/admin/builder/spi-builder-workspace/.derivedData/Build/Intermediates.noindex/Lottie.build/Debug-appletvos/_LottieStub-t.build/_LottieStub.DependencyStaticMetadataFileList
WriteAuxiliaryFile /Users/admin/builder/spi-builder-workspace/.derivedData/Build/Intermediates.noindex/Lottie.build/Debug-appletvos/_LottieStub-t.build/_LottieStub.DependencyMetadataFileList (in target '_LottieStub' from project 'Lottie')
cd /Users/admin/builder/spi-builder-workspace/.dependencies/checkouts/lottie-spm
write-file /Users/admin/builder/spi-builder-workspace/.derivedData/Build/Intermediates.noindex/Lottie.build/Debug-appletvos/_LottieStub-t.build/_LottieStub.DependencyMetadataFileList
WriteAuxiliaryFile /Users/admin/builder/spi-builder-workspace/.derivedData/Build/Intermediates.noindex/Lottie.build/Debug-appletvos/_LottieStub-t.build/_LottieStub.modulemap (in target '_LottieStub' from project 'Lottie')
cd /Users/admin/builder/spi-builder-workspace/.dependencies/checkouts/lottie-spm
write-file /Users/admin/builder/spi-builder-workspace/.derivedData/Build/Intermediates.noindex/Lottie.build/Debug-appletvos/_LottieStub-t.build/_LottieStub.modulemap
WriteAuxiliaryFile /Users/admin/builder/spi-builder-workspace/.derivedData/Build/Intermediates.noindex/Lottie.build/Debug-appletvos/_LottieStub-t.build/Objects-normal/arm64/_LottieStub_const_extract_protocols.json (in target '_LottieStub' from project 'Lottie')
cd /Users/admin/builder/spi-builder-workspace/.dependencies/checkouts/lottie-spm
write-file /Users/admin/builder/spi-builder-workspace/.derivedData/Build/Intermediates.noindex/Lottie.build/Debug-appletvos/_LottieStub-t.build/Objects-normal/arm64/_LottieStub_const_extract_protocols.json
WriteAuxiliaryFile /Users/admin/builder/spi-builder-workspace/.derivedData/Build/Intermediates.noindex/Lottie.build/Debug-appletvos/_LottieStub-t.build/Objects-normal/arm64/_LottieStub.SwiftFileList (in target '_LottieStub' from project 'Lottie')
cd /Users/admin/builder/spi-builder-workspace/.dependencies/checkouts/lottie-spm
write-file /Users/admin/builder/spi-builder-workspace/.derivedData/Build/Intermediates.noindex/Lottie.build/Debug-appletvos/_LottieStub-t.build/Objects-normal/arm64/_LottieStub.SwiftFileList
WriteAuxiliaryFile /Users/admin/builder/spi-builder-workspace/.derivedData/Build/Intermediates.noindex/Lottie.build/Debug-appletvos/_LottieStub-t.build/Objects-normal/arm64/_LottieStub.SwiftConstValuesFileList (in target '_LottieStub' from project 'Lottie')
cd /Users/admin/builder/spi-builder-workspace/.dependencies/checkouts/lottie-spm
write-file /Users/admin/builder/spi-builder-workspace/.derivedData/Build/Intermediates.noindex/Lottie.build/Debug-appletvos/_LottieStub-t.build/Objects-normal/arm64/_LottieStub.SwiftConstValuesFileList
WriteAuxiliaryFile /Users/admin/builder/spi-builder-workspace/.derivedData/Build/Intermediates.noindex/Lottie.build/Debug-appletvos/_LottieStub-t.build/Objects-normal/arm64/_LottieStub.LinkFileList (in target '_LottieStub' from project 'Lottie')
cd /Users/admin/builder/spi-builder-workspace/.dependencies/checkouts/lottie-spm
write-file /Users/admin/builder/spi-builder-workspace/.derivedData/Build/Intermediates.noindex/Lottie.build/Debug-appletvos/_LottieStub-t.build/Objects-normal/arm64/_LottieStub.LinkFileList
WriteAuxiliaryFile /Users/admin/builder/spi-builder-workspace/.derivedData/Build/Intermediates.noindex/Lottie.build/Debug-appletvos/_LottieStub-t.build/Objects-normal/arm64/_LottieStub-OutputFileMap.json (in target '_LottieStub' from project 'Lottie')
cd /Users/admin/builder/spi-builder-workspace/.dependencies/checkouts/lottie-spm
write-file /Users/admin/builder/spi-builder-workspace/.derivedData/Build/Intermediates.noindex/Lottie.build/Debug-appletvos/_LottieStub-t.build/Objects-normal/arm64/_LottieStub-OutputFileMap.json
Copy /Users/admin/builder/spi-builder-workspace/.derivedData/Build/Intermediates.noindex/GeneratedModuleMaps-appletvos/_LottieStub.modulemap /Users/admin/builder/spi-builder-workspace/.derivedData/Build/Intermediates.noindex/Lottie.build/Debug-appletvos/_LottieStub-t.build/_LottieStub.modulemap (in target '_LottieStub' from project 'Lottie')
cd /Users/admin/builder/spi-builder-workspace/.dependencies/checkouts/lottie-spm
builtin-copy -exclude .DS_Store -exclude CVS -exclude .svn -exclude .git -exclude .hg -resolve-src-symlinks /Users/admin/builder/spi-builder-workspace/.derivedData/Build/Intermediates.noindex/Lottie.build/Debug-appletvos/_LottieStub-t.build/_LottieStub.modulemap /Users/admin/builder/spi-builder-workspace/.derivedData/Build/Intermediates.noindex/GeneratedModuleMaps-appletvos
ProcessXCFramework /Users/admin/builder/spi-builder-workspace/.dependencies/artifacts/lottie-spm/Lottie/Lottie.xcframework /Users/admin/builder/spi-builder-workspace/.derivedData/Build/Products/Debug-appletvos/Lottie.framework tvos
cd /Users/admin/builder/spi-builder-workspace/.swiftpm/xcode
builtin-process-xcframework --xcframework /Users/admin/builder/spi-builder-workspace/.dependencies/artifacts/lottie-spm/Lottie/Lottie.xcframework --platform tvos --target-path /Users/admin/builder/spi-builder-workspace/.derivedData/Build/Products/Debug-appletvos
/Users/admin/builder/spi-builder-workspace/.dependencies/artifacts/lottie-spm/Lottie/Lottie.xcframework:1:1: note: The identity of “Lottie.xcframework” is not recorded in your project.
WriteAuxiliaryFile /Users/admin/builder/spi-builder-workspace/.derivedData/Build/Intermediates.noindex/LottieUI.build/Debug-appletvos/LottieUI-t.build/LottieUI.modulemap (in target 'LottieUI' from project 'LottieUI')
cd /Users/admin/builder/spi-builder-workspace
write-file /Users/admin/builder/spi-builder-workspace/.derivedData/Build/Intermediates.noindex/LottieUI.build/Debug-appletvos/LottieUI-t.build/LottieUI.modulemap
WriteAuxiliaryFile /Users/admin/builder/spi-builder-workspace/.derivedData/Build/Intermediates.noindex/LottieUI.build/Debug-appletvos/LottieUI-t.build/LottieUI.DependencyStaticMetadataFileList (in target 'LottieUI' from project 'LottieUI')
cd /Users/admin/builder/spi-builder-workspace
write-file /Users/admin/builder/spi-builder-workspace/.derivedData/Build/Intermediates.noindex/LottieUI.build/Debug-appletvos/LottieUI-t.build/LottieUI.DependencyStaticMetadataFileList
WriteAuxiliaryFile /Users/admin/builder/spi-builder-workspace/.derivedData/Build/Intermediates.noindex/LottieUI.build/Debug-appletvos/LottieUI-t.build/LottieUI.DependencyMetadataFileList (in target 'LottieUI' from project 'LottieUI')
cd /Users/admin/builder/spi-builder-workspace
write-file /Users/admin/builder/spi-builder-workspace/.derivedData/Build/Intermediates.noindex/LottieUI.build/Debug-appletvos/LottieUI-t.build/LottieUI.DependencyMetadataFileList
WriteAuxiliaryFile /Users/admin/builder/spi-builder-workspace/.derivedData/Build/Intermediates.noindex/LottieUI.build/Debug-appletvos/LottieUI-t.build/Objects-normal/arm64/LottieUI-OutputFileMap.json (in target 'LottieUI' from project 'LottieUI')
cd /Users/admin/builder/spi-builder-workspace
write-file /Users/admin/builder/spi-builder-workspace/.derivedData/Build/Intermediates.noindex/LottieUI.build/Debug-appletvos/LottieUI-t.build/Objects-normal/arm64/LottieUI-OutputFileMap.json
WriteAuxiliaryFile /Users/admin/builder/spi-builder-workspace/.derivedData/Build/Intermediates.noindex/LottieUI.build/Debug-appletvos/LottieUI-t.build/Objects-normal/arm64/LottieUI.LinkFileList (in target 'LottieUI' from project 'LottieUI')
cd /Users/admin/builder/spi-builder-workspace
write-file /Users/admin/builder/spi-builder-workspace/.derivedData/Build/Intermediates.noindex/LottieUI.build/Debug-appletvos/LottieUI-t.build/Objects-normal/arm64/LottieUI.LinkFileList
WriteAuxiliaryFile /Users/admin/builder/spi-builder-workspace/.derivedData/Build/Intermediates.noindex/LottieUI.build/Debug-appletvos/LottieUI-t.build/Objects-normal/arm64/LottieUI.SwiftConstValuesFileList (in target 'LottieUI' from project 'LottieUI')
cd /Users/admin/builder/spi-builder-workspace
write-file /Users/admin/builder/spi-builder-workspace/.derivedData/Build/Intermediates.noindex/LottieUI.build/Debug-appletvos/LottieUI-t.build/Objects-normal/arm64/LottieUI.SwiftConstValuesFileList
WriteAuxiliaryFile /Users/admin/builder/spi-builder-workspace/.derivedData/Build/Intermediates.noindex/LottieUI.build/Debug-appletvos/LottieUI-t.build/Objects-normal/arm64/LottieUI_const_extract_protocols.json (in target 'LottieUI' from project 'LottieUI')
cd /Users/admin/builder/spi-builder-workspace
write-file /Users/admin/builder/spi-builder-workspace/.derivedData/Build/Intermediates.noindex/LottieUI.build/Debug-appletvos/LottieUI-t.build/Objects-normal/arm64/LottieUI_const_extract_protocols.json
WriteAuxiliaryFile /Users/admin/builder/spi-builder-workspace/.derivedData/Build/Intermediates.noindex/LottieUI.build/Debug-appletvos/LottieUI-t.build/Objects-normal/arm64/LottieUI.SwiftFileList (in target 'LottieUI' from project 'LottieUI')
cd /Users/admin/builder/spi-builder-workspace
write-file /Users/admin/builder/spi-builder-workspace/.derivedData/Build/Intermediates.noindex/LottieUI.build/Debug-appletvos/LottieUI-t.build/Objects-normal/arm64/LottieUI.SwiftFileList
Copy /Users/admin/builder/spi-builder-workspace/.derivedData/Build/Intermediates.noindex/GeneratedModuleMaps-appletvos/LottieUI.modulemap /Users/admin/builder/spi-builder-workspace/.derivedData/Build/Intermediates.noindex/LottieUI.build/Debug-appletvos/LottieUI-t.build/LottieUI.modulemap (in target 'LottieUI' from project 'LottieUI')
cd /Users/admin/builder/spi-builder-workspace
builtin-copy -exclude .DS_Store -exclude CVS -exclude .svn -exclude .git -exclude .hg -resolve-src-symlinks /Users/admin/builder/spi-builder-workspace/.derivedData/Build/Intermediates.noindex/LottieUI.build/Debug-appletvos/LottieUI-t.build/LottieUI.modulemap /Users/admin/builder/spi-builder-workspace/.derivedData/Build/Intermediates.noindex/GeneratedModuleMaps-appletvos
SwiftDriver _LottieStub normal arm64 com.apple.xcode.tools.swift.compiler (in target '_LottieStub' from project 'Lottie')
cd /Users/admin/builder/spi-builder-workspace/.swiftpm/xcode
builtin-SwiftDriver -- /Applications/Xcode-27.0.0-Release.Candidate.app/Contents/Developer/Toolchains/XcodeDefault.xctoolchain/usr/bin/swiftc -parse-as-library -module-name _LottieStub -Onone @/Users/admin/builder/spi-builder-workspace/.derivedData/Build/Intermediates.noindex/Lottie.build/Debug-appletvos/_LottieStub-t.build/Objects-normal/arm64/_LottieStub.SwiftFileList -DSWIFT_PACKAGE -DDEBUG -DSWIFT_MODULE_RESOURCE_BUNDLE_UNAVAILABLE -DXcode -plugin-path /Applications/Xcode-27.0.0-Release.Candidate.app/Contents/Developer/Toolchains/XcodeDefault.xctoolchain/usr/lib/swift/host/plugins/testing -enable-experimental-feature DebugDescriptionMacro -sdk /Applications/Xcode-27.0.0-Release.Candidate.app/Contents/Developer/Platforms/AppleTVOS.platform/Developer/SDKs/AppleTVOS27.0.sdk -target arm64-apple-tvos15.0 -g -module-cache-path /Users/admin/builder/spi-builder-workspace/.derivedData/ModuleCache.noindex -Xfrontend -serialize-debugging-options -profile-coverage-mapping -profile-generate -enable-testing -suppress-warnings -index-store-path /Users/admin/builder/spi-builder-workspace/.derivedData/Index.noindex/DataStore -Xcc -D_LIBCPP_HARDENING_MODE\=_LIBCPP_HARDENING_MODE_DEBUG -swift-version 6 -I /Users/admin/builder/spi-builder-workspace/.derivedData/Build/Products/Debug-appletvos -Isystem /Applications/Xcode-27.0.0-Release.Candidate.app/Contents/Developer/Platforms/AppleTVOS.platform/Developer/usr/lib -F /Users/admin/builder/spi-builder-workspace/.derivedData/Build/Products/Debug-appletvos -F /Applications/Xcode-27.0.0-Release.Candidate.app/Contents/Developer/Platforms/AppleTVOS.platform/Developer/Library/Frameworks -F /Applications/Xcode-27.0.0-Release.Candidate.app/Contents/Developer/Platforms/AppleTVOS.platform/Developer/SDKs/AppleTVOS27.0.sdk/Developer/Library/Frameworks -c -j10 -enable-batch-mode -incremental -Xcc -ivfsstatcache -Xcc /Users/admin/builder/spi-builder-workspace/.derivedData/SDKStatCaches.noindex/appletvos27.0-24J360-e829b21a6f8c9b70876ba0858053c044b32bfd8d43560033f8d89884cdb90028.sdkstatcache -output-file-map /Users/admin/builder/spi-builder-workspace/.derivedData/Build/Intermediates.noindex/Lottie.build/Debug-appletvos/_LottieStub-t.build/Objects-normal/arm64/_LottieStub-OutputFileMap.json -save-temps -no-color-diagnostics -explicit-module-build -module-cache-path /Users/admin/builder/spi-builder-workspace/.derivedData/Build/Intermediates.noindex/SwiftExplicitPrecompiledModules -clang-scanner-module-cache-path /Users/admin/builder/spi-builder-workspace/.derivedData/ModuleCache.noindex -sdk-module-cache-path /Users/admin/builder/spi-builder-workspace/.derivedData/SDKExplicitPrecompiledModules -emit-dependencies -emit-module -emit-module-path /Users/admin/builder/spi-builder-workspace/.derivedData/Build/Intermediates.noindex/Lottie.build/Debug-appletvos/_LottieStub-t.build/Objects-normal/arm64/_LottieStub.swiftmodule -serialize-diagnostics -dependency-scan-serialize-diagnostics-path /Users/admin/builder/spi-builder-workspace/.derivedData/Build/Intermediates.noindex/Lottie.build/Debug-appletvos/_LottieStub-t.build/Objects-normal/arm64/_LottieStub-dependency-scan.dia -user-module-version 4.6.1 -validate-clang-modules-once -clang-build-session-file /Users/admin/builder/spi-builder-workspace/.derivedData/ModuleCache.noindex/Session.modulevalidation -Xcc -fmodules-prune-interval\=86400 -Xcc -fmodules-prune-after\=345600 -package-name lottie_spm -emit-const-values -const-gather-protocols-list /Users/admin/builder/spi-builder-workspace/.derivedData/Build/Intermediates.noindex/Lottie.build/Debug-appletvos/_LottieStub-t.build/Objects-normal/arm64/_LottieStub_const_extract_protocols.json -Xcc -I/Users/admin/builder/spi-builder-workspace/.derivedData/Build/Products/Debug-appletvos/include -Xcc -I/Users/admin/builder/spi-builder-workspace/.derivedData/Build/Intermediates.noindex/Lottie.build/Debug-appletvos/_LottieStub-t.build/DerivedSources-normal/arm64 -Xcc -I/Users/admin/builder/spi-builder-workspace/.derivedData/Build/Intermediates.noindex/Lottie.build/Debug-appletvos/_LottieStub-t.build/DerivedSources/arm64 -Xcc -I/Users/admin/builder/spi-builder-workspace/.derivedData/Build/Intermediates.noindex/Lottie.build/Debug-appletvos/_LottieStub-t.build/DerivedSources -Xcc -DSWIFT_PACKAGE -Xcc -DDEBUG\=1 -emit-objc-header -emit-objc-header-path /Users/admin/builder/spi-builder-workspace/.derivedData/Build/Intermediates.noindex/Lottie.build/Debug-appletvos/_LottieStub-t.build/Objects-normal/arm64/_LottieStub-Swift.h -working-directory /Users/admin/builder/spi-builder-workspace/.swiftpm/xcode -experimental-emit-module-separately -disable-cmo
SwiftExplicitDependencyGeneratePcm arm64 /Users/admin/builder/spi-builder-workspace/.derivedData/SDKExplicitPrecompiledModules/SwiftShims-73G9EXEO9PVWB6PL1BR4TAJ0B.pcm
SwiftExplicitDependencyGeneratePcm arm64 /Users/admin/builder/spi-builder-workspace/.derivedData/SDKExplicitPrecompiledModules/_SwiftConcurrencyShims-3HZGHPZQL3GY71QUHDRB0P39S.pcm
SwiftEmitModule normal arm64 Emitting\ module\ for\ _LottieStub (in target '_LottieStub' from project 'Lottie')
SwiftCompile normal arm64 (in target '_LottieStub' from project 'Lottie')
cd /Users/admin/builder/spi-builder-workspace/.swiftpm/xcode
SwiftCompile normal arm64 Compiling\ Stub.swift /Users/admin/builder/spi-builder-workspace/.dependencies/checkouts/lottie-spm/Sources/_LottieStub/Stub.swift (in target '_LottieStub' from project 'Lottie')
SwiftCompile normal arm64 /Users/admin/builder/spi-builder-workspace/.dependencies/checkouts/lottie-spm/Sources/_LottieStub/Stub.swift (in target '_LottieStub' from project 'Lottie')
cd /Users/admin/builder/spi-builder-workspace/.swiftpm/xcode
builtin-SwiftPerFileCompile Stub.swift
SwiftDriverJobDiscovery normal arm64 Emitting module for _LottieStub (in target '_LottieStub' from project 'Lottie')
SwiftDriver\ Compilation\ Requirements _LottieStub normal arm64 com.apple.xcode.tools.swift.compiler (in target '_LottieStub' from project 'Lottie')
cd /Users/admin/builder/spi-builder-workspace/.swiftpm/xcode
builtin-Swift-Compilation-Requirements -- /Applications/Xcode-27.0.0-Release.Candidate.app/Contents/Developer/Toolchains/XcodeDefault.xctoolchain/usr/bin/swiftc -parse-as-library -module-name _LottieStub -Onone @/Users/admin/builder/spi-builder-workspace/.derivedData/Build/Intermediates.noindex/Lottie.build/Debug-appletvos/_LottieStub-t.build/Objects-normal/arm64/_LottieStub.SwiftFileList -DSWIFT_PACKAGE -DDEBUG -DSWIFT_MODULE_RESOURCE_BUNDLE_UNAVAILABLE -DXcode -plugin-path /Applications/Xcode-27.0.0-Release.Candidate.app/Contents/Developer/Toolchains/XcodeDefault.xctoolchain/usr/lib/swift/host/plugins/testing -enable-experimental-feature DebugDescriptionMacro -sdk /Applications/Xcode-27.0.0-Release.Candidate.app/Contents/Developer/Platforms/AppleTVOS.platform/Developer/SDKs/AppleTVOS27.0.sdk -target arm64-apple-tvos15.0 -g -module-cache-path /Users/admin/builder/spi-builder-workspace/.derivedData/ModuleCache.noindex -Xfrontend -serialize-debugging-options -profile-coverage-mapping -profile-generate -enable-testing -suppress-warnings -index-store-path /Users/admin/builder/spi-builder-workspace/.derivedData/Index.noindex/DataStore -Xcc -D_LIBCPP_HARDENING_MODE\=_LIBCPP_HARDENING_MODE_DEBUG -swift-version 6 -I /Users/admin/builder/spi-builder-workspace/.derivedData/Build/Products/Debug-appletvos -Isystem /Applications/Xcode-27.0.0-Release.Candidate.app/Contents/Developer/Platforms/AppleTVOS.platform/Developer/usr/lib -F /Users/admin/builder/spi-builder-workspace/.derivedData/Build/Products/Debug-appletvos -F /Applications/Xcode-27.0.0-Release.Candidate.app/Contents/Developer/Platforms/AppleTVOS.platform/Developer/Library/Frameworks -F /Applications/Xcode-27.0.0-Release.Candidate.app/Contents/Developer/Platforms/AppleTVOS.platform/Developer/SDKs/AppleTVOS27.0.sdk/Developer/Library/Frameworks -c -j10 -enable-batch-mode -incremental -Xcc -ivfsstatcache -Xcc /Users/admin/builder/spi-builder-workspace/.derivedData/SDKStatCaches.noindex/appletvos27.0-24J360-e829b21a6f8c9b70876ba0858053c044b32bfd8d43560033f8d89884cdb90028.sdkstatcache -output-file-map /Users/admin/builder/spi-builder-workspace/.derivedData/Build/Intermediates.noindex/Lottie.build/Debug-appletvos/_LottieStub-t.build/Objects-normal/arm64/_LottieStub-OutputFileMap.json -save-temps -no-color-diagnostics -explicit-module-build -module-cache-path /Users/admin/builder/spi-builder-workspace/.derivedData/Build/Intermediates.noindex/SwiftExplicitPrecompiledModules -clang-scanner-module-cache-path /Users/admin/builder/spi-builder-workspace/.derivedData/ModuleCache.noindex -sdk-module-cache-path /Users/admin/builder/spi-builder-workspace/.derivedData/SDKExplicitPrecompiledModules -emit-dependencies -emit-module -emit-module-path /Users/admin/builder/spi-builder-workspace/.derivedData/Build/Intermediates.noindex/Lottie.build/Debug-appletvos/_LottieStub-t.build/Objects-normal/arm64/_LottieStub.swiftmodule -serialize-diagnostics -dependency-scan-serialize-diagnostics-path /Users/admin/builder/spi-builder-workspace/.derivedData/Build/Intermediates.noindex/Lottie.build/Debug-appletvos/_LottieStub-t.build/Objects-normal/arm64/_LottieStub-dependency-scan.dia -user-module-version 4.6.1 -validate-clang-modules-once -clang-build-session-file /Users/admin/builder/spi-builder-workspace/.derivedData/ModuleCache.noindex/Session.modulevalidation -Xcc -fmodules-prune-interval\=86400 -Xcc -fmodules-prune-after\=345600 -package-name lottie_spm -emit-const-values -const-gather-protocols-list /Users/admin/builder/spi-builder-workspace/.derivedData/Build/Intermediates.noindex/Lottie.build/Debug-appletvos/_LottieStub-t.build/Objects-normal/arm64/_LottieStub_const_extract_protocols.json -Xcc -I/Users/admin/builder/spi-builder-workspace/.derivedData/Build/Products/Debug-appletvos/include -Xcc -I/Users/admin/builder/spi-builder-workspace/.derivedData/Build/Intermediates.noindex/Lottie.build/Debug-appletvos/_LottieStub-t.build/DerivedSources-normal/arm64 -Xcc -I/Users/admin/builder/spi-builder-workspace/.derivedData/Build/Intermediates.noindex/Lottie.build/Debug-appletvos/_LottieStub-t.build/DerivedSources/arm64 -Xcc -I/Users/admin/builder/spi-builder-workspace/.derivedData/Build/Intermediates.noindex/Lottie.build/Debug-appletvos/_LottieStub-t.build/DerivedSources -Xcc -DSWIFT_PACKAGE -Xcc -DDEBUG\=1 -emit-objc-header -emit-objc-header-path /Users/admin/builder/spi-builder-workspace/.derivedData/Build/Intermediates.noindex/Lottie.build/Debug-appletvos/_LottieStub-t.build/Objects-normal/arm64/_LottieStub-Swift.h -working-directory /Users/admin/builder/spi-builder-workspace/.swiftpm/xcode -experimental-emit-module-separately -disable-cmo
SwiftMergeGeneratedHeaders /Users/admin/builder/spi-builder-workspace/.derivedData/Build/Intermediates.noindex/GeneratedModuleMaps-appletvos/_LottieStub-Swift.h /Users/admin/builder/spi-builder-workspace/.derivedData/Build/Intermediates.noindex/Lottie.build/Debug-appletvos/_LottieStub-t.build/Objects-normal/arm64/_LottieStub-Swift.h (in target '_LottieStub' from project 'Lottie')
cd /Users/admin/builder/spi-builder-workspace/.dependencies/checkouts/lottie-spm
builtin-swiftHeaderTool -arch arm64 /Users/admin/builder/spi-builder-workspace/.derivedData/Build/Intermediates.noindex/Lottie.build/Debug-appletvos/_LottieStub-t.build/Objects-normal/arm64/_LottieStub-Swift.h -o /Users/admin/builder/spi-builder-workspace/.derivedData/Build/Intermediates.noindex/GeneratedModuleMaps-appletvos/_LottieStub-Swift.h
Copy /Users/admin/builder/spi-builder-workspace/.derivedData/Build/Products/Debug-appletvos/_LottieStub.swiftmodule/arm64-apple-tvos.swiftdoc /Users/admin/builder/spi-builder-workspace/.derivedData/Build/Intermediates.noindex/Lottie.build/Debug-appletvos/_LottieStub-t.build/Objects-normal/arm64/_LottieStub.swiftdoc (in target '_LottieStub' from project 'Lottie')
cd /Users/admin/builder/spi-builder-workspace/.dependencies/checkouts/lottie-spm
builtin-copy -exclude .DS_Store -exclude CVS -exclude .svn -exclude .git -exclude .hg -resolve-src-symlinks -rename /Users/admin/builder/spi-builder-workspace/.derivedData/Build/Intermediates.noindex/Lottie.build/Debug-appletvos/_LottieStub-t.build/Objects-normal/arm64/_LottieStub.swiftdoc /Users/admin/builder/spi-builder-workspace/.derivedData/Build/Products/Debug-appletvos/_LottieStub.swiftmodule/arm64-apple-tvos.swiftdoc
Copy /Users/admin/builder/spi-builder-workspace/.derivedData/Build/Products/Debug-appletvos/_LottieStub.swiftmodule/arm64-apple-tvos.swiftmodule /Users/admin/builder/spi-builder-workspace/.derivedData/Build/Intermediates.noindex/Lottie.build/Debug-appletvos/_LottieStub-t.build/Objects-normal/arm64/_LottieStub.swiftmodule (in target '_LottieStub' from project 'Lottie')
cd /Users/admin/builder/spi-builder-workspace/.dependencies/checkouts/lottie-spm
builtin-copy -exclude .DS_Store -exclude CVS -exclude .svn -exclude .git -exclude .hg -resolve-src-symlinks -rename /Users/admin/builder/spi-builder-workspace/.derivedData/Build/Intermediates.noindex/Lottie.build/Debug-appletvos/_LottieStub-t.build/Objects-normal/arm64/_LottieStub.swiftmodule /Users/admin/builder/spi-builder-workspace/.derivedData/Build/Products/Debug-appletvos/_LottieStub.swiftmodule/arm64-apple-tvos.swiftmodule
Copy /Users/admin/builder/spi-builder-workspace/.derivedData/Build/Products/Debug-appletvos/_LottieStub.swiftmodule/arm64-apple-tvos.abi.json /Users/admin/builder/spi-builder-workspace/.derivedData/Build/Intermediates.noindex/Lottie.build/Debug-appletvos/_LottieStub-t.build/Objects-normal/arm64/_LottieStub.abi.json (in target '_LottieStub' from project 'Lottie')
cd /Users/admin/builder/spi-builder-workspace/.dependencies/checkouts/lottie-spm
builtin-copy -exclude .DS_Store -exclude CVS -exclude .svn -exclude .git -exclude .hg -resolve-src-symlinks -rename /Users/admin/builder/spi-builder-workspace/.derivedData/Build/Intermediates.noindex/Lottie.build/Debug-appletvos/_LottieStub-t.build/Objects-normal/arm64/_LottieStub.abi.json /Users/admin/builder/spi-builder-workspace/.derivedData/Build/Products/Debug-appletvos/_LottieStub.swiftmodule/arm64-apple-tvos.abi.json
Copy /Users/admin/builder/spi-builder-workspace/.derivedData/Build/Products/Debug-appletvos/_LottieStub.swiftmodule/Project/arm64-apple-tvos.swiftsourceinfo /Users/admin/builder/spi-builder-workspace/.derivedData/Build/Intermediates.noindex/Lottie.build/Debug-appletvos/_LottieStub-t.build/Objects-normal/arm64/_LottieStub.swiftsourceinfo (in target '_LottieStub' from project 'Lottie')
cd /Users/admin/builder/spi-builder-workspace/.dependencies/checkouts/lottie-spm
builtin-copy -exclude .DS_Store -exclude CVS -exclude .svn -exclude .git -exclude .hg -resolve-src-symlinks -rename /Users/admin/builder/spi-builder-workspace/.derivedData/Build/Intermediates.noindex/Lottie.build/Debug-appletvos/_LottieStub-t.build/Objects-normal/arm64/_LottieStub.swiftsourceinfo /Users/admin/builder/spi-builder-workspace/.derivedData/Build/Products/Debug-appletvos/_LottieStub.swiftmodule/Project/arm64-apple-tvos.swiftsourceinfo
SwiftDriver LottieUI normal arm64 com.apple.xcode.tools.swift.compiler (in target 'LottieUI' from project 'LottieUI')
cd /Users/admin/builder/spi-builder-workspace/.swiftpm/xcode
builtin-SwiftDriver -- /Applications/Xcode-27.0.0-Release.Candidate.app/Contents/Developer/Toolchains/XcodeDefault.xctoolchain/usr/bin/swiftc -parse-as-library -module-name LottieUI -Onone @/Users/admin/builder/spi-builder-workspace/.derivedData/Build/Intermediates.noindex/LottieUI.build/Debug-appletvos/LottieUI-t.build/Objects-normal/arm64/LottieUI.SwiftFileList -DSWIFT_PACKAGE -DDEBUG -DSWIFT_MODULE_RESOURCE_BUNDLE_UNAVAILABLE -DXcode -plugin-path /Applications/Xcode-27.0.0-Release.Candidate.app/Contents/Developer/Toolchains/XcodeDefault.xctoolchain/usr/lib/swift/host/plugins/testing -enable-experimental-feature DebugDescriptionMacro -sdk /Applications/Xcode-27.0.0-Release.Candidate.app/Contents/Developer/Platforms/AppleTVOS.platform/Developer/SDKs/AppleTVOS27.0.sdk -target arm64-apple-tvos15.0 -g -module-cache-path /Users/admin/builder/spi-builder-workspace/.derivedData/ModuleCache.noindex -Xfrontend -serialize-debugging-options -profile-coverage-mapping -profile-generate -enable-testing -index-store-path /Users/admin/builder/spi-builder-workspace/.derivedData/Index.noindex/DataStore -Xcc -D_LIBCPP_HARDENING_MODE\=_LIBCPP_HARDENING_MODE_DEBUG -swift-version 5 -I /Users/admin/builder/spi-builder-workspace/.derivedData/Build/Products/Debug-appletvos -Isystem /Applications/Xcode-27.0.0-Release.Candidate.app/Contents/Developer/Platforms/AppleTVOS.platform/Developer/usr/lib -F /Users/admin/builder/spi-builder-workspace/.derivedData/Build/Products/Debug-appletvos/PackageFrameworks -F /Users/admin/builder/spi-builder-workspace/.derivedData/Build/Products/Debug-appletvos -F /Applications/Xcode-27.0.0-Release.Candidate.app/Contents/Developer/Platforms/AppleTVOS.platform/Developer/Library/Frameworks -F /Applications/Xcode-27.0.0-Release.Candidate.app/Contents/Developer/Platforms/AppleTVOS.platform/Developer/SDKs/AppleTVOS27.0.sdk/Developer/Library/Frameworks -c -j10 -enable-batch-mode -incremental -Xcc -ivfsstatcache -Xcc /Users/admin/builder/spi-builder-workspace/.derivedData/SDKStatCaches.noindex/appletvos27.0-24J360-e829b21a6f8c9b70876ba0858053c044b32bfd8d43560033f8d89884cdb90028.sdkstatcache -output-file-map /Users/admin/builder/spi-builder-workspace/.derivedData/Build/Intermediates.noindex/LottieUI.build/Debug-appletvos/LottieUI-t.build/Objects-normal/arm64/LottieUI-OutputFileMap.json -save-temps -no-color-diagnostics -explicit-module-build -module-cache-path /Users/admin/builder/spi-builder-workspace/.derivedData/Build/Intermediates.noindex/SwiftExplicitPrecompiledModules -clang-scanner-module-cache-path /Users/admin/builder/spi-builder-workspace/.derivedData/ModuleCache.noindex -sdk-module-cache-path /Users/admin/builder/spi-builder-workspace/.derivedData/SDKExplicitPrecompiledModules -emit-dependencies -emit-module -emit-module-path /Users/admin/builder/spi-builder-workspace/.derivedData/Build/Intermediates.noindex/LottieUI.build/Debug-appletvos/LottieUI-t.build/Objects-normal/arm64/LottieUI.swiftmodule -serialize-diagnostics -dependency-scan-serialize-diagnostics-path /Users/admin/builder/spi-builder-workspace/.derivedData/Build/Intermediates.noindex/LottieUI.build/Debug-appletvos/LottieUI-t.build/Objects-normal/arm64/LottieUI-dependency-scan.dia -validate-clang-modules-once -clang-build-session-file /Users/admin/builder/spi-builder-workspace/.derivedData/ModuleCache.noindex/Session.modulevalidation -Xcc -fmodules-prune-interval\=86400 -Xcc -fmodules-prune-after\=345600 -emit-const-values -const-gather-protocols-list /Users/admin/builder/spi-builder-workspace/.derivedData/Build/Intermediates.noindex/LottieUI.build/Debug-appletvos/LottieUI-t.build/Objects-normal/arm64/LottieUI_const_extract_protocols.json -Xcc -I/Users/admin/builder/spi-builder-workspace/.derivedData/Build/Products/Debug-appletvos/include -Xcc -I/Users/admin/builder/spi-builder-workspace/.derivedData/Build/Intermediates.noindex/LottieUI.build/Debug-appletvos/LottieUI-t.build/DerivedSources-normal/arm64 -Xcc -I/Users/admin/builder/spi-builder-workspace/.derivedData/Build/Intermediates.noindex/LottieUI.build/Debug-appletvos/LottieUI-t.build/DerivedSources/arm64 -Xcc -I/Users/admin/builder/spi-builder-workspace/.derivedData/Build/Intermediates.noindex/LottieUI.build/Debug-appletvos/LottieUI-t.build/DerivedSources -Xcc -DSWIFT_PACKAGE -Xcc -DDEBUG\=1 -emit-objc-header -emit-objc-header-path /Users/admin/builder/spi-builder-workspace/.derivedData/Build/Intermediates.noindex/LottieUI.build/Debug-appletvos/LottieUI-t.build/Objects-normal/arm64/LottieUI-Swift.h -working-directory /Users/admin/builder/spi-builder-workspace/.swiftpm/xcode -experimental-emit-module-separately -disable-cmo
SwiftDriverJobDiscovery normal arm64 Compiling Stub.swift (in target '_LottieStub' from project 'Lottie')
SwiftDriver\ Compilation _LottieStub normal arm64 com.apple.xcode.tools.swift.compiler (in target '_LottieStub' from project 'Lottie')
cd /Users/admin/builder/spi-builder-workspace/.swiftpm/xcode
builtin-Swift-Compilation -- /Applications/Xcode-27.0.0-Release.Candidate.app/Contents/Developer/Toolchains/XcodeDefault.xctoolchain/usr/bin/swiftc -parse-as-library -module-name _LottieStub -Onone @/Users/admin/builder/spi-builder-workspace/.derivedData/Build/Intermediates.noindex/Lottie.build/Debug-appletvos/_LottieStub-t.build/Objects-normal/arm64/_LottieStub.SwiftFileList -DSWIFT_PACKAGE -DDEBUG -DSWIFT_MODULE_RESOURCE_BUNDLE_UNAVAILABLE -DXcode -plugin-path /Applications/Xcode-27.0.0-Release.Candidate.app/Contents/Developer/Toolchains/XcodeDefault.xctoolchain/usr/lib/swift/host/plugins/testing -enable-experimental-feature DebugDescriptionMacro -sdk /Applications/Xcode-27.0.0-Release.Candidate.app/Contents/Developer/Platforms/AppleTVOS.platform/Developer/SDKs/AppleTVOS27.0.sdk -target arm64-apple-tvos15.0 -g -module-cache-path /Users/admin/builder/spi-builder-workspace/.derivedData/ModuleCache.noindex -Xfrontend -serialize-debugging-options -profile-coverage-mapping -profile-generate -enable-testing -suppress-warnings -index-store-path /Users/admin/builder/spi-builder-workspace/.derivedData/Index.noindex/DataStore -Xcc -D_LIBCPP_HARDENING_MODE\=_LIBCPP_HARDENING_MODE_DEBUG -swift-version 6 -I /Users/admin/builder/spi-builder-workspace/.derivedData/Build/Products/Debug-appletvos -Isystem /Applications/Xcode-27.0.0-Release.Candidate.app/Contents/Developer/Platforms/AppleTVOS.platform/Developer/usr/lib -F /Users/admin/builder/spi-builder-workspace/.derivedData/Build/Products/Debug-appletvos -F /Applications/Xcode-27.0.0-Release.Candidate.app/Contents/Developer/Platforms/AppleTVOS.platform/Developer/Library/Frameworks -F /Applications/Xcode-27.0.0-Release.Candidate.app/Contents/Developer/Platforms/AppleTVOS.platform/Developer/SDKs/AppleTVOS27.0.sdk/Developer/Library/Frameworks -c -j10 -enable-batch-mode -incremental -Xcc -ivfsstatcache -Xcc /Users/admin/builder/spi-builder-workspace/.derivedData/SDKStatCaches.noindex/appletvos27.0-24J360-e829b21a6f8c9b70876ba0858053c044b32bfd8d43560033f8d89884cdb90028.sdkstatcache -output-file-map /Users/admin/builder/spi-builder-workspace/.derivedData/Build/Intermediates.noindex/Lottie.build/Debug-appletvos/_LottieStub-t.build/Objects-normal/arm64/_LottieStub-OutputFileMap.json -save-temps -no-color-diagnostics -explicit-module-build -module-cache-path /Users/admin/builder/spi-builder-workspace/.derivedData/Build/Intermediates.noindex/SwiftExplicitPrecompiledModules -clang-scanner-module-cache-path /Users/admin/builder/spi-builder-workspace/.derivedData/ModuleCache.noindex -sdk-module-cache-path /Users/admin/builder/spi-builder-workspace/.derivedData/SDKExplicitPrecompiledModules -emit-dependencies -emit-module -emit-module-path /Users/admin/builder/spi-builder-workspace/.derivedData/Build/Intermediates.noindex/Lottie.build/Debug-appletvos/_LottieStub-t.build/Objects-normal/arm64/_LottieStub.swiftmodule -serialize-diagnostics -dependency-scan-serialize-diagnostics-path /Users/admin/builder/spi-builder-workspace/.derivedData/Build/Intermediates.noindex/Lottie.build/Debug-appletvos/_LottieStub-t.build/Objects-normal/arm64/_LottieStub-dependency-scan.dia -user-module-version 4.6.1 -validate-clang-modules-once -clang-build-session-file /Users/admin/builder/spi-builder-workspace/.derivedData/ModuleCache.noindex/Session.modulevalidation -Xcc -fmodules-prune-interval\=86400 -Xcc -fmodules-prune-after\=345600 -package-name lottie_spm -emit-const-values -const-gather-protocols-list /Users/admin/builder/spi-builder-workspace/.derivedData/Build/Intermediates.noindex/Lottie.build/Debug-appletvos/_LottieStub-t.build/Objects-normal/arm64/_LottieStub_const_extract_protocols.json -Xcc -I/Users/admin/builder/spi-builder-workspace/.derivedData/Build/Products/Debug-appletvos/include -Xcc -I/Users/admin/builder/spi-builder-workspace/.derivedData/Build/Intermediates.noindex/Lottie.build/Debug-appletvos/_LottieStub-t.build/DerivedSources-normal/arm64 -Xcc -I/Users/admin/builder/spi-builder-workspace/.derivedData/Build/Intermediates.noindex/Lottie.build/Debug-appletvos/_LottieStub-t.build/DerivedSources/arm64 -Xcc -I/Users/admin/builder/spi-builder-workspace/.derivedData/Build/Intermediates.noindex/Lottie.build/Debug-appletvos/_LottieStub-t.build/DerivedSources -Xcc -DSWIFT_PACKAGE -Xcc -DDEBUG\=1 -emit-objc-header -emit-objc-header-path /Users/admin/builder/spi-builder-workspace/.derivedData/Build/Intermediates.noindex/Lottie.build/Debug-appletvos/_LottieStub-t.build/Objects-normal/arm64/_LottieStub-Swift.h -working-directory /Users/admin/builder/spi-builder-workspace/.swiftpm/xcode -experimental-emit-module-separately -disable-cmo
Ld /Users/admin/builder/spi-builder-workspace/.derivedData/Build/Products/Debug-appletvos/_LottieStub.o normal (in target '_LottieStub' from project 'Lottie')
cd /Users/admin/builder/spi-builder-workspace/.dependencies/checkouts/lottie-spm
/Applications/Xcode-27.0.0-Release.Candidate.app/Contents/Developer/Toolchains/XcodeDefault.xctoolchain/usr/bin/clang -Xlinker -reproducible -target arm64-apple-tvos15.0 -r -isysroot /Applications/Xcode-27.0.0-Release.Candidate.app/Contents/Developer/Platforms/AppleTVOS.platform/Developer/SDKs/AppleTVOS27.0.sdk -O0 -w -Xlinker -no_warn_duplicate_libraries -F/Users/admin/builder/spi-builder-workspace/.derivedData/Build/Intermediates.noindex/EagerLinkingTBDs/Debug-appletvos -F/Users/admin/builder/spi-builder-workspace/.derivedData/Build/Products/Debug-appletvos -iframework /Applications/Xcode-27.0.0-Release.Candidate.app/Contents/Developer/Platforms/AppleTVOS.platform/Developer/Library/Frameworks -iframework /Applications/Xcode-27.0.0-Release.Candidate.app/Contents/Developer/Platforms/AppleTVOS.platform/Developer/SDKs/AppleTVOS27.0.sdk/Developer/Library/Frameworks -filelist /Users/admin/builder/spi-builder-workspace/.derivedData/Build/Intermediates.noindex/Lottie.build/Debug-appletvos/_LottieStub-t.build/Objects-normal/arm64/_LottieStub.LinkFileList -nostdlib -Xlinker -object_path_lto -Xlinker /Users/admin/builder/spi-builder-workspace/.derivedData/Build/Intermediates.noindex/Lottie.build/Debug-appletvos/_LottieStub-t.build/Objects-normal/arm64/_LottieStub_lto.o -Xlinker -no_deduplicate -Xlinker -debug_variant -Xlinker -dependency_info -Xlinker /Users/admin/builder/spi-builder-workspace/.derivedData/Build/Intermediates.noindex/Lottie.build/Debug-appletvos/_LottieStub-t.build/Objects-normal/arm64/_LottieStub_dependency_info.dat -fobjc-link-runtime -L/Applications/Xcode-27.0.0-Release.Candidate.app/Contents/Developer/Toolchains/XcodeDefault.xctoolchain/usr/lib/swift/appletvos -L/usr/lib/swift -Xlinker -add_ast_path -Xlinker /Users/admin/builder/spi-builder-workspace/.derivedData/Build/Intermediates.noindex/Lottie.build/Debug-appletvos/_LottieStub-t.build/Objects-normal/arm64/_LottieStub.swiftmodule -o /Users/admin/builder/spi-builder-workspace/.derivedData/Build/Products/Debug-appletvos/_LottieStub.o
ExtractAppIntentsMetadata (in target '_LottieStub' from project 'Lottie')
cd /Users/admin/builder/spi-builder-workspace/.dependencies/checkouts/lottie-spm
/Applications/Xcode-27.0.0-Release.Candidate.app/Contents/Developer/Toolchains/XcodeDefault.xctoolchain/usr/bin/appintentsmetadataprocessor --toolchain-dir /var/run/com.apple.security.cryptexd/mnt/com.apple.MobileAsset.MetalToolchain-v27.1.266.1.96RmRt/Metal.xctoolchain --module-name _LottieStub --sdk-root /Applications/Xcode-27.0.0-Release.Candidate.app/Contents/Developer/Platforms/AppleTVOS.platform/Developer/SDKs/AppleTVOS27.0.sdk --xcode-version 27A266a --platform-family tvOS --deployment-target 15.0 --bundle-identifier lottie-spm.-LottieStub --output /Users/admin/builder/spi-builder-workspace/.derivedData/Build/Products/Debug-appletvos/_LottieStub.appintents --target-triple arm64-apple-tvos15.0 --binary-file /Users/admin/builder/spi-builder-workspace/.derivedData/Build/Products/Debug-appletvos/_LottieStub.o --dependency-file /Users/admin/builder/spi-builder-workspace/.derivedData/Build/Intermediates.noindex/Lottie.build/Debug-appletvos/_LottieStub-t.build/Objects-normal/arm64/_LottieStub_dependency_info.dat --stringsdata-file /Users/admin/builder/spi-builder-workspace/.derivedData/Build/Intermediates.noindex/Lottie.build/Debug-appletvos/_LottieStub-t.build/Objects-normal/arm64/ExtractedAppShortcutsMetadata.stringsdata --source-file-list /Users/admin/builder/spi-builder-workspace/.derivedData/Build/Intermediates.noindex/Lottie.build/Debug-appletvos/_LottieStub-t.build/Objects-normal/arm64/_LottieStub.SwiftFileList --metadata-file-list /Users/admin/builder/spi-builder-workspace/.derivedData/Build/Intermediates.noindex/Lottie.build/Debug-appletvos/_LottieStub-t.build/_LottieStub.DependencyMetadataFileList --static-metadata-file-list /Users/admin/builder/spi-builder-workspace/.derivedData/Build/Intermediates.noindex/Lottie.build/Debug-appletvos/_LottieStub-t.build/_LottieStub.DependencyStaticMetadataFileList --swift-const-vals-list /Users/admin/builder/spi-builder-workspace/.derivedData/Build/Intermediates.noindex/Lottie.build/Debug-appletvos/_LottieStub-t.build/Objects-normal/arm64/_LottieStub.SwiftConstValuesFileList --force --compile-time-extraction --deployment-aware-processing --no-app-shortcuts-localization
2026-09-18 22:26:58.914 appintentsmetadataprocessor[734:4704] Starting appintentsmetadataprocessor export
2026-09-18 22:26:59.004 appintentsmetadataprocessor[734:4704] Extracted no relevant App Intents symbols, skipping writing output
SwiftExplicitDependencyGeneratePcm arm64 /Users/admin/builder/spi-builder-workspace/.derivedData/SDKExplicitPrecompiledModules/ptrcheck-2AZ6B5IBYD3RRRTFWN2ONASY3.pcm
SwiftExplicitDependencyGeneratePcm arm64 /Users/admin/builder/spi-builder-workspace/.derivedData/SDKExplicitPrecompiledModules/_AvailabilityInternal-BV2EDDP0MI5QJDDPEEV4D9D3V.pcm
SwiftExplicitDependencyGeneratePcm arm64 /Users/admin/builder/spi-builder-workspace/.derivedData/SDKExplicitPrecompiledModules/DeveloperToolsSupport-B1X8RI63V48AJRTH2RK6JAARV.pcm
SwiftExplicitDependencyGeneratePcm arm64 /Users/admin/builder/spi-builder-workspace/.derivedData/SDKExplicitPrecompiledModules/SwiftShims-8N4EXJ4RUJTR8K9OO3CMOH1EP.pcm
SwiftExplicitDependencyGeneratePcm arm64 /Users/admin/builder/spi-builder-workspace/.derivedData/SDKExplicitPrecompiledModules/_SwiftConcurrencyShims-BY5PD8KF1L5KF6F4Q69HE3TJ4.pcm
SwiftExplicitDependencyGeneratePcm arm64 /Users/admin/builder/spi-builder-workspace/.derivedData/SDKExplicitPrecompiledModules/_Builtin_float-8ZJAYZ85YBOAOP52Y9H6IUNP3.pcm
SwiftExplicitDependencyGeneratePcm arm64 /Users/admin/builder/spi-builder-workspace/.derivedData/SDKExplicitPrecompiledModules/_Builtin_stdarg-BO2OCAUYVAXDRVQWQ8ISKGNUQ.pcm
SwiftExplicitDependencyGeneratePcm arm64 /Users/admin/builder/spi-builder-workspace/.derivedData/SDKExplicitPrecompiledModules/ptrauth-8X2KEPL7CTRPS40TUB9APHPK6.pcm
SwiftExplicitDependencyGeneratePcm arm64 /Users/admin/builder/spi-builder-workspace/.derivedData/SDKExplicitPrecompiledModules/_Builtin_stddef-9ZJZ6FDEZNKTZU8YLPMFT9RAQ.pcm
SwiftExplicitDependencyGeneratePcm arm64 /Users/admin/builder/spi-builder-workspace/.derivedData/SDKExplicitPrecompiledModules/_Builtin_stdbool-AHRDH5EKLY6D04C5E42F3VCQI.pcm
SwiftExplicitDependencyGeneratePcm arm64 /Users/admin/builder/spi-builder-workspace/.derivedData/SDKExplicitPrecompiledModules/_DarwinFoundation1-JOTYMOA1YZCIJ2NON6FQ848O.pcm
SwiftExplicitDependencyGeneratePcm arm64 /Users/admin/builder/spi-builder-workspace/.derivedData/SDKExplicitPrecompiledModules/_DarwinFoundation2-AOGAN1O02NKXRJN5V73AV3V3M.pcm
SwiftExplicitDependencyGeneratePcm arm64 /Users/admin/builder/spi-builder-workspace/.derivedData/SDKExplicitPrecompiledModules/_Builtin_limits-7JU2HP127LIT1X9E2V3D8WZ1.pcm
SwiftExplicitDependencyGeneratePcm arm64 /Users/admin/builder/spi-builder-workspace/.derivedData/SDKExplicitPrecompiledModules/string_h-6EVHP7A717OUS5DMC78F79HWO.pcm
SwiftExplicitDependencyGeneratePcm arm64 /Users/admin/builder/spi-builder-workspace/.derivedData/SDKExplicitPrecompiledModules/sys_types-8GCAV1YMG5UUGHUID3CA20TCH.pcm
SwiftExplicitDependencyGeneratePcm arm64 /Users/admin/builder/spi-builder-workspace/.derivedData/SDKExplicitPrecompiledModules/_Builtin_stdint-6NFTB6IBKS143IVPGT1EKB7HO.pcm
SwiftExplicitDependencyGeneratePcm arm64 /Users/admin/builder/spi-builder-workspace/.derivedData/SDKExplicitPrecompiledModules/_Builtin_tgmath-7ULT1EUHDHW4OZPSTT33H6QGE.pcm
SwiftExplicitDependencyGeneratePcm arm64 /Users/admin/builder/spi-builder-workspace/.derivedData/SDKExplicitPrecompiledModules/_Builtin_intrinsics-437O2R2NID4WAQVENR63GR82C.pcm
SwiftExplicitDependencyGeneratePcm arm64 /Users/admin/builder/spi-builder-workspace/.derivedData/SDKExplicitPrecompiledModules/_DarwinFoundation3-8SR3855WDFHQPR6G9GHOI2C07.pcm
SwiftExplicitDependencyGeneratePcm arm64 /Users/admin/builder/spi-builder-workspace/.derivedData/SDKExplicitPrecompiledModules/_Builtin_stdatomic-3YXHN678NGYM3NL9POJ2HVEIF.pcm
SwiftExplicitDependencyGeneratePcm arm64 /Users/admin/builder/spi-builder-workspace/.derivedData/SDKExplicitPrecompiledModules/zlib-5OS6U3HFV5OYO6MJYO5JZOTH3.pcm
SwiftExplicitDependencyGeneratePcm arm64 /Users/admin/builder/spi-builder-workspace/.derivedData/SDKExplicitPrecompiledModules/_Builtin_inttypes-6X1IQ3QK9KEVKXOK9Y79EW7J3.pcm
SwiftExplicitDependencyGeneratePcm arm64 /Users/admin/builder/spi-builder-workspace/.derivedData/SDKExplicitPrecompiledModules/Darwin-DBSQAVBBPC3D2OMU5ZI2RXMST.pcm
SwiftExplicitDependencyGeneratePcm arm64 /Users/admin/builder/spi-builder-workspace/.derivedData/SDKExplicitPrecompiledModules/simd-117QUXEUT3Z7UQCUYWV2UA228.pcm
SwiftExplicitDependencyGeneratePcm arm64 /Users/admin/builder/spi-builder-workspace/.derivedData/SDKExplicitPrecompiledModules/MachO-EH3F5PJCIZG05NO51CEFSZYPW.pcm
SwiftExplicitDependencyGeneratePcm arm64 /Users/admin/builder/spi-builder-workspace/.derivedData/SDKExplicitPrecompiledModules/Compression-CK8LRVLPQRNV8BOHP9VO03DTO.pcm
SwiftExplicitDependencyGeneratePcm arm64 /Users/admin/builder/spi-builder-workspace/.derivedData/SDKExplicitPrecompiledModules/ObjectiveC-5250FDCE56N8508OR6XUYDKZM.pcm
SwiftExplicitDependencyGeneratePcm arm64 /Users/admin/builder/spi-builder-workspace/.derivedData/SDKExplicitPrecompiledModules/os_object-E2DGZ0SX0TULQHULZRPO6OKNW.pcm
SwiftExplicitDependencyGeneratePcm arm64 /Users/admin/builder/spi-builder-workspace/.derivedData/SDKExplicitPrecompiledModules/os_workgroup-DBUFF7811DKMX7VPBOJPGGF1U.pcm
SwiftExplicitDependencyGeneratePcm arm64 /Users/admin/builder/spi-builder-workspace/.derivedData/SDKExplicitPrecompiledModules/Dispatch-1QL58A0V50C39KVAIC6C38SHL.pcm
SwiftExplicitDependencyGeneratePcm arm64 /Users/admin/builder/spi-builder-workspace/.derivedData/SDKExplicitPrecompiledModules/Spatial-7U8NLEFXSB8BR7PJQGVMF5A4Q.pcm
SwiftExplicitDependencyGeneratePcm arm64 /Users/admin/builder/spi-builder-workspace/.derivedData/SDKExplicitPrecompiledModules/CoreFoundation-7TPJ7ENDC4L1A1ESHYI9TXS0D.pcm
SwiftExplicitDependencyGeneratePcm arm64 /Users/admin/builder/spi-builder-workspace/.derivedData/SDKExplicitPrecompiledModules/XPC-6O2DJFT3QUJ7QKTD3SNUB6PCR.pcm
SwiftExplicitDependencyGeneratePcm arm64 /Users/admin/builder/spi-builder-workspace/.derivedData/SDKExplicitPrecompiledModules/os-3GJI8H0BNAEZPQPQ1V0VVY3FY.pcm
SwiftExplicitDependencyGeneratePcm arm64 /Users/admin/builder/spi-builder-workspace/.derivedData/SDKExplicitPrecompiledModules/CFNetwork-2CUR2VK9S3S3WPFXPNXNUWYGN.pcm
SwiftExplicitDependencyGeneratePcm arm64 /Users/admin/builder/spi-builder-workspace/.derivedData/SDKExplicitPrecompiledModules/CoreAudioTypes-E7EH96HAL3G83QSWLT7VWYIP4.pcm
SwiftExplicitDependencyGeneratePcm arm64 /Users/admin/builder/spi-builder-workspace/.derivedData/SDKExplicitPrecompiledModules/CoreGraphics-CWSP3J98S2658BYCVL6RP99T3.pcm
SwiftExplicitDependencyGeneratePcm arm64 /Users/admin/builder/spi-builder-workspace/.derivedData/SDKExplicitPrecompiledModules/Security-8VMXEKVDA3MHUH9AOTP905DID.pcm
SwiftExplicitDependencyGeneratePcm arm64 /Users/admin/builder/spi-builder-workspace/.derivedData/SDKExplicitPrecompiledModules/CoreAudio-6IR1XRM0Q9YQZMFW89F3H4V3X.pcm
SwiftExplicitDependencyGeneratePcm arm64 /Users/admin/builder/spi-builder-workspace/.derivedData/SDKExplicitPrecompiledModules/Foundation-BSSIP64DIGUKMAYJOG1WPQ78X.pcm
SwiftExplicitDependencyGeneratePcm arm64 /Users/admin/builder/spi-builder-workspace/.derivedData/SDKExplicitPrecompiledModules/CoreText-59NY7PABM0I4V978161FOC04A.pcm
SwiftExplicitDependencyGeneratePcm arm64 /Users/admin/builder/spi-builder-workspace/.derivedData/SDKExplicitPrecompiledModules/ImageIO-88D4CLEBD4CLWQKT78PZ6H1O8.pcm
SwiftExplicitDependencyGeneratePcm arm64 /Users/admin/builder/spi-builder-workspace/.derivedData/SDKExplicitPrecompiledModules/OSLog-7OT6HHTMY0ZFEQJ095LJZ6NLC.pcm
SwiftExplicitDependencyGeneratePcm arm64 /Users/admin/builder/spi-builder-workspace/.derivedData/SDKExplicitPrecompiledModules/UniformTypeIdentifiers-95CC8U42ZA9STP5K6GP9ZVJS5.pcm
SwiftExplicitDependencyGeneratePcm arm64 /Users/admin/builder/spi-builder-workspace/.derivedData/SDKExplicitPrecompiledModules/CoreData-DYMPHH3PH8AX9I1FHA4VFJ675.pcm
SwiftExplicitDependencyGeneratePcm arm64 /Users/admin/builder/spi-builder-workspace/.derivedData/SDKExplicitPrecompiledModules/IOSurface-38FJ1CKX9FV2RD97O64Z7QB17.pcm
SwiftExplicitDependencyGeneratePcm arm64 /Users/admin/builder/spi-builder-workspace/.derivedData/SDKExplicitPrecompiledModules/_LocationEssentials-ETSJ65FELPWR8WH8G49R1DF2E.pcm
SwiftExplicitDependencyGeneratePcm arm64 /Users/admin/builder/spi-builder-workspace/.derivedData/SDKExplicitPrecompiledModules/DataDetection-37JIYZ2GWDA1L166PP1D9JKAF.pcm
SwiftExplicitDependencyGeneratePcm arm64 /Users/admin/builder/spi-builder-workspace/.derivedData/SDKExplicitPrecompiledModules/CoreTransferable-7V4O8DATEQ9F7SDNTCW8YWLG3.pcm
SwiftExplicitDependencyGeneratePcm arm64 /Users/admin/builder/spi-builder-workspace/.derivedData/SDKExplicitPrecompiledModules/Accessibility-B6BODGZ4MQQTY0PBC4SHRP009.pcm
SwiftExplicitDependencyGeneratePcm arm64 /Users/admin/builder/spi-builder-workspace/.derivedData/SDKExplicitPrecompiledModules/UIUtilities-6ZFJ1AK4H8IBGEBMYQBWGBYLK.pcm
SwiftExplicitDependencyGeneratePcm arm64 /Users/admin/builder/spi-builder-workspace/.derivedData/SDKExplicitPrecompiledModules/Symbols-B5AU9VM9Y7NU79RLMH13Z4IFM.pcm
SwiftExplicitDependencyGeneratePcm arm64 /Users/admin/builder/spi-builder-workspace/.derivedData/SDKExplicitPrecompiledModules/UserNotifications-E9ZW5TH066WIJWH9080RC5NG4.pcm
SwiftExplicitDependencyGeneratePcm arm64 /Users/admin/builder/spi-builder-workspace/.derivedData/SDKExplicitPrecompiledModules/CoreLocation-YVXXAOMVX0JH2KO1XTTKTY51.pcm
SwiftExplicitDependencyGeneratePcm arm64 /Users/admin/builder/spi-builder-workspace/.derivedData/SDKExplicitPrecompiledModules/Metal-2KYBS7IML1SD788M91YV7Q0CC.pcm
SwiftExplicitDependencyGeneratePcm arm64 /Users/admin/builder/spi-builder-workspace/.derivedData/SDKExplicitPrecompiledModules/OpenGLES-4NY99CNDU9WUNUYEIXSS1QFGE.pcm
SwiftExplicitDependencyGeneratePcm arm64 /Users/admin/builder/spi-builder-workspace/.derivedData/SDKExplicitPrecompiledModules/CoreVideo-DPU0PB5X0XLSVA2ETRGI6FJBM.pcm
SwiftExplicitDependencyGeneratePcm arm64 /Users/admin/builder/spi-builder-workspace/.derivedData/SDKExplicitPrecompiledModules/CoreImage-7S2AFJ8EIY3DUFYLEAX1JR1QV.pcm
SwiftExplicitDependencyGeneratePcm arm64 /Users/admin/builder/spi-builder-workspace/.derivedData/SDKExplicitPrecompiledModules/QuartzCore-DJSYAWKXFGVSAK5CQMOB3JSR.pcm
SwiftExplicitDependencyGeneratePcm arm64 /Users/admin/builder/spi-builder-workspace/.derivedData/SDKExplicitPrecompiledModules/CoreMedia-4OUKVT03LV547KZJDPPJRJ4F8.pcm
SwiftExplicitDependencyGeneratePcm arm64 /Users/admin/builder/spi-builder-workspace/.derivedData/SDKExplicitPrecompiledModules/SwiftUICore-543QU5V2NHKUFCYFJDKUJ7NYG.pcm
SwiftExplicitDependencyGeneratePcm arm64 /Users/admin/builder/spi-builder-workspace/.derivedData/SDKExplicitPrecompiledModules/UIKit-1TKWN7VC2X6N3ITMRVA2G0EB2.pcm
SwiftExplicitDependencyGeneratePcm arm64 /Users/admin/builder/spi-builder-workspace/.derivedData/SDKExplicitPrecompiledModules/SwiftUI-7BV1YDT6IZWW6B8OC6ENV0Y0F.pcm
SwiftExplicitDependencyCompileModuleFromInterface arm64 /Users/admin/builder/spi-builder-workspace/.derivedData/Build/Intermediates.noindex/SwiftExplicitPrecompiledModules/Lottie-174KLY64OT7RT.swiftmodule
SwiftEmitModule normal arm64 Emitting\ module\ for\ LottieUI (in target 'LottieUI' from project 'LottieUI')
SwiftCompile normal arm64 (in target 'LottieUI' from project 'LottieUI')
cd /Users/admin/builder/spi-builder-workspace/.swiftpm/xcode
/Users/admin/builder/spi-builder-workspace/Sources/LottieUI/LottieView/LottieView.swift:20:27: error: cannot find type 'ViewRepresentable' in scope
18 |
19 | /// A SwiftUI view that presents a Lottie animation that is stored locally. To present animation from a remote URL, use ``AsyncLottieView`` instead.
20 | public struct LottieView: ViewRepresentable {
| `- error: cannot find type 'ViewRepresentable' in scope
21 | #if os(macOS)
22 | public typealias UIViewType = WrappedAnimationNSView
Failed frontend command:
/Applications/Xcode-27.0.0-Release.Candidate.app/Contents/Developer/Toolchains/XcodeDefault.xctoolchain/usr/bin/swift-frontend -frontend -emit-module -experimental-skip-non-inlinable-function-bodies-without-types /Users/admin/builder/spi-builder-workspace/Sources/LottieUI/AsyncLottieView/AsyncLottiePhase.swift /Users/admin/builder/spi-builder-workspace/Sources/LottieUI/AsyncLottieView/AsyncLottieView.swift /Users/admin/builder/spi-builder-workspace/Sources/LottieUI/LottieConfiguration.swift /Users/admin/builder/spi-builder-workspace/Sources/LottieUI/LottieContentSource.swift /Users/admin/builder/spi-builder-workspace/Sources/LottieUI/LottieView/LottieView+iOS.swift /Users/admin/builder/spi-builder-workspace/Sources/LottieUI/LottieView/LottieView+macOS.swift /Users/admin/builder/spi-builder-workspace/Sources/LottieUI/LottieView/LottieView.swift /Users/admin/builder/spi-builder-workspace/Sources/LottieUI/iOS/AnimationProgressObserver.swift /Users/admin/builder/spi-builder-workspace/Sources/LottieUI/iOS/WrappedAnimationView+iOS.swift /Users/admin/builder/spi-builder-workspace/Sources/LottieUI/macOS/AnimationProgressObserver+macOS.swift /Users/admin/builder/spi-builder-workspace/Sources/LottieUI/macOS/WrappedAnimationNSView.swift -target arm64-apple-tvos15.0 -module-can-import-version UIKit 9127.0.84.1 9127.0.84 -disable-cross-import-overlay-search -load-resolved-plugin /Applications/Xcode-27.0.0-Release.Candidate.app/Contents/Developer/Platforms/AppleTVOS.platform/Developer/usr/lib/swift/host/plugins/libFoundationMacros.dylib\#/Applications/Xcode-27.0.0-Release.Candidate.app/Contents/Developer/Platforms/AppleTVOS.platform/Developer/usr/bin/swift-plugin-server\#FoundationMacros -load-resolved-plugin /Applications/Xcode-27.0.0-Release.Candidate.app/Contents/Developer/Platforms/AppleTVOS.platform/Developer/usr/lib/swift/host/plugins/libObservationMacros.dylib\#/Applications/Xcode-27.0.0-Release.Candidate.app/Contents/Developer/Platforms/AppleTVOS.platform/Developer/usr/bin/swift-plugin-server\#ObservationMacros -load-resolved-plugin /Applications/Xcode-27.0.0-Release.Candidate.app/Contents/Developer/Platforms/AppleTVOS.platform/Developer/usr/lib/swift/host/plugins/libPreviewsMacros.dylib\#/Applications/Xcode-27.0.0-Release.Candidate.app/Contents/Developer/Platforms/AppleTVOS.platform/Developer/usr/bin/swift-plugin-server\#PreviewsMacros -load-resolved-plugin /Applications/Xcode-27.0.0-Release.Candidate.app/Contents/Developer/Platforms/AppleTVOS.platform/Developer/usr/lib/swift/host/plugins/libSwiftMacros.dylib\#/Applications/Xcode-27.0.0-Release.Candidate.app/Contents/Developer/Platforms/AppleTVOS.platform/Developer/usr/bin/swift-plugin-server\#SwiftMacros -load-resolved-plugin /Applications/Xcode-27.0.0-Release.Candidate.app/Contents/Developer/Platforms/AppleTVOS.platform/Developer/usr/lib/swift/host/plugins/libSwiftUIMacros.dylib\#/Applications/Xcode-27.0.0-Release.Candidate.app/Contents/Developer/Platforms/AppleTVOS.platform/Developer/usr/bin/swift-plugin-server\#SwiftUIMacros -disable-implicit-swift-modules -Xcc -fno-implicit-modules -Xcc -fno-implicit-module-maps -explicit-swift-module-map-file /Users/admin/builder/spi-builder-workspace/.derivedData/Build/Intermediates.noindex/LottieUI.build/Debug-appletvos/LottieUI-t.build/Objects-normal/arm64/LottieUI-dependencies-1.json -Xllvm -aarch64-use-tbi -enable-objc-interop -stack-check -sdk /Applications/Xcode-27.0.0-Release.Candidate.app/Contents/Developer/Platforms/AppleTVOS.platform/Developer/SDKs/AppleTVOS27.0.sdk -I /Users/admin/builder/spi-builder-workspace/.derivedData/Build/Products/Debug-appletvos -Isystem /Applications/Xcode-27.0.0-Release.Candidate.app/Contents/Developer/Platforms/AppleTVOS.platform/Developer/usr/lib -F /Users/admin/builder/spi-builder-workspace/.derivedData/Build/Products/Debug-appletvos/PackageFrameworks -F /Users/admin/builder/spi-builder-workspace/.derivedData/Build/Products/Debug-appletvos -F /Applications/Xcode-27.0.0-Release.Candidate.app/Contents/Developer/Platforms/AppleTVOS.platform/Developer/Library/Frameworks -F /Applications/Xcode-27.0.0-Release.Candidate.app/Contents/Developer/Platforms/AppleTVOS.platform/Developer/SDKs/AppleTVOS27.0.sdk/Developer/Library/Frameworks -module-cache-path /Users/admin/builder/spi-builder-workspace/.derivedData/Build/Intermediates.noindex/SwiftExplicitPrecompiledModules -no-color-diagnostics -Xcc -fno-color-diagnostics -enable-testing -g -debug-info-format\=dwarf -dwarf-version\=4 -profile-generate -profile-coverage-mapping -swift-version 5 -Onone -D SWIFT_PACKAGE -D DEBUG -D SWIFT_MODULE_RESOURCE_BUNDLE_UNAVAILABLE -D Xcode -serialize-debugging-options -enable-experimental-feature DebugDescriptionMacro -empty-abi-descriptor -validate-clang-modules-once -clang-build-session-file /Users/admin/builder/spi-builder-workspace/.derivedData/ModuleCache.noindex/Session.modulevalidation -Xcc -working-directory -Xcc /Users/admin/builder/spi-builder-workspace/.swiftpm/xcode -enable-anonymous-context-mangled-names -file-compilation-dir /Users/admin/builder/spi-builder-workspace/.swiftpm/xcode -Xcc -D_LIBCPP_HARDENING_MODE\=_LIBCPP_HARDENING_MODE_DEBUG -Xcc -ivfsstatcache -Xcc /Users/admin/builder/spi-builder-workspace/.derivedData/SDKStatCaches.noindex/appletvos27.0-24J360-e829b21a6f8c9b70876ba0858053c044b32bfd8d43560033f8d89884cdb90028.sdkstatcache -Xcc -fmodules-prune-interval\=86400 -Xcc -fmodules-prune-after\=345600 -Xcc -I/Users/admin/builder/spi-builder-workspace/.derivedData/Build/Products/Debug-appletvos/include -Xcc -I/Users/admin/builder/spi-builder-workspace/.derivedData/Build/Intermediates.noindex/LottieUI.build/Debug-appletvos/LottieUI-t.build/DerivedSources-normal/arm64 -Xcc -I/Users/admin/builder/spi-builder-workspace/.derivedData/Build/Intermediates.noindex/LottieUI.build/Debug-appletvos/LottieUI-t.build/DerivedSources/arm64 -Xcc -I/Users/admin/builder/spi-builder-workspace/.derivedData/Build/Intermediates.noindex/LottieUI.build/Debug-appletvos/LottieUI-t.build/DerivedSources -Xcc -DSWIFT_PACKAGE -Xcc -DDEBUG\=1 -no-auto-bridging-header-chaining -module-name LottieUI -const-gather-protocols-file /Users/admin/builder/spi-builder-workspace/.derivedData/Build/Intermediates.noindex/LottieUI.build/Debug-appletvos/LottieUI-t.build/Objects-normal/arm64/LottieUI_const_extract_protocols.json -disable-clang-spi -clang-target arm64-apple-tvos27.0 -target-sdk-version 27.0 -target-sdk-name appletvos27.0 -in-process-plugin-server-path /Applications/Xcode-27.0.0-Release.Candidate.app/Contents/Developer/Toolchains/XcodeDefault.xctoolchain/usr/lib/swift/host/libSwiftInProcPluginServer.dylib -emit-module-doc-path /Users/admin/builder/spi-builder-workspace/.derivedData/Build/Intermediates.noindex/LottieUI.build/Debug-appletvos/LottieUI-t.build/Objects-normal/arm64/LottieUI.swiftdoc -emit-module-source-info-path /Users/admin/builder/spi-builder-workspace/.derivedData/Build/Intermediates.noindex/LottieUI.build/Debug-appletvos/LottieUI-t.build/Objects-normal/arm64/LottieUI.swiftsourceinfo -emit-objc-header-path /Users/admin/builder/spi-builder-workspace/.derivedData/Build/Intermediates.noindex/LottieUI.build/Debug-appletvos/LottieUI-t.build/Objects-normal/arm64/LottieUI-Swift.h -serialize-diagnostics-path /Users/admin/builder/spi-builder-workspace/.derivedData/Build/Intermediates.noindex/LottieUI.build/Debug-appletvos/LottieUI-t.build/Objects-normal/arm64/LottieUI-primary-emit-module.dia -emit-dependencies-path /Users/admin/builder/spi-builder-workspace/.derivedData/Build/Intermediates.noindex/LottieUI.build/Debug-appletvos/LottieUI-t.build/Objects-normal/arm64/LottieUI-primary-emit-module.d -parse-as-library -o /Users/admin/builder/spi-builder-workspace/.derivedData/Build/Intermediates.noindex/LottieUI.build/Debug-appletvos/LottieUI-t.build/Objects-normal/arm64/LottieUI.swiftmodule -emit-abi-descriptor-path /Users/admin/builder/spi-builder-workspace/.derivedData/Build/Intermediates.noindex/LottieUI.build/Debug-appletvos/LottieUI-t.build/Objects-normal/arm64/LottieUI.abi.json
SwiftCompile normal arm64 Compiling\ WrappedAnimationNSView.swift /Users/admin/builder/spi-builder-workspace/Sources/LottieUI/macOS/WrappedAnimationNSView.swift (in target 'LottieUI' from project 'LottieUI')
SwiftCompile normal arm64 /Users/admin/builder/spi-builder-workspace/Sources/LottieUI/macOS/WrappedAnimationNSView.swift (in target 'LottieUI' from project 'LottieUI')
cd /Users/admin/builder/spi-builder-workspace/.swiftpm/xcode
builtin-SwiftPerFileCompile WrappedAnimationNSView.swift
SwiftCompile normal arm64 Compiling\ LottieView.swift /Users/admin/builder/spi-builder-workspace/Sources/LottieUI/LottieView/LottieView.swift (in target 'LottieUI' from project 'LottieUI')
SwiftCompile normal arm64 /Users/admin/builder/spi-builder-workspace/Sources/LottieUI/LottieView/LottieView.swift (in target 'LottieUI' from project 'LottieUI')
cd /Users/admin/builder/spi-builder-workspace/.swiftpm/xcode
builtin-SwiftPerFileCompile LottieView.swift
SwiftCompile normal arm64 Compiling\ LottieView+macOS.swift /Users/admin/builder/spi-builder-workspace/Sources/LottieUI/LottieView/LottieView+macOS.swift (in target 'LottieUI' from project 'LottieUI')
SwiftCompile normal arm64 /Users/admin/builder/spi-builder-workspace/Sources/LottieUI/LottieView/LottieView+macOS.swift (in target 'LottieUI' from project 'LottieUI')
cd /Users/admin/builder/spi-builder-workspace/.swiftpm/xcode
builtin-SwiftPerFileCompile LottieView+macOS.swift
SwiftCompile normal arm64 Compiling\ AnimationProgressObserver.swift /Users/admin/builder/spi-builder-workspace/Sources/LottieUI/iOS/AnimationProgressObserver.swift (in target 'LottieUI' from project 'LottieUI')
SwiftCompile normal arm64 /Users/admin/builder/spi-builder-workspace/Sources/LottieUI/iOS/AnimationProgressObserver.swift (in target 'LottieUI' from project 'LottieUI')
cd /Users/admin/builder/spi-builder-workspace/.swiftpm/xcode
builtin-SwiftPerFileCompile AnimationProgressObserver.swift
SwiftCompile normal arm64 Compiling\ LottieContentSource.swift /Users/admin/builder/spi-builder-workspace/Sources/LottieUI/LottieContentSource.swift (in target 'LottieUI' from project 'LottieUI')
SwiftCompile normal arm64 /Users/admin/builder/spi-builder-workspace/Sources/LottieUI/LottieContentSource.swift (in target 'LottieUI' from project 'LottieUI')
cd /Users/admin/builder/spi-builder-workspace/.swiftpm/xcode
builtin-SwiftPerFileCompile LottieContentSource.swift
SwiftCompile normal arm64 Compiling\ LottieView+iOS.swift /Users/admin/builder/spi-builder-workspace/Sources/LottieUI/LottieView/LottieView+iOS.swift (in target 'LottieUI' from project 'LottieUI')
SwiftCompile normal arm64 /Users/admin/builder/spi-builder-workspace/Sources/LottieUI/LottieView/LottieView+iOS.swift (in target 'LottieUI' from project 'LottieUI')
cd /Users/admin/builder/spi-builder-workspace/.swiftpm/xcode
builtin-SwiftPerFileCompile LottieView+iOS.swift
SwiftCompile normal arm64 Compiling\ AsyncLottiePhase.swift,\ AsyncLottieView.swift /Users/admin/builder/spi-builder-workspace/Sources/LottieUI/AsyncLottieView/AsyncLottiePhase.swift /Users/admin/builder/spi-builder-workspace/Sources/LottieUI/AsyncLottieView/AsyncLottieView.swift (in target 'LottieUI' from project 'LottieUI')
SwiftCompile normal arm64 /Users/admin/builder/spi-builder-workspace/Sources/LottieUI/AsyncLottieView/AsyncLottiePhase.swift (in target 'LottieUI' from project 'LottieUI')
cd /Users/admin/builder/spi-builder-workspace/.swiftpm/xcode
builtin-SwiftPerFileCompile AsyncLottiePhase.swift
SwiftCompile normal arm64 /Users/admin/builder/spi-builder-workspace/Sources/LottieUI/AsyncLottieView/AsyncLottieView.swift (in target 'LottieUI' from project 'LottieUI')
cd /Users/admin/builder/spi-builder-workspace/.swiftpm/xcode
builtin-SwiftPerFileCompile AsyncLottieView.swift
SwiftCompile normal arm64 Compiling\ WrappedAnimationView+iOS.swift /Users/admin/builder/spi-builder-workspace/Sources/LottieUI/iOS/WrappedAnimationView+iOS.swift (in target 'LottieUI' from project 'LottieUI')
SwiftCompile normal arm64 /Users/admin/builder/spi-builder-workspace/Sources/LottieUI/iOS/WrappedAnimationView+iOS.swift (in target 'LottieUI' from project 'LottieUI')
cd /Users/admin/builder/spi-builder-workspace/.swiftpm/xcode
builtin-SwiftPerFileCompile WrappedAnimationView+iOS.swift
SwiftCompile normal arm64 Compiling\ LottieConfiguration.swift /Users/admin/builder/spi-builder-workspace/Sources/LottieUI/LottieConfiguration.swift (in target 'LottieUI' from project 'LottieUI')
SwiftCompile normal arm64 /Users/admin/builder/spi-builder-workspace/Sources/LottieUI/LottieConfiguration.swift (in target 'LottieUI' from project 'LottieUI')
cd /Users/admin/builder/spi-builder-workspace/.swiftpm/xcode
builtin-SwiftPerFileCompile LottieConfiguration.swift
SwiftCompile normal arm64 Compiling\ AnimationProgressObserver+macOS.swift /Users/admin/builder/spi-builder-workspace/Sources/LottieUI/macOS/AnimationProgressObserver+macOS.swift (in target 'LottieUI' from project 'LottieUI')
SwiftCompile normal arm64 /Users/admin/builder/spi-builder-workspace/Sources/LottieUI/macOS/AnimationProgressObserver+macOS.swift (in target 'LottieUI' from project 'LottieUI')
cd /Users/admin/builder/spi-builder-workspace/.swiftpm/xcode
builtin-SwiftPerFileCompile AnimationProgressObserver+macOS.swift
SwiftDriverJobDiscovery normal arm64 Compiling WrappedAnimationNSView.swift (in target 'LottieUI' from project 'LottieUI')
PruneExplicitPrecompiledModules /Users/admin/builder/spi-builder-workspace/.derivedData/SDKExplicitPrecompiledModules
PruneExplicitPrecompiledModules /Users/admin/builder/spi-builder-workspace/.derivedData/Build/Intermediates.noindex/ExplicitPrecompiledModules
PruneExplicitPrecompiledModules /Users/admin/builder/spi-builder-workspace/.derivedData/Build/Intermediates.noindex/SwiftExplicitPrecompiledModules
2026-09-18 22:26:56.760 xcodebuild[703:4460] [MT] IDERunDestination: Supported platforms for the buildables in the current scheme is empty.
** BUILD FAILED **
The following build commands failed:
SwiftCompile normal arm64 (in target 'LottieUI' from project 'LottieUI')
SwiftEmitModule normal arm64 Emitting\ module\ for\ LottieUI (in target 'LottieUI' from project 'LottieUI')
Building workspace LottieUI with scheme LottieUI
(3 failures)
Command line invocation:
/Applications/Xcode-27.0.0-Release.Candidate.app/Contents/Developer/usr/bin/xcodebuild -IDEClonedSourcePackagesDirPathOverride=/Users/admin/builder/spi-builder-workspace/.dependencies -resolvePackageDependencies
Resolve Package Graph
Resolved source packages:
LottieUI: /Users/admin/builder/spi-builder-workspace
Lottie: https://github.com/airbnb/lottie-spm.git @ 4.6.1
resolved source packages: LottieUI, Lottie
2026-09-18 22:27:03.696 xcodebuild[812:4944] [MT] IDERunDestination: Supported platforms for the buildables in the current scheme is empty.
{
"dependencies" : [
{
"identity" : "lottie-spm",
"requirement" : {
"range" : [
{
"lower_bound" : "4.1.2",
"upper_bound" : "5.0.0"
}
]
},
"type" : "sourceControl",
"url" : "https://github.com/airbnb/lottie-spm.git"
}
],
"manifest_display_name" : "LottieUI",
"name" : "LottieUI",
"path" : "/Users/admin/builder/spi-builder-workspace",
"platforms" : [
{
"name" : "ios",
"version" : "13.0"
},
{
"name" : "macos",
"version" : "10.15"
}
],
"products" : [
{
"name" : "LottieUI",
"targets" : [
"LottieUI"
],
"type" : {
"library" : [
"automatic"
]
}
}
],
"targets" : [
{
"c99name" : "LottieUITests",
"module_type" : "SwiftTarget",
"name" : "LottieUITests",
"path" : "Tests/LottieUITests",
"sources" : [
"LottieUITests.swift"
],
"target_dependencies" : [
"LottieUI"
],
"type" : "test"
},
{
"c99name" : "LottieUI",
"module_type" : "SwiftTarget",
"name" : "LottieUI",
"path" : "Sources/LottieUI",
"product_dependencies" : [
"Lottie"
],
"product_memberships" : [
"LottieUI"
],
"sources" : [
"AsyncLottieView/AsyncLottiePhase.swift",
"AsyncLottieView/AsyncLottieView.swift",
"LottieConfiguration.swift",
"LottieContentSource.swift",
"LottieView/LottieView+iOS.swift",
"LottieView/LottieView+macOS.swift",
"LottieView/LottieView.swift",
"iOS/AnimationProgressObserver.swift",
"iOS/WrappedAnimationView+iOS.swift",
"macOS/AnimationProgressObserver+macOS.swift",
"macOS/WrappedAnimationNSView.swift"
],
"type" : "library"
}
],
"tools_version" : "5.5"
}
{
"workspace" : {
"name" : "LottieUI",
"schemes" : [
"LottieUI"
]
}
}
2026-09-18 22:27:04.900 xcodebuild[820:5011] [MT] IDERunDestination: Supported platforms for the buildables in the current scheme is empty.
Running build ...
env DEVELOPER_DIR=/Applications/Xcode-27.0.0-Release.Candidate.app xcrun xcodebuild -IDEClonedSourcePackagesDirPathOverride=$PWD/.dependencies -skipMacroValidation -skipPackagePluginValidation -derivedDataPath $PWD/.derivedData build -scheme LottieUI -destination generic/platform=tvOS
Command line invocation:
/Applications/Xcode-27.0.0-Release.Candidate.app/Contents/Developer/usr/bin/xcodebuild -IDEClonedSourcePackagesDirPathOverride=/Users/admin/builder/spi-builder-workspace/.dependencies -skipMacroValidation -skipPackagePluginValidation -derivedDataPath /Users/admin/builder/spi-builder-workspace/.derivedData build -scheme LottieUI -destination generic/platform=tvOS
Resolve Package Graph
Resolved source packages:
Lottie: https://github.com/airbnb/lottie-spm.git @ 4.6.1
LottieUI: /Users/admin/builder/spi-builder-workspace
ComputePackagePrebuildTargetDependencyGraph
Prepare packages
CreateBuildRequest
SendProjectDescription
CreateBuildOperation
ComputeTargetDependencyGraph
note: Building targets in dependency order
note: Target dependency graph (4 targets)
Target 'LottieUI-product' in project 'LottieUI'
➜ Explicit dependency on target 'LottieUI' in project 'LottieUI'
➜ Explicit dependency on target 'Lottie-product' in project 'Lottie'
Target 'LottieUI' in project 'LottieUI'
➜ Explicit dependency on target 'Lottie-product' in project 'Lottie'
Target 'Lottie-product' in project 'Lottie'
➜ Explicit dependency on target '_LottieStub' in project 'Lottie'
Target '_LottieStub' in project 'Lottie' (no dependencies)
GatherProvisioningInputs
CreateBuildDescription
ClangStatCache /Applications/Xcode-27.0.0-Release.Candidate.app/Contents/Developer/Toolchains/XcodeDefault.xctoolchain/usr/bin/clang-stat-cache /Applications/Xcode-27.0.0-Release.Candidate.app/Contents/Developer/Platforms/AppleTVOS.platform/Developer/SDKs/AppleTVOS27.0.sdk /Users/admin/builder/spi-builder-workspace/.derivedData/SDKStatCaches.noindex/appletvos27.0-24J360-e829b21a6f8c9b70876ba0858053c044b32bfd8d43560033f8d89884cdb90028.sdkstatcache
cd /Users/admin/builder/spi-builder-workspace/.swiftpm/xcode
/Applications/Xcode-27.0.0-Release.Candidate.app/Contents/Developer/Toolchains/XcodeDefault.xctoolchain/usr/bin/clang-stat-cache /Applications/Xcode-27.0.0-Release.Candidate.app/Contents/Developer/Platforms/AppleTVOS.platform/Developer/SDKs/AppleTVOS27.0.sdk -o /Users/admin/builder/spi-builder-workspace/.derivedData/SDKStatCaches.noindex/appletvos27.0-24J360-e829b21a6f8c9b70876ba0858053c044b32bfd8d43560033f8d89884cdb90028.sdkstatcache
SwiftDriver LottieUI normal arm64 com.apple.xcode.tools.swift.compiler (in target 'LottieUI' from project 'LottieUI')
cd /Users/admin/builder/spi-builder-workspace/.swiftpm/xcode
builtin-SwiftDriver -- /Applications/Xcode-27.0.0-Release.Candidate.app/Contents/Developer/Toolchains/XcodeDefault.xctoolchain/usr/bin/swiftc -parse-as-library -module-name LottieUI -Onone @/Users/admin/builder/spi-builder-workspace/.derivedData/Build/Intermediates.noindex/LottieUI.build/Debug-appletvos/LottieUI-t.build/Objects-normal/arm64/LottieUI.SwiftFileList -DSWIFT_PACKAGE -DDEBUG -DSWIFT_MODULE_RESOURCE_BUNDLE_UNAVAILABLE -DXcode -plugin-path /Applications/Xcode-27.0.0-Release.Candidate.app/Contents/Developer/Toolchains/XcodeDefault.xctoolchain/usr/lib/swift/host/plugins/testing -enable-experimental-feature DebugDescriptionMacro -sdk /Applications/Xcode-27.0.0-Release.Candidate.app/Contents/Developer/Platforms/AppleTVOS.platform/Developer/SDKs/AppleTVOS27.0.sdk -target arm64-apple-tvos15.0 -g -module-cache-path /Users/admin/builder/spi-builder-workspace/.derivedData/ModuleCache.noindex -Xfrontend -serialize-debugging-options -profile-coverage-mapping -profile-generate -enable-testing -index-store-path /Users/admin/builder/spi-builder-workspace/.derivedData/Index.noindex/DataStore -Xcc -D_LIBCPP_HARDENING_MODE\=_LIBCPP_HARDENING_MODE_DEBUG -swift-version 5 -I /Users/admin/builder/spi-builder-workspace/.derivedData/Build/Products/Debug-appletvos -Isystem /Applications/Xcode-27.0.0-Release.Candidate.app/Contents/Developer/Platforms/AppleTVOS.platform/Developer/usr/lib -F /Users/admin/builder/spi-builder-workspace/.derivedData/Build/Products/Debug-appletvos/PackageFrameworks -F /Users/admin/builder/spi-builder-workspace/.derivedData/Build/Products/Debug-appletvos -F /Applications/Xcode-27.0.0-Release.Candidate.app/Contents/Developer/Platforms/AppleTVOS.platform/Developer/Library/Frameworks -F /Applications/Xcode-27.0.0-Release.Candidate.app/Contents/Developer/Platforms/AppleTVOS.platform/Developer/SDKs/AppleTVOS27.0.sdk/Developer/Library/Frameworks -c -j10 -enable-batch-mode -incremental -Xcc -ivfsstatcache -Xcc /Users/admin/builder/spi-builder-workspace/.derivedData/SDKStatCaches.noindex/appletvos27.0-24J360-e829b21a6f8c9b70876ba0858053c044b32bfd8d43560033f8d89884cdb90028.sdkstatcache -output-file-map /Users/admin/builder/spi-builder-workspace/.derivedData/Build/Intermediates.noindex/LottieUI.build/Debug-appletvos/LottieUI-t.build/Objects-normal/arm64/LottieUI-OutputFileMap.json -save-temps -no-color-diagnostics -explicit-module-build -module-cache-path /Users/admin/builder/spi-builder-workspace/.derivedData/Build/Intermediates.noindex/SwiftExplicitPrecompiledModules -clang-scanner-module-cache-path /Users/admin/builder/spi-builder-workspace/.derivedData/ModuleCache.noindex -sdk-module-cache-path /Users/admin/builder/spi-builder-workspace/.derivedData/SDKExplicitPrecompiledModules -emit-dependencies -emit-module -emit-module-path /Users/admin/builder/spi-builder-workspace/.derivedData/Build/Intermediates.noindex/LottieUI.build/Debug-appletvos/LottieUI-t.build/Objects-normal/arm64/LottieUI.swiftmodule -serialize-diagnostics -dependency-scan-serialize-diagnostics-path /Users/admin/builder/spi-builder-workspace/.derivedData/Build/Intermediates.noindex/LottieUI.build/Debug-appletvos/LottieUI-t.build/Objects-normal/arm64/LottieUI-dependency-scan.dia -validate-clang-modules-once -clang-build-session-file /Users/admin/builder/spi-builder-workspace/.derivedData/ModuleCache.noindex/Session.modulevalidation -Xcc -fmodules-prune-interval\=86400 -Xcc -fmodules-prune-after\=345600 -emit-const-values -const-gather-protocols-list /Users/admin/builder/spi-builder-workspace/.derivedData/Build/Intermediates.noindex/LottieUI.build/Debug-appletvos/LottieUI-t.build/Objects-normal/arm64/LottieUI_const_extract_protocols.json -Xcc -I/Users/admin/builder/spi-builder-workspace/.derivedData/Build/Products/Debug-appletvos/include -Xcc -I/Users/admin/builder/spi-builder-workspace/.derivedData/Build/Intermediates.noindex/LottieUI.build/Debug-appletvos/LottieUI-t.build/DerivedSources-normal/arm64 -Xcc -I/Users/admin/builder/spi-builder-workspace/.derivedData/Build/Intermediates.noindex/LottieUI.build/Debug-appletvos/LottieUI-t.build/DerivedSources/arm64 -Xcc -I/Users/admin/builder/spi-builder-workspace/.derivedData/Build/Intermediates.noindex/LottieUI.build/Debug-appletvos/LottieUI-t.build/DerivedSources -Xcc -DSWIFT_PACKAGE -Xcc -DDEBUG\=1 -emit-objc-header -emit-objc-header-path /Users/admin/builder/spi-builder-workspace/.derivedData/Build/Intermediates.noindex/LottieUI.build/Debug-appletvos/LottieUI-t.build/Objects-normal/arm64/LottieUI-Swift.h -working-directory /Users/admin/builder/spi-builder-workspace/.swiftpm/xcode -experimental-emit-module-separately -disable-cmo
SwiftCompile normal arm64 Compiling\ AsyncLottieView.swift /Users/admin/builder/spi-builder-workspace/Sources/LottieUI/AsyncLottieView/AsyncLottieView.swift (in target 'LottieUI' from project 'LottieUI')
SwiftCompile normal arm64 /Users/admin/builder/spi-builder-workspace/Sources/LottieUI/AsyncLottieView/AsyncLottieView.swift (in target 'LottieUI' from project 'LottieUI')
cd /Users/admin/builder/spi-builder-workspace/.swiftpm/xcode
builtin-SwiftPerFileCompile AsyncLottieView.swift
/Users/admin/builder/spi-builder-workspace/Sources/LottieUI/AsyncLottieView/AsyncLottieView.swift:57:17: error: generic struct 'AsyncLottieView' requires that 'LottieView' conform to 'View'
55 | Text("Error")
56 | case .success(let lottieView):
57 | lottieView
| `- error: generic struct 'AsyncLottieView' requires that 'LottieView' conform to 'View'
58 | .loopMode(.loop)
59 | .renderingEngine(.coreAnimation)
SwiftUI._ConditionalContent:2:11: note: requirement from conditional conformance of '_ConditionalContent<_ConditionalContent<Text, Text>, LottieView>' to 'View'
1 | @available(iOS 13.0, macOS 10.15, tvOS 13.0, watchOS 6.0, *)
2 | extension _ConditionalContent : View where TrueContent : View, FalseContent : View {
| `- note: requirement from conditional conformance of '_ConditionalContent<_ConditionalContent<Text, Text>, LottieView>' to 'View'
3 | public typealias Body = Never
4 | nonisolated public static func _makeView(view: _GraphValue<_ConditionalContent<TrueContent, FalseContent>>, inputs: _ViewInputs) -> _ViewOutputs
SwiftCompile normal arm64 Compiling\ AsyncLottiePhase.swift /Users/admin/builder/spi-builder-workspace/Sources/LottieUI/AsyncLottieView/AsyncLottiePhase.swift (in target 'LottieUI' from project 'LottieUI')
SwiftCompile normal arm64 /Users/admin/builder/spi-builder-workspace/Sources/LottieUI/AsyncLottieView/AsyncLottiePhase.swift (in target 'LottieUI' from project 'LottieUI')
cd /Users/admin/builder/spi-builder-workspace/.swiftpm/xcode
builtin-SwiftPerFileCompile AsyncLottiePhase.swift
SwiftCompile normal arm64 Compiling\ LottieView+iOS.swift /Users/admin/builder/spi-builder-workspace/Sources/LottieUI/LottieView/LottieView+iOS.swift (in target 'LottieUI' from project 'LottieUI')
SwiftCompile normal arm64 /Users/admin/builder/spi-builder-workspace/Sources/LottieUI/LottieView/LottieView+iOS.swift (in target 'LottieUI' from project 'LottieUI')
cd /Users/admin/builder/spi-builder-workspace/.swiftpm/xcode
builtin-SwiftPerFileCompile LottieView+iOS.swift
SwiftCompile normal arm64 Compiling\ LottieView+macOS.swift /Users/admin/builder/spi-builder-workspace/Sources/LottieUI/LottieView/LottieView+macOS.swift (in target 'LottieUI' from project 'LottieUI')
SwiftCompile normal arm64 /Users/admin/builder/spi-builder-workspace/Sources/LottieUI/LottieView/LottieView+macOS.swift (in target 'LottieUI' from project 'LottieUI')
cd /Users/admin/builder/spi-builder-workspace/.swiftpm/xcode
builtin-SwiftPerFileCompile LottieView+macOS.swift
SwiftCompile normal arm64 Compiling\ LottieView.swift /Users/admin/builder/spi-builder-workspace/Sources/LottieUI/LottieView/LottieView.swift (in target 'LottieUI' from project 'LottieUI')
SwiftCompile normal arm64 /Users/admin/builder/spi-builder-workspace/Sources/LottieUI/LottieView/LottieView.swift (in target 'LottieUI' from project 'LottieUI')
cd /Users/admin/builder/spi-builder-workspace/.swiftpm/xcode
builtin-SwiftPerFileCompile LottieView.swift
SwiftCompile normal arm64 Compiling\ LottieContentSource.swift /Users/admin/builder/spi-builder-workspace/Sources/LottieUI/LottieContentSource.swift (in target 'LottieUI' from project 'LottieUI')
SwiftCompile normal arm64 /Users/admin/builder/spi-builder-workspace/Sources/LottieUI/LottieContentSource.swift (in target 'LottieUI' from project 'LottieUI')
cd /Users/admin/builder/spi-builder-workspace/.swiftpm/xcode
builtin-SwiftPerFileCompile LottieContentSource.swift
SwiftCompile normal arm64 Compiling\ AnimationProgressObserver+macOS.swift /Users/admin/builder/spi-builder-workspace/Sources/LottieUI/macOS/AnimationProgressObserver+macOS.swift (in target 'LottieUI' from project 'LottieUI')
SwiftCompile normal arm64 /Users/admin/builder/spi-builder-workspace/Sources/LottieUI/macOS/AnimationProgressObserver+macOS.swift (in target 'LottieUI' from project 'LottieUI')
cd /Users/admin/builder/spi-builder-workspace/.swiftpm/xcode
builtin-SwiftPerFileCompile AnimationProgressObserver+macOS.swift
SwiftCompile normal arm64 Compiling\ WrappedAnimationView+iOS.swift /Users/admin/builder/spi-builder-workspace/Sources/LottieUI/iOS/WrappedAnimationView+iOS.swift (in target 'LottieUI' from project 'LottieUI')
SwiftCompile normal arm64 /Users/admin/builder/spi-builder-workspace/Sources/LottieUI/iOS/WrappedAnimationView+iOS.swift (in target 'LottieUI' from project 'LottieUI')
cd /Users/admin/builder/spi-builder-workspace/.swiftpm/xcode
builtin-SwiftPerFileCompile WrappedAnimationView+iOS.swift
SwiftCompile normal arm64 Compiling\ LottieConfiguration.swift /Users/admin/builder/spi-builder-workspace/Sources/LottieUI/LottieConfiguration.swift (in target 'LottieUI' from project 'LottieUI')
SwiftCompile normal arm64 /Users/admin/builder/spi-builder-workspace/Sources/LottieUI/LottieConfiguration.swift (in target 'LottieUI' from project 'LottieUI')
cd /Users/admin/builder/spi-builder-workspace/.swiftpm/xcode
builtin-SwiftPerFileCompile LottieConfiguration.swift
SwiftCompile normal arm64 Compiling\ AnimationProgressObserver.swift /Users/admin/builder/spi-builder-workspace/Sources/LottieUI/iOS/AnimationProgressObserver.swift (in target 'LottieUI' from project 'LottieUI')
SwiftCompile normal arm64 /Users/admin/builder/spi-builder-workspace/Sources/LottieUI/iOS/AnimationProgressObserver.swift (in target 'LottieUI' from project 'LottieUI')
cd /Users/admin/builder/spi-builder-workspace/.swiftpm/xcode
builtin-SwiftPerFileCompile AnimationProgressObserver.swift
SwiftEmitModule normal arm64 Emitting\ module\ for\ LottieUI (in target 'LottieUI' from project 'LottieUI')
/Users/admin/builder/spi-builder-workspace/Sources/LottieUI/LottieView/LottieView.swift:20:27: error: cannot find type 'ViewRepresentable' in scope
18 |
19 | /// A SwiftUI view that presents a Lottie animation that is stored locally. To present animation from a remote URL, use ``AsyncLottieView`` instead.
20 | public struct LottieView: ViewRepresentable {
| `- error: cannot find type 'ViewRepresentable' in scope
21 | #if os(macOS)
22 | public typealias UIViewType = WrappedAnimationNSView
Failed frontend command:
/Applications/Xcode-27.0.0-Release.Candidate.app/Contents/Developer/Toolchains/XcodeDefault.xctoolchain/usr/bin/swift-frontend -frontend -emit-module -experimental-skip-non-inlinable-function-bodies-without-types /Users/admin/builder/spi-builder-workspace/Sources/LottieUI/AsyncLottieView/AsyncLottiePhase.swift /Users/admin/builder/spi-builder-workspace/Sources/LottieUI/AsyncLottieView/AsyncLottieView.swift /Users/admin/builder/spi-builder-workspace/Sources/LottieUI/LottieConfiguration.swift /Users/admin/builder/spi-builder-workspace/Sources/LottieUI/LottieContentSource.swift /Users/admin/builder/spi-builder-workspace/Sources/LottieUI/LottieView/LottieView+iOS.swift /Users/admin/builder/spi-builder-workspace/Sources/LottieUI/LottieView/LottieView+macOS.swift /Users/admin/builder/spi-builder-workspace/Sources/LottieUI/LottieView/LottieView.swift /Users/admin/builder/spi-builder-workspace/Sources/LottieUI/iOS/AnimationProgressObserver.swift /Users/admin/builder/spi-builder-workspace/Sources/LottieUI/iOS/WrappedAnimationView+iOS.swift /Users/admin/builder/spi-builder-workspace/Sources/LottieUI/macOS/AnimationProgressObserver+macOS.swift /Users/admin/builder/spi-builder-workspace/Sources/LottieUI/macOS/WrappedAnimationNSView.swift -target arm64-apple-tvos15.0 -module-can-import-version UIKit 9127.0.84.1 9127.0.84 -disable-cross-import-overlay-search -load-resolved-plugin /Applications/Xcode-27.0.0-Release.Candidate.app/Contents/Developer/Platforms/AppleTVOS.platform/Developer/usr/lib/swift/host/plugins/libFoundationMacros.dylib\#/Applications/Xcode-27.0.0-Release.Candidate.app/Contents/Developer/Platforms/AppleTVOS.platform/Developer/usr/bin/swift-plugin-server\#FoundationMacros -load-resolved-plugin /Applications/Xcode-27.0.0-Release.Candidate.app/Contents/Developer/Platforms/AppleTVOS.platform/Developer/usr/lib/swift/host/plugins/libObservationMacros.dylib\#/Applications/Xcode-27.0.0-Release.Candidate.app/Contents/Developer/Platforms/AppleTVOS.platform/Developer/usr/bin/swift-plugin-server\#ObservationMacros -load-resolved-plugin /Applications/Xcode-27.0.0-Release.Candidate.app/Contents/Developer/Platforms/AppleTVOS.platform/Developer/usr/lib/swift/host/plugins/libPreviewsMacros.dylib\#/Applications/Xcode-27.0.0-Release.Candidate.app/Contents/Developer/Platforms/AppleTVOS.platform/Developer/usr/bin/swift-plugin-server\#PreviewsMacros -load-resolved-plugin /Applications/Xcode-27.0.0-Release.Candidate.app/Contents/Developer/Platforms/AppleTVOS.platform/Developer/usr/lib/swift/host/plugins/libSwiftMacros.dylib\#/Applications/Xcode-27.0.0-Release.Candidate.app/Contents/Developer/Platforms/AppleTVOS.platform/Developer/usr/bin/swift-plugin-server\#SwiftMacros -load-resolved-plugin /Applications/Xcode-27.0.0-Release.Candidate.app/Contents/Developer/Platforms/AppleTVOS.platform/Developer/usr/lib/swift/host/plugins/libSwiftUIMacros.dylib\#/Applications/Xcode-27.0.0-Release.Candidate.app/Contents/Developer/Platforms/AppleTVOS.platform/Developer/usr/bin/swift-plugin-server\#SwiftUIMacros -disable-implicit-swift-modules -Xcc -fno-implicit-modules -Xcc -fno-implicit-module-maps -explicit-swift-module-map-file /Users/admin/builder/spi-builder-workspace/.derivedData/Build/Intermediates.noindex/LottieUI.build/Debug-appletvos/LottieUI-t.build/Objects-normal/arm64/LottieUI-dependencies-1.json -Xllvm -aarch64-use-tbi -enable-objc-interop -stack-check -sdk /Applications/Xcode-27.0.0-Release.Candidate.app/Contents/Developer/Platforms/AppleTVOS.platform/Developer/SDKs/AppleTVOS27.0.sdk -I /Users/admin/builder/spi-builder-workspace/.derivedData/Build/Products/Debug-appletvos -Isystem /Applications/Xcode-27.0.0-Release.Candidate.app/Contents/Developer/Platforms/AppleTVOS.platform/Developer/usr/lib -F /Users/admin/builder/spi-builder-workspace/.derivedData/Build/Products/Debug-appletvos/PackageFrameworks -F /Users/admin/builder/spi-builder-workspace/.derivedData/Build/Products/Debug-appletvos -F /Applications/Xcode-27.0.0-Release.Candidate.app/Contents/Developer/Platforms/AppleTVOS.platform/Developer/Library/Frameworks -F /Applications/Xcode-27.0.0-Release.Candidate.app/Contents/Developer/Platforms/AppleTVOS.platform/Developer/SDKs/AppleTVOS27.0.sdk/Developer/Library/Frameworks -module-cache-path /Users/admin/builder/spi-builder-workspace/.derivedData/Build/Intermediates.noindex/SwiftExplicitPrecompiledModules -no-color-diagnostics -Xcc -fno-color-diagnostics -enable-testing -g -debug-info-format\=dwarf -dwarf-version\=4 -profile-generate -profile-coverage-mapping -swift-version 5 -Onone -D SWIFT_PACKAGE -D DEBUG -D SWIFT_MODULE_RESOURCE_BUNDLE_UNAVAILABLE -D Xcode -serialize-debugging-options -enable-experimental-feature DebugDescriptionMacro -empty-abi-descriptor -validate-clang-modules-once -clang-build-session-file /Users/admin/builder/spi-builder-workspace/.derivedData/ModuleCache.noindex/Session.modulevalidation -Xcc -working-directory -Xcc /Users/admin/builder/spi-builder-workspace/.swiftpm/xcode -enable-anonymous-context-mangled-names -file-compilation-dir /Users/admin/builder/spi-builder-workspace/.swiftpm/xcode -Xcc -D_LIBCPP_HARDENING_MODE\=_LIBCPP_HARDENING_MODE_DEBUG -Xcc -ivfsstatcache -Xcc /Users/admin/builder/spi-builder-workspace/.derivedData/SDKStatCaches.noindex/appletvos27.0-24J360-e829b21a6f8c9b70876ba0858053c044b32bfd8d43560033f8d89884cdb90028.sdkstatcache -Xcc -fmodules-prune-interval\=86400 -Xcc -fmodules-prune-after\=345600 -Xcc -I/Users/admin/builder/spi-builder-workspace/.derivedData/Build/Products/Debug-appletvos/include -Xcc -I/Users/admin/builder/spi-builder-workspace/.derivedData/Build/Intermediates.noindex/LottieUI.build/Debug-appletvos/LottieUI-t.build/DerivedSources-normal/arm64 -Xcc -I/Users/admin/builder/spi-builder-workspace/.derivedData/Build/Intermediates.noindex/LottieUI.build/Debug-appletvos/LottieUI-t.build/DerivedSources/arm64 -Xcc -I/Users/admin/builder/spi-builder-workspace/.derivedData/Build/Intermediates.noindex/LottieUI.build/Debug-appletvos/LottieUI-t.build/DerivedSources -Xcc -DSWIFT_PACKAGE -Xcc -DDEBUG\=1 -no-auto-bridging-header-chaining -module-name LottieUI -const-gather-protocols-file /Users/admin/builder/spi-builder-workspace/.derivedData/Build/Intermediates.noindex/LottieUI.build/Debug-appletvos/LottieUI-t.build/Objects-normal/arm64/LottieUI_const_extract_protocols.json -disable-clang-spi -clang-target arm64-apple-tvos27.0 -target-sdk-version 27.0 -target-sdk-name appletvos27.0 -in-process-plugin-server-path /Applications/Xcode-27.0.0-Release.Candidate.app/Contents/Developer/Toolchains/XcodeDefault.xctoolchain/usr/lib/swift/host/libSwiftInProcPluginServer.dylib -emit-module-doc-path /Users/admin/builder/spi-builder-workspace/.derivedData/Build/Intermediates.noindex/LottieUI.build/Debug-appletvos/LottieUI-t.build/Objects-normal/arm64/LottieUI.swiftdoc -emit-module-source-info-path /Users/admin/builder/spi-builder-workspace/.derivedData/Build/Intermediates.noindex/LottieUI.build/Debug-appletvos/LottieUI-t.build/Objects-normal/arm64/LottieUI.swiftsourceinfo -emit-objc-header-path /Users/admin/builder/spi-builder-workspace/.derivedData/Build/Intermediates.noindex/LottieUI.build/Debug-appletvos/LottieUI-t.build/Objects-normal/arm64/LottieUI-Swift.h -serialize-diagnostics-path /Users/admin/builder/spi-builder-workspace/.derivedData/Build/Intermediates.noindex/LottieUI.build/Debug-appletvos/LottieUI-t.build/Objects-normal/arm64/LottieUI-primary-emit-module.dia -emit-dependencies-path /Users/admin/builder/spi-builder-workspace/.derivedData/Build/Intermediates.noindex/LottieUI.build/Debug-appletvos/LottieUI-t.build/Objects-normal/arm64/LottieUI-primary-emit-module.d -parse-as-library -o /Users/admin/builder/spi-builder-workspace/.derivedData/Build/Intermediates.noindex/LottieUI.build/Debug-appletvos/LottieUI-t.build/Objects-normal/arm64/LottieUI.swiftmodule -emit-abi-descriptor-path /Users/admin/builder/spi-builder-workspace/.derivedData/Build/Intermediates.noindex/LottieUI.build/Debug-appletvos/LottieUI-t.build/Objects-normal/arm64/LottieUI.abi.json
SwiftCompile normal arm64 (in target 'LottieUI' from project 'LottieUI')
cd /Users/admin/builder/spi-builder-workspace/.swiftpm/xcode
SwiftDriverJobDiscovery normal arm64 Compiling LottieContentSource.swift (in target 'LottieUI' from project 'LottieUI')
SwiftDriverJobDiscovery normal arm64 Compiling AnimationProgressObserver+macOS.swift (in target 'LottieUI' from project 'LottieUI')
SwiftDriverJobDiscovery normal arm64 Compiling AnimationProgressObserver.swift (in target 'LottieUI' from project 'LottieUI')
PruneExplicitPrecompiledModules /Users/admin/builder/spi-builder-workspace/.derivedData/SDKExplicitPrecompiledModules
PruneExplicitPrecompiledModules /Users/admin/builder/spi-builder-workspace/.derivedData/Build/Intermediates.noindex/SwiftExplicitPrecompiledModules
PruneExplicitPrecompiledModules /Users/admin/builder/spi-builder-workspace/.derivedData/Build/Intermediates.noindex/ExplicitPrecompiledModules
2026-09-18 22:27:05.907 xcodebuild[821:5036] [MT] IDERunDestination: Supported platforms for the buildables in the current scheme is empty.
** BUILD FAILED **
The following build commands failed:
SwiftEmitModule normal arm64 Emitting\ module\ for\ LottieUI (in target 'LottieUI' from project 'LottieUI')
SwiftCompile normal arm64 (in target 'LottieUI' from project 'LottieUI')
Building workspace LottieUI with scheme LottieUI
(3 failures)
BUILD FAILURE 6.4 tvOS