Build Information
Failed to build swift-google-drive-client, reference main (3ca487), with Swift 6.4 for watchOS using Xcode 27.0 on 20 Sep 2026 14:06:51 UTC.
Build Command
env DEVELOPER_DIR=/Applications/Xcode-27.0.0-Release.Candidate.app xcrun xcodebuild -IDEClonedSourcePackagesDirPathOverride=$PWD/.dependencies -skipMacroValidation -skipPackagePluginValidation -derivedDataPath $PWD/.derivedData build -scheme swift-google-drive-client -destination generic/platform=watchOSBuild Log
========================================
RunAll
========================================
Builder version: 5.1.0
Interrupt handler set up.
========================================
Checkout
========================================
Clone URL: https://github.com/darrarski/swift-google-drive-client.git
Reference: main
Initialized empty Git repository in /Users/admin/builder/spi-builder-workspace/.git/
From https://github.com/darrarski/swift-google-drive-client
* branch main -> FETCH_HEAD
* [new branch] main -> origin/main
HEAD is now at 3ca4874 Merge pull request #23 from darrarski/fix/example-app-preview-client-get-about
Cloned https://github.com/darrarski/swift-google-drive-client.git
Revision (git rev-parse @):
3ca48747bbc4d82fcf68a978c42a6f225d92ea03
SUCCESS checkout https://github.com/darrarski/swift-google-drive-client.git at main
========================================
Build
========================================
Selected platform: watchOS
Swift version: 6.4
Building package at path: $PWD
https://github.com/darrarski/swift-google-drive-client.git
Command line invocation:
/Applications/Xcode-27.0.0-Release.Candidate.app/Contents/Developer/usr/bin/xcodebuild -IDEClonedSourcePackagesDirPathOverride=/Users/admin/builder/spi-builder-workspace/.dependencies -resolvePackageDependencies
Resolve Package Graph
Fetching from https://github.com/pointfreeco/swift-clocks
Fetching from https://github.com/kean/PulseLogHandler.git
Fetching from https://github.com/pointfreeco/combine-schedulers
Fetching from https://github.com/pointfreeco/xctest-dynamic-overlay
Fetching from https://github.com/pointfreeco/swift-dependencies.git
Fetching from https://github.com/pointfreeco/swift-concurrency-extras
Fetching from https://github.com/kean/Pulse.git
Fetching from https://github.com/apple/swift-log.git
Creating working copy of package ‘PulseLogHandler’
Checking out 3.2.0 of package ‘PulseLogHandler’
Creating working copy of package ‘combine-schedulers’
Checking out 0.11.0 of package ‘combine-schedulers’
Creating working copy of package ‘swift-concurrency-extras’
Checking out 0.1.1 of package ‘swift-concurrency-extras’
Creating working copy of package ‘Pulse’
Checking out 3.7.3 of package ‘Pulse’
Creating working copy of package ‘swift-clocks’
Checking out 0.4.0 of package ‘swift-clocks’
Creating working copy of package ‘swift-log’
Checking out 1.5.3 of package ‘swift-log’
Creating working copy of package ‘swift-dependencies’
Checking out 0.6.0 of package ‘swift-dependencies’
Creating working copy of package ‘xctest-dynamic-overlay’
Checking out 0.9.0 of package ‘xctest-dynamic-overlay’
Resolve Package Graph
Resolved source packages:
swift-google-drive-client: /Users/admin/builder/spi-builder-workspace
swift-concurrency-extras: https://github.com/pointfreeco/swift-concurrency-extras @ 0.1.1
xctest-dynamic-overlay: https://github.com/pointfreeco/xctest-dynamic-overlay @ 0.9.0
swift-log: https://github.com/apple/swift-log.git @ 1.5.3
PulseLogHandler: https://github.com/kean/PulseLogHandler.git @ 3.2.0
Pulse: https://github.com/kean/Pulse.git @ 3.7.3
swift-dependencies: https://github.com/pointfreeco/swift-dependencies.git @ 0.6.0
combine-schedulers: https://github.com/pointfreeco/combine-schedulers @ 0.11.0
swift-clocks: https://github.com/pointfreeco/swift-clocks @ 0.4.0
resolved source packages: swift-google-drive-client, swift-concurrency-extras, xctest-dynamic-overlay, swift-log, PulseLogHandler, Pulse, swift-dependencies, combine-schedulers, swift-clocks
2026-09-20 10:05:46.196 xcodebuild[529:3033] [MT] IDERunDestination: Supported platforms for the buildables in the current scheme is empty.
2026-09-20 10:05:46.363 xcodebuild[529:3033] [MT] IDERunDestination: Supported platforms for the buildables in the current scheme is empty.
2026-09-20 10:05:47.968 xcodebuild[529:3033] [MT] IDERunDestination: Supported platforms for the buildables in the current scheme is empty.
{
"dependencies" : [
],
"manifest_display_name" : "swift-google-drive-client",
"name" : "swift-google-drive-client",
"path" : "/Users/admin/builder/spi-builder-workspace",
"platforms" : [
{
"name" : "ios",
"version" : "16.0"
},
{
"name" : "macos",
"version" : "13.0"
}
],
"products" : [
{
"name" : "GoogleDriveClient",
"targets" : [
"GoogleDriveClient"
],
"type" : {
"library" : [
"automatic"
]
}
}
],
"targets" : [
{
"c99name" : "GoogleDriveClientTests",
"module_type" : "SwiftTarget",
"name" : "GoogleDriveClientTests",
"path" : "Tests/GoogleDriveClientTests",
"sources" : [
"ActorIsolated.swift",
"AuthTests.swift",
"CreateFileTests.swift",
"DeleteFileTests.swift",
"GetAboutTests.swift",
"GetFileDataTests.swift",
"GetFileTests.swift",
"ListFilesTests.swift",
"TestHelpers.swift",
"UpdateFileDataTests.swift"
],
"target_dependencies" : [
"GoogleDriveClient"
],
"type" : "test"
},
{
"c99name" : "GoogleDriveClient",
"module_type" : "SwiftTarget",
"name" : "GoogleDriveClient",
"path" : "Sources/GoogleDriveClient",
"product_memberships" : [
"GoogleDriveClient"
],
"sources" : [
"About.swift",
"Auth.swift",
"Client.swift",
"Coding.swift",
"Config.swift",
"CreateFile.swift",
"Credentials.swift",
"CurrentValueAsyncSequence.swift",
"DateGenerator.swift",
"DeleteFile.swift",
"File.swift",
"FilesList.swift",
"GetAbout.swift",
"GetFile.swift",
"GetFileData.swift",
"HTTPClient.swift",
"Keychain.swift",
"ListFiles.swift",
"OpenURL.swift",
"StorageQuota.swift",
"UUIDGenerator.swift",
"UpdateFileData.swift",
"User.swift"
],
"type" : "library"
}
],
"tools_version" : "5.8"
}
{
"workspace" : {
"name" : "GoogleDriveClient",
"schemes" : [
"GoogleDriveClient",
"GoogleDriveClientExampleApp"
]
}
}
2026-09-20 10:06:36.953 xcodebuild[949:5316] [MT] IDERunDestination: Supported platforms for the buildables in the current scheme is empty.
2026-09-20 10:06:37.060 xcodebuild[949:5316] [MT] IDERunDestination: Supported platforms for the buildables in the current scheme is empty.
{
"workspace" : {
"name" : "swift-google-drive-client",
"schemes" : [
"GoogleDriveClient",
"swift-google-drive-client"
]
}
}
2026-09-20 10:06:38.073 xcodebuild[951:5373] [MT] IDERunDestination: Supported platforms for the buildables in the current scheme is empty.
2026-09-20 10:06:38.223 xcodebuild[951:5373] [MT] IDERunDestination: Supported platforms for the buildables in the current scheme is empty.
Running build ...
env DEVELOPER_DIR=/Applications/Xcode-27.0.0-Release.Candidate.app xcrun xcodebuild -IDEClonedSourcePackagesDirPathOverride=$PWD/.dependencies -skipMacroValidation -skipPackagePluginValidation -derivedDataPath $PWD/.derivedData build -scheme swift-google-drive-client -destination generic/platform=watchOS
Command line invocation:
/Applications/Xcode-27.0.0-Release.Candidate.app/Contents/Developer/usr/bin/xcodebuild -IDEClonedSourcePackagesDirPathOverride=/Users/admin/builder/spi-builder-workspace/.dependencies -skipMacroValidation -skipPackagePluginValidation -derivedDataPath /Users/admin/builder/spi-builder-workspace/.derivedData build -scheme swift-google-drive-client -destination generic/platform=watchOS
Resolve Package Graph
Resolved source packages:
swift-google-drive-client: /Users/admin/builder/spi-builder-workspace
ComputePackagePrebuildTargetDependencyGraph
Prepare packages
CreateBuildRequest
SendProjectDescription
CreateBuildOperation
ComputeTargetDependencyGraph
note: Building targets in dependency order
note: Target dependency graph (2 targets)
Target 'GoogleDriveClient-product' in project 'swift-google-drive-client'
➜ Explicit dependency on target 'GoogleDriveClient' in project 'swift-google-drive-client'
Target 'GoogleDriveClient' in project 'swift-google-drive-client' (no dependencies)
GatherProvisioningInputs
CreateBuildDescription
ExecuteExternalTool /Applications/Xcode-27.0.0-Release.Candidate.app/Contents/Developer/Toolchains/XcodeDefault.xctoolchain/usr/bin/clang -v -E -dM -isysroot /Applications/Xcode-27.0.0-Release.Candidate.app/Contents/Developer/Platforms/WatchOS.platform/Developer/SDKs/WatchOS27.0.sdk -x c -c /dev/null
ExecuteExternalTool /Applications/Xcode-27.0.0-Release.Candidate.app/Contents/Developer/Toolchains/XcodeDefault.xctoolchain/usr/bin/swiftc --version
ExecuteExternalTool /Applications/Xcode-27.0.0-Release.Candidate.app/Contents/Developer/Toolchains/XcodeDefault.xctoolchain/usr/bin/ld -version_details
Build description signature: 2ec067ce565bbd5f7b339976e9fda3fb
Build description path: /Users/admin/builder/spi-builder-workspace/.derivedData/Build/Intermediates.noindex/XCBuildData/2ec067ce565bbd5f7b339976e9fda3fb.xcbuilddata
CreateBuildDirectory /Users/admin/builder/spi-builder-workspace/.derivedData/SDKExplicitPrecompiledModules
cd /Users/admin/builder/spi-builder-workspace/.swiftpm/xcode
builtin-create-build-directory /Users/admin/builder/spi-builder-workspace/.derivedData/SDKExplicitPrecompiledModules
CreateBuildDirectory /Users/admin/builder/spi-builder-workspace/.derivedData/ModuleCache.noindex
cd /Users/admin/builder/spi-builder-workspace/.swiftpm/xcode
builtin-create-build-directory /Users/admin/builder/spi-builder-workspace/.derivedData/ModuleCache.noindex
CreateBuildDirectory /Users/admin/builder/spi-builder-workspace/.derivedData/CompilationCache.noindex
cd /Users/admin/builder/spi-builder-workspace/.swiftpm/xcode
builtin-create-build-directory /Users/admin/builder/spi-builder-workspace/.derivedData/CompilationCache.noindex
ClangStatCache /Applications/Xcode-27.0.0-Release.Candidate.app/Contents/Developer/Toolchains/XcodeDefault.xctoolchain/usr/bin/clang-stat-cache /Applications/Xcode-27.0.0-Release.Candidate.app/Contents/Developer/Platforms/WatchOS.platform/Developer/SDKs/WatchOS27.0.sdk /Users/admin/builder/spi-builder-workspace/.derivedData/SDKStatCaches.noindex/watchos27.0-24R360-e829b21a6f8c9b70876ba0858053c04477534ef55a1706bf4c1112bbb242f0a2.sdkstatcache
cd /Users/admin/builder/spi-builder-workspace/.swiftpm/xcode
/Applications/Xcode-27.0.0-Release.Candidate.app/Contents/Developer/Toolchains/XcodeDefault.xctoolchain/usr/bin/clang-stat-cache /Applications/Xcode-27.0.0-Release.Candidate.app/Contents/Developer/Platforms/WatchOS.platform/Developer/SDKs/WatchOS27.0.sdk -o /Users/admin/builder/spi-builder-workspace/.derivedData/SDKStatCaches.noindex/watchos27.0-24R360-e829b21a6f8c9b70876ba0858053c04477534ef55a1706bf4c1112bbb242f0a2.sdkstatcache
CreateBuildDirectory /Users/admin/builder/spi-builder-workspace/.derivedData/Build/Products
cd /Users/admin/builder/spi-builder-workspace/.swiftpm/xcode
builtin-create-build-directory /Users/admin/builder/spi-builder-workspace/.derivedData/Build/Products
CreateBuildDirectory /Users/admin/builder/spi-builder-workspace/.derivedData/Build/Intermediates.noindex
cd /Users/admin/builder/spi-builder-workspace/.swiftpm/xcode
builtin-create-build-directory /Users/admin/builder/spi-builder-workspace/.derivedData/Build/Intermediates.noindex
CreateBuildDirectory /Users/admin/builder/spi-builder-workspace/.derivedData/Build/Intermediates.noindex/SwiftExplicitPrecompiledModules
cd /Users/admin/builder/spi-builder-workspace/.swiftpm/xcode
builtin-create-build-directory /Users/admin/builder/spi-builder-workspace/.derivedData/Build/Intermediates.noindex/SwiftExplicitPrecompiledModules
CreateBuildDirectory /Users/admin/builder/spi-builder-workspace/.derivedData/Build/Intermediates.noindex/PrecompiledHeaders
cd /Users/admin/builder/spi-builder-workspace/.swiftpm/xcode
builtin-create-build-directory /Users/admin/builder/spi-builder-workspace/.derivedData/Build/Intermediates.noindex/PrecompiledHeaders
CreateBuildDirectory /Users/admin/builder/spi-builder-workspace/.derivedData/Build/Intermediates.noindex/ExplicitPrecompiledModules
cd /Users/admin/builder/spi-builder-workspace/.swiftpm/xcode
builtin-create-build-directory /Users/admin/builder/spi-builder-workspace/.derivedData/Build/Intermediates.noindex/ExplicitPrecompiledModules
CreateBuildDirectory /Users/admin/builder/spi-builder-workspace/.derivedData/Build/Products/Debug-watchos
cd /Users/admin/builder/spi-builder-workspace/.swiftpm/xcode
builtin-create-build-directory /Users/admin/builder/spi-builder-workspace/.derivedData/Build/Products/Debug-watchos
CreateBuildDirectory /Users/admin/builder/spi-builder-workspace/.derivedData/Build/Intermediates.noindex/EagerLinkingTBDs/Debug-watchos
cd /Users/admin/builder/spi-builder-workspace/.swiftpm/xcode
builtin-create-build-directory /Users/admin/builder/spi-builder-workspace/.derivedData/Build/Intermediates.noindex/EagerLinkingTBDs/Debug-watchos
CreateBuildDirectory /Users/admin/builder/spi-builder-workspace/.derivedData/Build/Products/Debug-watchos/PackageFrameworks
cd /Users/admin/builder/spi-builder-workspace/.swiftpm/xcode
builtin-create-build-directory /Users/admin/builder/spi-builder-workspace/.derivedData/Build/Products/Debug-watchos/PackageFrameworks
WriteAuxiliaryFile /Users/admin/builder/spi-builder-workspace/.derivedData/Build/Intermediates.noindex/swift-google-drive-client.build/Debug-watchos/GoogleDriveClient-t.build/GoogleDriveClient.modulemap (in target 'GoogleDriveClient' from project 'swift-google-drive-client')
cd /Users/admin/builder/spi-builder-workspace
write-file /Users/admin/builder/spi-builder-workspace/.derivedData/Build/Intermediates.noindex/swift-google-drive-client.build/Debug-watchos/GoogleDriveClient-t.build/GoogleDriveClient.modulemap
WriteAuxiliaryFile /Users/admin/builder/spi-builder-workspace/.derivedData/Build/Intermediates.noindex/swift-google-drive-client.build/Debug-watchos/GoogleDriveClient-t.build/Objects-normal/arm64/GoogleDriveClient_const_extract_protocols.json (in target 'GoogleDriveClient' from project 'swift-google-drive-client')
cd /Users/admin/builder/spi-builder-workspace
write-file /Users/admin/builder/spi-builder-workspace/.derivedData/Build/Intermediates.noindex/swift-google-drive-client.build/Debug-watchos/GoogleDriveClient-t.build/Objects-normal/arm64/GoogleDriveClient_const_extract_protocols.json
WriteAuxiliaryFile /Users/admin/builder/spi-builder-workspace/.derivedData/Build/Intermediates.noindex/swift-google-drive-client.build/Debug-watchos/GoogleDriveClient-t.build/Objects-normal/arm64_32/GoogleDriveClient_const_extract_protocols.json (in target 'GoogleDriveClient' from project 'swift-google-drive-client')
cd /Users/admin/builder/spi-builder-workspace
write-file /Users/admin/builder/spi-builder-workspace/.derivedData/Build/Intermediates.noindex/swift-google-drive-client.build/Debug-watchos/GoogleDriveClient-t.build/Objects-normal/arm64_32/GoogleDriveClient_const_extract_protocols.json
WriteAuxiliaryFile /Users/admin/builder/spi-builder-workspace/.derivedData/Build/Intermediates.noindex/swift-google-drive-client.build/Debug-watchos/GoogleDriveClient-t.build/Objects-normal/arm64/GoogleDriveClient.SwiftFileList (in target 'GoogleDriveClient' from project 'swift-google-drive-client')
cd /Users/admin/builder/spi-builder-workspace
write-file /Users/admin/builder/spi-builder-workspace/.derivedData/Build/Intermediates.noindex/swift-google-drive-client.build/Debug-watchos/GoogleDriveClient-t.build/Objects-normal/arm64/GoogleDriveClient.SwiftFileList
WriteAuxiliaryFile /Users/admin/builder/spi-builder-workspace/.derivedData/Build/Intermediates.noindex/swift-google-drive-client.build/Debug-watchos/GoogleDriveClient-t.build/Objects-normal/arm64_32/GoogleDriveClient-OutputFileMap.json (in target 'GoogleDriveClient' from project 'swift-google-drive-client')
cd /Users/admin/builder/spi-builder-workspace
write-file /Users/admin/builder/spi-builder-workspace/.derivedData/Build/Intermediates.noindex/swift-google-drive-client.build/Debug-watchos/GoogleDriveClient-t.build/Objects-normal/arm64_32/GoogleDriveClient-OutputFileMap.json
WriteAuxiliaryFile /Users/admin/builder/spi-builder-workspace/.derivedData/Build/Intermediates.noindex/swift-google-drive-client.build/Debug-watchos/GoogleDriveClient-t.build/Objects-normal/arm64_32/GoogleDriveClient.SwiftFileList (in target 'GoogleDriveClient' from project 'swift-google-drive-client')
cd /Users/admin/builder/spi-builder-workspace
write-file /Users/admin/builder/spi-builder-workspace/.derivedData/Build/Intermediates.noindex/swift-google-drive-client.build/Debug-watchos/GoogleDriveClient-t.build/Objects-normal/arm64_32/GoogleDriveClient.SwiftFileList
WriteAuxiliaryFile /Users/admin/builder/spi-builder-workspace/.derivedData/Build/Intermediates.noindex/swift-google-drive-client.build/Debug-watchos/GoogleDriveClient-t.build/Objects-normal/arm64_32/GoogleDriveClient.LinkFileList (in target 'GoogleDriveClient' from project 'swift-google-drive-client')
cd /Users/admin/builder/spi-builder-workspace
write-file /Users/admin/builder/spi-builder-workspace/.derivedData/Build/Intermediates.noindex/swift-google-drive-client.build/Debug-watchos/GoogleDriveClient-t.build/Objects-normal/arm64_32/GoogleDriveClient.LinkFileList
WriteAuxiliaryFile /Users/admin/builder/spi-builder-workspace/.derivedData/Build/Intermediates.noindex/swift-google-drive-client.build/Debug-watchos/GoogleDriveClient-t.build/Objects-normal/arm64_32/GoogleDriveClient.SwiftConstValuesFileList (in target 'GoogleDriveClient' from project 'swift-google-drive-client')
cd /Users/admin/builder/spi-builder-workspace
write-file /Users/admin/builder/spi-builder-workspace/.derivedData/Build/Intermediates.noindex/swift-google-drive-client.build/Debug-watchos/GoogleDriveClient-t.build/Objects-normal/arm64_32/GoogleDriveClient.SwiftConstValuesFileList
WriteAuxiliaryFile /Users/admin/builder/spi-builder-workspace/.derivedData/Build/Intermediates.noindex/swift-google-drive-client.build/Debug-watchos/GoogleDriveClient-t.build/Objects-normal/arm64/GoogleDriveClient.SwiftConstValuesFileList (in target 'GoogleDriveClient' from project 'swift-google-drive-client')
cd /Users/admin/builder/spi-builder-workspace
write-file /Users/admin/builder/spi-builder-workspace/.derivedData/Build/Intermediates.noindex/swift-google-drive-client.build/Debug-watchos/GoogleDriveClient-t.build/Objects-normal/arm64/GoogleDriveClient.SwiftConstValuesFileList
WriteAuxiliaryFile /Users/admin/builder/spi-builder-workspace/.derivedData/Build/Intermediates.noindex/swift-google-drive-client.build/Debug-watchos/GoogleDriveClient-t.build/Objects-normal/arm64/GoogleDriveClient.LinkFileList (in target 'GoogleDriveClient' from project 'swift-google-drive-client')
cd /Users/admin/builder/spi-builder-workspace
write-file /Users/admin/builder/spi-builder-workspace/.derivedData/Build/Intermediates.noindex/swift-google-drive-client.build/Debug-watchos/GoogleDriveClient-t.build/Objects-normal/arm64/GoogleDriveClient.LinkFileList
WriteAuxiliaryFile /Users/admin/builder/spi-builder-workspace/.derivedData/Build/Intermediates.noindex/swift-google-drive-client.build/Debug-watchos/GoogleDriveClient-t.build/GoogleDriveClient.DependencyStaticMetadataFileList (in target 'GoogleDriveClient' from project 'swift-google-drive-client')
cd /Users/admin/builder/spi-builder-workspace
write-file /Users/admin/builder/spi-builder-workspace/.derivedData/Build/Intermediates.noindex/swift-google-drive-client.build/Debug-watchos/GoogleDriveClient-t.build/GoogleDriveClient.DependencyStaticMetadataFileList
WriteAuxiliaryFile /Users/admin/builder/spi-builder-workspace/.derivedData/Build/Intermediates.noindex/swift-google-drive-client.build/Debug-watchos/GoogleDriveClient-t.build/Objects-normal/arm64/GoogleDriveClient-OutputFileMap.json (in target 'GoogleDriveClient' from project 'swift-google-drive-client')
cd /Users/admin/builder/spi-builder-workspace
write-file /Users/admin/builder/spi-builder-workspace/.derivedData/Build/Intermediates.noindex/swift-google-drive-client.build/Debug-watchos/GoogleDriveClient-t.build/Objects-normal/arm64/GoogleDriveClient-OutputFileMap.json
WriteAuxiliaryFile /Users/admin/builder/spi-builder-workspace/.derivedData/Build/Intermediates.noindex/swift-google-drive-client.build/Debug-watchos/GoogleDriveClient-t.build/GoogleDriveClient.DependencyMetadataFileList (in target 'GoogleDriveClient' from project 'swift-google-drive-client')
cd /Users/admin/builder/spi-builder-workspace
write-file /Users/admin/builder/spi-builder-workspace/.derivedData/Build/Intermediates.noindex/swift-google-drive-client.build/Debug-watchos/GoogleDriveClient-t.build/GoogleDriveClient.DependencyMetadataFileList
Copy /Users/admin/builder/spi-builder-workspace/.derivedData/Build/Intermediates.noindex/GeneratedModuleMaps-watchos/GoogleDriveClient.modulemap /Users/admin/builder/spi-builder-workspace/.derivedData/Build/Intermediates.noindex/swift-google-drive-client.build/Debug-watchos/GoogleDriveClient-t.build/GoogleDriveClient.modulemap (in target 'GoogleDriveClient' from project 'swift-google-drive-client')
cd /Users/admin/builder/spi-builder-workspace
builtin-copy -exclude .DS_Store -exclude CVS -exclude .svn -exclude .git -exclude .hg -resolve-src-symlinks /Users/admin/builder/spi-builder-workspace/.derivedData/Build/Intermediates.noindex/swift-google-drive-client.build/Debug-watchos/GoogleDriveClient-t.build/GoogleDriveClient.modulemap /Users/admin/builder/spi-builder-workspace/.derivedData/Build/Intermediates.noindex/GeneratedModuleMaps-watchos
SwiftDriver GoogleDriveClient normal arm64_32 com.apple.xcode.tools.swift.compiler (in target 'GoogleDriveClient' from project 'swift-google-drive-client')
cd /Users/admin/builder/spi-builder-workspace/.swiftpm/xcode
builtin-SwiftDriver -- /Applications/Xcode-27.0.0-Release.Candidate.app/Contents/Developer/Toolchains/XcodeDefault.xctoolchain/usr/bin/swiftc -parse-as-library -module-name GoogleDriveClient -Onone @/Users/admin/builder/spi-builder-workspace/.derivedData/Build/Intermediates.noindex/swift-google-drive-client.build/Debug-watchos/GoogleDriveClient-t.build/Objects-normal/arm64_32/GoogleDriveClient.SwiftFileList -DSWIFT_PACKAGE -DDEBUG -DSWIFT_MODULE_RESOURCE_BUNDLE_UNAVAILABLE -DXcode -plugin-path /Applications/Xcode-27.0.0-Release.Candidate.app/Contents/Developer/Toolchains/XcodeDefault.xctoolchain/usr/lib/swift/host/plugins/testing -enable-experimental-feature DebugDescriptionMacro -sdk /Applications/Xcode-27.0.0-Release.Candidate.app/Contents/Developer/Platforms/WatchOS.platform/Developer/SDKs/WatchOS27.0.sdk -target arm64_32-apple-watchos9.0 -g -module-cache-path /Users/admin/builder/spi-builder-workspace/.derivedData/ModuleCache.noindex -Xfrontend -serialize-debugging-options -profile-coverage-mapping -profile-generate -enable-testing -index-store-path /Users/admin/builder/spi-builder-workspace/.derivedData/Index.noindex/DataStore -Xcc -D_LIBCPP_HARDENING_MODE\=_LIBCPP_HARDENING_MODE_DEBUG -swift-version 5 -I /Users/admin/builder/spi-builder-workspace/.derivedData/Build/Products/Debug-watchos -Isystem /Applications/Xcode-27.0.0-Release.Candidate.app/Contents/Developer/Platforms/WatchOS.platform/Developer/usr/lib -F /Users/admin/builder/spi-builder-workspace/.derivedData/Build/Products/Debug-watchos -F /Applications/Xcode-27.0.0-Release.Candidate.app/Contents/Developer/Platforms/WatchOS.platform/Developer/Library/Frameworks -F /Applications/Xcode-27.0.0-Release.Candidate.app/Contents/Developer/Platforms/WatchOS.platform/Developer/SDKs/WatchOS27.0.sdk/Developer/Library/Frameworks -c -j10 -enable-batch-mode -incremental -Xcc -ivfsstatcache -Xcc /Users/admin/builder/spi-builder-workspace/.derivedData/SDKStatCaches.noindex/watchos27.0-24R360-e829b21a6f8c9b70876ba0858053c04477534ef55a1706bf4c1112bbb242f0a2.sdkstatcache -output-file-map /Users/admin/builder/spi-builder-workspace/.derivedData/Build/Intermediates.noindex/swift-google-drive-client.build/Debug-watchos/GoogleDriveClient-t.build/Objects-normal/arm64_32/GoogleDriveClient-OutputFileMap.json -save-temps -no-color-diagnostics -explicit-module-build -module-cache-path /Users/admin/builder/spi-builder-workspace/.derivedData/Build/Intermediates.noindex/SwiftExplicitPrecompiledModules -clang-scanner-module-cache-path /Users/admin/builder/spi-builder-workspace/.derivedData/ModuleCache.noindex -sdk-module-cache-path /Users/admin/builder/spi-builder-workspace/.derivedData/SDKExplicitPrecompiledModules -emit-dependencies -emit-module -emit-module-path /Users/admin/builder/spi-builder-workspace/.derivedData/Build/Intermediates.noindex/swift-google-drive-client.build/Debug-watchos/GoogleDriveClient-t.build/Objects-normal/arm64_32/GoogleDriveClient.swiftmodule -serialize-diagnostics -dependency-scan-serialize-diagnostics-path /Users/admin/builder/spi-builder-workspace/.derivedData/Build/Intermediates.noindex/swift-google-drive-client.build/Debug-watchos/GoogleDriveClient-t.build/Objects-normal/arm64_32/GoogleDriveClient-dependency-scan.dia -validate-clang-modules-once -clang-build-session-file /Users/admin/builder/spi-builder-workspace/.derivedData/ModuleCache.noindex/Session.modulevalidation -Xcc -fmodules-prune-interval\=86400 -Xcc -fmodules-prune-after\=345600 -emit-const-values -const-gather-protocols-list /Users/admin/builder/spi-builder-workspace/.derivedData/Build/Intermediates.noindex/swift-google-drive-client.build/Debug-watchos/GoogleDriveClient-t.build/Objects-normal/arm64_32/GoogleDriveClient_const_extract_protocols.json -Xcc -I/Users/admin/builder/spi-builder-workspace/.derivedData/Build/Products/Debug-watchos/include -Xcc -I/Users/admin/builder/spi-builder-workspace/.derivedData/Build/Intermediates.noindex/swift-google-drive-client.build/Debug-watchos/GoogleDriveClient-t.build/DerivedSources-normal/arm64_32 -Xcc -I/Users/admin/builder/spi-builder-workspace/.derivedData/Build/Intermediates.noindex/swift-google-drive-client.build/Debug-watchos/GoogleDriveClient-t.build/DerivedSources/arm64_32 -Xcc -I/Users/admin/builder/spi-builder-workspace/.derivedData/Build/Intermediates.noindex/swift-google-drive-client.build/Debug-watchos/GoogleDriveClient-t.build/DerivedSources -Xcc -DSWIFT_PACKAGE -Xcc -DDEBUG\=1 -emit-objc-header -emit-objc-header-path /Users/admin/builder/spi-builder-workspace/.derivedData/Build/Intermediates.noindex/swift-google-drive-client.build/Debug-watchos/GoogleDriveClient-t.build/Objects-normal/arm64_32/GoogleDriveClient-Swift.h -working-directory /Users/admin/builder/spi-builder-workspace/.swiftpm/xcode -experimental-emit-module-separately -disable-cmo
SwiftDriver GoogleDriveClient normal arm64 com.apple.xcode.tools.swift.compiler (in target 'GoogleDriveClient' from project 'swift-google-drive-client')
cd /Users/admin/builder/spi-builder-workspace/.swiftpm/xcode
builtin-SwiftDriver -- /Applications/Xcode-27.0.0-Release.Candidate.app/Contents/Developer/Toolchains/XcodeDefault.xctoolchain/usr/bin/swiftc -parse-as-library -module-name GoogleDriveClient -Onone @/Users/admin/builder/spi-builder-workspace/.derivedData/Build/Intermediates.noindex/swift-google-drive-client.build/Debug-watchos/GoogleDriveClient-t.build/Objects-normal/arm64/GoogleDriveClient.SwiftFileList -DSWIFT_PACKAGE -DDEBUG -DSWIFT_MODULE_RESOURCE_BUNDLE_UNAVAILABLE -DXcode -plugin-path /Applications/Xcode-27.0.0-Release.Candidate.app/Contents/Developer/Toolchains/XcodeDefault.xctoolchain/usr/lib/swift/host/plugins/testing -enable-experimental-feature DebugDescriptionMacro -sdk /Applications/Xcode-27.0.0-Release.Candidate.app/Contents/Developer/Platforms/WatchOS.platform/Developer/SDKs/WatchOS27.0.sdk -target arm64-apple-watchos9.0 -g -module-cache-path /Users/admin/builder/spi-builder-workspace/.derivedData/ModuleCache.noindex -Xfrontend -serialize-debugging-options -profile-coverage-mapping -profile-generate -enable-testing -index-store-path /Users/admin/builder/spi-builder-workspace/.derivedData/Index.noindex/DataStore -Xcc -D_LIBCPP_HARDENING_MODE\=_LIBCPP_HARDENING_MODE_DEBUG -swift-version 5 -I /Users/admin/builder/spi-builder-workspace/.derivedData/Build/Products/Debug-watchos -Isystem /Applications/Xcode-27.0.0-Release.Candidate.app/Contents/Developer/Platforms/WatchOS.platform/Developer/usr/lib -F /Users/admin/builder/spi-builder-workspace/.derivedData/Build/Products/Debug-watchos -F /Applications/Xcode-27.0.0-Release.Candidate.app/Contents/Developer/Platforms/WatchOS.platform/Developer/Library/Frameworks -F /Applications/Xcode-27.0.0-Release.Candidate.app/Contents/Developer/Platforms/WatchOS.platform/Developer/SDKs/WatchOS27.0.sdk/Developer/Library/Frameworks -c -j10 -enable-batch-mode -incremental -Xcc -ivfsstatcache -Xcc /Users/admin/builder/spi-builder-workspace/.derivedData/SDKStatCaches.noindex/watchos27.0-24R360-e829b21a6f8c9b70876ba0858053c04477534ef55a1706bf4c1112bbb242f0a2.sdkstatcache -output-file-map /Users/admin/builder/spi-builder-workspace/.derivedData/Build/Intermediates.noindex/swift-google-drive-client.build/Debug-watchos/GoogleDriveClient-t.build/Objects-normal/arm64/GoogleDriveClient-OutputFileMap.json -save-temps -no-color-diagnostics -explicit-module-build -module-cache-path /Users/admin/builder/spi-builder-workspace/.derivedData/Build/Intermediates.noindex/SwiftExplicitPrecompiledModules -clang-scanner-module-cache-path /Users/admin/builder/spi-builder-workspace/.derivedData/ModuleCache.noindex -sdk-module-cache-path /Users/admin/builder/spi-builder-workspace/.derivedData/SDKExplicitPrecompiledModules -emit-dependencies -emit-module -emit-module-path /Users/admin/builder/spi-builder-workspace/.derivedData/Build/Intermediates.noindex/swift-google-drive-client.build/Debug-watchos/GoogleDriveClient-t.build/Objects-normal/arm64/GoogleDriveClient.swiftmodule -serialize-diagnostics -dependency-scan-serialize-diagnostics-path /Users/admin/builder/spi-builder-workspace/.derivedData/Build/Intermediates.noindex/swift-google-drive-client.build/Debug-watchos/GoogleDriveClient-t.build/Objects-normal/arm64/GoogleDriveClient-dependency-scan.dia -validate-clang-modules-once -clang-build-session-file /Users/admin/builder/spi-builder-workspace/.derivedData/ModuleCache.noindex/Session.modulevalidation -Xcc -fmodules-prune-interval\=86400 -Xcc -fmodules-prune-after\=345600 -emit-const-values -const-gather-protocols-list /Users/admin/builder/spi-builder-workspace/.derivedData/Build/Intermediates.noindex/swift-google-drive-client.build/Debug-watchos/GoogleDriveClient-t.build/Objects-normal/arm64/GoogleDriveClient_const_extract_protocols.json -Xcc -I/Users/admin/builder/spi-builder-workspace/.derivedData/Build/Products/Debug-watchos/include -Xcc -I/Users/admin/builder/spi-builder-workspace/.derivedData/Build/Intermediates.noindex/swift-google-drive-client.build/Debug-watchos/GoogleDriveClient-t.build/DerivedSources-normal/arm64 -Xcc -I/Users/admin/builder/spi-builder-workspace/.derivedData/Build/Intermediates.noindex/swift-google-drive-client.build/Debug-watchos/GoogleDriveClient-t.build/DerivedSources/arm64 -Xcc -I/Users/admin/builder/spi-builder-workspace/.derivedData/Build/Intermediates.noindex/swift-google-drive-client.build/Debug-watchos/GoogleDriveClient-t.build/DerivedSources -Xcc -DSWIFT_PACKAGE -Xcc -DDEBUG\=1 -emit-objc-header -emit-objc-header-path /Users/admin/builder/spi-builder-workspace/.derivedData/Build/Intermediates.noindex/swift-google-drive-client.build/Debug-watchos/GoogleDriveClient-t.build/Objects-normal/arm64/GoogleDriveClient-Swift.h -working-directory /Users/admin/builder/spi-builder-workspace/.swiftpm/xcode -experimental-emit-module-separately -disable-cmo
SwiftExplicitDependencyGeneratePcm arm64 /Users/admin/builder/spi-builder-workspace/.derivedData/SDKExplicitPrecompiledModules/_Builtin_stdarg-A7UU8LE6MP85SM26YO7PBZNUQ.pcm
SwiftExplicitDependencyGeneratePcm arm64 /Users/admin/builder/spi-builder-workspace/.derivedData/SDKExplicitPrecompiledModules/ptrauth-3TZ9WJCGLYD25HQPWH4968ONX.pcm
SwiftExplicitDependencyGeneratePcm arm64 /Users/admin/builder/spi-builder-workspace/.derivedData/SDKExplicitPrecompiledModules/_Builtin_stddef-1FU30Y8SWFB7OUUHMJQH5J6FM.pcm
SwiftExplicitDependencyGeneratePcm arm64 /Users/admin/builder/spi-builder-workspace/.derivedData/SDKExplicitPrecompiledModules/_SwiftConcurrencyShims-659N52XSKR5F0QSB880BH2FJR.pcm
SwiftExplicitDependencyGeneratePcm arm64 /Users/admin/builder/spi-builder-workspace/.derivedData/SDKExplicitPrecompiledModules/ptrcheck-AIF0NDOYZ8ORBNHQAQR5NNB8M.pcm
SwiftExplicitDependencyGeneratePcm arm64 /Users/admin/builder/spi-builder-workspace/.derivedData/SDKExplicitPrecompiledModules/_Builtin_stdbool-83J96QSOFE9VX04AAS6310UAE.pcm
SwiftExplicitDependencyGeneratePcm arm64_32 /Users/admin/builder/spi-builder-workspace/.derivedData/SDKExplicitPrecompiledModules/_AvailabilityInternal-244WAN3Z1QBT7PIA64EZEFY1R.pcm
SwiftExplicitDependencyGeneratePcm arm64_32 /Users/admin/builder/spi-builder-workspace/.derivedData/SDKExplicitPrecompiledModules/DeveloperToolsSupport-DZU5G1OCMNWU0AQRULIFHUJ1Z.pcm
SwiftExplicitDependencyGeneratePcm arm64_32 /Users/admin/builder/spi-builder-workspace/.derivedData/SDKExplicitPrecompiledModules/ptrcheck-7ELIH9BTIGVKX3UBITM9N72WD.pcm
SwiftExplicitDependencyGeneratePcm arm64 /Users/admin/builder/spi-builder-workspace/.derivedData/SDKExplicitPrecompiledModules/_Builtin_float-C0CW5Q4HGBQYKE77TC42IAFB5.pcm
SwiftExplicitDependencyGeneratePcm arm64_32 /Users/admin/builder/spi-builder-workspace/.derivedData/SDKExplicitPrecompiledModules/_SwiftConcurrencyShims-6RTBPQ03V7BM9SPRK8SUE055H.pcm
SwiftExplicitDependencyGeneratePcm arm64 /Users/admin/builder/spi-builder-workspace/.derivedData/SDKExplicitPrecompiledModules/DeveloperToolsSupport-E7CNISCB36UE8XQ9IOHK9XDX1.pcm
SwiftExplicitDependencyGeneratePcm arm64_32 /Users/admin/builder/spi-builder-workspace/.derivedData/SDKExplicitPrecompiledModules/_Builtin_stdbool-A967K8W8YUYEC9SN52KJ7OO88.pcm
SwiftExplicitDependencyGeneratePcm arm64_32 /Users/admin/builder/spi-builder-workspace/.derivedData/SDKExplicitPrecompiledModules/_Builtin_float-6KO8O3PEWRCA4WC6PPLOYO6WJ.pcm
SwiftExplicitDependencyGeneratePcm arm64 /Users/admin/builder/spi-builder-workspace/.derivedData/SDKExplicitPrecompiledModules/_AvailabilityInternal-BUNV3UXM65NT37THI4W1AM0SF.pcm
SwiftExplicitDependencyGeneratePcm arm64_32 /Users/admin/builder/spi-builder-workspace/.derivedData/SDKExplicitPrecompiledModules/_Builtin_stddef-H44EFHQX6XSS5MZ7QP6YJZ76.pcm
SwiftExplicitDependencyGeneratePcm arm64_32 /Users/admin/builder/spi-builder-workspace/.derivedData/SDKExplicitPrecompiledModules/ptrauth-BFXF358ME5AK535N5A9Z766WU.pcm
SwiftExplicitDependencyGeneratePcm arm64 /Users/admin/builder/spi-builder-workspace/.derivedData/SDKExplicitPrecompiledModules/SwiftShims-4MXFZPV6FEB0XBYXCGPWAMQGL.pcm
SwiftExplicitDependencyGeneratePcm arm64_32 /Users/admin/builder/spi-builder-workspace/.derivedData/SDKExplicitPrecompiledModules/SwiftShims-9CQQGWTSNTN9EB5NSHDWUJICH.pcm
SwiftExplicitDependencyGeneratePcm arm64_32 /Users/admin/builder/spi-builder-workspace/.derivedData/SDKExplicitPrecompiledModules/_Builtin_stdarg-D305JG44A2WPI6CJY37X3QJE8.pcm
SwiftExplicitDependencyGeneratePcm arm64_32 /Users/admin/builder/spi-builder-workspace/.derivedData/SDKExplicitPrecompiledModules/_DarwinFoundation1-2GWF9RFMPLQW4PDHS3NARVI3G.pcm
SwiftExplicitDependencyGeneratePcm arm64 /Users/admin/builder/spi-builder-workspace/.derivedData/SDKExplicitPrecompiledModules/_DarwinFoundation1-7SPX3MD0HMP55E4OLNCPNDQ53.pcm
SwiftExplicitDependencyGeneratePcm arm64_32 /Users/admin/builder/spi-builder-workspace/.derivedData/SDKExplicitPrecompiledModules/_Builtin_limits-3VKBU2AFTD65PAJZ5CJ3LHFM2.pcm
SwiftExplicitDependencyGeneratePcm arm64_32 /Users/admin/builder/spi-builder-workspace/.derivedData/SDKExplicitPrecompiledModules/_DarwinFoundation2-9MY8GOSYRO0M9MKNXF6D3MBNK.pcm
SwiftExplicitDependencyGeneratePcm arm64 /Users/admin/builder/spi-builder-workspace/.derivedData/SDKExplicitPrecompiledModules/_DarwinFoundation2-D0XAPJU49S5E9XMKYOFGSTB1Q.pcm
SwiftExplicitDependencyGeneratePcm arm64 /Users/admin/builder/spi-builder-workspace/.derivedData/SDKExplicitPrecompiledModules/_Builtin_limits-9GWPA2B0H20DYUNYHYCWKABJG.pcm
SwiftExplicitDependencyGeneratePcm arm64_32 /Users/admin/builder/spi-builder-workspace/.derivedData/SDKExplicitPrecompiledModules/_Builtin_stdint-1HMXWI3V0V4TXHRWZOMZGZ80Y.pcm
SwiftExplicitDependencyGeneratePcm arm64_32 /Users/admin/builder/spi-builder-workspace/.derivedData/SDKExplicitPrecompiledModules/string_h-BFVLUQUSBZWYMLCU9QI7VZALW.pcm
SwiftExplicitDependencyGeneratePcm arm64_32 /Users/admin/builder/spi-builder-workspace/.derivedData/SDKExplicitPrecompiledModules/_Builtin_tgmath-23PGCKURCQILXMK0MYZRYDCOU.pcm
SwiftExplicitDependencyGeneratePcm arm64_32 /Users/admin/builder/spi-builder-workspace/.derivedData/SDKExplicitPrecompiledModules/sys_types-8TLLMW08ZJWDGIIPKOYFGHHZW.pcm
SwiftExplicitDependencyGeneratePcm arm64 /Users/admin/builder/spi-builder-workspace/.derivedData/SDKExplicitPrecompiledModules/_Builtin_tgmath-8NQ96OZ0YHXEC24JI95P01UF8.pcm
SwiftExplicitDependencyGeneratePcm arm64 /Users/admin/builder/spi-builder-workspace/.derivedData/SDKExplicitPrecompiledModules/_Builtin_stdint-8XMILLJZEGRN2XG7XZUXZ5RLX.pcm
SwiftExplicitDependencyGeneratePcm arm64 /Users/admin/builder/spi-builder-workspace/.derivedData/SDKExplicitPrecompiledModules/string_h-E6PRXK75PHIPCZFWOFCQ3QBMK.pcm
SwiftExplicitDependencyGeneratePcm arm64 /Users/admin/builder/spi-builder-workspace/.derivedData/SDKExplicitPrecompiledModules/sys_types-2KXQLI78OUCDP779AE68GZJ2.pcm
SwiftExplicitDependencyGeneratePcm arm64_32 /Users/admin/builder/spi-builder-workspace/.derivedData/SDKExplicitPrecompiledModules/_Builtin_stdatomic-1TY035TURL76BF2U98PZPPZRX.pcm
SwiftExplicitDependencyGeneratePcm arm64_32 /Users/admin/builder/spi-builder-workspace/.derivedData/SDKExplicitPrecompiledModules/_Builtin_intrinsics-196IIAKDQVU42DLOZP9OQCV76.pcm
SwiftExplicitDependencyGeneratePcm arm64_32 /Users/admin/builder/spi-builder-workspace/.derivedData/SDKExplicitPrecompiledModules/_DarwinFoundation3-3DUTYQDQSD9HUAAVY947NMWOI.pcm
SwiftExplicitDependencyGeneratePcm arm64 /Users/admin/builder/spi-builder-workspace/.derivedData/SDKExplicitPrecompiledModules/_Builtin_stdatomic-7JEFA3KBJJJN6TKJWY3OG1VG5.pcm
SwiftExplicitDependencyGeneratePcm arm64 /Users/admin/builder/spi-builder-workspace/.derivedData/SDKExplicitPrecompiledModules/_DarwinFoundation3-B97LRG0E9GON2NUE65TVG81HU.pcm
SwiftExplicitDependencyGeneratePcm arm64 /Users/admin/builder/spi-builder-workspace/.derivedData/SDKExplicitPrecompiledModules/_Builtin_intrinsics-75960HIPCIYA06IUW8FIIPQT.pcm
SwiftExplicitDependencyGeneratePcm arm64_32 /Users/admin/builder/spi-builder-workspace/.derivedData/SDKExplicitPrecompiledModules/_Builtin_inttypes-D2KPCR4PEX9AQA33NGLUT5SBR.pcm
SwiftExplicitDependencyGeneratePcm arm64 /Users/admin/builder/spi-builder-workspace/.derivedData/SDKExplicitPrecompiledModules/_Builtin_inttypes-3UQSCM7WNM9EK4HZML8TY5J3D.pcm
SwiftExplicitDependencyGeneratePcm arm64_32 /Users/admin/builder/spi-builder-workspace/.derivedData/SDKExplicitPrecompiledModules/Darwin-3FVT1SKLN2ZQ5RVOABMTQBB34.pcm
SwiftExplicitDependencyGeneratePcm arm64 /Users/admin/builder/spi-builder-workspace/.derivedData/SDKExplicitPrecompiledModules/Darwin-3984OXKFNSPE77NT743WK8SEX.pcm
SwiftExplicitDependencyGeneratePcm arm64_32 /Users/admin/builder/spi-builder-workspace/.derivedData/SDKExplicitPrecompiledModules/simd-21UNWYOBUZI1LVSQ99S1XBLMO.pcm
SwiftExplicitDependencyGeneratePcm arm64 /Users/admin/builder/spi-builder-workspace/.derivedData/SDKExplicitPrecompiledModules/simd-EH08NODU6574T74ZKU61VP9BW.pcm
SwiftExplicitDependencyGeneratePcm arm64 /Users/admin/builder/spi-builder-workspace/.derivedData/SDKExplicitPrecompiledModules/ObjectiveC-72IVD3VS2RS8Q28D9PIMY0KQP.pcm
SwiftExplicitDependencyGeneratePcm arm64 /Users/admin/builder/spi-builder-workspace/.derivedData/SDKExplicitPrecompiledModules/MachO-2U90NNSAQILBNBPS1SA4F8TYP.pcm
SwiftExplicitDependencyGeneratePcm arm64_32 /Users/admin/builder/spi-builder-workspace/.derivedData/SDKExplicitPrecompiledModules/MachO-56838ZJ0NC1EBAJ0O6O8QMPDX.pcm
SwiftExplicitDependencyGeneratePcm arm64_32 /Users/admin/builder/spi-builder-workspace/.derivedData/SDKExplicitPrecompiledModules/ObjectiveC-6IJNELR2E80E7LUKESVCP2KET.pcm
SwiftExplicitDependencyGeneratePcm arm64 /Users/admin/builder/spi-builder-workspace/.derivedData/SDKExplicitPrecompiledModules/os_object-3SDKD7F87FTZ26OON37DRYT6O.pcm
SwiftExplicitDependencyGeneratePcm arm64_32 /Users/admin/builder/spi-builder-workspace/.derivedData/SDKExplicitPrecompiledModules/os_object-5YWTC6L4756IWSTPGXS5NM0D0.pcm
SwiftExplicitDependencyGeneratePcm arm64 /Users/admin/builder/spi-builder-workspace/.derivedData/SDKExplicitPrecompiledModules/os_workgroup-89GG5G7YC2D0ZTK6AZXXQ20DH.pcm
SwiftExplicitDependencyGeneratePcm arm64_32 /Users/admin/builder/spi-builder-workspace/.derivedData/SDKExplicitPrecompiledModules/os_workgroup-5JHTPDMNBUNHLJI8LPHKQK1JK.pcm
SwiftExplicitDependencyGeneratePcm arm64 /Users/admin/builder/spi-builder-workspace/.derivedData/SDKExplicitPrecompiledModules/Spatial-44FJGYXFAT2AQAW9Z6T7YS02U.pcm
SwiftExplicitDependencyGeneratePcm arm64_32 /Users/admin/builder/spi-builder-workspace/.derivedData/SDKExplicitPrecompiledModules/Spatial-CWVWNML3T0NXVHZDKVLD3X1YZ.pcm
SwiftExplicitDependencyGeneratePcm arm64 /Users/admin/builder/spi-builder-workspace/.derivedData/SDKExplicitPrecompiledModules/Dispatch-1NLJOVAK60XP0DUB05XA59EIM.pcm
SwiftExplicitDependencyGeneratePcm arm64_32 /Users/admin/builder/spi-builder-workspace/.derivedData/SDKExplicitPrecompiledModules/Dispatch-2P62F1T4XV63S4P99TUDTOK2Q.pcm
SwiftExplicitDependencyGeneratePcm arm64_32 /Users/admin/builder/spi-builder-workspace/.derivedData/SDKExplicitPrecompiledModules/XPC-81Y45QFY96XYYFCW2GT6FY8S4.pcm
SwiftExplicitDependencyGeneratePcm arm64_32 /Users/admin/builder/spi-builder-workspace/.derivedData/SDKExplicitPrecompiledModules/CoreFoundation-8E6Y4BA3EXYKUGJ24GT9LGV3N.pcm
SwiftExplicitDependencyGeneratePcm arm64 /Users/admin/builder/spi-builder-workspace/.derivedData/SDKExplicitPrecompiledModules/XPC-40DR0X1DHKGCV4J1IOLFS8MOU.pcm
SwiftExplicitDependencyGeneratePcm arm64 /Users/admin/builder/spi-builder-workspace/.derivedData/SDKExplicitPrecompiledModules/CoreFoundation-8T2L24YC5NU7WO6WQJWRY7W08.pcm
SwiftExplicitDependencyGeneratePcm arm64_32 /Users/admin/builder/spi-builder-workspace/.derivedData/SDKExplicitPrecompiledModules/os-E5IGB442IA6SBB25TTCOLK2OC.pcm
SwiftExplicitDependencyGeneratePcm arm64 /Users/admin/builder/spi-builder-workspace/.derivedData/SDKExplicitPrecompiledModules/os-5DIL6Z9LFIGLMZAHM7X2T5435.pcm
SwiftExplicitDependencyGeneratePcm arm64 /Users/admin/builder/spi-builder-workspace/.derivedData/SDKExplicitPrecompiledModules/CoreGraphics-DWNZ73GEH98SBJXZ7DEXB420K.pcm
SwiftExplicitDependencyGeneratePcm arm64 /Users/admin/builder/spi-builder-workspace/.derivedData/SDKExplicitPrecompiledModules/CoreAudioTypes-A9MF7N5LT63G21HNFVM6BT14B.pcm
SwiftExplicitDependencyGeneratePcm arm64_32 /Users/admin/builder/spi-builder-workspace/.derivedData/SDKExplicitPrecompiledModules/CoreAudioTypes-9GVB1DHA32M46R4A9NWSI3I2K.pcm
SwiftExplicitDependencyGeneratePcm arm64_32 /Users/admin/builder/spi-builder-workspace/.derivedData/SDKExplicitPrecompiledModules/Security-D7TOWF88VWF67TB9HAFP5UWB1.pcm
SwiftExplicitDependencyGeneratePcm arm64 /Users/admin/builder/spi-builder-workspace/.derivedData/SDKExplicitPrecompiledModules/Security-6RZ6YBRU8WCUHRFFRVUK5WKMM.pcm
SwiftExplicitDependencyGeneratePcm arm64_32 /Users/admin/builder/spi-builder-workspace/.derivedData/SDKExplicitPrecompiledModules/CoreGraphics-9FDXYX6BKBUT6TJ2VF819E7T5.pcm
SwiftExplicitDependencyGeneratePcm arm64_32 /Users/admin/builder/spi-builder-workspace/.derivedData/SDKExplicitPrecompiledModules/CoreAudio-5W6MX6OUPWBMUR8VD5LHT1PZF.pcm
SwiftExplicitDependencyGeneratePcm arm64 /Users/admin/builder/spi-builder-workspace/.derivedData/SDKExplicitPrecompiledModules/CoreAudio-1B79RJJTP71GE6UY9WLESAN3C.pcm
SwiftExplicitDependencyGeneratePcm arm64_32 /Users/admin/builder/spi-builder-workspace/.derivedData/SDKExplicitPrecompiledModules/Foundation-BJ2VQGI3OGR34500MEQ1VKHPH.pcm
SwiftExplicitDependencyGeneratePcm arm64 /Users/admin/builder/spi-builder-workspace/.derivedData/SDKExplicitPrecompiledModules/Foundation-DLBKUSGXN8QHAT8W0OARR9S8A.pcm
SwiftExplicitDependencyGeneratePcm arm64 /Users/admin/builder/spi-builder-workspace/.derivedData/SDKExplicitPrecompiledModules/CoreText-970YJN6NIYGK1316L35Z0O8QT.pcm
SwiftExplicitDependencyGeneratePcm arm64 /Users/admin/builder/spi-builder-workspace/.derivedData/SDKExplicitPrecompiledModules/CoreVideo-8MRR5MNWUOAW2DBPGUQ8FKK4.pcm
SwiftExplicitDependencyGeneratePcm arm64_32 /Users/admin/builder/spi-builder-workspace/.derivedData/SDKExplicitPrecompiledModules/CoreText-C9X2REPZN2V5BSU4G80FCETDR.pcm
SwiftExplicitDependencyGeneratePcm arm64_32 /Users/admin/builder/spi-builder-workspace/.derivedData/SDKExplicitPrecompiledModules/CoreVideo-2P8HI0403J99LBDPKNFJ5D4DL.pcm
SwiftExplicitDependencyGeneratePcm arm64 /Users/admin/builder/spi-builder-workspace/.derivedData/SDKExplicitPrecompiledModules/CoreMedia-1AJVCUZNAO74KIKMFVFUUHWDI.pcm
SwiftExplicitDependencyGeneratePcm arm64_32 /Users/admin/builder/spi-builder-workspace/.derivedData/SDKExplicitPrecompiledModules/CoreMedia-AO387T8CHWTTZODD1DGT0UAFA.pcm
SwiftExplicitDependencyGeneratePcm arm64_32 /Users/admin/builder/spi-builder-workspace/.derivedData/SDKExplicitPrecompiledModules/Accessibility-F385OMZ5GYBUY5O4QAJB4NRII.pcm
SwiftExplicitDependencyGeneratePcm arm64_32 /Users/admin/builder/spi-builder-workspace/.derivedData/SDKExplicitPrecompiledModules/QuartzCore-6375NPYACK5NYVHPMC1QQ8MC2.pcm
SwiftExplicitDependencyGeneratePcm arm64_32 /Users/admin/builder/spi-builder-workspace/.derivedData/SDKExplicitPrecompiledModules/DataDetection-U9BF7WHFVA6BZGFXXXP272PS.pcm
SwiftExplicitDependencyGeneratePcm arm64_32 /Users/admin/builder/spi-builder-workspace/.derivedData/SDKExplicitPrecompiledModules/SceneKit-DKNLHKM5FJBQ79LSNMSSMBUBR.pcm
SwiftExplicitDependencyGeneratePcm arm64_32 /Users/admin/builder/spi-builder-workspace/.derivedData/SDKExplicitPrecompiledModules/CoreTransferable-5D4IR6X37682FPHJ5CBPTKQV6.pcm
SwiftExplicitDependencyGeneratePcm arm64_32 /Users/admin/builder/spi-builder-workspace/.derivedData/SDKExplicitPrecompiledModules/UIUtilities-9YFVNIMRC5HRVOIARNWHP1E3H.pcm
SwiftExplicitDependencyGeneratePcm arm64_32 /Users/admin/builder/spi-builder-workspace/.derivedData/SDKExplicitPrecompiledModules/Symbols-1H97WMG76HU94F5VGJR19PXFY.pcm
SwiftExplicitDependencyGeneratePcm arm64_32 /Users/admin/builder/spi-builder-workspace/.derivedData/SDKExplicitPrecompiledModules/CoreData-7AU1AFQWUH88EAPDKVMLJPKVD.pcm
SwiftExplicitDependencyGeneratePcm arm64_32 /Users/admin/builder/spi-builder-workspace/.derivedData/SDKExplicitPrecompiledModules/_LocationEssentials-AQ1OL9QKC3LQLY5CNSRM1HB53.pcm
SwiftExplicitDependencyGeneratePcm arm64_32 /Users/admin/builder/spi-builder-workspace/.derivedData/SDKExplicitPrecompiledModules/OSLog-D9AVFY0KWO7RVBIQ73CBIJVCN.pcm
SwiftExplicitDependencyGeneratePcm arm64 /Users/admin/builder/spi-builder-workspace/.derivedData/SDKExplicitPrecompiledModules/Accessibility-27QMG6ZQ1NKYTNBYFPM1XKNFC.pcm
SwiftExplicitDependencyGeneratePcm arm64 /Users/admin/builder/spi-builder-workspace/.derivedData/SDKExplicitPrecompiledModules/CoreTransferable-9PPG3SLJ55T4LITIFYX2M0NOZ.pcm
SwiftExplicitDependencyGeneratePcm arm64 /Users/admin/builder/spi-builder-workspace/.derivedData/SDKExplicitPrecompiledModules/_LocationEssentials-5ZZDGDXB6HLQUC72SJW7YJ7MK.pcm
SwiftExplicitDependencyGeneratePcm arm64 /Users/admin/builder/spi-builder-workspace/.derivedData/SDKExplicitPrecompiledModules/QuartzCore-94KFMWNOU7ZLUZNB4T5DLZC9D.pcm
SwiftExplicitDependencyGeneratePcm arm64 /Users/admin/builder/spi-builder-workspace/.derivedData/SDKExplicitPrecompiledModules/UIUtilities-IR7RNW23VAUKYI9MLCS9NL9A.pcm
SwiftExplicitDependencyGeneratePcm arm64_32 /Users/admin/builder/spi-builder-workspace/.derivedData/SDKExplicitPrecompiledModules/UserNotifications-6TBN8TEAKO014N1T2QD926XED.pcm
SwiftExplicitDependencyGeneratePcm arm64 /Users/admin/builder/spi-builder-workspace/.derivedData/SDKExplicitPrecompiledModules/CoreData-9JFJC4UET8BAO5IPV2JU6W9V8.pcm
SwiftExplicitDependencyGeneratePcm arm64_32 /Users/admin/builder/spi-builder-workspace/.derivedData/SDKExplicitPrecompiledModules/UniformTypeIdentifiers-CJZ3NTHPSBH4XWX5EVOG56UZS.pcm
SwiftExplicitDependencyGeneratePcm arm64_32 /Users/admin/builder/spi-builder-workspace/.derivedData/SDKExplicitPrecompiledModules/SwiftUICore-3Q7WLRD8MR9R3NGIPUBQCP6F6.pcm
SwiftExplicitDependencyGeneratePcm arm64 /Users/admin/builder/spi-builder-workspace/.derivedData/SDKExplicitPrecompiledModules/OSLog-B7VGO357Y3GJG35TST7DKDSI3.pcm
SwiftExplicitDependencyGeneratePcm arm64 /Users/admin/builder/spi-builder-workspace/.derivedData/SDKExplicitPrecompiledModules/SceneKit-5HZKIL7XETTTD8TOHYPN8JKRJ.pcm
SwiftExplicitDependencyGeneratePcm arm64 /Users/admin/builder/spi-builder-workspace/.derivedData/SDKExplicitPrecompiledModules/Symbols-3EFABTJ9L5PQDJ7RQCYQWEJMM.pcm
SwiftExplicitDependencyGeneratePcm arm64 /Users/admin/builder/spi-builder-workspace/.derivedData/SDKExplicitPrecompiledModules/UniformTypeIdentifiers-8L08Q8DQJV8C4AW84YVGFGTRN.pcm
SwiftExplicitDependencyGeneratePcm arm64 /Users/admin/builder/spi-builder-workspace/.derivedData/SDKExplicitPrecompiledModules/CoreLocation-ACKJ9K7ABI14F97Y46Y6SRR17.pcm
SwiftExplicitDependencyGeneratePcm arm64 /Users/admin/builder/spi-builder-workspace/.derivedData/SDKExplicitPrecompiledModules/DataDetection-7BNVI1SZW5ISQL5SX4WL2X7I5.pcm
SwiftExplicitDependencyGeneratePcm arm64 /Users/admin/builder/spi-builder-workspace/.derivedData/SDKExplicitPrecompiledModules/UserNotifications-ARAH8MEQ0C2L0FBO39HITJMAO.pcm
SwiftExplicitDependencyGeneratePcm arm64_32 /Users/admin/builder/spi-builder-workspace/.derivedData/SDKExplicitPrecompiledModules/CoreLocation-8XU5YMYM4P11RQMYCQAG65ITK.pcm
SwiftExplicitDependencyGeneratePcm arm64 /Users/admin/builder/spi-builder-workspace/.derivedData/SDKExplicitPrecompiledModules/SwiftUICore-C1DST1IX2Z0PTH5SJJZ1IULRB.pcm
SwiftExplicitDependencyGeneratePcm arm64 /Users/admin/builder/spi-builder-workspace/.derivedData/SDKExplicitPrecompiledModules/CoreMotion-6RD5K48QT1F4L9CATNFD2O7YB.pcm
SwiftExplicitDependencyGeneratePcm arm64_32 /Users/admin/builder/spi-builder-workspace/.derivedData/SDKExplicitPrecompiledModules/CoreMotion-1XGTVTE5PP32UHME8AC63TL6.pcm
SwiftExplicitDependencyGeneratePcm arm64 /Users/admin/builder/spi-builder-workspace/.derivedData/SDKExplicitPrecompiledModules/UIKit-27R3P1YMV4C6JLDT661G3MRIA.pcm
SwiftExplicitDependencyGeneratePcm arm64_32 /Users/admin/builder/spi-builder-workspace/.derivedData/SDKExplicitPrecompiledModules/UIKit-6PPV7YPZ89CZPHYAP072QH8B6.pcm
SwiftExplicitDependencyGeneratePcm arm64 /Users/admin/builder/spi-builder-workspace/.derivedData/SDKExplicitPrecompiledModules/HomeKit-DTS1N4AWILAL1URZ5IOXV5221.pcm
SwiftExplicitDependencyGeneratePcm arm64 /Users/admin/builder/spi-builder-workspace/.derivedData/SDKExplicitPrecompiledModules/MapKit-EJJWC7IL56MPLQMI93GJRE5OG.pcm
SwiftExplicitDependencyGeneratePcm arm64_32 /Users/admin/builder/spi-builder-workspace/.derivedData/SDKExplicitPrecompiledModules/MapKit-CWGB4YMP1VX1NYQN5FULFD5DR.pcm
SwiftExplicitDependencyGeneratePcm arm64_32 /Users/admin/builder/spi-builder-workspace/.derivedData/SDKExplicitPrecompiledModules/HomeKit-DUDZOMSN3UK8GNTNBNMPIWJRN.pcm
SwiftExplicitDependencyGeneratePcm arm64 /Users/admin/builder/spi-builder-workspace/.derivedData/SDKExplicitPrecompiledModules/WatchKit-3VT3K8YON6FJ6OWSUFJMFMP8J.pcm
SwiftExplicitDependencyGeneratePcm arm64_32 /Users/admin/builder/spi-builder-workspace/.derivedData/SDKExplicitPrecompiledModules/WatchKit-FHF6WTKLC2APGK3LA2XJ6516.pcm
SwiftExplicitDependencyGeneratePcm arm64 /Users/admin/builder/spi-builder-workspace/.derivedData/SDKExplicitPrecompiledModules/SwiftUI-APXDH8ULYLM6FD17YRA73TULO.pcm
SwiftExplicitDependencyGeneratePcm arm64_32 /Users/admin/builder/spi-builder-workspace/.derivedData/SDKExplicitPrecompiledModules/SwiftUI-9AYG9OCT5VOJK7V4MX1WYR86T.pcm
SwiftEmitModule normal arm64 Emitting\ module\ for\ GoogleDriveClient (in target 'GoogleDriveClient' from project 'swift-google-drive-client')
/Users/admin/builder/spi-builder-workspace/Sources/GoogleDriveClient/Auth.swift:84:16: warning: capture of 'iterator' with non-Sendable type 'AsyncStream<Bool>.Iterator?' in a '@Sendable' closure [#SendableClosureCaptures]
82 | var iterator: AsyncStream<Bool>.Iterator?
83 | return AsyncStream {
84 | if iterator == nil {
| `- warning: capture of 'iterator' with non-Sendable type 'AsyncStream<Bool>.Iterator?' in a '@Sendable' closure [#SendableClosureCaptures]
85 | iterator = isSignedIn.makeAsyncIterator()
86 | }
_Concurrency.AsyncStream.Iterator:2:15: note: struct 'Iterator' does not conform to the 'Sendable' protocol
1 | generic struct AsyncStream {
2 | public struct Iterator : AsyncIteratorProtocol {
| `- note: struct 'Iterator' does not conform to the 'Sendable' protocol
3 | public mutating func next() async -> Element?
4 | @available(macOS 15.0, iOS 18.0, watchOS 11.0, tvOS 18.0, visionOS 2.0, *)
/Users/admin/builder/spi-builder-workspace/Sources/GoogleDriveClient/OpenURL.swift:23:36: error: 'callAsFunction(_:completion:)' is unavailable in watchOS
21 | let stream = AsyncStream<Bool> { continuation in
22 | let task = Task { @MainActor in
23 | EnvironmentValues().openURL(url) { canOpen in
| `- error: 'callAsFunction(_:completion:)' is unavailable in watchOS
24 | continuation.yield(canOpen)
25 | continuation.finish()
SwiftUI.OpenURLAction.callAsFunction:3:42: note: 'callAsFunction(_:completion:)' has been explicitly marked unavailable here
1 | struct OpenURLAction {
2 | @available(watchOS, unavailable)
3 | @MainActor @preconcurrency public func callAsFunction(_ url: URL, completion: @escaping (_ accepted: Bool) -> Void)}
| `- note: 'callAsFunction(_:completion:)' has been explicitly marked unavailable here
4 |
[#SendableClosureCaptures]: <https://docs.swift.org/compiler/documentation/diagnostics/sendable-closure-captures>
Failed frontend command:
SwiftCompile normal arm64 (in target 'GoogleDriveClient' from project 'swift-google-drive-client')
cd /Users/admin/builder/spi-builder-workspace/.swiftpm/xcode
/Applications/Xcode-27.0.0-Release.Candidate.app/Contents/Developer/Toolchains/XcodeDefault.xctoolchain/usr/bin/swift-frontend -frontend -emit-module -experimental-skip-non-inlinable-function-bodies-without-types /Users/admin/builder/spi-builder-workspace/Sources/GoogleDriveClient/About.swift /Users/admin/builder/spi-builder-workspace/Sources/GoogleDriveClient/Auth.swift /Users/admin/builder/spi-builder-workspace/Sources/GoogleDriveClient/Client.swift /Users/admin/builder/spi-builder-workspace/Sources/GoogleDriveClient/Coding.swift /Users/admin/builder/spi-builder-workspace/Sources/GoogleDriveClient/Config.swift /Users/admin/builder/spi-builder-workspace/Sources/GoogleDriveClient/CreateFile.swift /Users/admin/builder/spi-builder-workspace/Sources/GoogleDriveClient/Credentials.swift /Users/admin/builder/spi-builder-workspace/Sources/GoogleDriveClient/CurrentValueAsyncSequence.swift /Users/admin/builder/spi-builder-workspace/Sources/GoogleDriveClient/DateGenerator.swift /Users/admin/builder/spi-builder-workspace/Sources/GoogleDriveClient/DeleteFile.swift /Users/admin/builder/spi-builder-workspace/Sources/GoogleDriveClient/File.swift /Users/admin/builder/spi-builder-workspace/Sources/GoogleDriveClient/FilesList.swift /Users/admin/builder/spi-builder-workspace/Sources/GoogleDriveClient/GetAbout.swift /Users/admin/builder/spi-builder-workspace/Sources/GoogleDriveClient/GetFile.swift /Users/admin/builder/spi-builder-workspace/Sources/GoogleDriveClient/GetFileData.swift /Users/admin/builder/spi-builder-workspace/Sources/GoogleDriveClient/HTTPClient.swift /Users/admin/builder/spi-builder-workspace/Sources/GoogleDriveClient/Keychain.swift /Users/admin/builder/spi-builder-workspace/Sources/GoogleDriveClient/ListFiles.swift /Users/admin/builder/spi-builder-workspace/Sources/GoogleDriveClient/OpenURL.swift /Users/admin/builder/spi-builder-workspace/Sources/GoogleDriveClient/StorageQuota.swift /Users/admin/builder/spi-builder-workspace/Sources/GoogleDriveClient/UUIDGenerator.swift /Users/admin/builder/spi-builder-workspace/Sources/GoogleDriveClient/UpdateFileData.swift /Users/admin/builder/spi-builder-workspace/Sources/GoogleDriveClient/User.swift -target arm64-apple-watchos9.0 -disable-cross-import-overlay-search -load-resolved-plugin /Applications/Xcode-27.0.0-Release.Candidate.app/Contents/Developer/Platforms/WatchOS.platform/Developer/usr/lib/swift/host/plugins/libFoundationMacros.dylib\#/Applications/Xcode-27.0.0-Release.Candidate.app/Contents/Developer/Platforms/WatchOS.platform/Developer/usr/bin/swift-plugin-server\#FoundationMacros -load-resolved-plugin /Applications/Xcode-27.0.0-Release.Candidate.app/Contents/Developer/Platforms/WatchOS.platform/Developer/usr/lib/swift/host/plugins/libObservationMacros.dylib\#/Applications/Xcode-27.0.0-Release.Candidate.app/Contents/Developer/Platforms/WatchOS.platform/Developer/usr/bin/swift-plugin-server\#ObservationMacros -load-resolved-plugin /Applications/Xcode-27.0.0-Release.Candidate.app/Contents/Developer/Platforms/WatchOS.platform/Developer/usr/lib/swift/host/plugins/libPreviewsMacros.dylib\#/Applications/Xcode-27.0.0-Release.Candidate.app/Contents/Developer/Platforms/WatchOS.platform/Developer/usr/bin/swift-plugin-server\#PreviewsMacros -load-resolved-plugin /Applications/Xcode-27.0.0-Release.Candidate.app/Contents/Developer/Platforms/WatchOS.platform/Developer/usr/lib/swift/host/plugins/libSwiftMacros.dylib\#/Applications/Xcode-27.0.0-Release.Candidate.app/Contents/Developer/Platforms/WatchOS.platform/Developer/usr/bin/swift-plugin-server\#SwiftMacros -load-resolved-plugin /Applications/Xcode-27.0.0-Release.Candidate.app/Contents/Developer/Platforms/WatchOS.platform/Developer/usr/lib/swift/host/plugins/libSwiftUIMacros.dylib\#/Applications/Xcode-27.0.0-Release.Candidate.app/Contents/Developer/Platforms/WatchOS.platform/Developer/usr/bin/swift-plugin-server\#SwiftUIMacros -disable-implicit-swift-modules -Xcc -fno-implicit-modules -Xcc -fno-implicit-module-maps -explicit-swift-module-map-file /Users/admin/builder/spi-builder-workspace/.derivedData/Build/Intermediates.noindex/swift-google-drive-client.build/Debug-watchos/GoogleDriveClient-t.build/Objects-normal/arm64/GoogleDriveClient-dependencies-2.json -Xllvm -aarch64-use-tbi -enable-objc-interop -stack-check -sdk /Applications/Xcode-27.0.0-Release.Candidate.app/Contents/Developer/Platforms/WatchOS.platform/Developer/SDKs/WatchOS27.0.sdk -I /Users/admin/builder/spi-builder-workspace/.derivedData/Build/Products/Debug-watchos -Isystem /Applications/Xcode-27.0.0-Release.Candidate.app/Contents/Developer/Platforms/WatchOS.platform/Developer/usr/lib -F /Users/admin/builder/spi-builder-workspace/.derivedData/Build/Products/Debug-watchos -F /Applications/Xcode-27.0.0-Release.Candidate.app/Contents/Developer/Platforms/WatchOS.platform/Developer/Library/Frameworks -F /Applications/Xcode-27.0.0-Release.Candidate.app/Contents/Developer/Platforms/WatchOS.platform/Developer/SDKs/WatchOS27.0.sdk/Developer/Library/Frameworks -module-cache-path /Users/admin/builder/spi-builder-workspace/.derivedData/Build/Intermediates.noindex/SwiftExplicitPrecompiledModules -no-color-diagnostics -Xcc -fno-color-diagnostics -enable-testing -g -debug-info-format\=dwarf -dwarf-version\=4 -profile-generate -profile-coverage-mapping -swift-version 5 -Onone -D SWIFT_PACKAGE -D DEBUG -D SWIFT_MODULE_RESOURCE_BUNDLE_UNAVAILABLE -D Xcode -serialize-debugging-options -enable-experimental-feature DebugDescriptionMacro -empty-abi-descriptor -validate-clang-modules-once -clang-build-session-file /Users/admin/builder/spi-builder-workspace/.derivedData/ModuleCache.noindex/Session.modulevalidation -Xcc -working-directory -Xcc /Users/admin/builder/spi-builder-workspace/.swiftpm/xcode -enable-anonymous-context-mangled-names -file-compilation-dir /Users/admin/builder/spi-builder-workspace/.swiftpm/xcode -Xcc -D_LIBCPP_HARDENING_MODE\=_LIBCPP_HARDENING_MODE_DEBUG -Xcc -ivfsstatcache -Xcc /Users/admin/builder/spi-builder-workspace/.derivedData/SDKStatCaches.noindex/watchos27.0-24R360-e829b21a6f8c9b70876ba0858053c04477534ef55a1706bf4c1112bbb242f0a2.sdkstatcache -Xcc -fmodules-prune-interval\=86400 -Xcc -fmodules-prune-after\=345600 -Xcc -I/Users/admin/builder/spi-builder-workspace/.derivedData/Build/Products/Debug-watchos/include -Xcc -I/Users/admin/builder/spi-builder-workspace/.derivedData/Build/Intermediates.noindex/swift-google-drive-client.build/Debug-watchos/GoogleDriveClient-t.build/DerivedSources-normal/arm64 -Xcc -I/Users/admin/builder/spi-builder-workspace/.derivedData/Build/Intermediates.noindex/swift-google-drive-client.build/Debug-watchos/GoogleDriveClient-t.build/DerivedSources/arm64 -Xcc -I/Users/admin/builder/spi-builder-workspace/.derivedData/Build/Intermediates.noindex/swift-google-drive-client.build/Debug-watchos/GoogleDriveClient-t.build/DerivedSources -Xcc -DSWIFT_PACKAGE -Xcc -DDEBUG\=1 -no-auto-bridging-header-chaining -module-name GoogleDriveClient -const-gather-protocols-file /Users/admin/builder/spi-builder-workspace/.derivedData/Build/Intermediates.noindex/swift-google-drive-client.build/Debug-watchos/GoogleDriveClient-t.build/Objects-normal/arm64/GoogleDriveClient_const_extract_protocols.json -disable-clang-spi -clang-target arm64-apple-watchos27.0 -target-sdk-version 27.0 -target-sdk-name watchos27.0 -in-process-plugin-server-path /Applications/Xcode-27.0.0-Release.Candidate.app/Contents/Developer/Toolchains/XcodeDefault.xctoolchain/usr/lib/swift/host/libSwiftInProcPluginServer.dylib -emit-module-doc-path /Users/admin/builder/spi-builder-workspace/.derivedData/Build/Intermediates.noindex/swift-google-drive-client.build/Debug-watchos/GoogleDriveClient-t.build/Objects-normal/arm64/GoogleDriveClient.swiftdoc -emit-module-source-info-path /Users/admin/builder/spi-builder-workspace/.derivedData/Build/Intermediates.noindex/swift-google-drive-client.build/Debug-watchos/GoogleDriveClient-t.build/Objects-normal/arm64/GoogleDriveClient.swiftsourceinfo -emit-objc-header-path /Users/admin/builder/spi-builder-workspace/.derivedData/Build/Intermediates.noindex/swift-google-drive-client.build/Debug-watchos/GoogleDriveClient-t.build/Objects-normal/arm64/GoogleDriveClient-Swift.h -serialize-diagnostics-path /Users/admin/builder/spi-builder-workspace/.derivedData/Build/Intermediates.noindex/swift-google-drive-client.build/Debug-watchos/GoogleDriveClient-t.build/Objects-normal/arm64/GoogleDriveClient-primary-emit-module.dia -emit-dependencies-path /Users/admin/builder/spi-builder-workspace/.derivedData/Build/Intermediates.noindex/swift-google-drive-client.build/Debug-watchos/GoogleDriveClient-t.build/Objects-normal/arm64/GoogleDriveClient-primary-emit-module.d -parse-as-library -o /Users/admin/builder/spi-builder-workspace/.derivedData/Build/Intermediates.noindex/swift-google-drive-client.build/Debug-watchos/GoogleDriveClient-t.build/Objects-normal/arm64/GoogleDriveClient.swiftmodule -emit-abi-descriptor-path /Users/admin/builder/spi-builder-workspace/.derivedData/Build/Intermediates.noindex/swift-google-drive-client.build/Debug-watchos/GoogleDriveClient-t.build/Objects-normal/arm64/GoogleDriveClient.abi.json
SwiftCompile normal arm64 Compiling\ Credentials.swift,\ CurrentValueAsyncSequence.swift,\ DateGenerator.swift /Users/admin/builder/spi-builder-workspace/Sources/GoogleDriveClient/Credentials.swift /Users/admin/builder/spi-builder-workspace/Sources/GoogleDriveClient/CurrentValueAsyncSequence.swift /Users/admin/builder/spi-builder-workspace/Sources/GoogleDriveClient/DateGenerator.swift (in target 'GoogleDriveClient' from project 'swift-google-drive-client')
SwiftCompile normal arm64 /Users/admin/builder/spi-builder-workspace/Sources/GoogleDriveClient/Credentials.swift (in target 'GoogleDriveClient' from project 'swift-google-drive-client')
cd /Users/admin/builder/spi-builder-workspace/.swiftpm/xcode
builtin-SwiftPerFileCompile Credentials.swift
SwiftCompile normal arm64 /Users/admin/builder/spi-builder-workspace/Sources/GoogleDriveClient/CurrentValueAsyncSequence.swift (in target 'GoogleDriveClient' from project 'swift-google-drive-client')
cd /Users/admin/builder/spi-builder-workspace/.swiftpm/xcode
builtin-SwiftPerFileCompile CurrentValueAsyncSequence.swift
SwiftCompile normal arm64 /Users/admin/builder/spi-builder-workspace/Sources/GoogleDriveClient/DateGenerator.swift (in target 'GoogleDriveClient' from project 'swift-google-drive-client')
cd /Users/admin/builder/spi-builder-workspace/.swiftpm/xcode
builtin-SwiftPerFileCompile DateGenerator.swift
SwiftCompile normal arm64 Compiling\ DeleteFile.swift,\ File.swift /Users/admin/builder/spi-builder-workspace/Sources/GoogleDriveClient/DeleteFile.swift /Users/admin/builder/spi-builder-workspace/Sources/GoogleDriveClient/File.swift (in target 'GoogleDriveClient' from project 'swift-google-drive-client')
SwiftCompile normal arm64 /Users/admin/builder/spi-builder-workspace/Sources/GoogleDriveClient/DeleteFile.swift (in target 'GoogleDriveClient' from project 'swift-google-drive-client')
cd /Users/admin/builder/spi-builder-workspace/.swiftpm/xcode
builtin-SwiftPerFileCompile DeleteFile.swift
SwiftCompile normal arm64 /Users/admin/builder/spi-builder-workspace/Sources/GoogleDriveClient/File.swift (in target 'GoogleDriveClient' from project 'swift-google-drive-client')
cd /Users/admin/builder/spi-builder-workspace/.swiftpm/xcode
builtin-SwiftPerFileCompile File.swift
SwiftCompile normal arm64 Compiling\ FilesList.swift,\ GetAbout.swift /Users/admin/builder/spi-builder-workspace/Sources/GoogleDriveClient/FilesList.swift /Users/admin/builder/spi-builder-workspace/Sources/GoogleDriveClient/GetAbout.swift (in target 'GoogleDriveClient' from project 'swift-google-drive-client')
SwiftCompile normal arm64 /Users/admin/builder/spi-builder-workspace/Sources/GoogleDriveClient/FilesList.swift (in target 'GoogleDriveClient' from project 'swift-google-drive-client')
cd /Users/admin/builder/spi-builder-workspace/.swiftpm/xcode
builtin-SwiftPerFileCompile FilesList.swift
SwiftCompile normal arm64 /Users/admin/builder/spi-builder-workspace/Sources/GoogleDriveClient/GetAbout.swift (in target 'GoogleDriveClient' from project 'swift-google-drive-client')
cd /Users/admin/builder/spi-builder-workspace/.swiftpm/xcode
builtin-SwiftPerFileCompile GetAbout.swift
SwiftCompile normal arm64 Compiling\ StorageQuota.swift,\ UUIDGenerator.swift /Users/admin/builder/spi-builder-workspace/Sources/GoogleDriveClient/StorageQuota.swift /Users/admin/builder/spi-builder-workspace/Sources/GoogleDriveClient/UUIDGenerator.swift (in target 'GoogleDriveClient' from project 'swift-google-drive-client')
SwiftCompile normal arm64 /Users/admin/builder/spi-builder-workspace/Sources/GoogleDriveClient/StorageQuota.swift (in target 'GoogleDriveClient' from project 'swift-google-drive-client')
cd /Users/admin/builder/spi-builder-workspace/.swiftpm/xcode
builtin-SwiftPerFileCompile StorageQuota.swift
SwiftCompile normal arm64 /Users/admin/builder/spi-builder-workspace/Sources/GoogleDriveClient/UUIDGenerator.swift (in target 'GoogleDriveClient' from project 'swift-google-drive-client')
cd /Users/admin/builder/spi-builder-workspace/.swiftpm/xcode
builtin-SwiftPerFileCompile UUIDGenerator.swift
SwiftCompile normal arm64 Compiling\ HTTPClient.swift,\ Keychain.swift /Users/admin/builder/spi-builder-workspace/Sources/GoogleDriveClient/HTTPClient.swift /Users/admin/builder/spi-builder-workspace/Sources/GoogleDriveClient/Keychain.swift (in target 'GoogleDriveClient' from project 'swift-google-drive-client')
SwiftCompile normal arm64 /Users/admin/builder/spi-builder-workspace/Sources/GoogleDriveClient/HTTPClient.swift (in target 'GoogleDriveClient' from project 'swift-google-drive-client')
cd /Users/admin/builder/spi-builder-workspace/.swiftpm/xcode
builtin-SwiftPerFileCompile HTTPClient.swift
SwiftCompile normal arm64 /Users/admin/builder/spi-builder-workspace/Sources/GoogleDriveClient/Keychain.swift (in target 'GoogleDriveClient' from project 'swift-google-drive-client')
cd /Users/admin/builder/spi-builder-workspace/.swiftpm/xcode
builtin-SwiftPerFileCompile Keychain.swift
SwiftCompile normal arm64 Compiling\ ListFiles.swift,\ OpenURL.swift /Users/admin/builder/spi-builder-workspace/Sources/GoogleDriveClient/ListFiles.swift /Users/admin/builder/spi-builder-workspace/Sources/GoogleDriveClient/OpenURL.swift (in target 'GoogleDriveClient' from project 'swift-google-drive-client')
SwiftCompile normal arm64 /Users/admin/builder/spi-builder-workspace/Sources/GoogleDriveClient/ListFiles.swift (in target 'GoogleDriveClient' from project 'swift-google-drive-client')
cd /Users/admin/builder/spi-builder-workspace/.swiftpm/xcode
builtin-SwiftPerFileCompile ListFiles.swift
SwiftCompile normal arm64 /Users/admin/builder/spi-builder-workspace/Sources/GoogleDriveClient/OpenURL.swift (in target 'GoogleDriveClient' from project 'swift-google-drive-client')
cd /Users/admin/builder/spi-builder-workspace/.swiftpm/xcode
builtin-SwiftPerFileCompile OpenURL.swift
SwiftCompile normal arm64 Compiling\ About.swift,\ Auth.swift,\ Client.swift /Users/admin/builder/spi-builder-workspace/Sources/GoogleDriveClient/About.swift /Users/admin/builder/spi-builder-workspace/Sources/GoogleDriveClient/Auth.swift /Users/admin/builder/spi-builder-workspace/Sources/GoogleDriveClient/Client.swift (in target 'GoogleDriveClient' from project 'swift-google-drive-client')
/Users/admin/builder/spi-builder-workspace/Sources/GoogleDriveClient/Auth.swift:84:16: warning: capture of 'iterator' with non-Sendable type 'AsyncStream<Bool>.Iterator?' in a '@Sendable' closure [#SendableClosureCaptures]
82 | var iterator: AsyncStream<Bool>.Iterator?
83 | return AsyncStream {
84 | if iterator == nil {
| `- warning: capture of 'iterator' with non-Sendable type 'AsyncStream<Bool>.Iterator?' in a '@Sendable' closure [#SendableClosureCaptures]
85 | iterator = isSignedIn.makeAsyncIterator()
86 | }
_Concurrency.AsyncStream.Iterator:2:15: note: struct 'Iterator' does not conform to the 'Sendable' protocol
1 | generic struct AsyncStream {
2 | public struct Iterator : AsyncIteratorProtocol {
| `- note: struct 'Iterator' does not conform to the 'Sendable' protocol
3 | public mutating func next() async -> Element?
4 | @available(macOS 15.0, iOS 18.0, watchOS 11.0, tvOS 18.0, visionOS 2.0, *)
SwiftCompile normal arm64 /Users/admin/builder/spi-builder-workspace/Sources/GoogleDriveClient/About.swift (in target 'GoogleDriveClient' from project 'swift-google-drive-client')
cd /Users/admin/builder/spi-builder-workspace/.swiftpm/xcode
builtin-SwiftPerFileCompile About.swift
SwiftCompile normal arm64 /Users/admin/builder/spi-builder-workspace/Sources/GoogleDriveClient/Auth.swift (in target 'GoogleDriveClient' from project 'swift-google-drive-client')
cd /Users/admin/builder/spi-builder-workspace/.swiftpm/xcode
builtin-SwiftPerFileCompile Auth.swift
SwiftCompile normal arm64 /Users/admin/builder/spi-builder-workspace/Sources/GoogleDriveClient/Client.swift (in target 'GoogleDriveClient' from project 'swift-google-drive-client')
cd /Users/admin/builder/spi-builder-workspace/.swiftpm/xcode
builtin-SwiftPerFileCompile Client.swift
SwiftCompile normal arm64 Compiling\ GetFile.swift,\ GetFileData.swift /Users/admin/builder/spi-builder-workspace/Sources/GoogleDriveClient/GetFile.swift /Users/admin/builder/spi-builder-workspace/Sources/GoogleDriveClient/GetFileData.swift (in target 'GoogleDriveClient' from project 'swift-google-drive-client')
SwiftCompile normal arm64 /Users/admin/builder/spi-builder-workspace/Sources/GoogleDriveClient/GetFile.swift (in target 'GoogleDriveClient' from project 'swift-google-drive-client')
cd /Users/admin/builder/spi-builder-workspace/.swiftpm/xcode
builtin-SwiftPerFileCompile GetFile.swift
SwiftCompile normal arm64 /Users/admin/builder/spi-builder-workspace/Sources/GoogleDriveClient/GetFileData.swift (in target 'GoogleDriveClient' from project 'swift-google-drive-client')
cd /Users/admin/builder/spi-builder-workspace/.swiftpm/xcode
builtin-SwiftPerFileCompile GetFileData.swift
SwiftCompile normal arm64 Compiling\ Coding.swift,\ Config.swift,\ CreateFile.swift /Users/admin/builder/spi-builder-workspace/Sources/GoogleDriveClient/Coding.swift /Users/admin/builder/spi-builder-workspace/Sources/GoogleDriveClient/Config.swift /Users/admin/builder/spi-builder-workspace/Sources/GoogleDriveClient/CreateFile.swift (in target 'GoogleDriveClient' from project 'swift-google-drive-client')
SwiftCompile normal arm64 /Users/admin/builder/spi-builder-workspace/Sources/GoogleDriveClient/Coding.swift (in target 'GoogleDriveClient' from project 'swift-google-drive-client')
cd /Users/admin/builder/spi-builder-workspace/.swiftpm/xcode
builtin-SwiftPerFileCompile Coding.swift
SwiftCompile normal arm64 /Users/admin/builder/spi-builder-workspace/Sources/GoogleDriveClient/Config.swift (in target 'GoogleDriveClient' from project 'swift-google-drive-client')
cd /Users/admin/builder/spi-builder-workspace/.swiftpm/xcode
builtin-SwiftPerFileCompile Config.swift
SwiftCompile normal arm64 /Users/admin/builder/spi-builder-workspace/Sources/GoogleDriveClient/CreateFile.swift (in target 'GoogleDriveClient' from project 'swift-google-drive-client')
cd /Users/admin/builder/spi-builder-workspace/.swiftpm/xcode
builtin-SwiftPerFileCompile CreateFile.swift
SwiftEmitModule normal arm64_32 Emitting\ module\ for\ GoogleDriveClient (in target 'GoogleDriveClient' from project 'swift-google-drive-client')
SwiftCompile normal arm64_32 (in target 'GoogleDriveClient' from project 'swift-google-drive-client')
cd /Users/admin/builder/spi-builder-workspace/.swiftpm/xcode
PruneExplicitPrecompiledModules /Users/admin/builder/spi-builder-workspace/.derivedData/Build/Intermediates.noindex/SwiftExplicitPrecompiledModules
PruneExplicitPrecompiledModules /Users/admin/builder/spi-builder-workspace/.derivedData/Build/Intermediates.noindex/ExplicitPrecompiledModules
PruneExplicitPrecompiledModules /Users/admin/builder/spi-builder-workspace/.derivedData/SDKExplicitPrecompiledModules
2026-09-20 10:06:39.063 xcodebuild[952:5404] [MT] IDERunDestination: Supported platforms for the buildables in the current scheme is empty.
2026-09-20 10:06:39.212 xcodebuild[952:5404] [MT] IDERunDestination: Supported platforms for the buildables in the current scheme is empty.
** BUILD FAILED **
The following build commands failed:
SwiftCompile normal arm64 (in target 'GoogleDriveClient' from project 'swift-google-drive-client')
SwiftEmitModule normal arm64 Emitting\ module\ for\ GoogleDriveClient (in target 'GoogleDriveClient' from project 'swift-google-drive-client')
Building workspace swift-google-drive-client with scheme swift-google-drive-client
(3 failures)
Command line invocation:
/Applications/Xcode-27.0.0-Release.Candidate.app/Contents/Developer/usr/bin/xcodebuild -IDEClonedSourcePackagesDirPathOverride=/Users/admin/builder/spi-builder-workspace/.dependencies -resolvePackageDependencies
Resolve Package Graph
Resolved source packages:
swift-google-drive-client: /Users/admin/builder/spi-builder-workspace
resolved source packages: swift-google-drive-client
2026-09-20 10:06:46.167 xcodebuild[1097:5941] [MT] IDERunDestination: Supported platforms for the buildables in the current scheme is empty.
2026-09-20 10:06:46.318 xcodebuild[1097:5941] [MT] IDERunDestination: Supported platforms for the buildables in the current scheme is empty.
{
"dependencies" : [
],
"manifest_display_name" : "swift-google-drive-client",
"name" : "swift-google-drive-client",
"path" : "/Users/admin/builder/spi-builder-workspace",
"platforms" : [
{
"name" : "ios",
"version" : "16.0"
},
{
"name" : "macos",
"version" : "13.0"
}
],
"products" : [
{
"name" : "GoogleDriveClient",
"targets" : [
"GoogleDriveClient"
],
"type" : {
"library" : [
"automatic"
]
}
}
],
"targets" : [
{
"c99name" : "GoogleDriveClientTests",
"module_type" : "SwiftTarget",
"name" : "GoogleDriveClientTests",
"path" : "Tests/GoogleDriveClientTests",
"sources" : [
"ActorIsolated.swift",
"AuthTests.swift",
"CreateFileTests.swift",
"DeleteFileTests.swift",
"GetAboutTests.swift",
"GetFileDataTests.swift",
"GetFileTests.swift",
"ListFilesTests.swift",
"TestHelpers.swift",
"UpdateFileDataTests.swift"
],
"target_dependencies" : [
"GoogleDriveClient"
],
"type" : "test"
},
{
"c99name" : "GoogleDriveClient",
"module_type" : "SwiftTarget",
"name" : "GoogleDriveClient",
"path" : "Sources/GoogleDriveClient",
"product_memberships" : [
"GoogleDriveClient"
],
"sources" : [
"About.swift",
"Auth.swift",
"Client.swift",
"Coding.swift",
"Config.swift",
"CreateFile.swift",
"Credentials.swift",
"CurrentValueAsyncSequence.swift",
"DateGenerator.swift",
"DeleteFile.swift",
"File.swift",
"FilesList.swift",
"GetAbout.swift",
"GetFile.swift",
"GetFileData.swift",
"HTTPClient.swift",
"Keychain.swift",
"ListFiles.swift",
"OpenURL.swift",
"StorageQuota.swift",
"UUIDGenerator.swift",
"UpdateFileData.swift",
"User.swift"
],
"type" : "library"
}
],
"tools_version" : "5.8"
}
{
"workspace" : {
"name" : "swift-google-drive-client",
"schemes" : [
"GoogleDriveClient",
"swift-google-drive-client"
]
}
}
2026-09-20 10:06:47.425 xcodebuild[1105:6007] [MT] IDERunDestination: Supported platforms for the buildables in the current scheme is empty.
2026-09-20 10:06:47.571 xcodebuild[1105:6007] [MT] IDERunDestination: Supported platforms for the buildables in the current scheme is empty.
{
"workspace" : {
"name" : "swift-google-drive-client",
"schemes" : [
"GoogleDriveClient",
"swift-google-drive-client"
]
}
}
2026-09-20 10:06:48.425 xcodebuild[1107:6037] [MT] IDERunDestination: Supported platforms for the buildables in the current scheme is empty.
2026-09-20 10:06:48.574 xcodebuild[1107:6037] [MT] IDERunDestination: Supported platforms for the buildables in the current scheme is empty.
Running build ...
env DEVELOPER_DIR=/Applications/Xcode-27.0.0-Release.Candidate.app xcrun xcodebuild -IDEClonedSourcePackagesDirPathOverride=$PWD/.dependencies -skipMacroValidation -skipPackagePluginValidation -derivedDataPath $PWD/.derivedData build -scheme swift-google-drive-client -destination generic/platform=watchOS
Command line invocation:
/Applications/Xcode-27.0.0-Release.Candidate.app/Contents/Developer/usr/bin/xcodebuild -IDEClonedSourcePackagesDirPathOverride=/Users/admin/builder/spi-builder-workspace/.dependencies -skipMacroValidation -skipPackagePluginValidation -derivedDataPath /Users/admin/builder/spi-builder-workspace/.derivedData build -scheme swift-google-drive-client -destination generic/platform=watchOS
Resolve Package Graph
Resolved source packages:
swift-google-drive-client: /Users/admin/builder/spi-builder-workspace
ComputePackagePrebuildTargetDependencyGraph
Prepare packages
CreateBuildRequest
SendProjectDescription
CreateBuildOperation
ComputeTargetDependencyGraph
note: Building targets in dependency order
note: Target dependency graph (2 targets)
Target 'GoogleDriveClient-product' in project 'swift-google-drive-client'
➜ Explicit dependency on target 'GoogleDriveClient' in project 'swift-google-drive-client'
Target 'GoogleDriveClient' in project 'swift-google-drive-client' (no dependencies)
GatherProvisioningInputs
CreateBuildDescription
ClangStatCache /Applications/Xcode-27.0.0-Release.Candidate.app/Contents/Developer/Toolchains/XcodeDefault.xctoolchain/usr/bin/clang-stat-cache /Applications/Xcode-27.0.0-Release.Candidate.app/Contents/Developer/Platforms/WatchOS.platform/Developer/SDKs/WatchOS27.0.sdk /Users/admin/builder/spi-builder-workspace/.derivedData/SDKStatCaches.noindex/watchos27.0-24R360-e829b21a6f8c9b70876ba0858053c04477534ef55a1706bf4c1112bbb242f0a2.sdkstatcache
cd /Users/admin/builder/spi-builder-workspace/.swiftpm/xcode
/Applications/Xcode-27.0.0-Release.Candidate.app/Contents/Developer/Toolchains/XcodeDefault.xctoolchain/usr/bin/clang-stat-cache /Applications/Xcode-27.0.0-Release.Candidate.app/Contents/Developer/Platforms/WatchOS.platform/Developer/SDKs/WatchOS27.0.sdk -o /Users/admin/builder/spi-builder-workspace/.derivedData/SDKStatCaches.noindex/watchos27.0-24R360-e829b21a6f8c9b70876ba0858053c04477534ef55a1706bf4c1112bbb242f0a2.sdkstatcache
SwiftDriver GoogleDriveClient normal arm64_32 com.apple.xcode.tools.swift.compiler (in target 'GoogleDriveClient' from project 'swift-google-drive-client')
cd /Users/admin/builder/spi-builder-workspace/.swiftpm/xcode
builtin-SwiftDriver -- /Applications/Xcode-27.0.0-Release.Candidate.app/Contents/Developer/Toolchains/XcodeDefault.xctoolchain/usr/bin/swiftc -parse-as-library -module-name GoogleDriveClient -Onone @/Users/admin/builder/spi-builder-workspace/.derivedData/Build/Intermediates.noindex/swift-google-drive-client.build/Debug-watchos/GoogleDriveClient-t.build/Objects-normal/arm64_32/GoogleDriveClient.SwiftFileList -DSWIFT_PACKAGE -DDEBUG -DSWIFT_MODULE_RESOURCE_BUNDLE_UNAVAILABLE -DXcode -plugin-path /Applications/Xcode-27.0.0-Release.Candidate.app/Contents/Developer/Toolchains/XcodeDefault.xctoolchain/usr/lib/swift/host/plugins/testing -enable-experimental-feature DebugDescriptionMacro -sdk /Applications/Xcode-27.0.0-Release.Candidate.app/Contents/Developer/Platforms/WatchOS.platform/Developer/SDKs/WatchOS27.0.sdk -target arm64_32-apple-watchos9.0 -g -module-cache-path /Users/admin/builder/spi-builder-workspace/.derivedData/ModuleCache.noindex -Xfrontend -serialize-debugging-options -profile-coverage-mapping -profile-generate -enable-testing -index-store-path /Users/admin/builder/spi-builder-workspace/.derivedData/Index.noindex/DataStore -Xcc -D_LIBCPP_HARDENING_MODE\=_LIBCPP_HARDENING_MODE_DEBUG -swift-version 5 -I /Users/admin/builder/spi-builder-workspace/.derivedData/Build/Products/Debug-watchos -Isystem /Applications/Xcode-27.0.0-Release.Candidate.app/Contents/Developer/Platforms/WatchOS.platform/Developer/usr/lib -F /Users/admin/builder/spi-builder-workspace/.derivedData/Build/Products/Debug-watchos -F /Applications/Xcode-27.0.0-Release.Candidate.app/Contents/Developer/Platforms/WatchOS.platform/Developer/Library/Frameworks -F /Applications/Xcode-27.0.0-Release.Candidate.app/Contents/Developer/Platforms/WatchOS.platform/Developer/SDKs/WatchOS27.0.sdk/Developer/Library/Frameworks -c -j10 -enable-batch-mode -incremental -Xcc -ivfsstatcache -Xcc /Users/admin/builder/spi-builder-workspace/.derivedData/SDKStatCaches.noindex/watchos27.0-24R360-e829b21a6f8c9b70876ba0858053c04477534ef55a1706bf4c1112bbb242f0a2.sdkstatcache -output-file-map /Users/admin/builder/spi-builder-workspace/.derivedData/Build/Intermediates.noindex/swift-google-drive-client.build/Debug-watchos/GoogleDriveClient-t.build/Objects-normal/arm64_32/GoogleDriveClient-OutputFileMap.json -save-temps -no-color-diagnostics -explicit-module-build -module-cache-path /Users/admin/builder/spi-builder-workspace/.derivedData/Build/Intermediates.noindex/SwiftExplicitPrecompiledModules -clang-scanner-module-cache-path /Users/admin/builder/spi-builder-workspace/.derivedData/ModuleCache.noindex -sdk-module-cache-path /Users/admin/builder/spi-builder-workspace/.derivedData/SDKExplicitPrecompiledModules -emit-dependencies -emit-module -emit-module-path /Users/admin/builder/spi-builder-workspace/.derivedData/Build/Intermediates.noindex/swift-google-drive-client.build/Debug-watchos/GoogleDriveClient-t.build/Objects-normal/arm64_32/GoogleDriveClient.swiftmodule -serialize-diagnostics -dependency-scan-serialize-diagnostics-path /Users/admin/builder/spi-builder-workspace/.derivedData/Build/Intermediates.noindex/swift-google-drive-client.build/Debug-watchos/GoogleDriveClient-t.build/Objects-normal/arm64_32/GoogleDriveClient-dependency-scan.dia -validate-clang-modules-once -clang-build-session-file /Users/admin/builder/spi-builder-workspace/.derivedData/ModuleCache.noindex/Session.modulevalidation -Xcc -fmodules-prune-interval\=86400 -Xcc -fmodules-prune-after\=345600 -emit-const-values -const-gather-protocols-list /Users/admin/builder/spi-builder-workspace/.derivedData/Build/Intermediates.noindex/swift-google-drive-client.build/Debug-watchos/GoogleDriveClient-t.build/Objects-normal/arm64_32/GoogleDriveClient_const_extract_protocols.json -Xcc -I/Users/admin/builder/spi-builder-workspace/.derivedData/Build/Products/Debug-watchos/include -Xcc -I/Users/admin/builder/spi-builder-workspace/.derivedData/Build/Intermediates.noindex/swift-google-drive-client.build/Debug-watchos/GoogleDriveClient-t.build/DerivedSources-normal/arm64_32 -Xcc -I/Users/admin/builder/spi-builder-workspace/.derivedData/Build/Intermediates.noindex/swift-google-drive-client.build/Debug-watchos/GoogleDriveClient-t.build/DerivedSources/arm64_32 -Xcc -I/Users/admin/builder/spi-builder-workspace/.derivedData/Build/Intermediates.noindex/swift-google-drive-client.build/Debug-watchos/GoogleDriveClient-t.build/DerivedSources -Xcc -DSWIFT_PACKAGE -Xcc -DDEBUG\=1 -emit-objc-header -emit-objc-header-path /Users/admin/builder/spi-builder-workspace/.derivedData/Build/Intermediates.noindex/swift-google-drive-client.build/Debug-watchos/GoogleDriveClient-t.build/Objects-normal/arm64_32/GoogleDriveClient-Swift.h -working-directory /Users/admin/builder/spi-builder-workspace/.swiftpm/xcode -experimental-emit-module-separately -disable-cmo
SwiftDriver GoogleDriveClient normal arm64 com.apple.xcode.tools.swift.compiler (in target 'GoogleDriveClient' from project 'swift-google-drive-client')
cd /Users/admin/builder/spi-builder-workspace/.swiftpm/xcode
builtin-SwiftDriver -- /Applications/Xcode-27.0.0-Release.Candidate.app/Contents/Developer/Toolchains/XcodeDefault.xctoolchain/usr/bin/swiftc -parse-as-library -module-name GoogleDriveClient -Onone @/Users/admin/builder/spi-builder-workspace/.derivedData/Build/Intermediates.noindex/swift-google-drive-client.build/Debug-watchos/GoogleDriveClient-t.build/Objects-normal/arm64/GoogleDriveClient.SwiftFileList -DSWIFT_PACKAGE -DDEBUG -DSWIFT_MODULE_RESOURCE_BUNDLE_UNAVAILABLE -DXcode -plugin-path /Applications/Xcode-27.0.0-Release.Candidate.app/Contents/Developer/Toolchains/XcodeDefault.xctoolchain/usr/lib/swift/host/plugins/testing -enable-experimental-feature DebugDescriptionMacro -sdk /Applications/Xcode-27.0.0-Release.Candidate.app/Contents/Developer/Platforms/WatchOS.platform/Developer/SDKs/WatchOS27.0.sdk -target arm64-apple-watchos9.0 -g -module-cache-path /Users/admin/builder/spi-builder-workspace/.derivedData/ModuleCache.noindex -Xfrontend -serialize-debugging-options -profile-coverage-mapping -profile-generate -enable-testing -index-store-path /Users/admin/builder/spi-builder-workspace/.derivedData/Index.noindex/DataStore -Xcc -D_LIBCPP_HARDENING_MODE\=_LIBCPP_HARDENING_MODE_DEBUG -swift-version 5 -I /Users/admin/builder/spi-builder-workspace/.derivedData/Build/Products/Debug-watchos -Isystem /Applications/Xcode-27.0.0-Release.Candidate.app/Contents/Developer/Platforms/WatchOS.platform/Developer/usr/lib -F /Users/admin/builder/spi-builder-workspace/.derivedData/Build/Products/Debug-watchos -F /Applications/Xcode-27.0.0-Release.Candidate.app/Contents/Developer/Platforms/WatchOS.platform/Developer/Library/Frameworks -F /Applications/Xcode-27.0.0-Release.Candidate.app/Contents/Developer/Platforms/WatchOS.platform/Developer/SDKs/WatchOS27.0.sdk/Developer/Library/Frameworks -c -j10 -enable-batch-mode -incremental -Xcc -ivfsstatcache -Xcc /Users/admin/builder/spi-builder-workspace/.derivedData/SDKStatCaches.noindex/watchos27.0-24R360-e829b21a6f8c9b70876ba0858053c04477534ef55a1706bf4c1112bbb242f0a2.sdkstatcache -output-file-map /Users/admin/builder/spi-builder-workspace/.derivedData/Build/Intermediates.noindex/swift-google-drive-client.build/Debug-watchos/GoogleDriveClient-t.build/Objects-normal/arm64/GoogleDriveClient-OutputFileMap.json -save-temps -no-color-diagnostics -explicit-module-build -module-cache-path /Users/admin/builder/spi-builder-workspace/.derivedData/Build/Intermediates.noindex/SwiftExplicitPrecompiledModules -clang-scanner-module-cache-path /Users/admin/builder/spi-builder-workspace/.derivedData/ModuleCache.noindex -sdk-module-cache-path /Users/admin/builder/spi-builder-workspace/.derivedData/SDKExplicitPrecompiledModules -emit-dependencies -emit-module -emit-module-path /Users/admin/builder/spi-builder-workspace/.derivedData/Build/Intermediates.noindex/swift-google-drive-client.build/Debug-watchos/GoogleDriveClient-t.build/Objects-normal/arm64/GoogleDriveClient.swiftmodule -serialize-diagnostics -dependency-scan-serialize-diagnostics-path /Users/admin/builder/spi-builder-workspace/.derivedData/Build/Intermediates.noindex/swift-google-drive-client.build/Debug-watchos/GoogleDriveClient-t.build/Objects-normal/arm64/GoogleDriveClient-dependency-scan.dia -validate-clang-modules-once -clang-build-session-file /Users/admin/builder/spi-builder-workspace/.derivedData/ModuleCache.noindex/Session.modulevalidation -Xcc -fmodules-prune-interval\=86400 -Xcc -fmodules-prune-after\=345600 -emit-const-values -const-gather-protocols-list /Users/admin/builder/spi-builder-workspace/.derivedData/Build/Intermediates.noindex/swift-google-drive-client.build/Debug-watchos/GoogleDriveClient-t.build/Objects-normal/arm64/GoogleDriveClient_const_extract_protocols.json -Xcc -I/Users/admin/builder/spi-builder-workspace/.derivedData/Build/Products/Debug-watchos/include -Xcc -I/Users/admin/builder/spi-builder-workspace/.derivedData/Build/Intermediates.noindex/swift-google-drive-client.build/Debug-watchos/GoogleDriveClient-t.build/DerivedSources-normal/arm64 -Xcc -I/Users/admin/builder/spi-builder-workspace/.derivedData/Build/Intermediates.noindex/swift-google-drive-client.build/Debug-watchos/GoogleDriveClient-t.build/DerivedSources/arm64 -Xcc -I/Users/admin/builder/spi-builder-workspace/.derivedData/Build/Intermediates.noindex/swift-google-drive-client.build/Debug-watchos/GoogleDriveClient-t.build/DerivedSources -Xcc -DSWIFT_PACKAGE -Xcc -DDEBUG\=1 -emit-objc-header -emit-objc-header-path /Users/admin/builder/spi-builder-workspace/.derivedData/Build/Intermediates.noindex/swift-google-drive-client.build/Debug-watchos/GoogleDriveClient-t.build/Objects-normal/arm64/GoogleDriveClient-Swift.h -working-directory /Users/admin/builder/spi-builder-workspace/.swiftpm/xcode -experimental-emit-module-separately -disable-cmo
SwiftCompile normal arm64 Compiling\ Coding.swift,\ Config.swift,\ CreateFile.swift /Users/admin/builder/spi-builder-workspace/Sources/GoogleDriveClient/Coding.swift /Users/admin/builder/spi-builder-workspace/Sources/GoogleDriveClient/Config.swift /Users/admin/builder/spi-builder-workspace/Sources/GoogleDriveClient/CreateFile.swift (in target 'GoogleDriveClient' from project 'swift-google-drive-client')
SwiftCompile normal arm64 /Users/admin/builder/spi-builder-workspace/Sources/GoogleDriveClient/Coding.swift (in target 'GoogleDriveClient' from project 'swift-google-drive-client')
cd /Users/admin/builder/spi-builder-workspace/.swiftpm/xcode
builtin-SwiftPerFileCompile Coding.swift
SwiftCompile normal arm64 /Users/admin/builder/spi-builder-workspace/Sources/GoogleDriveClient/Config.swift (in target 'GoogleDriveClient' from project 'swift-google-drive-client')
cd /Users/admin/builder/spi-builder-workspace/.swiftpm/xcode
builtin-SwiftPerFileCompile Config.swift
SwiftCompile normal arm64 /Users/admin/builder/spi-builder-workspace/Sources/GoogleDriveClient/CreateFile.swift (in target 'GoogleDriveClient' from project 'swift-google-drive-client')
cd /Users/admin/builder/spi-builder-workspace/.swiftpm/xcode
builtin-SwiftPerFileCompile CreateFile.swift
SwiftCompile normal arm64 Compiling\ About.swift,\ Auth.swift,\ Client.swift /Users/admin/builder/spi-builder-workspace/Sources/GoogleDriveClient/About.swift /Users/admin/builder/spi-builder-workspace/Sources/GoogleDriveClient/Auth.swift /Users/admin/builder/spi-builder-workspace/Sources/GoogleDriveClient/Client.swift (in target 'GoogleDriveClient' from project 'swift-google-drive-client')
/Users/admin/builder/spi-builder-workspace/Sources/GoogleDriveClient/Auth.swift:84:16: warning: capture of 'iterator' with non-Sendable type 'AsyncStream<Bool>.Iterator?' in a '@Sendable' closure [#SendableClosureCaptures]
82 | var iterator: AsyncStream<Bool>.Iterator?
83 | return AsyncStream {
84 | if iterator == nil {
| `- warning: capture of 'iterator' with non-Sendable type 'AsyncStream<Bool>.Iterator?' in a '@Sendable' closure [#SendableClosureCaptures]
85 | iterator = isSignedIn.makeAsyncIterator()
86 | }
_Concurrency.AsyncStream.Iterator:2:15: note: struct 'Iterator' does not conform to the 'Sendable' protocol
1 | generic struct AsyncStream {
2 | public struct Iterator : AsyncIteratorProtocol {
| `- note: struct 'Iterator' does not conform to the 'Sendable' protocol
3 | public mutating func next() async -> Element?
4 | @available(macOS 15.0, iOS 18.0, watchOS 11.0, tvOS 18.0, visionOS 2.0, *)
SwiftCompile normal arm64 /Users/admin/builder/spi-builder-workspace/Sources/GoogleDriveClient/About.swift (in target 'GoogleDriveClient' from project 'swift-google-drive-client')
cd /Users/admin/builder/spi-builder-workspace/.swiftpm/xcode
builtin-SwiftPerFileCompile About.swift
SwiftCompile normal arm64 /Users/admin/builder/spi-builder-workspace/Sources/GoogleDriveClient/Auth.swift (in target 'GoogleDriveClient' from project 'swift-google-drive-client')
cd /Users/admin/builder/spi-builder-workspace/.swiftpm/xcode
builtin-SwiftPerFileCompile Auth.swift
SwiftCompile normal arm64 /Users/admin/builder/spi-builder-workspace/Sources/GoogleDriveClient/Client.swift (in target 'GoogleDriveClient' from project 'swift-google-drive-client')
cd /Users/admin/builder/spi-builder-workspace/.swiftpm/xcode
builtin-SwiftPerFileCompile Client.swift
SwiftCompile normal arm64 Compiling\ DeleteFile.swift,\ File.swift /Users/admin/builder/spi-builder-workspace/Sources/GoogleDriveClient/DeleteFile.swift /Users/admin/builder/spi-builder-workspace/Sources/GoogleDriveClient/File.swift (in target 'GoogleDriveClient' from project 'swift-google-drive-client')
SwiftCompile normal arm64 /Users/admin/builder/spi-builder-workspace/Sources/GoogleDriveClient/DeleteFile.swift (in target 'GoogleDriveClient' from project 'swift-google-drive-client')
cd /Users/admin/builder/spi-builder-workspace/.swiftpm/xcode
builtin-SwiftPerFileCompile DeleteFile.swift
SwiftCompile normal arm64 /Users/admin/builder/spi-builder-workspace/Sources/GoogleDriveClient/File.swift (in target 'GoogleDriveClient' from project 'swift-google-drive-client')
cd /Users/admin/builder/spi-builder-workspace/.swiftpm/xcode
builtin-SwiftPerFileCompile File.swift
SwiftCompile normal arm64 Compiling\ Credentials.swift,\ CurrentValueAsyncSequence.swift,\ DateGenerator.swift /Users/admin/builder/spi-builder-workspace/Sources/GoogleDriveClient/Credentials.swift /Users/admin/builder/spi-builder-workspace/Sources/GoogleDriveClient/CurrentValueAsyncSequence.swift /Users/admin/builder/spi-builder-workspace/Sources/GoogleDriveClient/DateGenerator.swift (in target 'GoogleDriveClient' from project 'swift-google-drive-client')
SwiftCompile normal arm64 /Users/admin/builder/spi-builder-workspace/Sources/GoogleDriveClient/Credentials.swift (in target 'GoogleDriveClient' from project 'swift-google-drive-client')
cd /Users/admin/builder/spi-builder-workspace/.swiftpm/xcode
builtin-SwiftPerFileCompile Credentials.swift
SwiftCompile normal arm64 /Users/admin/builder/spi-builder-workspace/Sources/GoogleDriveClient/CurrentValueAsyncSequence.swift (in target 'GoogleDriveClient' from project 'swift-google-drive-client')
cd /Users/admin/builder/spi-builder-workspace/.swiftpm/xcode
builtin-SwiftPerFileCompile CurrentValueAsyncSequence.swift
SwiftCompile normal arm64 /Users/admin/builder/spi-builder-workspace/Sources/GoogleDriveClient/DateGenerator.swift (in target 'GoogleDriveClient' from project 'swift-google-drive-client')
cd /Users/admin/builder/spi-builder-workspace/.swiftpm/xcode
builtin-SwiftPerFileCompile DateGenerator.swift
SwiftCompile normal arm64 Compiling\ HTTPClient.swift,\ Keychain.swift /Users/admin/builder/spi-builder-workspace/Sources/GoogleDriveClient/HTTPClient.swift /Users/admin/builder/spi-builder-workspace/Sources/GoogleDriveClient/Keychain.swift (in target 'GoogleDriveClient' from project 'swift-google-drive-client')
SwiftCompile normal arm64 /Users/admin/builder/spi-builder-workspace/Sources/GoogleDriveClient/HTTPClient.swift (in target 'GoogleDriveClient' from project 'swift-google-drive-client')
cd /Users/admin/builder/spi-builder-workspace/.swiftpm/xcode
builtin-SwiftPerFileCompile HTTPClient.swift
SwiftCompile normal arm64 /Users/admin/builder/spi-builder-workspace/Sources/GoogleDriveClient/Keychain.swift (in target 'GoogleDriveClient' from project 'swift-google-drive-client')
cd /Users/admin/builder/spi-builder-workspace/.swiftpm/xcode
builtin-SwiftPerFileCompile Keychain.swift
SwiftCompile normal arm64 Compiling\ GetFile.swift,\ GetFileData.swift /Users/admin/builder/spi-builder-workspace/Sources/GoogleDriveClient/GetFile.swift /Users/admin/builder/spi-builder-workspace/Sources/GoogleDriveClient/GetFileData.swift (in target 'GoogleDriveClient' from project 'swift-google-drive-client')
SwiftCompile normal arm64 /Users/admin/builder/spi-builder-workspace/Sources/GoogleDriveClient/GetFile.swift (in target 'GoogleDriveClient' from project 'swift-google-drive-client')
cd /Users/admin/builder/spi-builder-workspace/.swiftpm/xcode
builtin-SwiftPerFileCompile GetFile.swift
SwiftCompile normal arm64 /Users/admin/builder/spi-builder-workspace/Sources/GoogleDriveClient/GetFileData.swift (in target 'GoogleDriveClient' from project 'swift-google-drive-client')
cd /Users/admin/builder/spi-builder-workspace/.swiftpm/xcode
builtin-SwiftPerFileCompile GetFileData.swift
SwiftCompile normal arm64 Compiling\ ListFiles.swift,\ OpenURL.swift /Users/admin/builder/spi-builder-workspace/Sources/GoogleDriveClient/ListFiles.swift /Users/admin/builder/spi-builder-workspace/Sources/GoogleDriveClient/OpenURL.swift (in target 'GoogleDriveClient' from project 'swift-google-drive-client')
SwiftCompile normal arm64 /Users/admin/builder/spi-builder-workspace/Sources/GoogleDriveClient/ListFiles.swift (in target 'GoogleDriveClient' from project 'swift-google-drive-client')
cd /Users/admin/builder/spi-builder-workspace/.swiftpm/xcode
builtin-SwiftPerFileCompile ListFiles.swift
SwiftCompile normal arm64 /Users/admin/builder/spi-builder-workspace/Sources/GoogleDriveClient/OpenURL.swift (in target 'GoogleDriveClient' from project 'swift-google-drive-client')
cd /Users/admin/builder/spi-builder-workspace/.swiftpm/xcode
builtin-SwiftPerFileCompile OpenURL.swift
SwiftEmitModule normal arm64 Emitting\ module\ for\ GoogleDriveClient (in target 'GoogleDriveClient' from project 'swift-google-drive-client')
/Users/admin/builder/spi-builder-workspace/Sources/GoogleDriveClient/Auth.swift:84:16: warning: capture of 'iterator' with non-Sendable type 'AsyncStream<Bool>.Iterator?' in a '@Sendable' closure [#SendableClosureCaptures]
82 | var iterator: AsyncStream<Bool>.Iterator?
83 | return AsyncStream {
84 | if iterator == nil {
| `- warning: capture of 'iterator' with non-Sendable type 'AsyncStream<Bool>.Iterator?' in a '@Sendable' closure [#SendableClosureCaptures]
85 | iterator = isSignedIn.makeAsyncIterator()
86 | }
_Concurrency.AsyncStream.Iterator:2:15: note: struct 'Iterator' does not conform to the 'Sendable' protocol
1 | generic struct AsyncStream {
2 | public struct Iterator : AsyncIteratorProtocol {
| `- note: struct 'Iterator' does not conform to the 'Sendable' protocol
3 | public mutating func next() async -> Element?
4 | @available(macOS 15.0, iOS 18.0, watchOS 11.0, tvOS 18.0, visionOS 2.0, *)
/Users/admin/builder/spi-builder-workspace/Sources/GoogleDriveClient/OpenURL.swift:23:36: error: 'callAsFunction(_:completion:)' is unavailable in watchOS
21 | let stream = AsyncStream<Bool> { continuation in
22 | let task = Task { @MainActor in
23 | EnvironmentValues().openURL(url) { canOpen in
| `- error: 'callAsFunction(_:completion:)' is unavailable in watchOS
24 | continuation.yield(canOpen)
25 | continuation.finish()
SwiftUI.OpenURLAction.callAsFunction:3:42: note: 'callAsFunction(_:completion:)' has been explicitly marked unavailable here
1 | struct OpenURLAction {
2 | @available(watchOS, unavailable)
3 | @MainActor @preconcurrency public func callAsFunction(_ url: URL, completion: @escaping (_ accepted: Bool) -> Void)}
| `- note: 'callAsFunction(_:completion:)' has been explicitly marked unavailable here
4 |
[#SendableClosureCaptures]: <https://docs.swift.org/compiler/documentation/diagnostics/sendable-closure-captures>
Failed frontend command:
/Applications/Xcode-27.0.0-Release.Candidate.app/Contents/Developer/Toolchains/XcodeDefault.xctoolchain/usr/bin/swift-frontend -frontend -emit-module -experimental-skip-non-inlinable-function-bodies-without-types /Users/admin/builder/spi-builder-workspace/Sources/GoogleDriveClient/About.swift /Users/admin/builder/spi-builder-workspace/Sources/GoogleDriveClient/Auth.swift /Users/admin/builder/spi-builder-workspace/Sources/GoogleDriveClient/Client.swift /Users/admin/builder/spi-builder-workspace/Sources/GoogleDriveClient/Coding.swift /Users/admin/builder/spi-builder-workspace/Sources/GoogleDriveClient/Config.swift /Users/admin/builder/spi-builder-workspace/Sources/GoogleDriveClient/CreateFile.swift /Users/admin/builder/spi-builder-workspace/Sources/GoogleDriveClient/Credentials.swift /Users/admin/builder/spi-builder-workspace/Sources/GoogleDriveClient/CurrentValueAsyncSequence.swift /Users/admin/builder/spi-builder-workspace/Sources/GoogleDriveClient/DateGenerator.swift /Users/admin/builder/spi-builder-workspace/Sources/GoogleDriveClient/DeleteFile.swift /Users/admin/builder/spi-builder-workspace/Sources/GoogleDriveClient/File.swift /Users/admin/builder/spi-builder-workspace/Sources/GoogleDriveClient/FilesList.swift /Users/admin/builder/spi-builder-workspace/Sources/GoogleDriveClient/GetAbout.swift /Users/admin/builder/spi-builder-workspace/Sources/GoogleDriveClient/GetFile.swift /Users/admin/builder/spi-builder-workspace/Sources/GoogleDriveClient/GetFileData.swift /Users/admin/builder/spi-builder-workspace/Sources/GoogleDriveClient/HTTPClient.swift /Users/admin/builder/spi-builder-workspace/Sources/GoogleDriveClient/Keychain.swift /Users/admin/builder/spi-builder-workspace/Sources/GoogleDriveClient/ListFiles.swift /Users/admin/builder/spi-builder-workspace/Sources/GoogleDriveClient/OpenURL.swift /Users/admin/builder/spi-builder-workspace/Sources/GoogleDriveClient/StorageQuota.swift /Users/admin/builder/spi-builder-workspace/Sources/GoogleDriveClient/UUIDGenerator.swift /Users/admin/builder/spi-builder-workspace/Sources/GoogleDriveClient/UpdateFileData.swift /Users/admin/builder/spi-builder-workspace/Sources/GoogleDriveClient/User.swift -target arm64-apple-watchos9.0 -disable-cross-import-overlay-search -load-resolved-plugin /Applications/Xcode-27.0.0-Release.Candidate.app/Contents/Developer/Platforms/WatchOS.platform/Developer/usr/lib/swift/host/plugins/libFoundationMacros.dylib\#/Applications/Xcode-27.0.0-Release.Candidate.app/Contents/Developer/Platforms/WatchOS.platform/Developer/usr/bin/swift-plugin-server\#FoundationMacros -load-resolved-plugin /Applications/Xcode-27.0.0-Release.Candidate.app/Contents/Developer/Platforms/WatchOS.platform/Developer/usr/lib/swift/host/plugins/libObservationMacros.dylib\#/Applications/Xcode-27.0.0-Release.Candidate.app/Contents/Developer/Platforms/WatchOS.platform/Developer/usr/bin/swift-plugin-server\#ObservationMacros -load-resolved-plugin /Applications/Xcode-27.0.0-Release.Candidate.app/Contents/Developer/Platforms/WatchOS.platform/Developer/usr/lib/swift/host/plugins/libPreviewsMacros.dylib\#/Applications/Xcode-27.0.0-Release.Candidate.app/Contents/Developer/Platforms/WatchOS.platform/Developer/usr/bin/swift-plugin-server\#PreviewsMacros -load-resolved-plugin /Applications/Xcode-27.0.0-Release.Candidate.app/Contents/Developer/Platforms/WatchOS.platform/Developer/usr/lib/swift/host/plugins/libSwiftMacros.dylib\#/Applications/Xcode-27.0.0-Release.Candidate.app/Contents/Developer/Platforms/WatchOS.platform/Developer/usr/bin/swift-plugin-server\#SwiftMacros -load-resolved-plugin /Applications/Xcode-27.0.0-Release.Candidate.app/Contents/Developer/Platforms/WatchOS.platform/Developer/usr/lib/swift/host/plugins/libSwiftUIMacros.dylib\#/Applications/Xcode-27.0.0-Release.Candidate.app/Contents/Developer/Platforms/WatchOS.platform/Developer/usr/bin/swift-plugin-server\#SwiftUIMacros -disable-implicit-swift-modules -Xcc -fno-implicit-modules -Xcc -fno-implicit-module-maps -explicit-swift-module-map-file /Users/admin/builder/spi-builder-workspace/.derivedData/Build/Intermediates.noindex/swift-google-drive-client.build/Debug-watchos/GoogleDriveClient-t.build/Objects-normal/arm64/GoogleDriveClient-dependencies-2.json -Xllvm -aarch64-use-tbi -enable-objc-interop -stack-check -sdk /Applications/Xcode-27.0.0-Release.Candidate.app/Contents/Developer/Platforms/WatchOS.platform/Developer/SDKs/WatchOS27.0.sdk -I /Users/admin/builder/spi-builder-workspace/.derivedData/Build/Products/Debug-watchos -Isystem /Applications/Xcode-27.0.0-Release.Candidate.app/Contents/Developer/Platforms/WatchOS.platform/Developer/usr/lib -F /Users/admin/builder/spi-builder-workspace/.derivedData/Build/Products/Debug-watchos -F /Applications/Xcode-27.0.0-Release.Candidate.app/Contents/Developer/Platforms/WatchOS.platform/Developer/Library/Frameworks -F /Applications/Xcode-27.0.0-Release.Candidate.app/Contents/Developer/Platforms/WatchOS.platform/Developer/SDKs/WatchOS27.0.sdk/Developer/Library/Frameworks -module-cache-path /Users/admin/builder/spi-builder-workspace/.derivedData/Build/Intermediates.noindex/SwiftExplicitPrecompiledModules -no-color-diagnostics -Xcc -fno-color-diagnostics -enable-testing -g -debug-info-format\=dwarf -dwarf-version\=4 -profile-generate -profile-coverage-mapping -swift-version 5 -Onone -D SWIFT_PACKAGE -D DEBUG -D SWIFT_MODULE_RESOURCE_BUNDLE_UNAVAILABLE -D Xcode -serialize-debugging-options -enable-experimental-feature DebugDescriptionMacro -empty-abi-descriptor -validate-clang-modules-once -clang-build-session-file /Users/admin/builder/spi-builder-workspace/.derivedData/ModuleCache.noindex/Session.modulevalidation -Xcc -working-directory -Xcc /Users/admin/builder/spi-builder-workspace/.swiftpm/xcode -enable-anonymous-context-mangled-names -file-compilation-dir /Users/admin/builder/spi-builder-workspace/.swiftpm/xcode -Xcc -D_LIBCPP_HARDENING_MODE\=_LIBCPP_HARDENING_MODE_DEBUG -Xcc -ivfsstatcache -Xcc /Users/admin/builder/spi-builder-workspace/.derivedData/SDKStatCaches.noindex/watchos27.0-24R360-e829b21a6f8c9b70876ba0858053c04477534ef55a1706bf4c1112bbb242f0a2.sdkstatcache -Xcc -fmodules-prune-interval\=86400 -Xcc -fmodules-prune-after\=345600 -Xcc -I/Users/admin/builder/spi-builder-workspace/.derivedData/Build/Products/Debug-watchos/include -Xcc -I/Users/admin/builder/spi-builder-workspace/.derivedData/Build/Intermediates.noindex/swift-google-drive-client.build/Debug-watchos/GoogleDriveClient-t.build/DerivedSources-normal/arm64 -Xcc -I/Users/admin/builder/spi-builder-workspace/.derivedData/Build/Intermediates.noindex/swift-google-drive-client.build/Debug-watchos/GoogleDriveClient-t.build/DerivedSources/arm64 -Xcc -I/Users/admin/builder/spi-builder-workspace/.derivedData/Build/Intermediates.noindex/swift-google-drive-client.build/Debug-watchos/GoogleDriveClient-t.build/DerivedSources -Xcc -DSWIFT_PACKAGE -Xcc -DDEBUG\=1 -no-auto-bridging-header-chaining -module-name GoogleDriveClient -const-gather-protocols-file /Users/admin/builder/spi-builder-workspace/.derivedData/Build/Intermediates.noindex/swift-google-drive-client.build/Debug-watchos/GoogleDriveClient-t.build/Objects-normal/arm64/GoogleDriveClient_const_extract_protocols.json -disable-clang-spi -clang-target arm64-apple-watchos27.0 -target-sdk-version 27.0 -target-sdk-name watchos27.0 -in-process-plugin-server-path /Applications/Xcode-27.0.0-Release.Candidate.app/Contents/Developer/Toolchains/XcodeDefault.xctoolchain/usr/lib/swift/host/libSwiftInProcPluginServer.dylib -emit-module-doc-path /Users/admin/builder/spi-builder-workspace/.derivedData/Build/Intermediates.noindex/swift-google-drive-client.build/Debug-watchos/GoogleDriveClient-t.build/Objects-normal/arm64/GoogleDriveClient.swiftdoc -emit-module-source-info-path /Users/admin/builder/spi-builder-workspace/.derivedData/Build/Intermediates.noindex/swift-google-drive-client.build/Debug-watchos/GoogleDriveClient-t.build/Objects-normal/arm64/GoogleDriveClient.swiftsourceinfo -emit-objc-header-path /Users/admin/builder/spi-builder-workspace/.derivedData/Build/Intermediates.noindex/swift-google-drive-client.build/Debug-watchos/GoogleDriveClient-t.build/Objects-normal/arm64/GoogleDriveClient-Swift.h -serialize-diagnostics-path /Users/admin/builder/spi-builder-workspace/.derivedData/Build/Intermediates.noindex/swift-google-drive-client.build/Debug-watchos/GoogleDriveClient-t.build/Objects-normal/arm64/GoogleDriveClient-primary-emit-module.dia -emit-dependencies-path /Users/admin/builder/spi-builder-workspace/.derivedData/Build/Intermediates.noindex/swift-google-drive-client.build/Debug-watchos/GoogleDriveClient-t.build/Objects-normal/arm64/GoogleDriveClient-primary-emit-module.d -parse-as-library -o /Users/admin/builder/spi-builder-workspace/.derivedData/Build/Intermediates.noindex/swift-google-drive-client.build/Debug-watchos/GoogleDriveClient-t.build/Objects-normal/arm64/GoogleDriveClient.swiftmodule -emit-abi-descriptor-path /Users/admin/builder/spi-builder-workspace/.derivedData/Build/Intermediates.noindex/swift-google-drive-client.build/Debug-watchos/GoogleDriveClient-t.build/Objects-normal/arm64/GoogleDriveClient.abi.json
SwiftCompile normal arm64 (in target 'GoogleDriveClient' from project 'swift-google-drive-client')
cd /Users/admin/builder/spi-builder-workspace/.swiftpm/xcode
SwiftCompile normal arm64 Compiling\ StorageQuota.swift,\ UUIDGenerator.swift /Users/admin/builder/spi-builder-workspace/Sources/GoogleDriveClient/StorageQuota.swift /Users/admin/builder/spi-builder-workspace/Sources/GoogleDriveClient/UUIDGenerator.swift (in target 'GoogleDriveClient' from project 'swift-google-drive-client')
SwiftCompile normal arm64 /Users/admin/builder/spi-builder-workspace/Sources/GoogleDriveClient/StorageQuota.swift (in target 'GoogleDriveClient' from project 'swift-google-drive-client')
cd /Users/admin/builder/spi-builder-workspace/.swiftpm/xcode
builtin-SwiftPerFileCompile StorageQuota.swift
SwiftCompile normal arm64 /Users/admin/builder/spi-builder-workspace/Sources/GoogleDriveClient/UUIDGenerator.swift (in target 'GoogleDriveClient' from project 'swift-google-drive-client')
cd /Users/admin/builder/spi-builder-workspace/.swiftpm/xcode
builtin-SwiftPerFileCompile UUIDGenerator.swift
SwiftCompile normal arm64 Compiling\ UpdateFileData.swift,\ User.swift /Users/admin/builder/spi-builder-workspace/Sources/GoogleDriveClient/UpdateFileData.swift /Users/admin/builder/spi-builder-workspace/Sources/GoogleDriveClient/User.swift (in target 'GoogleDriveClient' from project 'swift-google-drive-client')
SwiftCompile normal arm64 /Users/admin/builder/spi-builder-workspace/Sources/GoogleDriveClient/UpdateFileData.swift (in target 'GoogleDriveClient' from project 'swift-google-drive-client')
cd /Users/admin/builder/spi-builder-workspace/.swiftpm/xcode
builtin-SwiftPerFileCompile UpdateFileData.swift
SwiftCompile normal arm64 /Users/admin/builder/spi-builder-workspace/Sources/GoogleDriveClient/User.swift (in target 'GoogleDriveClient' from project 'swift-google-drive-client')
cd /Users/admin/builder/spi-builder-workspace/.swiftpm/xcode
builtin-SwiftPerFileCompile User.swift
SwiftEmitModule normal arm64_32 Emitting\ module\ for\ GoogleDriveClient (in target 'GoogleDriveClient' from project 'swift-google-drive-client')
SwiftCompile normal arm64_32 (in target 'GoogleDriveClient' from project 'swift-google-drive-client')
cd /Users/admin/builder/spi-builder-workspace/.swiftpm/xcode
PruneExplicitPrecompiledModules /Users/admin/builder/spi-builder-workspace/.derivedData/Build/Intermediates.noindex/ExplicitPrecompiledModules
PruneExplicitPrecompiledModules /Users/admin/builder/spi-builder-workspace/.derivedData/Build/Intermediates.noindex/SwiftExplicitPrecompiledModules
PruneExplicitPrecompiledModules /Users/admin/builder/spi-builder-workspace/.derivedData/SDKExplicitPrecompiledModules
2026-09-20 10:06:49.416 xcodebuild[1108:6060] [MT] IDERunDestination: Supported platforms for the buildables in the current scheme is empty.
2026-09-20 10:06:49.543 xcodebuild[1108:6060] [MT] IDERunDestination: Supported platforms for the buildables in the current scheme is empty.
** BUILD FAILED **
The following build commands failed:
SwiftEmitModule normal arm64 Emitting\ module\ for\ GoogleDriveClient (in target 'GoogleDriveClient' from project 'swift-google-drive-client')
SwiftCompile normal arm64 (in target 'GoogleDriveClient' from project 'swift-google-drive-client')
Building workspace swift-google-drive-client with scheme swift-google-drive-client
(3 failures)
BUILD FAILURE 6.4 watchOS