Build Information
Failed to build SystemSound, reference main (e3f44c), with Swift 6.4 for visionOS using Xcode 27.0 on 23 Sep 2026 16:57:10 UTC.
Build Command
env DEVELOPER_DIR=/Applications/Xcode-27.0.0-Release.Candidate.app xcrun xcodebuild -IDEClonedSourcePackagesDirPathOverride=$PWD/.dependencies -skipMacroValidation -skipPackagePluginValidation -derivedDataPath $PWD/.derivedData build -scheme SystemSound -destination generic/platform=xrOSBuild Log
========================================
RunAll
========================================
Builder version: 5.1.0
Interrupt handler set up.
========================================
Checkout
========================================
Clone URL: https://github.com/p-x9/swift-system-sound.git
Reference: main
Initialized empty Git repository in /Users/admin/builder/spi-builder-workspace/.git/
From https://github.com/p-x9/swift-system-sound
* branch main -> FETCH_HEAD
* [new branch] main -> origin/main
HEAD is now at e3f44c2 Merge pull request #15 from p-x9/feature/sendable
Cloned https://github.com/p-x9/swift-system-sound.git
Revision (git rev-parse @):
e3f44c2d5766b0a7c3cdaacd4d61b5e1c8804794
SUCCESS checkout https://github.com/p-x9/swift-system-sound.git at main
========================================
Build
========================================
Selected platform: visionOS
Swift version: 6.4
Building package at path: $PWD
https://github.com/p-x9/swift-system-sound.git
Command line invocation:
/Applications/Xcode-27.0.0-Release.Candidate.app/Contents/Developer/usr/bin/xcodebuild -IDEClonedSourcePackagesDirPathOverride=/Users/admin/builder/spi-builder-workspace/.dependencies -resolvePackageDependencies
Resolve Package Graph
Resolve Package Graph
Resolved source packages:
SystemSound: /Users/admin/builder/spi-builder-workspace
resolved source packages: SystemSound
{
"dependencies" : [
],
"manifest_display_name" : "SystemSound",
"name" : "SystemSound",
"path" : "/Users/admin/builder/spi-builder-workspace",
"platforms" : [
],
"products" : [
{
"name" : "SystemSound",
"targets" : [
"SystemSound"
],
"type" : {
"library" : [
"automatic"
]
}
}
],
"targets" : [
{
"c99name" : "SystemSoundTests",
"module_type" : "SwiftTarget",
"name" : "SystemSoundTests",
"path" : "Tests/SystemSoundTests",
"sources" : [
"SystemSoundTests.swift"
],
"target_dependencies" : [
"SystemSound"
],
"type" : "test"
},
{
"c99name" : "SystemSound",
"module_type" : "SwiftTarget",
"name" : "SystemSound",
"path" : "Sources/SystemSound",
"product_memberships" : [
"SystemSound"
],
"sources" : [
"SystemSound.swift",
"SystemSoundKeys.swift",
"SystemSoundKind.swift"
],
"type" : "library"
}
],
"tools_version" : "5.8"
}
{
"workspace" : {
"name" : "SystemSound",
"schemes" : [
"Example",
"SystemSound"
]
}
}
{
"workspace" : {
"name" : "SystemSound",
"schemes" : [
"SystemSound"
]
}
}
2026-09-23 12:56:57.378 xcodebuild[624:3897] [MT] IDERunDestination: Supported platforms for the buildables in the current scheme is empty.
Running build ...
env DEVELOPER_DIR=/Applications/Xcode-27.0.0-Release.Candidate.app xcrun xcodebuild -IDEClonedSourcePackagesDirPathOverride=$PWD/.dependencies -skipMacroValidation -skipPackagePluginValidation -derivedDataPath $PWD/.derivedData build -scheme SystemSound -destination generic/platform=xrOS
Command line invocation:
/Applications/Xcode-27.0.0-Release.Candidate.app/Contents/Developer/usr/bin/xcodebuild -IDEClonedSourcePackagesDirPathOverride=/Users/admin/builder/spi-builder-workspace/.dependencies -skipMacroValidation -skipPackagePluginValidation -derivedDataPath /Users/admin/builder/spi-builder-workspace/.derivedData build -scheme SystemSound -destination generic/platform=xrOS
Resolve Package Graph
Resolved source packages:
SystemSound: /Users/admin/builder/spi-builder-workspace
ComputePackagePrebuildTargetDependencyGraph
Prepare packages
CreateBuildRequest
SendProjectDescription
CreateBuildOperation
ComputeTargetDependencyGraph
note: Building targets in dependency order
note: Target dependency graph (2 targets)
Target 'SystemSound-product' in project 'SystemSound'
➜ Explicit dependency on target 'SystemSound' in project 'SystemSound'
Target 'SystemSound' in project 'SystemSound' (no dependencies)
GatherProvisioningInputs
CreateBuildDescription
ExecuteExternalTool /Applications/Xcode-27.0.0-Release.Candidate.app/Contents/Developer/Toolchains/XcodeDefault.xctoolchain/usr/bin/clang -v -E -dM -isysroot /Applications/Xcode-27.0.0-Release.Candidate.app/Contents/Developer/Platforms/XROS.platform/Developer/SDKs/XROS27.0.sdk -x c -c /dev/null
ExecuteExternalTool /Applications/Xcode-27.0.0-Release.Candidate.app/Contents/Developer/Toolchains/XcodeDefault.xctoolchain/usr/bin/swiftc --version
ExecuteExternalTool /Applications/Xcode-27.0.0-Release.Candidate.app/Contents/Developer/Toolchains/XcodeDefault.xctoolchain/usr/bin/ld -version_details
Build description signature: b07b6ecc4be9d69b231a0b4c5d170ec6
Build description path: /Users/admin/builder/spi-builder-workspace/.derivedData/Build/Intermediates.noindex/XCBuildData/b07b6ecc4be9d69b231a0b4c5d170ec6.xcbuilddata
CreateBuildDirectory /Users/admin/builder/spi-builder-workspace/.derivedData/SDKExplicitPrecompiledModules
cd /Users/admin/builder/spi-builder-workspace/.swiftpm/xcode
builtin-create-build-directory /Users/admin/builder/spi-builder-workspace/.derivedData/SDKExplicitPrecompiledModules
CreateBuildDirectory /Users/admin/builder/spi-builder-workspace/.derivedData/ModuleCache.noindex
cd /Users/admin/builder/spi-builder-workspace/.swiftpm/xcode
builtin-create-build-directory /Users/admin/builder/spi-builder-workspace/.derivedData/ModuleCache.noindex
CreateBuildDirectory /Users/admin/builder/spi-builder-workspace/.derivedData/CompilationCache.noindex
cd /Users/admin/builder/spi-builder-workspace/.swiftpm/xcode
builtin-create-build-directory /Users/admin/builder/spi-builder-workspace/.derivedData/CompilationCache.noindex
CreateBuildDirectory /Users/admin/builder/spi-builder-workspace/.derivedData/Build/Products
cd /Users/admin/builder/spi-builder-workspace/.swiftpm/xcode
builtin-create-build-directory /Users/admin/builder/spi-builder-workspace/.derivedData/Build/Products
CreateBuildDirectory /Users/admin/builder/spi-builder-workspace/.derivedData/Build/Intermediates.noindex
cd /Users/admin/builder/spi-builder-workspace/.swiftpm/xcode
builtin-create-build-directory /Users/admin/builder/spi-builder-workspace/.derivedData/Build/Intermediates.noindex
ClangStatCache /Applications/Xcode-27.0.0-Release.Candidate.app/Contents/Developer/Toolchains/XcodeDefault.xctoolchain/usr/bin/clang-stat-cache /Applications/Xcode-27.0.0-Release.Candidate.app/Contents/Developer/Platforms/XROS.platform/Developer/SDKs/XROS27.0.sdk /Users/admin/builder/spi-builder-workspace/.derivedData/SDKStatCaches.noindex/xros27.0-24M361-e829b21a6f8c9b70876ba0858053c044735bd543db762f57723cac368afd1ce4.sdkstatcache
cd /Users/admin/builder/spi-builder-workspace/.swiftpm/xcode
/Applications/Xcode-27.0.0-Release.Candidate.app/Contents/Developer/Toolchains/XcodeDefault.xctoolchain/usr/bin/clang-stat-cache /Applications/Xcode-27.0.0-Release.Candidate.app/Contents/Developer/Platforms/XROS.platform/Developer/SDKs/XROS27.0.sdk -o /Users/admin/builder/spi-builder-workspace/.derivedData/SDKStatCaches.noindex/xros27.0-24M361-e829b21a6f8c9b70876ba0858053c044735bd543db762f57723cac368afd1ce4.sdkstatcache
CreateBuildDirectory /Users/admin/builder/spi-builder-workspace/.derivedData/Build/Intermediates.noindex/SwiftExplicitPrecompiledModules
cd /Users/admin/builder/spi-builder-workspace/.swiftpm/xcode
builtin-create-build-directory /Users/admin/builder/spi-builder-workspace/.derivedData/Build/Intermediates.noindex/SwiftExplicitPrecompiledModules
CreateBuildDirectory /Users/admin/builder/spi-builder-workspace/.derivedData/Build/Intermediates.noindex/PrecompiledHeaders
cd /Users/admin/builder/spi-builder-workspace/.swiftpm/xcode
builtin-create-build-directory /Users/admin/builder/spi-builder-workspace/.derivedData/Build/Intermediates.noindex/PrecompiledHeaders
CreateBuildDirectory /Users/admin/builder/spi-builder-workspace/.derivedData/Build/Intermediates.noindex/ExplicitPrecompiledModules
cd /Users/admin/builder/spi-builder-workspace/.swiftpm/xcode
builtin-create-build-directory /Users/admin/builder/spi-builder-workspace/.derivedData/Build/Intermediates.noindex/ExplicitPrecompiledModules
CreateBuildDirectory /Users/admin/builder/spi-builder-workspace/.derivedData/Build/Intermediates.noindex/EagerLinkingTBDs/Debug-xros
cd /Users/admin/builder/spi-builder-workspace/.swiftpm/xcode
builtin-create-build-directory /Users/admin/builder/spi-builder-workspace/.derivedData/Build/Intermediates.noindex/EagerLinkingTBDs/Debug-xros
CreateBuildDirectory /Users/admin/builder/spi-builder-workspace/.derivedData/Build/Products/Debug-xros
cd /Users/admin/builder/spi-builder-workspace/.swiftpm/xcode
builtin-create-build-directory /Users/admin/builder/spi-builder-workspace/.derivedData/Build/Products/Debug-xros
CreateBuildDirectory /Users/admin/builder/spi-builder-workspace/.derivedData/Build/Products/Debug-xros/PackageFrameworks
cd /Users/admin/builder/spi-builder-workspace/.swiftpm/xcode
builtin-create-build-directory /Users/admin/builder/spi-builder-workspace/.derivedData/Build/Products/Debug-xros/PackageFrameworks
WriteAuxiliaryFile /Users/admin/builder/spi-builder-workspace/.derivedData/Build/Intermediates.noindex/SystemSound.build/Debug-xros/SystemSound-t.build/SystemSound.modulemap (in target 'SystemSound' from project 'SystemSound')
cd /Users/admin/builder/spi-builder-workspace
write-file /Users/admin/builder/spi-builder-workspace/.derivedData/Build/Intermediates.noindex/SystemSound.build/Debug-xros/SystemSound-t.build/SystemSound.modulemap
WriteAuxiliaryFile /Users/admin/builder/spi-builder-workspace/.derivedData/Build/Intermediates.noindex/SystemSound.build/Debug-xros/SystemSound-t.build/SystemSound.DependencyStaticMetadataFileList (in target 'SystemSound' from project 'SystemSound')
cd /Users/admin/builder/spi-builder-workspace
write-file /Users/admin/builder/spi-builder-workspace/.derivedData/Build/Intermediates.noindex/SystemSound.build/Debug-xros/SystemSound-t.build/SystemSound.DependencyStaticMetadataFileList
WriteAuxiliaryFile /Users/admin/builder/spi-builder-workspace/.derivedData/Build/Intermediates.noindex/SystemSound.build/Debug-xros/SystemSound-t.build/SystemSound.DependencyMetadataFileList (in target 'SystemSound' from project 'SystemSound')
cd /Users/admin/builder/spi-builder-workspace
write-file /Users/admin/builder/spi-builder-workspace/.derivedData/Build/Intermediates.noindex/SystemSound.build/Debug-xros/SystemSound-t.build/SystemSound.DependencyMetadataFileList
WriteAuxiliaryFile /Users/admin/builder/spi-builder-workspace/.derivedData/Build/Intermediates.noindex/SystemSound.build/Debug-xros/SystemSound-t.build/Objects-normal/arm64/SystemSound-OutputFileMap.json (in target 'SystemSound' from project 'SystemSound')
cd /Users/admin/builder/spi-builder-workspace
write-file /Users/admin/builder/spi-builder-workspace/.derivedData/Build/Intermediates.noindex/SystemSound.build/Debug-xros/SystemSound-t.build/Objects-normal/arm64/SystemSound-OutputFileMap.json
WriteAuxiliaryFile /Users/admin/builder/spi-builder-workspace/.derivedData/Build/Intermediates.noindex/SystemSound.build/Debug-xros/SystemSound-t.build/Objects-normal/arm64/SystemSound_const_extract_protocols.json (in target 'SystemSound' from project 'SystemSound')
cd /Users/admin/builder/spi-builder-workspace
write-file /Users/admin/builder/spi-builder-workspace/.derivedData/Build/Intermediates.noindex/SystemSound.build/Debug-xros/SystemSound-t.build/Objects-normal/arm64/SystemSound_const_extract_protocols.json
WriteAuxiliaryFile /Users/admin/builder/spi-builder-workspace/.derivedData/Build/Intermediates.noindex/SystemSound.build/Debug-xros/SystemSound-t.build/Objects-normal/arm64/SystemSound.LinkFileList (in target 'SystemSound' from project 'SystemSound')
cd /Users/admin/builder/spi-builder-workspace
write-file /Users/admin/builder/spi-builder-workspace/.derivedData/Build/Intermediates.noindex/SystemSound.build/Debug-xros/SystemSound-t.build/Objects-normal/arm64/SystemSound.LinkFileList
WriteAuxiliaryFile /Users/admin/builder/spi-builder-workspace/.derivedData/Build/Intermediates.noindex/SystemSound.build/Debug-xros/SystemSound-t.build/Objects-normal/arm64/SystemSound.SwiftConstValuesFileList (in target 'SystemSound' from project 'SystemSound')
cd /Users/admin/builder/spi-builder-workspace
write-file /Users/admin/builder/spi-builder-workspace/.derivedData/Build/Intermediates.noindex/SystemSound.build/Debug-xros/SystemSound-t.build/Objects-normal/arm64/SystemSound.SwiftConstValuesFileList
WriteAuxiliaryFile /Users/admin/builder/spi-builder-workspace/.derivedData/Build/Intermediates.noindex/SystemSound.build/Debug-xros/SystemSound-t.build/Objects-normal/arm64/SystemSound.SwiftFileList (in target 'SystemSound' from project 'SystemSound')
cd /Users/admin/builder/spi-builder-workspace
write-file /Users/admin/builder/spi-builder-workspace/.derivedData/Build/Intermediates.noindex/SystemSound.build/Debug-xros/SystemSound-t.build/Objects-normal/arm64/SystemSound.SwiftFileList
Copy /Users/admin/builder/spi-builder-workspace/.derivedData/Build/Intermediates.noindex/GeneratedModuleMaps-xros/SystemSound.modulemap /Users/admin/builder/spi-builder-workspace/.derivedData/Build/Intermediates.noindex/SystemSound.build/Debug-xros/SystemSound-t.build/SystemSound.modulemap (in target 'SystemSound' from project 'SystemSound')
cd /Users/admin/builder/spi-builder-workspace
builtin-copy -exclude .DS_Store -exclude CVS -exclude .svn -exclude .git -exclude .hg -resolve-src-symlinks /Users/admin/builder/spi-builder-workspace/.derivedData/Build/Intermediates.noindex/SystemSound.build/Debug-xros/SystemSound-t.build/SystemSound.modulemap /Users/admin/builder/spi-builder-workspace/.derivedData/Build/Intermediates.noindex/GeneratedModuleMaps-xros
SwiftDriver SystemSound normal arm64 com.apple.xcode.tools.swift.compiler (in target 'SystemSound' from project 'SystemSound')
cd /Users/admin/builder/spi-builder-workspace/.swiftpm/xcode
builtin-SwiftDriver -- /Applications/Xcode-27.0.0-Release.Candidate.app/Contents/Developer/Toolchains/XcodeDefault.xctoolchain/usr/bin/swiftc -parse-as-library -module-name SystemSound -Onone @/Users/admin/builder/spi-builder-workspace/.derivedData/Build/Intermediates.noindex/SystemSound.build/Debug-xros/SystemSound-t.build/Objects-normal/arm64/SystemSound.SwiftFileList -DSWIFT_PACKAGE -DDEBUG -DSWIFT_MODULE_RESOURCE_BUNDLE_UNAVAILABLE -DXcode -plugin-path /Applications/Xcode-27.0.0-Release.Candidate.app/Contents/Developer/Toolchains/XcodeDefault.xctoolchain/usr/lib/swift/host/plugins/testing -enable-experimental-feature DebugDescriptionMacro -sdk /Applications/Xcode-27.0.0-Release.Candidate.app/Contents/Developer/Platforms/XROS.platform/Developer/SDKs/XROS27.0.sdk -target arm64-apple-xros1.0 -g -module-cache-path /Users/admin/builder/spi-builder-workspace/.derivedData/ModuleCache.noindex -Xfrontend -serialize-debugging-options -profile-coverage-mapping -profile-generate -enable-testing -index-store-path /Users/admin/builder/spi-builder-workspace/.derivedData/Index.noindex/DataStore -Xcc -D_LIBCPP_HARDENING_MODE\=_LIBCPP_HARDENING_MODE_DEBUG -swift-version 5 -I /Users/admin/builder/spi-builder-workspace/.derivedData/Build/Products/Debug-xros -Isystem /Applications/Xcode-27.0.0-Release.Candidate.app/Contents/Developer/Platforms/XROS.platform/Developer/usr/lib -F /Users/admin/builder/spi-builder-workspace/.derivedData/Build/Products/Debug-xros -F /Applications/Xcode-27.0.0-Release.Candidate.app/Contents/Developer/Platforms/XROS.platform/Developer/Library/Frameworks -F /Applications/Xcode-27.0.0-Release.Candidate.app/Contents/Developer/Platforms/XROS.platform/Developer/SDKs/XROS27.0.sdk/Developer/Library/Frameworks -c -j10 -enable-batch-mode -incremental -Xcc -ivfsstatcache -Xcc /Users/admin/builder/spi-builder-workspace/.derivedData/SDKStatCaches.noindex/xros27.0-24M361-e829b21a6f8c9b70876ba0858053c044735bd543db762f57723cac368afd1ce4.sdkstatcache -output-file-map /Users/admin/builder/spi-builder-workspace/.derivedData/Build/Intermediates.noindex/SystemSound.build/Debug-xros/SystemSound-t.build/Objects-normal/arm64/SystemSound-OutputFileMap.json -save-temps -no-color-diagnostics -explicit-module-build -module-cache-path /Users/admin/builder/spi-builder-workspace/.derivedData/Build/Intermediates.noindex/SwiftExplicitPrecompiledModules -clang-scanner-module-cache-path /Users/admin/builder/spi-builder-workspace/.derivedData/ModuleCache.noindex -sdk-module-cache-path /Users/admin/builder/spi-builder-workspace/.derivedData/SDKExplicitPrecompiledModules -emit-dependencies -emit-module -emit-module-path /Users/admin/builder/spi-builder-workspace/.derivedData/Build/Intermediates.noindex/SystemSound.build/Debug-xros/SystemSound-t.build/Objects-normal/arm64/SystemSound.swiftmodule -serialize-diagnostics -dependency-scan-serialize-diagnostics-path /Users/admin/builder/spi-builder-workspace/.derivedData/Build/Intermediates.noindex/SystemSound.build/Debug-xros/SystemSound-t.build/Objects-normal/arm64/SystemSound-dependency-scan.dia -validate-clang-modules-once -clang-build-session-file /Users/admin/builder/spi-builder-workspace/.derivedData/ModuleCache.noindex/Session.modulevalidation -Xcc -fmodules-prune-interval\=86400 -Xcc -fmodules-prune-after\=345600 -emit-const-values -const-gather-protocols-list /Users/admin/builder/spi-builder-workspace/.derivedData/Build/Intermediates.noindex/SystemSound.build/Debug-xros/SystemSound-t.build/Objects-normal/arm64/SystemSound_const_extract_protocols.json -Xcc -I/Users/admin/builder/spi-builder-workspace/.derivedData/Build/Products/Debug-xros/include -Xcc -I/Users/admin/builder/spi-builder-workspace/.derivedData/Build/Intermediates.noindex/SystemSound.build/Debug-xros/SystemSound-t.build/DerivedSources-normal/arm64 -Xcc -I/Users/admin/builder/spi-builder-workspace/.derivedData/Build/Intermediates.noindex/SystemSound.build/Debug-xros/SystemSound-t.build/DerivedSources/arm64 -Xcc -I/Users/admin/builder/spi-builder-workspace/.derivedData/Build/Intermediates.noindex/SystemSound.build/Debug-xros/SystemSound-t.build/DerivedSources -Xcc -DSWIFT_PACKAGE -Xcc -DDEBUG\=1 -emit-objc-header -emit-objc-header-path /Users/admin/builder/spi-builder-workspace/.derivedData/Build/Intermediates.noindex/SystemSound.build/Debug-xros/SystemSound-t.build/Objects-normal/arm64/SystemSound-Swift.h -working-directory /Users/admin/builder/spi-builder-workspace/.swiftpm/xcode -experimental-emit-module-separately -disable-cmo
SwiftExplicitDependencyGeneratePcm arm64 /Users/admin/builder/spi-builder-workspace/.derivedData/SDKExplicitPrecompiledModules/ptrcheck-BXA97MNLI4BB0HF5I8MJE403D.pcm
SwiftExplicitDependencyGeneratePcm arm64 /Users/admin/builder/spi-builder-workspace/.derivedData/SDKExplicitPrecompiledModules/_Builtin_stdbool-5BU2ADS7JXQMYENKQHW9X8XOU.pcm
SwiftExplicitDependencyGeneratePcm arm64 /Users/admin/builder/spi-builder-workspace/.derivedData/SDKExplicitPrecompiledModules/_AvailabilityInternal-1Q8IQP6M38UWSGZ95UCEY2M44.pcm
SwiftExplicitDependencyGeneratePcm arm64 /Users/admin/builder/spi-builder-workspace/.derivedData/SDKExplicitPrecompiledModules/_Builtin_stdarg-CDA349K2K4US766844K8E0PVA.pcm
SwiftExplicitDependencyGeneratePcm arm64 /Users/admin/builder/spi-builder-workspace/.derivedData/SDKExplicitPrecompiledModules/ptrauth-1WBA714DZSVUL5JQDJ08CLKZ.pcm
SwiftExplicitDependencyGeneratePcm arm64 /Users/admin/builder/spi-builder-workspace/.derivedData/SDKExplicitPrecompiledModules/_Builtin_stddef-5NQ9Z1GV07GBSRQGAQCGXGVRI.pcm
SwiftExplicitDependencyGeneratePcm arm64 /Users/admin/builder/spi-builder-workspace/.derivedData/SDKExplicitPrecompiledModules/SwiftShims-CI4H5RO9IYFFWQ2COB512Q2S9.pcm
SwiftExplicitDependencyGeneratePcm arm64 /Users/admin/builder/spi-builder-workspace/.derivedData/SDKExplicitPrecompiledModules/_SwiftConcurrencyShims-C8XHKSHX96D5YYALNM4W70Z0O.pcm
SwiftExplicitDependencyGeneratePcm arm64 /Users/admin/builder/spi-builder-workspace/.derivedData/SDKExplicitPrecompiledModules/_Builtin_float-6WKHNW5S40U2QGHXXGETUDIRA.pcm
SwiftExplicitDependencyGeneratePcm arm64 /Users/admin/builder/spi-builder-workspace/.derivedData/SDKExplicitPrecompiledModules/_DarwinFoundation1-5RGRVV2TZ6WC4WZW5IXF8NQ04.pcm
SwiftExplicitDependencyGeneratePcm arm64 /Users/admin/builder/spi-builder-workspace/.derivedData/SDKExplicitPrecompiledModules/_Builtin_limits-425JDMN5HPM3D0UEI8LEHP6NM.pcm
SwiftExplicitDependencyGeneratePcm arm64 /Users/admin/builder/spi-builder-workspace/.derivedData/SDKExplicitPrecompiledModules/_DarwinFoundation2-ENTECK156YEWITZRRBTOCE4KR.pcm
SwiftExplicitDependencyGeneratePcm arm64 /Users/admin/builder/spi-builder-workspace/.derivedData/SDKExplicitPrecompiledModules/string_h-2GT67HHHHK5CF1V1S31LH0PU2.pcm
SwiftExplicitDependencyGeneratePcm arm64 /Users/admin/builder/spi-builder-workspace/.derivedData/SDKExplicitPrecompiledModules/sys_types-AYM0BHR77VKMWZCO2T0XGV2HF.pcm
SwiftExplicitDependencyGeneratePcm arm64 /Users/admin/builder/spi-builder-workspace/.derivedData/SDKExplicitPrecompiledModules/_Builtin_stdint-8OR6T47OOYJA90ZBO3N1USDE.pcm
SwiftExplicitDependencyGeneratePcm arm64 /Users/admin/builder/spi-builder-workspace/.derivedData/SDKExplicitPrecompiledModules/_DarwinFoundation3-9ZHN6JKBS40BBA81RQMV8H0IC.pcm
SwiftExplicitDependencyGeneratePcm arm64 /Users/admin/builder/spi-builder-workspace/.derivedData/SDKExplicitPrecompiledModules/_Builtin_inttypes-11B64KJD36B3YOHBR1BBXBJY8.pcm
SwiftExplicitDependencyGeneratePcm arm64 /Users/admin/builder/spi-builder-workspace/.derivedData/SDKExplicitPrecompiledModules/Darwin-60P5LVNQO3ESRRM5DCJ05PFNK.pcm
SwiftExplicitDependencyGeneratePcm arm64 /Users/admin/builder/spi-builder-workspace/.derivedData/SDKExplicitPrecompiledModules/ObjectiveC-26TIBFYCEJZVP216ZZAU1X8KN.pcm
SwiftExplicitDependencyGeneratePcm arm64 /Users/admin/builder/spi-builder-workspace/.derivedData/SDKExplicitPrecompiledModules/os_object-692CJ8BG6RE5H04487EJJOVXW.pcm
SwiftExplicitDependencyGeneratePcm arm64 /Users/admin/builder/spi-builder-workspace/.derivedData/SDKExplicitPrecompiledModules/os_workgroup-4U1VXMWIZD80E7PRUQF2G7P9X.pcm
SwiftExplicitDependencyGeneratePcm arm64 /Users/admin/builder/spi-builder-workspace/.derivedData/SDKExplicitPrecompiledModules/Dispatch-CLT3466HKC22GCKAWSCNG0H7T.pcm
SwiftExplicitDependencyGeneratePcm arm64 /Users/admin/builder/spi-builder-workspace/.derivedData/SDKExplicitPrecompiledModules/CoreFoundation-AVLTZVCXBU2TO75JCN4AGU8XJ.pcm
SwiftExplicitDependencyGeneratePcm arm64 /Users/admin/builder/spi-builder-workspace/.derivedData/SDKExplicitPrecompiledModules/XPC-EP5EU7FNGP4VOA3EDM18P1KHO.pcm
SwiftExplicitDependencyGeneratePcm arm64 /Users/admin/builder/spi-builder-workspace/.derivedData/SDKExplicitPrecompiledModules/Security-8TH2M8WJIQMET4SADWX0N8372.pcm
SwiftExplicitDependencyGeneratePcm arm64 /Users/admin/builder/spi-builder-workspace/.derivedData/SDKExplicitPrecompiledModules/CoreAudioTypes-45UXYEQRN95KG6BF2CW0QIYK9.pcm
SwiftExplicitDependencyGeneratePcm arm64 /Users/admin/builder/spi-builder-workspace/.derivedData/SDKExplicitPrecompiledModules/CFNetwork-5MI70N1VLDQSWTX4COWLMSIRO.pcm
SwiftExplicitDependencyGeneratePcm arm64 /Users/admin/builder/spi-builder-workspace/.derivedData/SDKExplicitPrecompiledModules/Foundation-8GON1KVEKRN3NOQI8RETBRWJP.pcm
SwiftExplicitDependencyGeneratePcm arm64 /Users/admin/builder/spi-builder-workspace/.derivedData/SDKExplicitPrecompiledModules/CoreMIDI-7L19IC4ZH9BPYLVTD8IIFWN9R.pcm
SwiftExplicitDependencyGeneratePcm arm64 /Users/admin/builder/spi-builder-workspace/.derivedData/SDKExplicitPrecompiledModules/AudioToolbox-2K3S8EA590EB3GMH6D6784BWZ.pcm
SwiftCompile normal arm64 Compiling\ SystemSoundKeys.swift /Users/admin/builder/spi-builder-workspace/Sources/SystemSound/SystemSoundKeys.swift (in target 'SystemSound' from project 'SystemSound')
/Users/admin/builder/spi-builder-workspace/Sources/SystemSound/SystemSoundKeys.swift:185:55: error: 'endCallToneCept' is only available in visionOS 26.0 or newer
174 |
175 | /// EndOfCallTone_CEPT'
176 | public struct EndOfCallToneCEPT: CaseIterable, Sendable {
| `- note: add '@available' attribute to enclosing struct
177 | public static let categoryName = "EndOfCallTone_CEPT"
178 |
:
181 | public let kind: SystemSoundKind
182 |
183 | public static var allCases: [Self] {
| `- note: add '@available' attribute to enclosing static property
184 | var result: [Self] = []
185 | if #available(iOS 26, *) { result.append(.endCallToneCept) }
| |- error: 'endCallToneCept' is only available in visionOS 26.0 or newer
| `- note: add 'if #available' version check
186 | return result
187 | }
/Users/admin/builder/spi-builder-workspace/Sources/SystemSound/SystemSoundKeys.swift:2957:55: error: 'liveTranslationStart' is only available in visionOS 26.0 or newer
2946 |
2947 | /// PersonalTranslator
2948 | public struct PersonalTranslator: CaseIterable, Sendable {
| `- note: add '@available' attribute to enclosing struct
2949 | public static let categoryName = "PersonalTranslator"
2950 |
:
2953 | public let kind: SystemSoundKind
2954 |
2955 | public static var allCases: [Self] {
| `- note: add '@available' attribute to enclosing static property
2956 | var result: [Self] = []
2957 | if #available(iOS 26, *) { result.append(.liveTranslationStart) }
| |- error: 'liveTranslationStart' is only available in visionOS 26.0 or newer
| `- note: add 'if #available' version check
2958 | if #available(iOS 26, *) { result.append(.liveTranslationStop) }
2959 | if #available(iOS 26, *) { result.append(.dualBudLongPressFailure) }
/Users/admin/builder/spi-builder-workspace/Sources/SystemSound/SystemSoundKeys.swift:2958:55: error: 'liveTranslationStop' is only available in visionOS 26.0 or newer
2946 |
2947 | /// PersonalTranslator
2948 | public struct PersonalTranslator: CaseIterable, Sendable {
| `- note: add '@available' attribute to enclosing struct
2949 | public static let categoryName = "PersonalTranslator"
2950 |
:
2953 | public let kind: SystemSoundKind
2954 |
2955 | public static var allCases: [Self] {
| `- note: add '@available' attribute to enclosing static property
2956 | var result: [Self] = []
2957 | if #available(iOS 26, *) { result.append(.liveTranslationStart) }
2958 | if #available(iOS 26, *) { result.append(.liveTranslationStop) }
| |- error: 'liveTranslationStop' is only available in visionOS 26.0 or newer
| `- note: add 'if #available' version check
2959 | if #available(iOS 26, *) { result.append(.dualBudLongPressFailure) }
2960 | return result
/Users/admin/builder/spi-builder-workspace/Sources/SystemSound/SystemSoundKeys.swift:2959:55: error: 'dualBudLongPressFailure' is only available in visionOS 26.0 or newer
2946 |
2947 | /// PersonalTranslator
2948 | public struct PersonalTranslator: CaseIterable, Sendable {
| `- note: add '@available' attribute to enclosing struct
2949 | public static let categoryName = "PersonalTranslator"
2950 |
:
2953 | public let kind: SystemSoundKind
2954 |
2955 | public static var allCases: [Self] {
| `- note: add '@available' attribute to enclosing static property
2956 | var result: [Self] = []
2957 | if #available(iOS 26, *) { result.append(.liveTranslationStart) }
2958 | if #available(iOS 26, *) { result.append(.liveTranslationStop) }
2959 | if #available(iOS 26, *) { result.append(.dualBudLongPressFailure) }
| |- error: 'dualBudLongPressFailure' is only available in visionOS 26.0 or newer
| `- note: add 'if #available' version check
2960 | return result
2961 | }
/Users/admin/builder/spi-builder-workspace/Sources/SystemSound/SystemSoundKeys.swift:5557:55: error: 'satelliteMessageSent' is only available in visionOS 26.0 or newer
5546 |
5547 | /// Satellite_Message_Sent_Haptic
5548 | public struct SatelliteMessageSentHaptic: CaseIterable, Sendable {
| `- note: add '@available' attribute to enclosing struct
5549 | public static let categoryName = "Satellite_Message_Sent_Haptic"
5550 |
:
5553 | public let kind: SystemSoundKind
5554 |
5555 | public static var allCases: [Self] {
| `- note: add '@available' attribute to enclosing static property
5556 | var result: [Self] = []
5557 | if #available(iOS 26, *) { result.append(.satelliteMessageSent) }
| |- error: 'satelliteMessageSent' is only available in visionOS 26.0 or newer
| `- note: add 'if #available' version check
5558 | return result
5559 | }
/Users/admin/builder/spi-builder-workspace/Sources/SystemSound/SystemSoundKeys.swift:5848:28: error: 'photoShutter' is only available in visionOS 26.0 or newer
5748 | }
5749 |
5750 | extension SystemSoundKey {
| `- note: add '@available' attribute to enclosing extension
5751 | public static var allCases: [Self] {
| `- note: add '@available' attribute to enclosing static property
5752 | var result = InCallSystemSound.allCases.map({ .inCallSystemSound($0) }) +
5753 | EndOfCallToneCEPT.allCases.map({ .endOfCallToneCEPT($0) }) +
:
5846 | [connectPower, mediaPaused, mediaHandoff, acknowledgmentSent, acknowledgmentReceived, lowPower, failedUnlock, jblBegin, jblConfirm, jblCancel, jblAmbiguous, jblNoMatch, focusChangeKeyboard, focusChangeAppIcon, focusChangeLarge, focusChangeSmall, navigationPush, navigationPop, keyboardPressNormal, keyboardPressDelete, keyboardPressClear, vcInvitationAccepted, vcRinging, vcEnded, goToSleepAlert, warsaw, pearlSuccess, pearlFailure, usbHardeningAlert, paymentReceived, ringerVibeChanged, silentVibeChanged, vibrateAlways, headphoneAudioExposureLimitExceeded, healthNotificationUrgent, navigationGenericManeuver, notificationHaptic, ringtoneUSHaptic, ringtoneUKHaptic, alarmHaptic, siriStartHaptic, siriStopSuccessHaptic, siriStopFailureHaptic, stockholmHaptic, beatHaptic, rubberBandHaptic, doNotDisturbHaptic, uiConfirmationHaptic, etHeartbeatHaptic, timerHaptic, navigationLeftTurnHaptic, navigationRightTurnHaptic, detentHaptic, navigationGenericManeuverHaptic, cameraCountdownTickHaptic, cameraCountdownImminentHaptic, etRemoteTapReceiveHaptic, etRemoteTapSendHaptic, etBeginNotificationHaptic, doNotDisturbExpiryWarningHaptic, stockholmActiveHaptic, stockholmActiveSingleCycleHaptic, stockholmFailureHaptic, sedentaryTimerHaptic, hourlyChimeHaptic, previewAudioAndHaptic, alertActivityGoalAttainedHaptic, alertActivityGoalBehindHaptic, alertActivityGoalCloseHaptic, alertCalendarHaptic, alertPassbookBalanceHaptic, alertPassbookGeofenceHaptic, alertPhotostreamActivityHaptic, alertReminderDueHaptic, alertWalkieTalkieHaptic, batteryMagsafeHaptic, buddyPairingFailureHaptic, buddyPairingSuccessHaptic, alertMapsDirectionsInAppHaptic, messagesIncomingHaptic, messagesOutgoingHaptic, onOffPasscodeFailureHaptic, orbInvokeHaptic, orbLayersHaptic, phoneHangUpHaptic, photosZoomDetentHaptic, qbDictationHaptic, springboardEdgeUniverseHaptic, springboardHardStopHaptic, stopwatchLapHaptic, stopwatchResetHaptic, stopwatchStartHaptic, stopwatchStopHaptic, timerCancelHaptic, timerPauseHaptic, timerStartHaptic, timerWheelHoursDetentHaptic, walkieTalkieActiveStartHaptic, workoutCompleteHaptic, workoutCountdownHaptic, alert3rdPartyHaptic, workoutSelectHaptic, workoutPressStartHaptic, clockAnalogTickHaptic, timerWheelMinutesDetentHaptic, phoneAnswerHaptic, phoneHoldHaptic, walkieTalkieActiveEndHaptic, uiSnapHaptic, uiSwitchOnHaptic, uiSwitchOffHaptic, uiSwipeHaptic, systemStartupHaptic, buddyPairingRemoteConnectionHaptic, buddyPairingRemoteTapHaptic, qbDictationOffHaptic, ringtoneDuckedUSHaptic, ringtoneDuckedUKHaptic, salientNotificationHaptic, notificationSalientHaptic, etBeginNotificationSalientHaptic, alertCalendarSalientHaptic, alertReminderDueSalientHaptic, alert3rdPartySalientHaptic, _3rdPartyDirectionUpHaptic, _3rdPartyDirectionDownHaptic, _3rdPartySuccessHaptic, _3rdPartyFailureHaptic, _3rdPartyRetryHaptic, _3rdPartyStartHaptic, _3rdPartyStopHaptic, alarmNightstandHaptic, navigationLeftTurnSalientHaptic, navigationRightTurnSalientHaptic, navigationGenericManeuverSalientHaptic, sedentaryTimerSalientHaptic, alertActivityGoalAttainedSalientHaptic, alertActivityGoalBehindSalientHaptic, alertPassbookGeofenceSalientHaptic, workoutSavedHaptic, orbPeekHaptic, orbPopHaptic, orbNegativeHaptic, voiceOverClickHaptic, siriAutoSendHaptic, hummingbirdCycleHaptic, hummingbirdCompletionHaptic, hummingbirdNotificationHaptic, remoteCameraShutterBurstBeginHaptic, remoteCameraShutterBurstEndHaptic, workoutPausedHaptic, workoutResumedHaptic, goToSleepHaptic, warsawHaptic, autoUnlockHaptic, alertActivityFriendsGoalAttainedHaptic, alertSpartanConnectingHaptic, alertSpartanConnectingLowLatencyHaptic, alertSpartanConnectedLowLatencyHaptic, alertSpartanDisconnectedLowLatencyHaptic, alertSpartanReminderEscalationLevel1Haptic, alertSpartanReminderEscalationLevel2Haptic, alertSpartanReminderEscalationLevel3Haptic, alertSpartanReminderEscalationLevel4Haptic, accessScanCompleteHaptic, buddyMigrationStartHaptic, sosFallDetectionPromptHaptic, sosEmergencyContactTextPromptHaptic, walkieTalkieReceiveStartHaptic, walkieTalkieReceiveEndHaptic, alertHealthHaptic, systemNotificationHaptic, sosFallDetectionPromptEscalationHaptic, walkAMileHaptic, healthReadingCompleteHaptic, healthReadingFailHaptic, vibrate]
5847 | if #available(iOS 26, *) {
5848 | result.append(.photoShutter)
| |- error: 'photoShutter' is only available in visionOS 26.0 or newer
| `- note: add 'if #available' version check
5849 | }
5850 | if #available(iOS 26, *) {
/Users/admin/builder/spi-builder-workspace/Sources/SystemSound/SystemSoundKeys.swift:5851:28: error: 'beginRecord' is only available in visionOS 26.0 or newer
5748 | }
5749 |
5750 | extension SystemSoundKey {
| `- note: add '@available' attribute to enclosing extension
5751 | public static var allCases: [Self] {
| `- note: add '@available' attribute to enclosing static property
5752 | var result = InCallSystemSound.allCases.map({ .inCallSystemSound($0) }) +
5753 | EndOfCallToneCEPT.allCases.map({ .endOfCallToneCEPT($0) }) +
:
5849 | }
5850 | if #available(iOS 26, *) {
5851 | result.append(.beginRecord)
| |- error: 'beginRecord' is only available in visionOS 26.0 or newer
| `- note: add 'if #available' version check
5852 | }
5853 | if #available(iOS 26, *) {
/Users/admin/builder/spi-builder-workspace/Sources/SystemSound/SystemSoundKeys.swift:5854:28: error: 'endRecord' is only available in visionOS 26.0 or newer
5748 | }
5749 |
5750 | extension SystemSoundKey {
| `- note: add '@available' attribute to enclosing extension
5751 | public static var allCases: [Self] {
| `- note: add '@available' attribute to enclosing static property
5752 | var result = InCallSystemSound.allCases.map({ .inCallSystemSound($0) }) +
5753 | EndOfCallToneCEPT.allCases.map({ .endOfCallToneCEPT($0) }) +
:
5852 | }
5853 | if #available(iOS 26, *) {
5854 | result.append(.endRecord)
| |- error: 'endRecord' is only available in visionOS 26.0 or newer
| `- note: add 'if #available' version check
5855 | }
5856 | if #available(iOS 18, *) {
/Users/admin/builder/spi-builder-workspace/Sources/SystemSound/SystemSoundKeys.swift:5857:28: error: 'nfcCardProvisioned' is only available in visionOS 2.0 or newer
5748 | }
5749 |
5750 | extension SystemSoundKey {
| `- note: add '@available' attribute to enclosing extension
5751 | public static var allCases: [Self] {
| `- note: add '@available' attribute to enclosing static property
5752 | var result = InCallSystemSound.allCases.map({ .inCallSystemSound($0) }) +
5753 | EndOfCallToneCEPT.allCases.map({ .endOfCallToneCEPT($0) }) +
:
5855 | }
5856 | if #available(iOS 18, *) {
5857 | result.append(.nfcCardProvisioned)
| |- error: 'nfcCardProvisioned' is only available in visionOS 2.0 or newer
| `- note: add 'if #available' version check
5858 | }
5859 | if #available(iOS 18, *) {
/Users/admin/builder/spi-builder-workspace/Sources/SystemSound/SystemSoundKeys.swift:5860:28: error: 'nfcCardComplete' is only available in visionOS 2.0 or newer
5748 | }
5749 |
5750 | extension SystemSoundKey {
| `- note: add '@available' attribute to enclosing extension
5751 | public static var allCases: [Self] {
| `- note: add '@available' attribute to enclosing static property
5752 | var result = InCallSystemSound.allCases.map({ .inCallSystemSound($0) }) +
5753 | EndOfCallToneCEPT.allCases.map({ .endOfCallToneCEPT($0) }) +
:
5858 | }
5859 | if #available(iOS 18, *) {
5860 | result.append(.nfcCardComplete)
| |- error: 'nfcCardComplete' is only available in visionOS 2.0 or newer
| `- note: add 'if #available' version check
5861 | }
5862 | if #available(iOS 18, *) {
/Users/admin/builder/spi-builder-workspace/Sources/SystemSound/SystemSoundKeys.swift:5863:28: error: 'nfcCardError' is only available in visionOS 2.0 or newer
5748 | }
5749 |
5750 | extension SystemSoundKey {
| `- note: add '@available' attribute to enclosing extension
5751 | public static var allCases: [Self] {
| `- note: add '@available' attribute to enclosing static property
5752 | var result = InCallSystemSound.allCases.map({ .inCallSystemSound($0) }) +
5753 | EndOfCallToneCEPT.allCases.map({ .endOfCallToneCEPT($0) }) +
:
5861 | }
5862 | if #available(iOS 18, *) {
5863 | result.append(.nfcCardError)
| |- error: 'nfcCardError' is only available in visionOS 2.0 or newer
| `- note: add 'if #available' version check
5864 | }
5865 | if #available(iOS 18, *) {
/Users/admin/builder/spi-builder-workspace/Sources/SystemSound/SystemSoundKeys.swift:5866:28: error: 'headGesturesDoubleNod' is only available in visionOS 2.0 or newer
5748 | }
5749 |
5750 | extension SystemSoundKey {
| `- note: add '@available' attribute to enclosing extension
5751 | public static var allCases: [Self] {
| `- note: add '@available' attribute to enclosing static property
5752 | var result = InCallSystemSound.allCases.map({ .inCallSystemSound($0) }) +
5753 | EndOfCallToneCEPT.allCases.map({ .endOfCallToneCEPT($0) }) +
:
5864 | }
5865 | if #available(iOS 18, *) {
5866 | result.append(.headGesturesDoubleNod)
| |- error: 'headGesturesDoubleNod' is only available in visionOS 2.0 or newer
| `- note: add 'if #available' version check
5867 | }
5868 | if #available(iOS 18, *) {
/Users/admin/builder/spi-builder-workspace/Sources/SystemSound/SystemSoundKeys.swift:5869:28: error: 'headGesturesDoubleShake' is only available in visionOS 2.0 or newer
5748 | }
5749 |
5750 | extension SystemSoundKey {
| `- note: add '@available' attribute to enclosing extension
5751 | public static var allCases: [Self] {
| `- note: add '@available' attribute to enclosing static property
5752 | var result = InCallSystemSound.allCases.map({ .inCallSystemSound($0) }) +
5753 | EndOfCallToneCEPT.allCases.map({ .endOfCallToneCEPT($0) }) +
:
5867 | }
5868 | if #available(iOS 18, *) {
5869 | result.append(.headGesturesDoubleShake)
| |- error: 'headGesturesDoubleShake' is only available in visionOS 2.0 or newer
| `- note: add 'if #available' version check
5870 | }
5871 | if #available(iOS 18, *) {
/Users/admin/builder/spi-builder-workspace/Sources/SystemSound/SystemSoundKeys.swift:5872:28: error: 'headGesturesPartialNod' is only available in visionOS 2.0 or newer
5748 | }
5749 |
5750 | extension SystemSoundKey {
| `- note: add '@available' attribute to enclosing extension
5751 | public static var allCases: [Self] {
| `- note: add '@available' attribute to enclosing static property
5752 | var result = InCallSystemSound.allCases.map({ .inCallSystemSound($0) }) +
5753 | EndOfCallToneCEPT.allCases.map({ .endOfCallToneCEPT($0) }) +
:
5870 | }
5871 | if #available(iOS 18, *) {
5872 | result.append(.headGesturesPartialNod)
| |- error: 'headGesturesPartialNod' is only available in visionOS 2.0 or newer
| `- note: add 'if #available' version check
5873 | }
5874 | if #available(iOS 18, *) {
/Users/admin/builder/spi-builder-workspace/Sources/SystemSound/SystemSoundKeys.swift:5875:28: error: 'headGesturesPartialShake' is only available in visionOS 2.0 or newer
5748 | }
5749 |
5750 | extension SystemSoundKey {
| `- note: add '@available' attribute to enclosing extension
5751 | public static var allCases: [Self] {
| `- note: add '@available' attribute to enclosing static property
5752 | var result = InCallSystemSound.allCases.map({ .inCallSystemSound($0) }) +
5753 | EndOfCallToneCEPT.allCases.map({ .endOfCallToneCEPT($0) }) +
:
5873 | }
5874 | if #available(iOS 18, *) {
5875 | result.append(.headGesturesPartialShake)
| |- error: 'headGesturesPartialShake' is only available in visionOS 2.0 or newer
| `- note: add 'if #available' version check
5876 | }
5877 | if #available(iOS 18, *) {
/Users/admin/builder/spi-builder-workspace/Sources/SystemSound/SystemSoundKeys.swift:5878:28: error: 'regattaTimer' is only available in visionOS 2.0 or newer
5748 | }
5749 |
5750 | extension SystemSoundKey {
| `- note: add '@available' attribute to enclosing extension
5751 | public static var allCases: [Self] {
| `- note: add '@available' attribute to enclosing static property
5752 | var result = InCallSystemSound.allCases.map({ .inCallSystemSound($0) }) +
5753 | EndOfCallToneCEPT.allCases.map({ .endOfCallToneCEPT($0) }) +
:
5876 | }
5877 | if #available(iOS 18, *) {
5878 | result.append(.regattaTimer)
| |- error: 'regattaTimer' is only available in visionOS 2.0 or newer
| `- note: add 'if #available' version check
5879 | }
5880 | if #available(iOS 16, *) {
/Users/admin/builder/spi-builder-workspace/Sources/SystemSound/SystemSoundKeys.swift:5887:28: error: 'earInteractionComplete' is only available in visionOS 2.1 or newer
5748 | }
5749 |
5750 | extension SystemSoundKey {
| `- note: add '@available' attribute to enclosing extension
5751 | public static var allCases: [Self] {
| `- note: add '@available' attribute to enclosing static property
5752 | var result = InCallSystemSound.allCases.map({ .inCallSystemSound($0) }) +
5753 | EndOfCallToneCEPT.allCases.map({ .endOfCallToneCEPT($0) }) +
:
5885 | }
5886 | if #available(iOS 18.1, *) {
5887 | result.append(.earInteractionComplete)
| |- error: 'earInteractionComplete' is only available in visionOS 2.1 or newer
| `- note: add 'if #available' version check
5888 | }
5889 | if #available(iOS 16, *) {
/Users/admin/builder/spi-builder-workspace/Sources/SystemSound/SystemSoundKeys.swift:5914:28: error: 'dictationBegin' is only available in visionOS 2.0 or newer
5748 | }
5749 |
5750 | extension SystemSoundKey {
| `- note: add '@available' attribute to enclosing extension
5751 | public static var allCases: [Self] {
| `- note: add '@available' attribute to enclosing static property
5752 | var result = InCallSystemSound.allCases.map({ .inCallSystemSound($0) }) +
5753 | EndOfCallToneCEPT.allCases.map({ .endOfCallToneCEPT($0) }) +
:
5912 | }
5913 | if #available(iOS 18, *) {
5914 | result.append(.dictationBegin)
| |- error: 'dictationBegin' is only available in visionOS 2.0 or newer
| `- note: add 'if #available' version check
5915 | }
5916 | if #available(iOS 18, *) {
/Users/admin/builder/spi-builder-workspace/Sources/SystemSound/SystemSoundKeys.swift:5917:28: error: 'dictationCancel' is only available in visionOS 2.0 or newer
5748 | }
5749 |
5750 | extension SystemSoundKey {
| `- note: add '@available' attribute to enclosing extension
5751 | public static var allCases: [Self] {
| `- note: add '@available' attribute to enclosing static property
5752 | var result = InCallSystemSound.allCases.map({ .inCallSystemSound($0) }) +
5753 | EndOfCallToneCEPT.allCases.map({ .endOfCallToneCEPT($0) }) +
:
5915 | }
5916 | if #available(iOS 18, *) {
5917 | result.append(.dictationCancel)
| |- error: 'dictationCancel' is only available in visionOS 2.0 or newer
| `- note: add 'if #available' version check
5918 | }
5919 | if #available(iOS 18, *) {
/Users/admin/builder/spi-builder-workspace/Sources/SystemSound/SystemSoundKeys.swift:5920:28: error: 'dictationConfirm' is only available in visionOS 2.0 or newer
5748 | }
5749 |
5750 | extension SystemSoundKey {
| `- note: add '@available' attribute to enclosing extension
5751 | public static var allCases: [Self] {
| `- note: add '@available' attribute to enclosing static property
5752 | var result = InCallSystemSound.allCases.map({ .inCallSystemSound($0) }) +
5753 | EndOfCallToneCEPT.allCases.map({ .endOfCallToneCEPT($0) }) +
:
5918 | }
5919 | if #available(iOS 18, *) {
5920 | result.append(.dictationConfirm)
| |- error: 'dictationConfirm' is only available in visionOS 2.0 or newer
| `- note: add 'if #available' version check
5921 | }
5922 | if #available(iOS 18.2, *) {
/Users/admin/builder/spi-builder-workspace/Sources/SystemSound/SystemSoundKeys.swift:5923:28: error: 'remoteAttentionRequestAlert' is only available in visionOS 2.2 or newer
5748 | }
5749 |
5750 | extension SystemSoundKey {
| `- note: add '@available' attribute to enclosing extension
5751 | public static var allCases: [Self] {
| `- note: add '@available' attribute to enclosing static property
5752 | var result = InCallSystemSound.allCases.map({ .inCallSystemSound($0) }) +
5753 | EndOfCallToneCEPT.allCases.map({ .endOfCallToneCEPT($0) }) +
:
5921 | }
5922 | if #available(iOS 18.2, *) {
5923 | result.append(.remoteAttentionRequestAlert)
| |- error: 'remoteAttentionRequestAlert' is only available in visionOS 2.2 or newer
| `- note: add 'if #available' version check
5924 | }
5925 | if #available(iOS 16, *) {
Failed frontend command:
SwiftCompile normal arm64 /Users/admin/builder/spi-builder-workspace/Sources/SystemSound/SystemSoundKeys.swift (in target 'SystemSound' from project 'SystemSound')
cd /Users/admin/builder/spi-builder-workspace/.swiftpm/xcode
builtin-SwiftPerFileCompile SystemSoundKeys.swift
/Applications/Xcode-27.0.0-Release.Candidate.app/Contents/Developer/Toolchains/XcodeDefault.xctoolchain/usr/bin/swift-frontend -frontend -c /Users/admin/builder/spi-builder-workspace/Sources/SystemSound/SystemSound.swift -primary-file /Users/admin/builder/spi-builder-workspace/Sources/SystemSound/SystemSoundKeys.swift /Users/admin/builder/spi-builder-workspace/Sources/SystemSound/SystemSoundKind.swift -emit-dependencies-path /Users/admin/builder/spi-builder-workspace/.derivedData/Build/Intermediates.noindex/SystemSound.build/Debug-xros/SystemSound-t.build/Objects-normal/arm64/SystemSoundKeys.d -emit-const-values-path /Users/admin/builder/spi-builder-workspace/.derivedData/Build/Intermediates.noindex/SystemSound.build/Debug-xros/SystemSound-t.build/Objects-normal/arm64/SystemSoundKeys.swiftconstvalues -emit-reference-dependencies-path /Users/admin/builder/spi-builder-workspace/.derivedData/Build/Intermediates.noindex/SystemSound.build/Debug-xros/SystemSound-t.build/Objects-normal/arm64/SystemSoundKeys.swiftdeps -serialize-diagnostics-path /Users/admin/builder/spi-builder-workspace/.derivedData/Build/Intermediates.noindex/SystemSound.build/Debug-xros/SystemSound-t.build/Objects-normal/arm64/SystemSoundKeys.dia -target arm64-apple-xros1.0 -disable-cross-import-overlay-search -load-resolved-plugin /Applications/Xcode-27.0.0-Release.Candidate.app/Contents/Developer/Platforms/XROS.platform/Developer/usr/lib/swift/host/plugins/libFoundationMacros.dylib\#/Applications/Xcode-27.0.0-Release.Candidate.app/Contents/Developer/Platforms/XROS.platform/Developer/usr/bin/swift-plugin-server\#FoundationMacros -load-resolved-plugin /Applications/Xcode-27.0.0-Release.Candidate.app/Contents/Developer/Platforms/XROS.platform/Developer/usr/lib/swift/host/plugins/libObservationMacros.dylib\#/Applications/Xcode-27.0.0-Release.Candidate.app/Contents/Developer/Platforms/XROS.platform/Developer/usr/bin/swift-plugin-server\#ObservationMacros -load-resolved-plugin /Applications/Xcode-27.0.0-Release.Candidate.app/Contents/Developer/Platforms/XROS.platform/Developer/usr/lib/swift/host/plugins/libSwiftMacros.dylib\#/Applications/Xcode-27.0.0-Release.Candidate.app/Contents/Developer/Platforms/XROS.platform/Developer/usr/bin/swift-plugin-server\#SwiftMacros -disable-implicit-swift-modules -Xcc -fno-implicit-modules -Xcc -fno-implicit-module-maps -explicit-swift-module-map-file /Users/admin/builder/spi-builder-workspace/.derivedData/Build/Intermediates.noindex/SystemSound.build/Debug-xros/SystemSound-t.build/Objects-normal/arm64/SystemSound-dependencies-1.json -Xllvm -aarch64-use-tbi -enable-objc-interop -stack-check -sdk /Applications/Xcode-27.0.0-Release.Candidate.app/Contents/Developer/Platforms/XROS.platform/Developer/SDKs/XROS27.0.sdk -I /Users/admin/builder/spi-builder-workspace/.derivedData/Build/Products/Debug-xros -Isystem /Applications/Xcode-27.0.0-Release.Candidate.app/Contents/Developer/Platforms/XROS.platform/Developer/usr/lib -F /Users/admin/builder/spi-builder-workspace/.derivedData/Build/Products/Debug-xros -F /Applications/Xcode-27.0.0-Release.Candidate.app/Contents/Developer/Platforms/XROS.platform/Developer/Library/Frameworks -F /Applications/Xcode-27.0.0-Release.Candidate.app/Contents/Developer/Platforms/XROS.platform/Developer/SDKs/XROS27.0.sdk/Developer/Library/Frameworks -module-cache-path /Users/admin/builder/spi-builder-workspace/.derivedData/Build/Intermediates.noindex/SwiftExplicitPrecompiledModules -no-color-diagnostics -Xcc -fno-color-diagnostics -enable-testing -g -debug-info-format\=dwarf -dwarf-version\=4 -profile-generate -profile-coverage-mapping -swift-version 5 -Onone -D SWIFT_PACKAGE -D DEBUG -D SWIFT_MODULE_RESOURCE_BUNDLE_UNAVAILABLE -D Xcode -serialize-debugging-options -enable-experimental-feature DebugDescriptionMacro -empty-abi-descriptor -validate-clang-modules-once -clang-build-session-file /Users/admin/builder/spi-builder-workspace/.derivedData/ModuleCache.noindex/Session.modulevalidation -Xcc -working-directory -Xcc /Users/admin/builder/spi-builder-workspace/.swiftpm/xcode -enable-anonymous-context-mangled-names -file-compilation-dir /Users/admin/builder/spi-builder-workspace/.swiftpm/xcode -Xcc -D_LIBCPP_HARDENING_MODE\=_LIBCPP_HARDENING_MODE_DEBUG -Xcc -ivfsstatcache -Xcc /Users/admin/builder/spi-builder-workspace/.derivedData/SDKStatCaches.noindex/xros27.0-24M361-e829b21a6f8c9b70876ba0858053c044735bd543db762f57723cac368afd1ce4.sdkstatcache -Xcc -fmodules-prune-interval\=86400 -Xcc -fmodules-prune-after\=345600 -Xcc -I/Users/admin/builder/spi-builder-workspace/.derivedData/Build/Products/Debug-xros/include -Xcc -I/Users/admin/builder/spi-builder-workspace/.derivedData/Build/Intermediates.noindex/SystemSound.build/Debug-xros/SystemSound-t.build/DerivedSources-normal/arm64 -Xcc -I/Users/admin/builder/spi-builder-workspace/.derivedData/Build/Intermediates.noindex/SystemSound.build/Debug-xros/SystemSound-t.build/DerivedSources/arm64 -Xcc -I/Users/admin/builder/spi-builder-workspace/.derivedData/Build/Intermediates.noindex/SystemSound.build/Debug-xros/SystemSound-t.build/DerivedSources -Xcc -DSWIFT_PACKAGE -Xcc -DDEBUG\=1 -no-auto-bridging-header-chaining -module-name SystemSound -const-gather-protocols-file /Users/admin/builder/spi-builder-workspace/.derivedData/Build/Intermediates.noindex/SystemSound.build/Debug-xros/SystemSound-t.build/Objects-normal/arm64/SystemSound_const_extract_protocols.json -disable-clang-spi -clang-target arm64-apple-xros27.0 -target-sdk-version 27.0 -target-sdk-name xros27.0 -in-process-plugin-server-path /Applications/Xcode-27.0.0-Release.Candidate.app/Contents/Developer/Toolchains/XcodeDefault.xctoolchain/usr/lib/swift/host/libSwiftInProcPluginServer.dylib -parse-as-library -o /Users/admin/builder/spi-builder-workspace/.derivedData/Build/Intermediates.noindex/SystemSound.build/Debug-xros/SystemSound-t.build/Objects-normal/arm64/SystemSoundKeys.o -debug-module-path /Users/admin/builder/spi-builder-workspace/.derivedData/Build/Intermediates.noindex/SystemSound.build/Debug-xros/SystemSound-t.build/Objects-normal/arm64/SystemSound.swiftmodule -index-unit-output-path /SystemSound.build/Debug-xros/SystemSound-t.build/Objects-normal/arm64/SystemSoundKeys.o -index-store-path /Users/admin/builder/spi-builder-workspace/.derivedData/Index.noindex/DataStore -index-system-modules
SwiftCompile normal arm64 Compiling\ SystemSoundKind.swift /Users/admin/builder/spi-builder-workspace/Sources/SystemSound/SystemSoundKind.swift (in target 'SystemSound' from project 'SystemSound')
SwiftCompile normal arm64 /Users/admin/builder/spi-builder-workspace/Sources/SystemSound/SystemSoundKind.swift (in target 'SystemSound' from project 'SystemSound')
cd /Users/admin/builder/spi-builder-workspace/.swiftpm/xcode
builtin-SwiftPerFileCompile SystemSoundKind.swift
SwiftCompile normal arm64 Compiling\ SystemSound.swift /Users/admin/builder/spi-builder-workspace/Sources/SystemSound/SystemSound.swift (in target 'SystemSound' from project 'SystemSound')
SwiftCompile normal arm64 /Users/admin/builder/spi-builder-workspace/Sources/SystemSound/SystemSound.swift (in target 'SystemSound' from project 'SystemSound')
cd /Users/admin/builder/spi-builder-workspace/.swiftpm/xcode
builtin-SwiftPerFileCompile SystemSound.swift
SwiftEmitModule normal arm64 Emitting\ module\ for\ SystemSound (in target 'SystemSound' from project 'SystemSound')
SwiftCompile normal arm64 (in target 'SystemSound' from project 'SystemSound')
cd /Users/admin/builder/spi-builder-workspace/.swiftpm/xcode
SwiftDriverJobDiscovery normal arm64 Emitting module for SystemSound (in target 'SystemSound' from project 'SystemSound')
SwiftDriver\ Compilation\ Requirements SystemSound normal arm64 com.apple.xcode.tools.swift.compiler (in target 'SystemSound' from project 'SystemSound')
cd /Users/admin/builder/spi-builder-workspace/.swiftpm/xcode
builtin-Swift-Compilation-Requirements -- /Applications/Xcode-27.0.0-Release.Candidate.app/Contents/Developer/Toolchains/XcodeDefault.xctoolchain/usr/bin/swiftc -parse-as-library -module-name SystemSound -Onone @/Users/admin/builder/spi-builder-workspace/.derivedData/Build/Intermediates.noindex/SystemSound.build/Debug-xros/SystemSound-t.build/Objects-normal/arm64/SystemSound.SwiftFileList -DSWIFT_PACKAGE -DDEBUG -DSWIFT_MODULE_RESOURCE_BUNDLE_UNAVAILABLE -DXcode -plugin-path /Applications/Xcode-27.0.0-Release.Candidate.app/Contents/Developer/Toolchains/XcodeDefault.xctoolchain/usr/lib/swift/host/plugins/testing -enable-experimental-feature DebugDescriptionMacro -sdk /Applications/Xcode-27.0.0-Release.Candidate.app/Contents/Developer/Platforms/XROS.platform/Developer/SDKs/XROS27.0.sdk -target arm64-apple-xros1.0 -g -module-cache-path /Users/admin/builder/spi-builder-workspace/.derivedData/ModuleCache.noindex -Xfrontend -serialize-debugging-options -profile-coverage-mapping -profile-generate -enable-testing -index-store-path /Users/admin/builder/spi-builder-workspace/.derivedData/Index.noindex/DataStore -Xcc -D_LIBCPP_HARDENING_MODE\=_LIBCPP_HARDENING_MODE_DEBUG -swift-version 5 -I /Users/admin/builder/spi-builder-workspace/.derivedData/Build/Products/Debug-xros -Isystem /Applications/Xcode-27.0.0-Release.Candidate.app/Contents/Developer/Platforms/XROS.platform/Developer/usr/lib -F /Users/admin/builder/spi-builder-workspace/.derivedData/Build/Products/Debug-xros -F /Applications/Xcode-27.0.0-Release.Candidate.app/Contents/Developer/Platforms/XROS.platform/Developer/Library/Frameworks -F /Applications/Xcode-27.0.0-Release.Candidate.app/Contents/Developer/Platforms/XROS.platform/Developer/SDKs/XROS27.0.sdk/Developer/Library/Frameworks -c -j10 -enable-batch-mode -incremental -Xcc -ivfsstatcache -Xcc /Users/admin/builder/spi-builder-workspace/.derivedData/SDKStatCaches.noindex/xros27.0-24M361-e829b21a6f8c9b70876ba0858053c044735bd543db762f57723cac368afd1ce4.sdkstatcache -output-file-map /Users/admin/builder/spi-builder-workspace/.derivedData/Build/Intermediates.noindex/SystemSound.build/Debug-xros/SystemSound-t.build/Objects-normal/arm64/SystemSound-OutputFileMap.json -save-temps -no-color-diagnostics -explicit-module-build -module-cache-path /Users/admin/builder/spi-builder-workspace/.derivedData/Build/Intermediates.noindex/SwiftExplicitPrecompiledModules -clang-scanner-module-cache-path /Users/admin/builder/spi-builder-workspace/.derivedData/ModuleCache.noindex -sdk-module-cache-path /Users/admin/builder/spi-builder-workspace/.derivedData/SDKExplicitPrecompiledModules -emit-dependencies -emit-module -emit-module-path /Users/admin/builder/spi-builder-workspace/.derivedData/Build/Intermediates.noindex/SystemSound.build/Debug-xros/SystemSound-t.build/Objects-normal/arm64/SystemSound.swiftmodule -serialize-diagnostics -dependency-scan-serialize-diagnostics-path /Users/admin/builder/spi-builder-workspace/.derivedData/Build/Intermediates.noindex/SystemSound.build/Debug-xros/SystemSound-t.build/Objects-normal/arm64/SystemSound-dependency-scan.dia -validate-clang-modules-once -clang-build-session-file /Users/admin/builder/spi-builder-workspace/.derivedData/ModuleCache.noindex/Session.modulevalidation -Xcc -fmodules-prune-interval\=86400 -Xcc -fmodules-prune-after\=345600 -emit-const-values -const-gather-protocols-list /Users/admin/builder/spi-builder-workspace/.derivedData/Build/Intermediates.noindex/SystemSound.build/Debug-xros/SystemSound-t.build/Objects-normal/arm64/SystemSound_const_extract_protocols.json -Xcc -I/Users/admin/builder/spi-builder-workspace/.derivedData/Build/Products/Debug-xros/include -Xcc -I/Users/admin/builder/spi-builder-workspace/.derivedData/Build/Intermediates.noindex/SystemSound.build/Debug-xros/SystemSound-t.build/DerivedSources-normal/arm64 -Xcc -I/Users/admin/builder/spi-builder-workspace/.derivedData/Build/Intermediates.noindex/SystemSound.build/Debug-xros/SystemSound-t.build/DerivedSources/arm64 -Xcc -I/Users/admin/builder/spi-builder-workspace/.derivedData/Build/Intermediates.noindex/SystemSound.build/Debug-xros/SystemSound-t.build/DerivedSources -Xcc -DSWIFT_PACKAGE -Xcc -DDEBUG\=1 -emit-objc-header -emit-objc-header-path /Users/admin/builder/spi-builder-workspace/.derivedData/Build/Intermediates.noindex/SystemSound.build/Debug-xros/SystemSound-t.build/Objects-normal/arm64/SystemSound-Swift.h -working-directory /Users/admin/builder/spi-builder-workspace/.swiftpm/xcode -experimental-emit-module-separately -disable-cmo
SwiftMergeGeneratedHeaders /Users/admin/builder/spi-builder-workspace/.derivedData/Build/Intermediates.noindex/GeneratedModuleMaps-xros/SystemSound-Swift.h /Users/admin/builder/spi-builder-workspace/.derivedData/Build/Intermediates.noindex/SystemSound.build/Debug-xros/SystemSound-t.build/Objects-normal/arm64/SystemSound-Swift.h (in target 'SystemSound' from project 'SystemSound')
cd /Users/admin/builder/spi-builder-workspace
builtin-swiftHeaderTool -arch arm64 /Users/admin/builder/spi-builder-workspace/.derivedData/Build/Intermediates.noindex/SystemSound.build/Debug-xros/SystemSound-t.build/Objects-normal/arm64/SystemSound-Swift.h -o /Users/admin/builder/spi-builder-workspace/.derivedData/Build/Intermediates.noindex/GeneratedModuleMaps-xros/SystemSound-Swift.h
Copy /Users/admin/builder/spi-builder-workspace/.derivedData/Build/Products/Debug-xros/SystemSound.swiftmodule/arm64-apple-xros.swiftdoc /Users/admin/builder/spi-builder-workspace/.derivedData/Build/Intermediates.noindex/SystemSound.build/Debug-xros/SystemSound-t.build/Objects-normal/arm64/SystemSound.swiftdoc (in target 'SystemSound' from project 'SystemSound')
cd /Users/admin/builder/spi-builder-workspace
builtin-copy -exclude .DS_Store -exclude CVS -exclude .svn -exclude .git -exclude .hg -resolve-src-symlinks -rename /Users/admin/builder/spi-builder-workspace/.derivedData/Build/Intermediates.noindex/SystemSound.build/Debug-xros/SystemSound-t.build/Objects-normal/arm64/SystemSound.swiftdoc /Users/admin/builder/spi-builder-workspace/.derivedData/Build/Products/Debug-xros/SystemSound.swiftmodule/arm64-apple-xros.swiftdoc
Copy /Users/admin/builder/spi-builder-workspace/.derivedData/Build/Products/Debug-xros/SystemSound.swiftmodule/arm64-apple-xros.swiftmodule /Users/admin/builder/spi-builder-workspace/.derivedData/Build/Intermediates.noindex/SystemSound.build/Debug-xros/SystemSound-t.build/Objects-normal/arm64/SystemSound.swiftmodule (in target 'SystemSound' from project 'SystemSound')
cd /Users/admin/builder/spi-builder-workspace
builtin-copy -exclude .DS_Store -exclude CVS -exclude .svn -exclude .git -exclude .hg -resolve-src-symlinks -rename /Users/admin/builder/spi-builder-workspace/.derivedData/Build/Intermediates.noindex/SystemSound.build/Debug-xros/SystemSound-t.build/Objects-normal/arm64/SystemSound.swiftmodule /Users/admin/builder/spi-builder-workspace/.derivedData/Build/Products/Debug-xros/SystemSound.swiftmodule/arm64-apple-xros.swiftmodule
Copy /Users/admin/builder/spi-builder-workspace/.derivedData/Build/Products/Debug-xros/SystemSound.swiftmodule/arm64-apple-xros.abi.json /Users/admin/builder/spi-builder-workspace/.derivedData/Build/Intermediates.noindex/SystemSound.build/Debug-xros/SystemSound-t.build/Objects-normal/arm64/SystemSound.abi.json (in target 'SystemSound' from project 'SystemSound')
cd /Users/admin/builder/spi-builder-workspace
builtin-copy -exclude .DS_Store -exclude CVS -exclude .svn -exclude .git -exclude .hg -resolve-src-symlinks -rename /Users/admin/builder/spi-builder-workspace/.derivedData/Build/Intermediates.noindex/SystemSound.build/Debug-xros/SystemSound-t.build/Objects-normal/arm64/SystemSound.abi.json /Users/admin/builder/spi-builder-workspace/.derivedData/Build/Products/Debug-xros/SystemSound.swiftmodule/arm64-apple-xros.abi.json
Copy /Users/admin/builder/spi-builder-workspace/.derivedData/Build/Products/Debug-xros/SystemSound.swiftmodule/Project/arm64-apple-xros.swiftsourceinfo /Users/admin/builder/spi-builder-workspace/.derivedData/Build/Intermediates.noindex/SystemSound.build/Debug-xros/SystemSound-t.build/Objects-normal/arm64/SystemSound.swiftsourceinfo (in target 'SystemSound' from project 'SystemSound')
cd /Users/admin/builder/spi-builder-workspace
builtin-copy -exclude .DS_Store -exclude CVS -exclude .svn -exclude .git -exclude .hg -resolve-src-symlinks -rename /Users/admin/builder/spi-builder-workspace/.derivedData/Build/Intermediates.noindex/SystemSound.build/Debug-xros/SystemSound-t.build/Objects-normal/arm64/SystemSound.swiftsourceinfo /Users/admin/builder/spi-builder-workspace/.derivedData/Build/Products/Debug-xros/SystemSound.swiftmodule/Project/arm64-apple-xros.swiftsourceinfo
SwiftDriverJobDiscovery normal arm64 Compiling SystemSound.swift (in target 'SystemSound' from project 'SystemSound')
SwiftDriverJobDiscovery normal arm64 Compiling SystemSoundKind.swift (in target 'SystemSound' from project 'SystemSound')
PruneExplicitPrecompiledModules /Users/admin/builder/spi-builder-workspace/.derivedData/Build/Intermediates.noindex/ExplicitPrecompiledModules
PruneExplicitPrecompiledModules /Users/admin/builder/spi-builder-workspace/.derivedData/SDKExplicitPrecompiledModules
PruneExplicitPrecompiledModules /Users/admin/builder/spi-builder-workspace/.derivedData/Build/Intermediates.noindex/SwiftExplicitPrecompiledModules
2026-09-23 12:56:58.904 xcodebuild[625:3927] [MT] IDERunDestination: Supported platforms for the buildables in the current scheme is empty.
** BUILD FAILED **
The following build commands failed:
SwiftCompile normal arm64 /Users/admin/builder/spi-builder-workspace/Sources/SystemSound/SystemSoundKeys.swift (in target 'SystemSound' from project 'SystemSound')
SwiftCompile normal arm64 Compiling\ SystemSoundKeys.swift /Users/admin/builder/spi-builder-workspace/Sources/SystemSound/SystemSoundKeys.swift (in target 'SystemSound' from project 'SystemSound')
Building workspace SystemSound with scheme SystemSound
(3 failures)
Command line invocation:
/Applications/Xcode-27.0.0-Release.Candidate.app/Contents/Developer/usr/bin/xcodebuild -IDEClonedSourcePackagesDirPathOverride=/Users/admin/builder/spi-builder-workspace/.dependencies -resolvePackageDependencies
Resolve Package Graph
Resolved source packages:
SystemSound: /Users/admin/builder/spi-builder-workspace
resolved source packages: SystemSound
2026-09-23 12:57:05.988 xcodebuild[709:4388] [MT] IDERunDestination: Supported platforms for the buildables in the current scheme is empty.
{
"dependencies" : [
],
"manifest_display_name" : "SystemSound",
"name" : "SystemSound",
"path" : "/Users/admin/builder/spi-builder-workspace",
"platforms" : [
],
"products" : [
{
"name" : "SystemSound",
"targets" : [
"SystemSound"
],
"type" : {
"library" : [
"automatic"
]
}
}
],
"targets" : [
{
"c99name" : "SystemSoundTests",
"module_type" : "SwiftTarget",
"name" : "SystemSoundTests",
"path" : "Tests/SystemSoundTests",
"sources" : [
"SystemSoundTests.swift"
],
"target_dependencies" : [
"SystemSound"
],
"type" : "test"
},
{
"c99name" : "SystemSound",
"module_type" : "SwiftTarget",
"name" : "SystemSound",
"path" : "Sources/SystemSound",
"product_memberships" : [
"SystemSound"
],
"sources" : [
"SystemSound.swift",
"SystemSoundKeys.swift",
"SystemSoundKind.swift"
],
"type" : "library"
}
],
"tools_version" : "5.8"
}
{
"workspace" : {
"name" : "SystemSound",
"schemes" : [
"SystemSound"
]
}
}
2026-09-23 12:57:07.206 xcodebuild[717:4455] [MT] IDERunDestination: Supported platforms for the buildables in the current scheme is empty.
Running build ...
env DEVELOPER_DIR=/Applications/Xcode-27.0.0-Release.Candidate.app xcrun xcodebuild -IDEClonedSourcePackagesDirPathOverride=$PWD/.dependencies -skipMacroValidation -skipPackagePluginValidation -derivedDataPath $PWD/.derivedData build -scheme SystemSound -destination generic/platform=xrOS
Command line invocation:
/Applications/Xcode-27.0.0-Release.Candidate.app/Contents/Developer/usr/bin/xcodebuild -IDEClonedSourcePackagesDirPathOverride=/Users/admin/builder/spi-builder-workspace/.dependencies -skipMacroValidation -skipPackagePluginValidation -derivedDataPath /Users/admin/builder/spi-builder-workspace/.derivedData build -scheme SystemSound -destination generic/platform=xrOS
Resolve Package Graph
Resolved source packages:
SystemSound: /Users/admin/builder/spi-builder-workspace
ComputePackagePrebuildTargetDependencyGraph
Prepare packages
CreateBuildRequest
SendProjectDescription
CreateBuildOperation
ComputeTargetDependencyGraph
note: Building targets in dependency order
note: Target dependency graph (2 targets)
Target 'SystemSound-product' in project 'SystemSound'
➜ Explicit dependency on target 'SystemSound' in project 'SystemSound'
Target 'SystemSound' in project 'SystemSound' (no dependencies)
GatherProvisioningInputs
CreateBuildDescription
ClangStatCache /Applications/Xcode-27.0.0-Release.Candidate.app/Contents/Developer/Toolchains/XcodeDefault.xctoolchain/usr/bin/clang-stat-cache /Applications/Xcode-27.0.0-Release.Candidate.app/Contents/Developer/Platforms/XROS.platform/Developer/SDKs/XROS27.0.sdk /Users/admin/builder/spi-builder-workspace/.derivedData/SDKStatCaches.noindex/xros27.0-24M361-e829b21a6f8c9b70876ba0858053c044735bd543db762f57723cac368afd1ce4.sdkstatcache
cd /Users/admin/builder/spi-builder-workspace/.swiftpm/xcode
/Applications/Xcode-27.0.0-Release.Candidate.app/Contents/Developer/Toolchains/XcodeDefault.xctoolchain/usr/bin/clang-stat-cache /Applications/Xcode-27.0.0-Release.Candidate.app/Contents/Developer/Platforms/XROS.platform/Developer/SDKs/XROS27.0.sdk -o /Users/admin/builder/spi-builder-workspace/.derivedData/SDKStatCaches.noindex/xros27.0-24M361-e829b21a6f8c9b70876ba0858053c044735bd543db762f57723cac368afd1ce4.sdkstatcache
SwiftDriver SystemSound normal arm64 com.apple.xcode.tools.swift.compiler (in target 'SystemSound' from project 'SystemSound')
cd /Users/admin/builder/spi-builder-workspace/.swiftpm/xcode
builtin-SwiftDriver -- /Applications/Xcode-27.0.0-Release.Candidate.app/Contents/Developer/Toolchains/XcodeDefault.xctoolchain/usr/bin/swiftc -parse-as-library -module-name SystemSound -Onone @/Users/admin/builder/spi-builder-workspace/.derivedData/Build/Intermediates.noindex/SystemSound.build/Debug-xros/SystemSound-t.build/Objects-normal/arm64/SystemSound.SwiftFileList -DSWIFT_PACKAGE -DDEBUG -DSWIFT_MODULE_RESOURCE_BUNDLE_UNAVAILABLE -DXcode -plugin-path /Applications/Xcode-27.0.0-Release.Candidate.app/Contents/Developer/Toolchains/XcodeDefault.xctoolchain/usr/lib/swift/host/plugins/testing -enable-experimental-feature DebugDescriptionMacro -sdk /Applications/Xcode-27.0.0-Release.Candidate.app/Contents/Developer/Platforms/XROS.platform/Developer/SDKs/XROS27.0.sdk -target arm64-apple-xros1.0 -g -module-cache-path /Users/admin/builder/spi-builder-workspace/.derivedData/ModuleCache.noindex -Xfrontend -serialize-debugging-options -profile-coverage-mapping -profile-generate -enable-testing -index-store-path /Users/admin/builder/spi-builder-workspace/.derivedData/Index.noindex/DataStore -Xcc -D_LIBCPP_HARDENING_MODE\=_LIBCPP_HARDENING_MODE_DEBUG -swift-version 5 -I /Users/admin/builder/spi-builder-workspace/.derivedData/Build/Products/Debug-xros -Isystem /Applications/Xcode-27.0.0-Release.Candidate.app/Contents/Developer/Platforms/XROS.platform/Developer/usr/lib -F /Users/admin/builder/spi-builder-workspace/.derivedData/Build/Products/Debug-xros -F /Applications/Xcode-27.0.0-Release.Candidate.app/Contents/Developer/Platforms/XROS.platform/Developer/Library/Frameworks -F /Applications/Xcode-27.0.0-Release.Candidate.app/Contents/Developer/Platforms/XROS.platform/Developer/SDKs/XROS27.0.sdk/Developer/Library/Frameworks -c -j10 -enable-batch-mode -incremental -Xcc -ivfsstatcache -Xcc /Users/admin/builder/spi-builder-workspace/.derivedData/SDKStatCaches.noindex/xros27.0-24M361-e829b21a6f8c9b70876ba0858053c044735bd543db762f57723cac368afd1ce4.sdkstatcache -output-file-map /Users/admin/builder/spi-builder-workspace/.derivedData/Build/Intermediates.noindex/SystemSound.build/Debug-xros/SystemSound-t.build/Objects-normal/arm64/SystemSound-OutputFileMap.json -save-temps -no-color-diagnostics -explicit-module-build -module-cache-path /Users/admin/builder/spi-builder-workspace/.derivedData/Build/Intermediates.noindex/SwiftExplicitPrecompiledModules -clang-scanner-module-cache-path /Users/admin/builder/spi-builder-workspace/.derivedData/ModuleCache.noindex -sdk-module-cache-path /Users/admin/builder/spi-builder-workspace/.derivedData/SDKExplicitPrecompiledModules -emit-dependencies -emit-module -emit-module-path /Users/admin/builder/spi-builder-workspace/.derivedData/Build/Intermediates.noindex/SystemSound.build/Debug-xros/SystemSound-t.build/Objects-normal/arm64/SystemSound.swiftmodule -serialize-diagnostics -dependency-scan-serialize-diagnostics-path /Users/admin/builder/spi-builder-workspace/.derivedData/Build/Intermediates.noindex/SystemSound.build/Debug-xros/SystemSound-t.build/Objects-normal/arm64/SystemSound-dependency-scan.dia -validate-clang-modules-once -clang-build-session-file /Users/admin/builder/spi-builder-workspace/.derivedData/ModuleCache.noindex/Session.modulevalidation -Xcc -fmodules-prune-interval\=86400 -Xcc -fmodules-prune-after\=345600 -emit-const-values -const-gather-protocols-list /Users/admin/builder/spi-builder-workspace/.derivedData/Build/Intermediates.noindex/SystemSound.build/Debug-xros/SystemSound-t.build/Objects-normal/arm64/SystemSound_const_extract_protocols.json -Xcc -I/Users/admin/builder/spi-builder-workspace/.derivedData/Build/Products/Debug-xros/include -Xcc -I/Users/admin/builder/spi-builder-workspace/.derivedData/Build/Intermediates.noindex/SystemSound.build/Debug-xros/SystemSound-t.build/DerivedSources-normal/arm64 -Xcc -I/Users/admin/builder/spi-builder-workspace/.derivedData/Build/Intermediates.noindex/SystemSound.build/Debug-xros/SystemSound-t.build/DerivedSources/arm64 -Xcc -I/Users/admin/builder/spi-builder-workspace/.derivedData/Build/Intermediates.noindex/SystemSound.build/Debug-xros/SystemSound-t.build/DerivedSources -Xcc -DSWIFT_PACKAGE -Xcc -DDEBUG\=1 -emit-objc-header -emit-objc-header-path /Users/admin/builder/spi-builder-workspace/.derivedData/Build/Intermediates.noindex/SystemSound.build/Debug-xros/SystemSound-t.build/Objects-normal/arm64/SystemSound-Swift.h -working-directory /Users/admin/builder/spi-builder-workspace/.swiftpm/xcode -experimental-emit-module-separately -disable-cmo
SwiftEmitModule normal arm64 Emitting\ module\ for\ SystemSound (in target 'SystemSound' from project 'SystemSound')
SwiftCompile normal arm64 (in target 'SystemSound' from project 'SystemSound')
cd /Users/admin/builder/spi-builder-workspace/.swiftpm/xcode
SwiftCompile normal arm64 Compiling\ SystemSoundKeys.swift /Users/admin/builder/spi-builder-workspace/Sources/SystemSound/SystemSoundKeys.swift (in target 'SystemSound' from project 'SystemSound')
/Users/admin/builder/spi-builder-workspace/Sources/SystemSound/SystemSoundKeys.swift:185:55: error: 'endCallToneCept' is only available in visionOS 26.0 or newer
174 |
175 | /// EndOfCallTone_CEPT'
176 | public struct EndOfCallToneCEPT: CaseIterable, Sendable {
| `- note: add '@available' attribute to enclosing struct
177 | public static let categoryName = "EndOfCallTone_CEPT"
178 |
:
181 | public let kind: SystemSoundKind
182 |
183 | public static var allCases: [Self] {
| `- note: add '@available' attribute to enclosing static property
184 | var result: [Self] = []
185 | if #available(iOS 26, *) { result.append(.endCallToneCept) }
| |- error: 'endCallToneCept' is only available in visionOS 26.0 or newer
| `- note: add 'if #available' version check
186 | return result
187 | }
/Users/admin/builder/spi-builder-workspace/Sources/SystemSound/SystemSoundKeys.swift:2957:55: error: 'liveTranslationStart' is only available in visionOS 26.0 or newer
2946 |
2947 | /// PersonalTranslator
2948 | public struct PersonalTranslator: CaseIterable, Sendable {
| `- note: add '@available' attribute to enclosing struct
2949 | public static let categoryName = "PersonalTranslator"
2950 |
:
2953 | public let kind: SystemSoundKind
2954 |
2955 | public static var allCases: [Self] {
| `- note: add '@available' attribute to enclosing static property
2956 | var result: [Self] = []
2957 | if #available(iOS 26, *) { result.append(.liveTranslationStart) }
| |- error: 'liveTranslationStart' is only available in visionOS 26.0 or newer
| `- note: add 'if #available' version check
2958 | if #available(iOS 26, *) { result.append(.liveTranslationStop) }
2959 | if #available(iOS 26, *) { result.append(.dualBudLongPressFailure) }
/Users/admin/builder/spi-builder-workspace/Sources/SystemSound/SystemSoundKeys.swift:2958:55: error: 'liveTranslationStop' is only available in visionOS 26.0 or newer
2946 |
2947 | /// PersonalTranslator
2948 | public struct PersonalTranslator: CaseIterable, Sendable {
| `- note: add '@available' attribute to enclosing struct
2949 | public static let categoryName = "PersonalTranslator"
2950 |
:
2953 | public let kind: SystemSoundKind
2954 |
2955 | public static var allCases: [Self] {
| `- note: add '@available' attribute to enclosing static property
2956 | var result: [Self] = []
2957 | if #available(iOS 26, *) { result.append(.liveTranslationStart) }
2958 | if #available(iOS 26, *) { result.append(.liveTranslationStop) }
| |- error: 'liveTranslationStop' is only available in visionOS 26.0 or newer
| `- note: add 'if #available' version check
2959 | if #available(iOS 26, *) { result.append(.dualBudLongPressFailure) }
2960 | return result
/Users/admin/builder/spi-builder-workspace/Sources/SystemSound/SystemSoundKeys.swift:2959:55: error: 'dualBudLongPressFailure' is only available in visionOS 26.0 or newer
2946 |
2947 | /// PersonalTranslator
2948 | public struct PersonalTranslator: CaseIterable, Sendable {
| `- note: add '@available' attribute to enclosing struct
2949 | public static let categoryName = "PersonalTranslator"
2950 |
:
2953 | public let kind: SystemSoundKind
2954 |
2955 | public static var allCases: [Self] {
| `- note: add '@available' attribute to enclosing static property
2956 | var result: [Self] = []
2957 | if #available(iOS 26, *) { result.append(.liveTranslationStart) }
2958 | if #available(iOS 26, *) { result.append(.liveTranslationStop) }
2959 | if #available(iOS 26, *) { result.append(.dualBudLongPressFailure) }
| |- error: 'dualBudLongPressFailure' is only available in visionOS 26.0 or newer
| `- note: add 'if #available' version check
2960 | return result
2961 | }
/Users/admin/builder/spi-builder-workspace/Sources/SystemSound/SystemSoundKeys.swift:5557:55: error: 'satelliteMessageSent' is only available in visionOS 26.0 or newer
5546 |
5547 | /// Satellite_Message_Sent_Haptic
5548 | public struct SatelliteMessageSentHaptic: CaseIterable, Sendable {
| `- note: add '@available' attribute to enclosing struct
5549 | public static let categoryName = "Satellite_Message_Sent_Haptic"
5550 |
:
5553 | public let kind: SystemSoundKind
5554 |
5555 | public static var allCases: [Self] {
| `- note: add '@available' attribute to enclosing static property
5556 | var result: [Self] = []
5557 | if #available(iOS 26, *) { result.append(.satelliteMessageSent) }
| |- error: 'satelliteMessageSent' is only available in visionOS 26.0 or newer
| `- note: add 'if #available' version check
5558 | return result
5559 | }
/Users/admin/builder/spi-builder-workspace/Sources/SystemSound/SystemSoundKeys.swift:5848:28: error: 'photoShutter' is only available in visionOS 26.0 or newer
5748 | }
5749 |
5750 | extension SystemSoundKey {
| `- note: add '@available' attribute to enclosing extension
5751 | public static var allCases: [Self] {
| `- note: add '@available' attribute to enclosing static property
5752 | var result = InCallSystemSound.allCases.map({ .inCallSystemSound($0) }) +
5753 | EndOfCallToneCEPT.allCases.map({ .endOfCallToneCEPT($0) }) +
:
5846 | [connectPower, mediaPaused, mediaHandoff, acknowledgmentSent, acknowledgmentReceived, lowPower, failedUnlock, jblBegin, jblConfirm, jblCancel, jblAmbiguous, jblNoMatch, focusChangeKeyboard, focusChangeAppIcon, focusChangeLarge, focusChangeSmall, navigationPush, navigationPop, keyboardPressNormal, keyboardPressDelete, keyboardPressClear, vcInvitationAccepted, vcRinging, vcEnded, goToSleepAlert, warsaw, pearlSuccess, pearlFailure, usbHardeningAlert, paymentReceived, ringerVibeChanged, silentVibeChanged, vibrateAlways, headphoneAudioExposureLimitExceeded, healthNotificationUrgent, navigationGenericManeuver, notificationHaptic, ringtoneUSHaptic, ringtoneUKHaptic, alarmHaptic, siriStartHaptic, siriStopSuccessHaptic, siriStopFailureHaptic, stockholmHaptic, beatHaptic, rubberBandHaptic, doNotDisturbHaptic, uiConfirmationHaptic, etHeartbeatHaptic, timerHaptic, navigationLeftTurnHaptic, navigationRightTurnHaptic, detentHaptic, navigationGenericManeuverHaptic, cameraCountdownTickHaptic, cameraCountdownImminentHaptic, etRemoteTapReceiveHaptic, etRemoteTapSendHaptic, etBeginNotificationHaptic, doNotDisturbExpiryWarningHaptic, stockholmActiveHaptic, stockholmActiveSingleCycleHaptic, stockholmFailureHaptic, sedentaryTimerHaptic, hourlyChimeHaptic, previewAudioAndHaptic, alertActivityGoalAttainedHaptic, alertActivityGoalBehindHaptic, alertActivityGoalCloseHaptic, alertCalendarHaptic, alertPassbookBalanceHaptic, alertPassbookGeofenceHaptic, alertPhotostreamActivityHaptic, alertReminderDueHaptic, alertWalkieTalkieHaptic, batteryMagsafeHaptic, buddyPairingFailureHaptic, buddyPairingSuccessHaptic, alertMapsDirectionsInAppHaptic, messagesIncomingHaptic, messagesOutgoingHaptic, onOffPasscodeFailureHaptic, orbInvokeHaptic, orbLayersHaptic, phoneHangUpHaptic, photosZoomDetentHaptic, qbDictationHaptic, springboardEdgeUniverseHaptic, springboardHardStopHaptic, stopwatchLapHaptic, stopwatchResetHaptic, stopwatchStartHaptic, stopwatchStopHaptic, timerCancelHaptic, timerPauseHaptic, timerStartHaptic, timerWheelHoursDetentHaptic, walkieTalkieActiveStartHaptic, workoutCompleteHaptic, workoutCountdownHaptic, alert3rdPartyHaptic, workoutSelectHaptic, workoutPressStartHaptic, clockAnalogTickHaptic, timerWheelMinutesDetentHaptic, phoneAnswerHaptic, phoneHoldHaptic, walkieTalkieActiveEndHaptic, uiSnapHaptic, uiSwitchOnHaptic, uiSwitchOffHaptic, uiSwipeHaptic, systemStartupHaptic, buddyPairingRemoteConnectionHaptic, buddyPairingRemoteTapHaptic, qbDictationOffHaptic, ringtoneDuckedUSHaptic, ringtoneDuckedUKHaptic, salientNotificationHaptic, notificationSalientHaptic, etBeginNotificationSalientHaptic, alertCalendarSalientHaptic, alertReminderDueSalientHaptic, alert3rdPartySalientHaptic, _3rdPartyDirectionUpHaptic, _3rdPartyDirectionDownHaptic, _3rdPartySuccessHaptic, _3rdPartyFailureHaptic, _3rdPartyRetryHaptic, _3rdPartyStartHaptic, _3rdPartyStopHaptic, alarmNightstandHaptic, navigationLeftTurnSalientHaptic, navigationRightTurnSalientHaptic, navigationGenericManeuverSalientHaptic, sedentaryTimerSalientHaptic, alertActivityGoalAttainedSalientHaptic, alertActivityGoalBehindSalientHaptic, alertPassbookGeofenceSalientHaptic, workoutSavedHaptic, orbPeekHaptic, orbPopHaptic, orbNegativeHaptic, voiceOverClickHaptic, siriAutoSendHaptic, hummingbirdCycleHaptic, hummingbirdCompletionHaptic, hummingbirdNotificationHaptic, remoteCameraShutterBurstBeginHaptic, remoteCameraShutterBurstEndHaptic, workoutPausedHaptic, workoutResumedHaptic, goToSleepHaptic, warsawHaptic, autoUnlockHaptic, alertActivityFriendsGoalAttainedHaptic, alertSpartanConnectingHaptic, alertSpartanConnectingLowLatencyHaptic, alertSpartanConnectedLowLatencyHaptic, alertSpartanDisconnectedLowLatencyHaptic, alertSpartanReminderEscalationLevel1Haptic, alertSpartanReminderEscalationLevel2Haptic, alertSpartanReminderEscalationLevel3Haptic, alertSpartanReminderEscalationLevel4Haptic, accessScanCompleteHaptic, buddyMigrationStartHaptic, sosFallDetectionPromptHaptic, sosEmergencyContactTextPromptHaptic, walkieTalkieReceiveStartHaptic, walkieTalkieReceiveEndHaptic, alertHealthHaptic, systemNotificationHaptic, sosFallDetectionPromptEscalationHaptic, walkAMileHaptic, healthReadingCompleteHaptic, healthReadingFailHaptic, vibrate]
5847 | if #available(iOS 26, *) {
5848 | result.append(.photoShutter)
| |- error: 'photoShutter' is only available in visionOS 26.0 or newer
| `- note: add 'if #available' version check
5849 | }
5850 | if #available(iOS 26, *) {
/Users/admin/builder/spi-builder-workspace/Sources/SystemSound/SystemSoundKeys.swift:5851:28: error: 'beginRecord' is only available in visionOS 26.0 or newer
5748 | }
5749 |
5750 | extension SystemSoundKey {
| `- note: add '@available' attribute to enclosing extension
5751 | public static var allCases: [Self] {
| `- note: add '@available' attribute to enclosing static property
5752 | var result = InCallSystemSound.allCases.map({ .inCallSystemSound($0) }) +
5753 | EndOfCallToneCEPT.allCases.map({ .endOfCallToneCEPT($0) }) +
:
5849 | }
5850 | if #available(iOS 26, *) {
5851 | result.append(.beginRecord)
| |- error: 'beginRecord' is only available in visionOS 26.0 or newer
| `- note: add 'if #available' version check
5852 | }
5853 | if #available(iOS 26, *) {
/Users/admin/builder/spi-builder-workspace/Sources/SystemSound/SystemSoundKeys.swift:5854:28: error: 'endRecord' is only available in visionOS 26.0 or newer
5748 | }
5749 |
5750 | extension SystemSoundKey {
| `- note: add '@available' attribute to enclosing extension
5751 | public static var allCases: [Self] {
| `- note: add '@available' attribute to enclosing static property
5752 | var result = InCallSystemSound.allCases.map({ .inCallSystemSound($0) }) +
5753 | EndOfCallToneCEPT.allCases.map({ .endOfCallToneCEPT($0) }) +
:
5852 | }
5853 | if #available(iOS 26, *) {
5854 | result.append(.endRecord)
| |- error: 'endRecord' is only available in visionOS 26.0 or newer
| `- note: add 'if #available' version check
5855 | }
5856 | if #available(iOS 18, *) {
/Users/admin/builder/spi-builder-workspace/Sources/SystemSound/SystemSoundKeys.swift:5857:28: error: 'nfcCardProvisioned' is only available in visionOS 2.0 or newer
5748 | }
5749 |
5750 | extension SystemSoundKey {
| `- note: add '@available' attribute to enclosing extension
5751 | public static var allCases: [Self] {
| `- note: add '@available' attribute to enclosing static property
5752 | var result = InCallSystemSound.allCases.map({ .inCallSystemSound($0) }) +
5753 | EndOfCallToneCEPT.allCases.map({ .endOfCallToneCEPT($0) }) +
:
5855 | }
5856 | if #available(iOS 18, *) {
5857 | result.append(.nfcCardProvisioned)
| |- error: 'nfcCardProvisioned' is only available in visionOS 2.0 or newer
| `- note: add 'if #available' version check
5858 | }
5859 | if #available(iOS 18, *) {
/Users/admin/builder/spi-builder-workspace/Sources/SystemSound/SystemSoundKeys.swift:5860:28: error: 'nfcCardComplete' is only available in visionOS 2.0 or newer
5748 | }
5749 |
5750 | extension SystemSoundKey {
| `- note: add '@available' attribute to enclosing extension
5751 | public static var allCases: [Self] {
| `- note: add '@available' attribute to enclosing static property
5752 | var result = InCallSystemSound.allCases.map({ .inCallSystemSound($0) }) +
5753 | EndOfCallToneCEPT.allCases.map({ .endOfCallToneCEPT($0) }) +
:
5858 | }
5859 | if #available(iOS 18, *) {
5860 | result.append(.nfcCardComplete)
| |- error: 'nfcCardComplete' is only available in visionOS 2.0 or newer
| `- note: add 'if #available' version check
5861 | }
5862 | if #available(iOS 18, *) {
/Users/admin/builder/spi-builder-workspace/Sources/SystemSound/SystemSoundKeys.swift:5863:28: error: 'nfcCardError' is only available in visionOS 2.0 or newer
5748 | }
5749 |
5750 | extension SystemSoundKey {
| `- note: add '@available' attribute to enclosing extension
5751 | public static var allCases: [Self] {
| `- note: add '@available' attribute to enclosing static property
5752 | var result = InCallSystemSound.allCases.map({ .inCallSystemSound($0) }) +
5753 | EndOfCallToneCEPT.allCases.map({ .endOfCallToneCEPT($0) }) +
:
5861 | }
5862 | if #available(iOS 18, *) {
5863 | result.append(.nfcCardError)
| |- error: 'nfcCardError' is only available in visionOS 2.0 or newer
| `- note: add 'if #available' version check
5864 | }
5865 | if #available(iOS 18, *) {
/Users/admin/builder/spi-builder-workspace/Sources/SystemSound/SystemSoundKeys.swift:5866:28: error: 'headGesturesDoubleNod' is only available in visionOS 2.0 or newer
5748 | }
5749 |
5750 | extension SystemSoundKey {
| `- note: add '@available' attribute to enclosing extension
5751 | public static var allCases: [Self] {
| `- note: add '@available' attribute to enclosing static property
5752 | var result = InCallSystemSound.allCases.map({ .inCallSystemSound($0) }) +
5753 | EndOfCallToneCEPT.allCases.map({ .endOfCallToneCEPT($0) }) +
:
5864 | }
5865 | if #available(iOS 18, *) {
5866 | result.append(.headGesturesDoubleNod)
| |- error: 'headGesturesDoubleNod' is only available in visionOS 2.0 or newer
| `- note: add 'if #available' version check
5867 | }
5868 | if #available(iOS 18, *) {
/Users/admin/builder/spi-builder-workspace/Sources/SystemSound/SystemSoundKeys.swift:5869:28: error: 'headGesturesDoubleShake' is only available in visionOS 2.0 or newer
5748 | }
5749 |
5750 | extension SystemSoundKey {
| `- note: add '@available' attribute to enclosing extension
5751 | public static var allCases: [Self] {
| `- note: add '@available' attribute to enclosing static property
5752 | var result = InCallSystemSound.allCases.map({ .inCallSystemSound($0) }) +
5753 | EndOfCallToneCEPT.allCases.map({ .endOfCallToneCEPT($0) }) +
:
5867 | }
5868 | if #available(iOS 18, *) {
5869 | result.append(.headGesturesDoubleShake)
| |- error: 'headGesturesDoubleShake' is only available in visionOS 2.0 or newer
| `- note: add 'if #available' version check
5870 | }
5871 | if #available(iOS 18, *) {
/Users/admin/builder/spi-builder-workspace/Sources/SystemSound/SystemSoundKeys.swift:5872:28: error: 'headGesturesPartialNod' is only available in visionOS 2.0 or newer
5748 | }
5749 |
5750 | extension SystemSoundKey {
| `- note: add '@available' attribute to enclosing extension
5751 | public static var allCases: [Self] {
| `- note: add '@available' attribute to enclosing static property
5752 | var result = InCallSystemSound.allCases.map({ .inCallSystemSound($0) }) +
5753 | EndOfCallToneCEPT.allCases.map({ .endOfCallToneCEPT($0) }) +
:
5870 | }
5871 | if #available(iOS 18, *) {
5872 | result.append(.headGesturesPartialNod)
| |- error: 'headGesturesPartialNod' is only available in visionOS 2.0 or newer
| `- note: add 'if #available' version check
5873 | }
5874 | if #available(iOS 18, *) {
/Users/admin/builder/spi-builder-workspace/Sources/SystemSound/SystemSoundKeys.swift:5875:28: error: 'headGesturesPartialShake' is only available in visionOS 2.0 or newer
5748 | }
5749 |
5750 | extension SystemSoundKey {
| `- note: add '@available' attribute to enclosing extension
5751 | public static var allCases: [Self] {
| `- note: add '@available' attribute to enclosing static property
5752 | var result = InCallSystemSound.allCases.map({ .inCallSystemSound($0) }) +
5753 | EndOfCallToneCEPT.allCases.map({ .endOfCallToneCEPT($0) }) +
:
5873 | }
5874 | if #available(iOS 18, *) {
5875 | result.append(.headGesturesPartialShake)
| |- error: 'headGesturesPartialShake' is only available in visionOS 2.0 or newer
| `- note: add 'if #available' version check
5876 | }
5877 | if #available(iOS 18, *) {
/Users/admin/builder/spi-builder-workspace/Sources/SystemSound/SystemSoundKeys.swift:5878:28: error: 'regattaTimer' is only available in visionOS 2.0 or newer
5748 | }
5749 |
5750 | extension SystemSoundKey {
| `- note: add '@available' attribute to enclosing extension
5751 | public static var allCases: [Self] {
| `- note: add '@available' attribute to enclosing static property
5752 | var result = InCallSystemSound.allCases.map({ .inCallSystemSound($0) }) +
5753 | EndOfCallToneCEPT.allCases.map({ .endOfCallToneCEPT($0) }) +
:
5876 | }
5877 | if #available(iOS 18, *) {
5878 | result.append(.regattaTimer)
| |- error: 'regattaTimer' is only available in visionOS 2.0 or newer
| `- note: add 'if #available' version check
5879 | }
5880 | if #available(iOS 16, *) {
/Users/admin/builder/spi-builder-workspace/Sources/SystemSound/SystemSoundKeys.swift:5887:28: error: 'earInteractionComplete' is only available in visionOS 2.1 or newer
5748 | }
5749 |
5750 | extension SystemSoundKey {
| `- note: add '@available' attribute to enclosing extension
5751 | public static var allCases: [Self] {
| `- note: add '@available' attribute to enclosing static property
5752 | var result = InCallSystemSound.allCases.map({ .inCallSystemSound($0) }) +
5753 | EndOfCallToneCEPT.allCases.map({ .endOfCallToneCEPT($0) }) +
:
5885 | }
5886 | if #available(iOS 18.1, *) {
5887 | result.append(.earInteractionComplete)
| |- error: 'earInteractionComplete' is only available in visionOS 2.1 or newer
| `- note: add 'if #available' version check
5888 | }
5889 | if #available(iOS 16, *) {
/Users/admin/builder/spi-builder-workspace/Sources/SystemSound/SystemSoundKeys.swift:5914:28: error: 'dictationBegin' is only available in visionOS 2.0 or newer
5748 | }
5749 |
5750 | extension SystemSoundKey {
| `- note: add '@available' attribute to enclosing extension
5751 | public static var allCases: [Self] {
| `- note: add '@available' attribute to enclosing static property
5752 | var result = InCallSystemSound.allCases.map({ .inCallSystemSound($0) }) +
5753 | EndOfCallToneCEPT.allCases.map({ .endOfCallToneCEPT($0) }) +
:
5912 | }
5913 | if #available(iOS 18, *) {
5914 | result.append(.dictationBegin)
| |- error: 'dictationBegin' is only available in visionOS 2.0 or newer
| `- note: add 'if #available' version check
5915 | }
5916 | if #available(iOS 18, *) {
/Users/admin/builder/spi-builder-workspace/Sources/SystemSound/SystemSoundKeys.swift:5917:28: error: 'dictationCancel' is only available in visionOS 2.0 or newer
5748 | }
5749 |
5750 | extension SystemSoundKey {
| `- note: add '@available' attribute to enclosing extension
5751 | public static var allCases: [Self] {
| `- note: add '@available' attribute to enclosing static property
5752 | var result = InCallSystemSound.allCases.map({ .inCallSystemSound($0) }) +
5753 | EndOfCallToneCEPT.allCases.map({ .endOfCallToneCEPT($0) }) +
:
5915 | }
5916 | if #available(iOS 18, *) {
5917 | result.append(.dictationCancel)
| |- error: 'dictationCancel' is only available in visionOS 2.0 or newer
| `- note: add 'if #available' version check
5918 | }
5919 | if #available(iOS 18, *) {
/Users/admin/builder/spi-builder-workspace/Sources/SystemSound/SystemSoundKeys.swift:5920:28: error: 'dictationConfirm' is only available in visionOS 2.0 or newer
5748 | }
5749 |
5750 | extension SystemSoundKey {
| `- note: add '@available' attribute to enclosing extension
5751 | public static var allCases: [Self] {
| `- note: add '@available' attribute to enclosing static property
5752 | var result = InCallSystemSound.allCases.map({ .inCallSystemSound($0) }) +
5753 | EndOfCallToneCEPT.allCases.map({ .endOfCallToneCEPT($0) }) +
:
5918 | }
5919 | if #available(iOS 18, *) {
5920 | result.append(.dictationConfirm)
| |- error: 'dictationConfirm' is only available in visionOS 2.0 or newer
| `- note: add 'if #available' version check
5921 | }
5922 | if #available(iOS 18.2, *) {
/Users/admin/builder/spi-builder-workspace/Sources/SystemSound/SystemSoundKeys.swift:5923:28: error: 'remoteAttentionRequestAlert' is only available in visionOS 2.2 or newer
5748 | }
5749 |
5750 | extension SystemSoundKey {
| `- note: add '@available' attribute to enclosing extension
5751 | public static var allCases: [Self] {
| `- note: add '@available' attribute to enclosing static property
5752 | var result = InCallSystemSound.allCases.map({ .inCallSystemSound($0) }) +
5753 | EndOfCallToneCEPT.allCases.map({ .endOfCallToneCEPT($0) }) +
:
5921 | }
5922 | if #available(iOS 18.2, *) {
5923 | result.append(.remoteAttentionRequestAlert)
| |- error: 'remoteAttentionRequestAlert' is only available in visionOS 2.2 or newer
| `- note: add 'if #available' version check
5924 | }
5925 | if #available(iOS 16, *) {
Failed frontend command:
SwiftCompile normal arm64 /Users/admin/builder/spi-builder-workspace/Sources/SystemSound/SystemSoundKeys.swift (in target 'SystemSound' from project 'SystemSound')
cd /Users/admin/builder/spi-builder-workspace/.swiftpm/xcode
builtin-SwiftPerFileCompile SystemSoundKeys.swift
/Applications/Xcode-27.0.0-Release.Candidate.app/Contents/Developer/Toolchains/XcodeDefault.xctoolchain/usr/bin/swift-frontend -frontend -c /Users/admin/builder/spi-builder-workspace/Sources/SystemSound/SystemSound.swift -primary-file /Users/admin/builder/spi-builder-workspace/Sources/SystemSound/SystemSoundKeys.swift /Users/admin/builder/spi-builder-workspace/Sources/SystemSound/SystemSoundKind.swift -emit-dependencies-path /Users/admin/builder/spi-builder-workspace/.derivedData/Build/Intermediates.noindex/SystemSound.build/Debug-xros/SystemSound-t.build/Objects-normal/arm64/SystemSoundKeys.d -emit-const-values-path /Users/admin/builder/spi-builder-workspace/.derivedData/Build/Intermediates.noindex/SystemSound.build/Debug-xros/SystemSound-t.build/Objects-normal/arm64/SystemSoundKeys.swiftconstvalues -emit-reference-dependencies-path /Users/admin/builder/spi-builder-workspace/.derivedData/Build/Intermediates.noindex/SystemSound.build/Debug-xros/SystemSound-t.build/Objects-normal/arm64/SystemSoundKeys.swiftdeps -serialize-diagnostics-path /Users/admin/builder/spi-builder-workspace/.derivedData/Build/Intermediates.noindex/SystemSound.build/Debug-xros/SystemSound-t.build/Objects-normal/arm64/SystemSoundKeys.dia -target arm64-apple-xros1.0 -disable-cross-import-overlay-search -load-resolved-plugin /Applications/Xcode-27.0.0-Release.Candidate.app/Contents/Developer/Platforms/XROS.platform/Developer/usr/lib/swift/host/plugins/libFoundationMacros.dylib\#/Applications/Xcode-27.0.0-Release.Candidate.app/Contents/Developer/Platforms/XROS.platform/Developer/usr/bin/swift-plugin-server\#FoundationMacros -load-resolved-plugin /Applications/Xcode-27.0.0-Release.Candidate.app/Contents/Developer/Platforms/XROS.platform/Developer/usr/lib/swift/host/plugins/libObservationMacros.dylib\#/Applications/Xcode-27.0.0-Release.Candidate.app/Contents/Developer/Platforms/XROS.platform/Developer/usr/bin/swift-plugin-server\#ObservationMacros -load-resolved-plugin /Applications/Xcode-27.0.0-Release.Candidate.app/Contents/Developer/Platforms/XROS.platform/Developer/usr/lib/swift/host/plugins/libSwiftMacros.dylib\#/Applications/Xcode-27.0.0-Release.Candidate.app/Contents/Developer/Platforms/XROS.platform/Developer/usr/bin/swift-plugin-server\#SwiftMacros -disable-implicit-swift-modules -Xcc -fno-implicit-modules -Xcc -fno-implicit-module-maps -explicit-swift-module-map-file /Users/admin/builder/spi-builder-workspace/.derivedData/Build/Intermediates.noindex/SystemSound.build/Debug-xros/SystemSound-t.build/Objects-normal/arm64/SystemSound-dependencies-1.json -Xllvm -aarch64-use-tbi -enable-objc-interop -stack-check -sdk /Applications/Xcode-27.0.0-Release.Candidate.app/Contents/Developer/Platforms/XROS.platform/Developer/SDKs/XROS27.0.sdk -I /Users/admin/builder/spi-builder-workspace/.derivedData/Build/Products/Debug-xros -Isystem /Applications/Xcode-27.0.0-Release.Candidate.app/Contents/Developer/Platforms/XROS.platform/Developer/usr/lib -F /Users/admin/builder/spi-builder-workspace/.derivedData/Build/Products/Debug-xros -F /Applications/Xcode-27.0.0-Release.Candidate.app/Contents/Developer/Platforms/XROS.platform/Developer/Library/Frameworks -F /Applications/Xcode-27.0.0-Release.Candidate.app/Contents/Developer/Platforms/XROS.platform/Developer/SDKs/XROS27.0.sdk/Developer/Library/Frameworks -module-cache-path /Users/admin/builder/spi-builder-workspace/.derivedData/Build/Intermediates.noindex/SwiftExplicitPrecompiledModules -no-color-diagnostics -Xcc -fno-color-diagnostics -enable-testing -g -debug-info-format\=dwarf -dwarf-version\=4 -profile-generate -profile-coverage-mapping -swift-version 5 -Onone -D SWIFT_PACKAGE -D DEBUG -D SWIFT_MODULE_RESOURCE_BUNDLE_UNAVAILABLE -D Xcode -serialize-debugging-options -enable-experimental-feature DebugDescriptionMacro -empty-abi-descriptor -validate-clang-modules-once -clang-build-session-file /Users/admin/builder/spi-builder-workspace/.derivedData/ModuleCache.noindex/Session.modulevalidation -Xcc -working-directory -Xcc /Users/admin/builder/spi-builder-workspace/.swiftpm/xcode -enable-anonymous-context-mangled-names -file-compilation-dir /Users/admin/builder/spi-builder-workspace/.swiftpm/xcode -Xcc -D_LIBCPP_HARDENING_MODE\=_LIBCPP_HARDENING_MODE_DEBUG -Xcc -ivfsstatcache -Xcc /Users/admin/builder/spi-builder-workspace/.derivedData/SDKStatCaches.noindex/xros27.0-24M361-e829b21a6f8c9b70876ba0858053c044735bd543db762f57723cac368afd1ce4.sdkstatcache -Xcc -fmodules-prune-interval\=86400 -Xcc -fmodules-prune-after\=345600 -Xcc -I/Users/admin/builder/spi-builder-workspace/.derivedData/Build/Products/Debug-xros/include -Xcc -I/Users/admin/builder/spi-builder-workspace/.derivedData/Build/Intermediates.noindex/SystemSound.build/Debug-xros/SystemSound-t.build/DerivedSources-normal/arm64 -Xcc -I/Users/admin/builder/spi-builder-workspace/.derivedData/Build/Intermediates.noindex/SystemSound.build/Debug-xros/SystemSound-t.build/DerivedSources/arm64 -Xcc -I/Users/admin/builder/spi-builder-workspace/.derivedData/Build/Intermediates.noindex/SystemSound.build/Debug-xros/SystemSound-t.build/DerivedSources -Xcc -DSWIFT_PACKAGE -Xcc -DDEBUG\=1 -no-auto-bridging-header-chaining -module-name SystemSound -const-gather-protocols-file /Users/admin/builder/spi-builder-workspace/.derivedData/Build/Intermediates.noindex/SystemSound.build/Debug-xros/SystemSound-t.build/Objects-normal/arm64/SystemSound_const_extract_protocols.json -disable-clang-spi -clang-target arm64-apple-xros27.0 -target-sdk-version 27.0 -target-sdk-name xros27.0 -in-process-plugin-server-path /Applications/Xcode-27.0.0-Release.Candidate.app/Contents/Developer/Toolchains/XcodeDefault.xctoolchain/usr/lib/swift/host/libSwiftInProcPluginServer.dylib -parse-as-library -o /Users/admin/builder/spi-builder-workspace/.derivedData/Build/Intermediates.noindex/SystemSound.build/Debug-xros/SystemSound-t.build/Objects-normal/arm64/SystemSoundKeys.o -debug-module-path /Users/admin/builder/spi-builder-workspace/.derivedData/Build/Intermediates.noindex/SystemSound.build/Debug-xros/SystemSound-t.build/Objects-normal/arm64/SystemSound.swiftmodule -index-unit-output-path /SystemSound.build/Debug-xros/SystemSound-t.build/Objects-normal/arm64/SystemSoundKeys.o -index-store-path /Users/admin/builder/spi-builder-workspace/.derivedData/Index.noindex/DataStore -index-system-modules
PruneExplicitPrecompiledModules /Users/admin/builder/spi-builder-workspace/.derivedData/Build/Intermediates.noindex/SwiftExplicitPrecompiledModules
PruneExplicitPrecompiledModules /Users/admin/builder/spi-builder-workspace/.derivedData/SDKExplicitPrecompiledModules
PruneExplicitPrecompiledModules /Users/admin/builder/spi-builder-workspace/.derivedData/Build/Intermediates.noindex/ExplicitPrecompiledModules
2026-09-23 12:57:08.147 xcodebuild[718:4479] [MT] IDERunDestination: Supported platforms for the buildables in the current scheme is empty.
** BUILD FAILED **
The following build commands failed:
SwiftCompile normal arm64 /Users/admin/builder/spi-builder-workspace/Sources/SystemSound/SystemSoundKeys.swift (in target 'SystemSound' from project 'SystemSound')
SwiftCompile normal arm64 Compiling\ SystemSoundKeys.swift /Users/admin/builder/spi-builder-workspace/Sources/SystemSound/SystemSoundKeys.swift (in target 'SystemSound' from project 'SystemSound')
Building workspace SystemSound with scheme SystemSound
(3 failures)
BUILD FAILURE 6.4 visionOS