Build Information
Failed to build Formhaus, reference 0.1.3 (b7f311), with Swift 6.2 for macOS (SPM) on 21 Oct 2026 07:26:20 UTC.
Build Command
env DEVELOPER_DIR=/Applications/Xcode-26.3.0.app xcrun swift build --arch arm64Build Log
========================================
RunAll
========================================
Builder version: 5.1.3
Interrupt handler set up.
========================================
Checkout
========================================
Clone URL: https://github.com/formhaus-dev/formhaus-swift.git
Reference: 0.1.3
Initialized empty Git repository in /Users/admin/builder/spi-builder-workspace/.git/
From https://github.com/formhaus-dev/formhaus-swift
* tag 0.1.3 -> FETCH_HEAD
HEAD is now at b7f3110 chore: release 0.1.3 (#44)
Cloned https://github.com/formhaus-dev/formhaus-swift.git
Revision (git rev-parse @):
b7f311016935ed5f367f90692d48c19bf8329c69
SUCCESS checkout https://github.com/formhaus-dev/formhaus-swift.git at 0.1.3
========================================
Build
========================================
Selected platform: macosSpm
Swift version: 6.2
Building package at path: $PWD
https://github.com/formhaus-dev/formhaus-swift.git
Running build ...
env DEVELOPER_DIR=/Applications/Xcode-26.3.0.app xcrun swift build --arch arm64
Building for debugging...
[0/3] Write sources
[2/3] Write swift-version--3CB7CFEC50E0D141.txt
[4/94] Emitting module FormhausCore
[5/103] Compiling FormhausCore FormDefinition.swift
[6/103] Compiling FormhausCore FormField.swift
[7/103] Compiling FormhausCore OptionIndex.swift
[8/103] Compiling FormhausCore ShowCondition.swift
[9/103] Compiling FormhausCore AutomatonCache.swift
[10/103] Compiling FormhausCore AutomatonMemory.swift
[11/103] Compiling FormhausCore Backtracker+Repeat.swift
[12/103] Compiling FormhausCore Backtracker+State.swift
[13/103] Compiling FormhausCore Backtracker.swift
[14/103] Compiling FormhausCore CaseFolding.swift
[15/103] Compiling FormhausCore ValidateSubmission.swift
[16/103] Compiling FormhausCore BoundedText.swift
[17/103] Compiling FormhausCore MessageKey.swift
[18/103] Compiling FormhausCore Messages.swift
[19/103] Compiling FormhausCore TypeChecks.swift
[20/103] Compiling FormhausCore ValidateField.swift
[21/103] Compiling FormhausCore ValidateStep.swift
[22/103] Compiling FormhausCore ListLimits.swift
[23/103] Compiling FormhausCore Visibility.swift
[24/103] Compiling FormhausCore EngineOptions.swift
[25/103] Compiling FormhausCore ExclusiveWrite.swift
[26/103] Compiling FormhausCore FormEngine.swift
[27/103] Compiling FormhausCore GoToStep.swift
[28/103] Compiling FormhausCore HiddenQueue.swift
[29/103] Compiling FormhausCore ItemCache.swift
[30/103] Compiling FormhausCore Navigation.swift
[31/103] Compiling FormhausCore Recall.swift
[32/103] Compiling FormhausCore RecallFormat.swift
[33/103] Compiling FormhausCore RecallTokens.swift
[34/103] Compiling FormhausCore ThreadStep.swift
/Users/admin/builder/spi-builder-workspace/Sources/FormhausCore/Renderer/ImageSource.swift:15:25: error: value of optional type 'Array<String.UnicodeScalarView.Element>.Index?' (aka 'Optional<Int>') must be unwrapped to a value of type 'Array<String.UnicodeScalarView.Element>.Index' (aka 'Int')
13 | let start = kept.firstIndex { $0.value > 0x20 } ?? kept.endIndex
14 | let end = kept.lastIndex { $0.value > 0x20 }.map { $0 + 1 } ?? start
15 | var rest = kept[start..<max(start, end)]
| |- error: value of optional type 'Array<String.UnicodeScalarView.Element>.Index?' (aka 'Optional<Int>') must be unwrapped to a value of type 'Array<String.UnicodeScalarView.Element>.Index' (aka 'Int')
| |- note: coalesce using '??' to provide a default when the optional value contains 'nil'
| `- note: force-unwrap using '!' to abort execution if the optional value contains 'nil'
16 | var relative = true
17 | if let colon = rest.firstIndex(of: ":"), isScheme(rest[..<colon]) {
/Users/admin/builder/spi-builder-workspace/Sources/FormhausCore/Renderer/ImageSource.swift:15:44: error: value of optional type 'Array<String.UnicodeScalarView.Element>.Index?' (aka 'Optional<Int>') must be unwrapped to a value of type 'Array<String.UnicodeScalarView.Element>.Index' (aka 'Int')
12 | let kept = Array(source.unicodeScalars.filter { !["\t", "\n", "\r"].contains($0) })
13 | let start = kept.firstIndex { $0.value > 0x20 } ?? kept.endIndex
14 | let end = kept.lastIndex { $0.value > 0x20 }.map { $0 + 1 } ?? start
| | |- note: coalesce using '??' to provide a default when the optional value contains 'nil'
| | `- note: force-unwrap using '!' to abort execution if the optional value contains 'nil'
| `- note: short-circuit using 'guard' to exit this function early if the optional value contains 'nil'
15 | var rest = kept[start..<max(start, end)]
| |- error: value of optional type 'Array<String.UnicodeScalarView.Element>.Index?' (aka 'Optional<Int>') must be unwrapped to a value of type 'Array<String.UnicodeScalarView.Element>.Index' (aka 'Int')
| |- note: coalesce using '??' to provide a default when the optional value contains 'nil'
| `- note: force-unwrap using '!' to abort execution if the optional value contains 'nil'
16 | var relative = true
17 | if let colon = rest.firstIndex(of: ":"), isScheme(rest[..<colon]) {
/Users/admin/builder/spi-builder-workspace/Sources/FormhausCore/Renderer/ImageSource.swift:15:37: error: value of optional type 'Array<String.UnicodeScalarView.Element>.Index?' (aka 'Optional<Int>') must be unwrapped to a value of type 'Array<String.UnicodeScalarView.Element>.Index' (aka 'Int')
13 | let start = kept.firstIndex { $0.value > 0x20 } ?? kept.endIndex
14 | let end = kept.lastIndex { $0.value > 0x20 }.map { $0 + 1 } ?? start
15 | var rest = kept[start..<max(start, end)]
| |- error: value of optional type 'Array<String.UnicodeScalarView.Element>.Index?' (aka 'Optional<Int>') must be unwrapped to a value of type 'Array<String.UnicodeScalarView.Element>.Index' (aka 'Int')
| |- note: coalesce using '??' to provide a default when the optional value contains 'nil'
| `- note: force-unwrap using '!' to abort execution if the optional value contains 'nil'
16 | var relative = true
17 | if let colon = rest.firstIndex(of: ":"), isScheme(rest[..<colon]) {
/Users/admin/builder/spi-builder-workspace/Sources/FormhausCore/Renderer/ImageSource.swift:23:13: error: the compiler is unable to type-check this expression in reasonable time; try breaking up the expression into distinct sub-expressions
21 | }
22 | let special = specialSchemes.contains(scheme)
23 | let slashes = rest.prefix { special ? $0 == "/" || $0 == "\\" : $0 == "/" }.count
| `- error: the compiler is unable to type-check this expression in reasonable time; try breaking up the expression into distinct sub-expressions
24 | let opens = special && !relative ? true : slashes >= 2
25 | guard opens else {
[35/103] Compiling FormhausCore UnitClasses.swift
/Users/admin/builder/spi-builder-workspace/Sources/FormhausCore/Renderer/ImageSource.swift:15:25: error: value of optional type 'Array<String.UnicodeScalarView.Element>.Index?' (aka 'Optional<Int>') must be unwrapped to a value of type 'Array<String.UnicodeScalarView.Element>.Index' (aka 'Int')
13 | let start = kept.firstIndex { $0.value > 0x20 } ?? kept.endIndex
14 | let end = kept.lastIndex { $0.value > 0x20 }.map { $0 + 1 } ?? start
15 | var rest = kept[start..<max(start, end)]
| |- error: value of optional type 'Array<String.UnicodeScalarView.Element>.Index?' (aka 'Optional<Int>') must be unwrapped to a value of type 'Array<String.UnicodeScalarView.Element>.Index' (aka 'Int')
| |- note: coalesce using '??' to provide a default when the optional value contains 'nil'
| `- note: force-unwrap using '!' to abort execution if the optional value contains 'nil'
16 | var relative = true
17 | if let colon = rest.firstIndex(of: ":"), isScheme(rest[..<colon]) {
/Users/admin/builder/spi-builder-workspace/Sources/FormhausCore/Renderer/ImageSource.swift:15:44: error: value of optional type 'Array<String.UnicodeScalarView.Element>.Index?' (aka 'Optional<Int>') must be unwrapped to a value of type 'Array<String.UnicodeScalarView.Element>.Index' (aka 'Int')
12 | let kept = Array(source.unicodeScalars.filter { !["\t", "\n", "\r"].contains($0) })
13 | let start = kept.firstIndex { $0.value > 0x20 } ?? kept.endIndex
14 | let end = kept.lastIndex { $0.value > 0x20 }.map { $0 + 1 } ?? start
| | |- note: coalesce using '??' to provide a default when the optional value contains 'nil'
| | `- note: force-unwrap using '!' to abort execution if the optional value contains 'nil'
| `- note: short-circuit using 'guard' to exit this function early if the optional value contains 'nil'
15 | var rest = kept[start..<max(start, end)]
| |- error: value of optional type 'Array<String.UnicodeScalarView.Element>.Index?' (aka 'Optional<Int>') must be unwrapped to a value of type 'Array<String.UnicodeScalarView.Element>.Index' (aka 'Int')
| |- note: coalesce using '??' to provide a default when the optional value contains 'nil'
| `- note: force-unwrap using '!' to abort execution if the optional value contains 'nil'
16 | var relative = true
17 | if let colon = rest.firstIndex(of: ":"), isScheme(rest[..<colon]) {
/Users/admin/builder/spi-builder-workspace/Sources/FormhausCore/Renderer/ImageSource.swift:15:37: error: value of optional type 'Array<String.UnicodeScalarView.Element>.Index?' (aka 'Optional<Int>') must be unwrapped to a value of type 'Array<String.UnicodeScalarView.Element>.Index' (aka 'Int')
13 | let start = kept.firstIndex { $0.value > 0x20 } ?? kept.endIndex
14 | let end = kept.lastIndex { $0.value > 0x20 }.map { $0 + 1 } ?? start
15 | var rest = kept[start..<max(start, end)]
| |- error: value of optional type 'Array<String.UnicodeScalarView.Element>.Index?' (aka 'Optional<Int>') must be unwrapped to a value of type 'Array<String.UnicodeScalarView.Element>.Index' (aka 'Int')
| |- note: coalesce using '??' to provide a default when the optional value contains 'nil'
| `- note: force-unwrap using '!' to abort execution if the optional value contains 'nil'
16 | var relative = true
17 | if let colon = rest.firstIndex(of: ":"), isScheme(rest[..<colon]) {
/Users/admin/builder/spi-builder-workspace/Sources/FormhausCore/Renderer/ImageSource.swift:23:13: error: the compiler is unable to type-check this expression in reasonable time; try breaking up the expression into distinct sub-expressions
21 | }
22 | let special = specialSchemes.contains(scheme)
23 | let slashes = rest.prefix { special ? $0 == "/" || $0 == "\\" : $0 == "/" }.count
| `- error: the compiler is unable to type-check this expression in reasonable time; try breaking up the expression into distinct sub-expressions
24 | let opens = special && !relative ? true : slashes >= 2
25 | guard opens else {
[36/103] Compiling FormhausCore FieldHints.swift
/Users/admin/builder/spi-builder-workspace/Sources/FormhausCore/Renderer/ImageSource.swift:15:25: error: value of optional type 'Array<String.UnicodeScalarView.Element>.Index?' (aka 'Optional<Int>') must be unwrapped to a value of type 'Array<String.UnicodeScalarView.Element>.Index' (aka 'Int')
13 | let start = kept.firstIndex { $0.value > 0x20 } ?? kept.endIndex
14 | let end = kept.lastIndex { $0.value > 0x20 }.map { $0 + 1 } ?? start
15 | var rest = kept[start..<max(start, end)]
| |- error: value of optional type 'Array<String.UnicodeScalarView.Element>.Index?' (aka 'Optional<Int>') must be unwrapped to a value of type 'Array<String.UnicodeScalarView.Element>.Index' (aka 'Int')
| |- note: coalesce using '??' to provide a default when the optional value contains 'nil'
| `- note: force-unwrap using '!' to abort execution if the optional value contains 'nil'
16 | var relative = true
17 | if let colon = rest.firstIndex(of: ":"), isScheme(rest[..<colon]) {
/Users/admin/builder/spi-builder-workspace/Sources/FormhausCore/Renderer/ImageSource.swift:15:44: error: value of optional type 'Array<String.UnicodeScalarView.Element>.Index?' (aka 'Optional<Int>') must be unwrapped to a value of type 'Array<String.UnicodeScalarView.Element>.Index' (aka 'Int')
12 | let kept = Array(source.unicodeScalars.filter { !["\t", "\n", "\r"].contains($0) })
13 | let start = kept.firstIndex { $0.value > 0x20 } ?? kept.endIndex
14 | let end = kept.lastIndex { $0.value > 0x20 }.map { $0 + 1 } ?? start
| | |- note: coalesce using '??' to provide a default when the optional value contains 'nil'
| | `- note: force-unwrap using '!' to abort execution if the optional value contains 'nil'
| `- note: short-circuit using 'guard' to exit this function early if the optional value contains 'nil'
15 | var rest = kept[start..<max(start, end)]
| |- error: value of optional type 'Array<String.UnicodeScalarView.Element>.Index?' (aka 'Optional<Int>') must be unwrapped to a value of type 'Array<String.UnicodeScalarView.Element>.Index' (aka 'Int')
| |- note: coalesce using '??' to provide a default when the optional value contains 'nil'
| `- note: force-unwrap using '!' to abort execution if the optional value contains 'nil'
16 | var relative = true
17 | if let colon = rest.firstIndex(of: ":"), isScheme(rest[..<colon]) {
/Users/admin/builder/spi-builder-workspace/Sources/FormhausCore/Renderer/ImageSource.swift:15:37: error: value of optional type 'Array<String.UnicodeScalarView.Element>.Index?' (aka 'Optional<Int>') must be unwrapped to a value of type 'Array<String.UnicodeScalarView.Element>.Index' (aka 'Int')
13 | let start = kept.firstIndex { $0.value > 0x20 } ?? kept.endIndex
14 | let end = kept.lastIndex { $0.value > 0x20 }.map { $0 + 1 } ?? start
15 | var rest = kept[start..<max(start, end)]
| |- error: value of optional type 'Array<String.UnicodeScalarView.Element>.Index?' (aka 'Optional<Int>') must be unwrapped to a value of type 'Array<String.UnicodeScalarView.Element>.Index' (aka 'Int')
| |- note: coalesce using '??' to provide a default when the optional value contains 'nil'
| `- note: force-unwrap using '!' to abort execution if the optional value contains 'nil'
16 | var relative = true
17 | if let colon = rest.firstIndex(of: ":"), isScheme(rest[..<colon]) {
/Users/admin/builder/spi-builder-workspace/Sources/FormhausCore/Renderer/ImageSource.swift:23:13: error: the compiler is unable to type-check this expression in reasonable time; try breaking up the expression into distinct sub-expressions
21 | }
22 | let special = specialSchemes.contains(scheme)
23 | let slashes = rest.prefix { special ? $0 == "/" || $0 == "\\" : $0 == "/" }.count
| `- error: the compiler is unable to type-check this expression in reasonable time; try breaking up the expression into distinct sub-expressions
24 | let opens = special && !relative ? true : slashes >= 2
25 | guard opens else {
[37/103] Compiling FormhausCore ImageSource.swift
/Users/admin/builder/spi-builder-workspace/Sources/FormhausCore/Renderer/ImageSource.swift:15:25: error: value of optional type 'Array<String.UnicodeScalarView.Element>.Index?' (aka 'Optional<Int>') must be unwrapped to a value of type 'Array<String.UnicodeScalarView.Element>.Index' (aka 'Int')
13 | let start = kept.firstIndex { $0.value > 0x20 } ?? kept.endIndex
14 | let end = kept.lastIndex { $0.value > 0x20 }.map { $0 + 1 } ?? start
15 | var rest = kept[start..<max(start, end)]
| |- error: value of optional type 'Array<String.UnicodeScalarView.Element>.Index?' (aka 'Optional<Int>') must be unwrapped to a value of type 'Array<String.UnicodeScalarView.Element>.Index' (aka 'Int')
| |- note: coalesce using '??' to provide a default when the optional value contains 'nil'
| `- note: force-unwrap using '!' to abort execution if the optional value contains 'nil'
16 | var relative = true
17 | if let colon = rest.firstIndex(of: ":"), isScheme(rest[..<colon]) {
/Users/admin/builder/spi-builder-workspace/Sources/FormhausCore/Renderer/ImageSource.swift:15:44: error: value of optional type 'Array<String.UnicodeScalarView.Element>.Index?' (aka 'Optional<Int>') must be unwrapped to a value of type 'Array<String.UnicodeScalarView.Element>.Index' (aka 'Int')
12 | let kept = Array(source.unicodeScalars.filter { !["\t", "\n", "\r"].contains($0) })
13 | let start = kept.firstIndex { $0.value > 0x20 } ?? kept.endIndex
14 | let end = kept.lastIndex { $0.value > 0x20 }.map { $0 + 1 } ?? start
| | |- note: coalesce using '??' to provide a default when the optional value contains 'nil'
| | `- note: force-unwrap using '!' to abort execution if the optional value contains 'nil'
| `- note: short-circuit using 'guard' to exit this function early if the optional value contains 'nil'
15 | var rest = kept[start..<max(start, end)]
| |- error: value of optional type 'Array<String.UnicodeScalarView.Element>.Index?' (aka 'Optional<Int>') must be unwrapped to a value of type 'Array<String.UnicodeScalarView.Element>.Index' (aka 'Int')
| |- note: coalesce using '??' to provide a default when the optional value contains 'nil'
| `- note: force-unwrap using '!' to abort execution if the optional value contains 'nil'
16 | var relative = true
17 | if let colon = rest.firstIndex(of: ":"), isScheme(rest[..<colon]) {
/Users/admin/builder/spi-builder-workspace/Sources/FormhausCore/Renderer/ImageSource.swift:15:37: error: value of optional type 'Array<String.UnicodeScalarView.Element>.Index?' (aka 'Optional<Int>') must be unwrapped to a value of type 'Array<String.UnicodeScalarView.Element>.Index' (aka 'Int')
13 | let start = kept.firstIndex { $0.value > 0x20 } ?? kept.endIndex
14 | let end = kept.lastIndex { $0.value > 0x20 }.map { $0 + 1 } ?? start
15 | var rest = kept[start..<max(start, end)]
| |- error: value of optional type 'Array<String.UnicodeScalarView.Element>.Index?' (aka 'Optional<Int>') must be unwrapped to a value of type 'Array<String.UnicodeScalarView.Element>.Index' (aka 'Int')
| |- note: coalesce using '??' to provide a default when the optional value contains 'nil'
| `- note: force-unwrap using '!' to abort execution if the optional value contains 'nil'
16 | var relative = true
17 | if let colon = rest.firstIndex(of: ":"), isScheme(rest[..<colon]) {
/Users/admin/builder/spi-builder-workspace/Sources/FormhausCore/Renderer/ImageSource.swift:23:13: error: the compiler is unable to type-check this expression in reasonable time; try breaking up the expression into distinct sub-expressions
21 | }
22 | let special = specialSchemes.contains(scheme)
23 | let slashes = rest.prefix { special ? $0 == "/" || $0 == "\\" : $0 == "/" }.count
| `- error: the compiler is unable to type-check this expression in reasonable time; try breaking up the expression into distinct sub-expressions
24 | let opens = special && !relative ? true : slashes >= 2
25 | guard opens else {
[38/103] Compiling FormhausCore Labels.swift
/Users/admin/builder/spi-builder-workspace/Sources/FormhausCore/Renderer/ImageSource.swift:15:25: error: value of optional type 'Array<String.UnicodeScalarView.Element>.Index?' (aka 'Optional<Int>') must be unwrapped to a value of type 'Array<String.UnicodeScalarView.Element>.Index' (aka 'Int')
13 | let start = kept.firstIndex { $0.value > 0x20 } ?? kept.endIndex
14 | let end = kept.lastIndex { $0.value > 0x20 }.map { $0 + 1 } ?? start
15 | var rest = kept[start..<max(start, end)]
| |- error: value of optional type 'Array<String.UnicodeScalarView.Element>.Index?' (aka 'Optional<Int>') must be unwrapped to a value of type 'Array<String.UnicodeScalarView.Element>.Index' (aka 'Int')
| |- note: coalesce using '??' to provide a default when the optional value contains 'nil'
| `- note: force-unwrap using '!' to abort execution if the optional value contains 'nil'
16 | var relative = true
17 | if let colon = rest.firstIndex(of: ":"), isScheme(rest[..<colon]) {
/Users/admin/builder/spi-builder-workspace/Sources/FormhausCore/Renderer/ImageSource.swift:15:44: error: value of optional type 'Array<String.UnicodeScalarView.Element>.Index?' (aka 'Optional<Int>') must be unwrapped to a value of type 'Array<String.UnicodeScalarView.Element>.Index' (aka 'Int')
12 | let kept = Array(source.unicodeScalars.filter { !["\t", "\n", "\r"].contains($0) })
13 | let start = kept.firstIndex { $0.value > 0x20 } ?? kept.endIndex
14 | let end = kept.lastIndex { $0.value > 0x20 }.map { $0 + 1 } ?? start
| | |- note: coalesce using '??' to provide a default when the optional value contains 'nil'
| | `- note: force-unwrap using '!' to abort execution if the optional value contains 'nil'
| `- note: short-circuit using 'guard' to exit this function early if the optional value contains 'nil'
15 | var rest = kept[start..<max(start, end)]
| |- error: value of optional type 'Array<String.UnicodeScalarView.Element>.Index?' (aka 'Optional<Int>') must be unwrapped to a value of type 'Array<String.UnicodeScalarView.Element>.Index' (aka 'Int')
| |- note: coalesce using '??' to provide a default when the optional value contains 'nil'
| `- note: force-unwrap using '!' to abort execution if the optional value contains 'nil'
16 | var relative = true
17 | if let colon = rest.firstIndex(of: ":"), isScheme(rest[..<colon]) {
/Users/admin/builder/spi-builder-workspace/Sources/FormhausCore/Renderer/ImageSource.swift:15:37: error: value of optional type 'Array<String.UnicodeScalarView.Element>.Index?' (aka 'Optional<Int>') must be unwrapped to a value of type 'Array<String.UnicodeScalarView.Element>.Index' (aka 'Int')
13 | let start = kept.firstIndex { $0.value > 0x20 } ?? kept.endIndex
14 | let end = kept.lastIndex { $0.value > 0x20 }.map { $0 + 1 } ?? start
15 | var rest = kept[start..<max(start, end)]
| |- error: value of optional type 'Array<String.UnicodeScalarView.Element>.Index?' (aka 'Optional<Int>') must be unwrapped to a value of type 'Array<String.UnicodeScalarView.Element>.Index' (aka 'Int')
| |- note: coalesce using '??' to provide a default when the optional value contains 'nil'
| `- note: force-unwrap using '!' to abort execution if the optional value contains 'nil'
16 | var relative = true
17 | if let colon = rest.firstIndex(of: ":"), isScheme(rest[..<colon]) {
/Users/admin/builder/spi-builder-workspace/Sources/FormhausCore/Renderer/ImageSource.swift:23:13: error: the compiler is unable to type-check this expression in reasonable time; try breaking up the expression into distinct sub-expressions
21 | }
22 | let special = specialSchemes.contains(scheme)
23 | let slashes = rest.prefix { special ? $0 == "/" || $0 == "\\" : $0 == "/" }.count
| `- error: the compiler is unable to type-check this expression in reasonable time; try breaking up the expression into distinct sub-expressions
24 | let opens = special && !relative ? true : slashes >= 2
25 | guard opens else {
[39/103] Compiling FormhausCore OptionTexts.swift
/Users/admin/builder/spi-builder-workspace/Sources/FormhausCore/Renderer/ImageSource.swift:15:25: error: value of optional type 'Array<String.UnicodeScalarView.Element>.Index?' (aka 'Optional<Int>') must be unwrapped to a value of type 'Array<String.UnicodeScalarView.Element>.Index' (aka 'Int')
13 | let start = kept.firstIndex { $0.value > 0x20 } ?? kept.endIndex
14 | let end = kept.lastIndex { $0.value > 0x20 }.map { $0 + 1 } ?? start
15 | var rest = kept[start..<max(start, end)]
| |- error: value of optional type 'Array<String.UnicodeScalarView.Element>.Index?' (aka 'Optional<Int>') must be unwrapped to a value of type 'Array<String.UnicodeScalarView.Element>.Index' (aka 'Int')
| |- note: coalesce using '??' to provide a default when the optional value contains 'nil'
| `- note: force-unwrap using '!' to abort execution if the optional value contains 'nil'
16 | var relative = true
17 | if let colon = rest.firstIndex(of: ":"), isScheme(rest[..<colon]) {
/Users/admin/builder/spi-builder-workspace/Sources/FormhausCore/Renderer/ImageSource.swift:15:44: error: value of optional type 'Array<String.UnicodeScalarView.Element>.Index?' (aka 'Optional<Int>') must be unwrapped to a value of type 'Array<String.UnicodeScalarView.Element>.Index' (aka 'Int')
12 | let kept = Array(source.unicodeScalars.filter { !["\t", "\n", "\r"].contains($0) })
13 | let start = kept.firstIndex { $0.value > 0x20 } ?? kept.endIndex
14 | let end = kept.lastIndex { $0.value > 0x20 }.map { $0 + 1 } ?? start
| | |- note: coalesce using '??' to provide a default when the optional value contains 'nil'
| | `- note: force-unwrap using '!' to abort execution if the optional value contains 'nil'
| `- note: short-circuit using 'guard' to exit this function early if the optional value contains 'nil'
15 | var rest = kept[start..<max(start, end)]
| |- error: value of optional type 'Array<String.UnicodeScalarView.Element>.Index?' (aka 'Optional<Int>') must be unwrapped to a value of type 'Array<String.UnicodeScalarView.Element>.Index' (aka 'Int')
| |- note: coalesce using '??' to provide a default when the optional value contains 'nil'
| `- note: force-unwrap using '!' to abort execution if the optional value contains 'nil'
16 | var relative = true
17 | if let colon = rest.firstIndex(of: ":"), isScheme(rest[..<colon]) {
/Users/admin/builder/spi-builder-workspace/Sources/FormhausCore/Renderer/ImageSource.swift:15:37: error: value of optional type 'Array<String.UnicodeScalarView.Element>.Index?' (aka 'Optional<Int>') must be unwrapped to a value of type 'Array<String.UnicodeScalarView.Element>.Index' (aka 'Int')
13 | let start = kept.firstIndex { $0.value > 0x20 } ?? kept.endIndex
14 | let end = kept.lastIndex { $0.value > 0x20 }.map { $0 + 1 } ?? start
15 | var rest = kept[start..<max(start, end)]
| |- error: value of optional type 'Array<String.UnicodeScalarView.Element>.Index?' (aka 'Optional<Int>') must be unwrapped to a value of type 'Array<String.UnicodeScalarView.Element>.Index' (aka 'Int')
| |- note: coalesce using '??' to provide a default when the optional value contains 'nil'
| `- note: force-unwrap using '!' to abort execution if the optional value contains 'nil'
16 | var relative = true
17 | if let colon = rest.firstIndex(of: ":"), isScheme(rest[..<colon]) {
/Users/admin/builder/spi-builder-workspace/Sources/FormhausCore/Renderer/ImageSource.swift:23:13: error: the compiler is unable to type-check this expression in reasonable time; try breaking up the expression into distinct sub-expressions
21 | }
22 | let special = specialSchemes.contains(scheme)
23 | let slashes = rest.prefix { special ? $0 == "/" || $0 == "\\" : $0 == "/" }.count
| `- error: the compiler is unable to type-check this expression in reasonable time; try breaking up the expression into distinct sub-expressions
24 | let opens = special && !relative ? true : slashes >= 2
25 | guard opens else {
[40/103] Compiling FormhausCore RecallDependencies.swift
/Users/admin/builder/spi-builder-workspace/Sources/FormhausCore/Renderer/ImageSource.swift:15:25: error: value of optional type 'Array<String.UnicodeScalarView.Element>.Index?' (aka 'Optional<Int>') must be unwrapped to a value of type 'Array<String.UnicodeScalarView.Element>.Index' (aka 'Int')
13 | let start = kept.firstIndex { $0.value > 0x20 } ?? kept.endIndex
14 | let end = kept.lastIndex { $0.value > 0x20 }.map { $0 + 1 } ?? start
15 | var rest = kept[start..<max(start, end)]
| |- error: value of optional type 'Array<String.UnicodeScalarView.Element>.Index?' (aka 'Optional<Int>') must be unwrapped to a value of type 'Array<String.UnicodeScalarView.Element>.Index' (aka 'Int')
| |- note: coalesce using '??' to provide a default when the optional value contains 'nil'
| `- note: force-unwrap using '!' to abort execution if the optional value contains 'nil'
16 | var relative = true
17 | if let colon = rest.firstIndex(of: ":"), isScheme(rest[..<colon]) {
/Users/admin/builder/spi-builder-workspace/Sources/FormhausCore/Renderer/ImageSource.swift:15:44: error: value of optional type 'Array<String.UnicodeScalarView.Element>.Index?' (aka 'Optional<Int>') must be unwrapped to a value of type 'Array<String.UnicodeScalarView.Element>.Index' (aka 'Int')
12 | let kept = Array(source.unicodeScalars.filter { !["\t", "\n", "\r"].contains($0) })
13 | let start = kept.firstIndex { $0.value > 0x20 } ?? kept.endIndex
14 | let end = kept.lastIndex { $0.value > 0x20 }.map { $0 + 1 } ?? start
| | |- note: coalesce using '??' to provide a default when the optional value contains 'nil'
| | `- note: force-unwrap using '!' to abort execution if the optional value contains 'nil'
| `- note: short-circuit using 'guard' to exit this function early if the optional value contains 'nil'
15 | var rest = kept[start..<max(start, end)]
| |- error: value of optional type 'Array<String.UnicodeScalarView.Element>.Index?' (aka 'Optional<Int>') must be unwrapped to a value of type 'Array<String.UnicodeScalarView.Element>.Index' (aka 'Int')
| |- note: coalesce using '??' to provide a default when the optional value contains 'nil'
| `- note: force-unwrap using '!' to abort execution if the optional value contains 'nil'
16 | var relative = true
17 | if let colon = rest.firstIndex(of: ":"), isScheme(rest[..<colon]) {
/Users/admin/builder/spi-builder-workspace/Sources/FormhausCore/Renderer/ImageSource.swift:15:37: error: value of optional type 'Array<String.UnicodeScalarView.Element>.Index?' (aka 'Optional<Int>') must be unwrapped to a value of type 'Array<String.UnicodeScalarView.Element>.Index' (aka 'Int')
13 | let start = kept.firstIndex { $0.value > 0x20 } ?? kept.endIndex
14 | let end = kept.lastIndex { $0.value > 0x20 }.map { $0 + 1 } ?? start
15 | var rest = kept[start..<max(start, end)]
| |- error: value of optional type 'Array<String.UnicodeScalarView.Element>.Index?' (aka 'Optional<Int>') must be unwrapped to a value of type 'Array<String.UnicodeScalarView.Element>.Index' (aka 'Int')
| |- note: coalesce using '??' to provide a default when the optional value contains 'nil'
| `- note: force-unwrap using '!' to abort execution if the optional value contains 'nil'
16 | var relative = true
17 | if let colon = rest.firstIndex(of: ":"), isScheme(rest[..<colon]) {
/Users/admin/builder/spi-builder-workspace/Sources/FormhausCore/Renderer/ImageSource.swift:23:13: error: the compiler is unable to type-check this expression in reasonable time; try breaking up the expression into distinct sub-expressions
21 | }
22 | let special = specialSchemes.contains(scheme)
23 | let slashes = rest.prefix { special ? $0 == "/" || $0 == "\\" : $0 == "/" }.count
| `- error: the compiler is unable to type-check this expression in reasonable time; try breaking up the expression into distinct sub-expressions
24 | let opens = special && !relative ? true : slashes >= 2
25 | guard opens else {
[41/103] Compiling FormhausCore Recalled.swift
/Users/admin/builder/spi-builder-workspace/Sources/FormhausCore/Renderer/ImageSource.swift:15:25: error: value of optional type 'Array<String.UnicodeScalarView.Element>.Index?' (aka 'Optional<Int>') must be unwrapped to a value of type 'Array<String.UnicodeScalarView.Element>.Index' (aka 'Int')
13 | let start = kept.firstIndex { $0.value > 0x20 } ?? kept.endIndex
14 | let end = kept.lastIndex { $0.value > 0x20 }.map { $0 + 1 } ?? start
15 | var rest = kept[start..<max(start, end)]
| |- error: value of optional type 'Array<String.UnicodeScalarView.Element>.Index?' (aka 'Optional<Int>') must be unwrapped to a value of type 'Array<String.UnicodeScalarView.Element>.Index' (aka 'Int')
| |- note: coalesce using '??' to provide a default when the optional value contains 'nil'
| `- note: force-unwrap using '!' to abort execution if the optional value contains 'nil'
16 | var relative = true
17 | if let colon = rest.firstIndex(of: ":"), isScheme(rest[..<colon]) {
/Users/admin/builder/spi-builder-workspace/Sources/FormhausCore/Renderer/ImageSource.swift:15:44: error: value of optional type 'Array<String.UnicodeScalarView.Element>.Index?' (aka 'Optional<Int>') must be unwrapped to a value of type 'Array<String.UnicodeScalarView.Element>.Index' (aka 'Int')
12 | let kept = Array(source.unicodeScalars.filter { !["\t", "\n", "\r"].contains($0) })
13 | let start = kept.firstIndex { $0.value > 0x20 } ?? kept.endIndex
14 | let end = kept.lastIndex { $0.value > 0x20 }.map { $0 + 1 } ?? start
| | |- note: coalesce using '??' to provide a default when the optional value contains 'nil'
| | `- note: force-unwrap using '!' to abort execution if the optional value contains 'nil'
| `- note: short-circuit using 'guard' to exit this function early if the optional value contains 'nil'
15 | var rest = kept[start..<max(start, end)]
| |- error: value of optional type 'Array<String.UnicodeScalarView.Element>.Index?' (aka 'Optional<Int>') must be unwrapped to a value of type 'Array<String.UnicodeScalarView.Element>.Index' (aka 'Int')
| |- note: coalesce using '??' to provide a default when the optional value contains 'nil'
| `- note: force-unwrap using '!' to abort execution if the optional value contains 'nil'
16 | var relative = true
17 | if let colon = rest.firstIndex(of: ":"), isScheme(rest[..<colon]) {
/Users/admin/builder/spi-builder-workspace/Sources/FormhausCore/Renderer/ImageSource.swift:15:37: error: value of optional type 'Array<String.UnicodeScalarView.Element>.Index?' (aka 'Optional<Int>') must be unwrapped to a value of type 'Array<String.UnicodeScalarView.Element>.Index' (aka 'Int')
13 | let start = kept.firstIndex { $0.value > 0x20 } ?? kept.endIndex
14 | let end = kept.lastIndex { $0.value > 0x20 }.map { $0 + 1 } ?? start
15 | var rest = kept[start..<max(start, end)]
| |- error: value of optional type 'Array<String.UnicodeScalarView.Element>.Index?' (aka 'Optional<Int>') must be unwrapped to a value of type 'Array<String.UnicodeScalarView.Element>.Index' (aka 'Int')
| |- note: coalesce using '??' to provide a default when the optional value contains 'nil'
| `- note: force-unwrap using '!' to abort execution if the optional value contains 'nil'
16 | var relative = true
17 | if let colon = rest.firstIndex(of: ":"), isScheme(rest[..<colon]) {
/Users/admin/builder/spi-builder-workspace/Sources/FormhausCore/Renderer/ImageSource.swift:23:13: error: the compiler is unable to type-check this expression in reasonable time; try breaking up the expression into distinct sub-expressions
21 | }
22 | let special = specialSchemes.contains(scheme)
23 | let slashes = rest.prefix { special ? $0 == "/" || $0 == "\\" : $0 == "/" }.count
| `- error: the compiler is unable to type-check this expression in reasonable time; try breaking up the expression into distinct sub-expressions
24 | let opens = special && !relative ? true : slashes >= 2
25 | guard opens else {
[42/103] Compiling FormhausCore RendererSupport.swift
/Users/admin/builder/spi-builder-workspace/Sources/FormhausCore/Renderer/ImageSource.swift:15:25: error: value of optional type 'Array<String.UnicodeScalarView.Element>.Index?' (aka 'Optional<Int>') must be unwrapped to a value of type 'Array<String.UnicodeScalarView.Element>.Index' (aka 'Int')
13 | let start = kept.firstIndex { $0.value > 0x20 } ?? kept.endIndex
14 | let end = kept.lastIndex { $0.value > 0x20 }.map { $0 + 1 } ?? start
15 | var rest = kept[start..<max(start, end)]
| |- error: value of optional type 'Array<String.UnicodeScalarView.Element>.Index?' (aka 'Optional<Int>') must be unwrapped to a value of type 'Array<String.UnicodeScalarView.Element>.Index' (aka 'Int')
| |- note: coalesce using '??' to provide a default when the optional value contains 'nil'
| `- note: force-unwrap using '!' to abort execution if the optional value contains 'nil'
16 | var relative = true
17 | if let colon = rest.firstIndex(of: ":"), isScheme(rest[..<colon]) {
/Users/admin/builder/spi-builder-workspace/Sources/FormhausCore/Renderer/ImageSource.swift:15:44: error: value of optional type 'Array<String.UnicodeScalarView.Element>.Index?' (aka 'Optional<Int>') must be unwrapped to a value of type 'Array<String.UnicodeScalarView.Element>.Index' (aka 'Int')
12 | let kept = Array(source.unicodeScalars.filter { !["\t", "\n", "\r"].contains($0) })
13 | let start = kept.firstIndex { $0.value > 0x20 } ?? kept.endIndex
14 | let end = kept.lastIndex { $0.value > 0x20 }.map { $0 + 1 } ?? start
| | |- note: coalesce using '??' to provide a default when the optional value contains 'nil'
| | `- note: force-unwrap using '!' to abort execution if the optional value contains 'nil'
| `- note: short-circuit using 'guard' to exit this function early if the optional value contains 'nil'
15 | var rest = kept[start..<max(start, end)]
| |- error: value of optional type 'Array<String.UnicodeScalarView.Element>.Index?' (aka 'Optional<Int>') must be unwrapped to a value of type 'Array<String.UnicodeScalarView.Element>.Index' (aka 'Int')
| |- note: coalesce using '??' to provide a default when the optional value contains 'nil'
| `- note: force-unwrap using '!' to abort execution if the optional value contains 'nil'
16 | var relative = true
17 | if let colon = rest.firstIndex(of: ":"), isScheme(rest[..<colon]) {
/Users/admin/builder/spi-builder-workspace/Sources/FormhausCore/Renderer/ImageSource.swift:15:37: error: value of optional type 'Array<String.UnicodeScalarView.Element>.Index?' (aka 'Optional<Int>') must be unwrapped to a value of type 'Array<String.UnicodeScalarView.Element>.Index' (aka 'Int')
13 | let start = kept.firstIndex { $0.value > 0x20 } ?? kept.endIndex
14 | let end = kept.lastIndex { $0.value > 0x20 }.map { $0 + 1 } ?? start
15 | var rest = kept[start..<max(start, end)]
| |- error: value of optional type 'Array<String.UnicodeScalarView.Element>.Index?' (aka 'Optional<Int>') must be unwrapped to a value of type 'Array<String.UnicodeScalarView.Element>.Index' (aka 'Int')
| |- note: coalesce using '??' to provide a default when the optional value contains 'nil'
| `- note: force-unwrap using '!' to abort execution if the optional value contains 'nil'
16 | var relative = true
17 | if let colon = rest.firstIndex(of: ":"), isScheme(rest[..<colon]) {
/Users/admin/builder/spi-builder-workspace/Sources/FormhausCore/Renderer/ImageSource.swift:23:13: error: the compiler is unable to type-check this expression in reasonable time; try breaking up the expression into distinct sub-expressions
21 | }
22 | let special = specialSchemes.contains(scheme)
23 | let slashes = rest.prefix { special ? $0 == "/" || $0 == "\\" : $0 == "/" }.count
| `- error: the compiler is unable to type-check this expression in reasonable time; try breaking up the expression into distinct sub-expressions
24 | let opens = special && !relative ? true : slashes >= 2
25 | guard opens else {
[43/103] Compiling FormhausCore SubmittedValues.swift
/Users/admin/builder/spi-builder-workspace/Sources/FormhausCore/Renderer/ImageSource.swift:15:25: error: value of optional type 'Array<String.UnicodeScalarView.Element>.Index?' (aka 'Optional<Int>') must be unwrapped to a value of type 'Array<String.UnicodeScalarView.Element>.Index' (aka 'Int')
13 | let start = kept.firstIndex { $0.value > 0x20 } ?? kept.endIndex
14 | let end = kept.lastIndex { $0.value > 0x20 }.map { $0 + 1 } ?? start
15 | var rest = kept[start..<max(start, end)]
| |- error: value of optional type 'Array<String.UnicodeScalarView.Element>.Index?' (aka 'Optional<Int>') must be unwrapped to a value of type 'Array<String.UnicodeScalarView.Element>.Index' (aka 'Int')
| |- note: coalesce using '??' to provide a default when the optional value contains 'nil'
| `- note: force-unwrap using '!' to abort execution if the optional value contains 'nil'
16 | var relative = true
17 | if let colon = rest.firstIndex(of: ":"), isScheme(rest[..<colon]) {
/Users/admin/builder/spi-builder-workspace/Sources/FormhausCore/Renderer/ImageSource.swift:15:44: error: value of optional type 'Array<String.UnicodeScalarView.Element>.Index?' (aka 'Optional<Int>') must be unwrapped to a value of type 'Array<String.UnicodeScalarView.Element>.Index' (aka 'Int')
12 | let kept = Array(source.unicodeScalars.filter { !["\t", "\n", "\r"].contains($0) })
13 | let start = kept.firstIndex { $0.value > 0x20 } ?? kept.endIndex
14 | let end = kept.lastIndex { $0.value > 0x20 }.map { $0 + 1 } ?? start
| | |- note: coalesce using '??' to provide a default when the optional value contains 'nil'
| | `- note: force-unwrap using '!' to abort execution if the optional value contains 'nil'
| `- note: short-circuit using 'guard' to exit this function early if the optional value contains 'nil'
15 | var rest = kept[start..<max(start, end)]
| |- error: value of optional type 'Array<String.UnicodeScalarView.Element>.Index?' (aka 'Optional<Int>') must be unwrapped to a value of type 'Array<String.UnicodeScalarView.Element>.Index' (aka 'Int')
| |- note: coalesce using '??' to provide a default when the optional value contains 'nil'
| `- note: force-unwrap using '!' to abort execution if the optional value contains 'nil'
16 | var relative = true
17 | if let colon = rest.firstIndex(of: ":"), isScheme(rest[..<colon]) {
/Users/admin/builder/spi-builder-workspace/Sources/FormhausCore/Renderer/ImageSource.swift:15:37: error: value of optional type 'Array<String.UnicodeScalarView.Element>.Index?' (aka 'Optional<Int>') must be unwrapped to a value of type 'Array<String.UnicodeScalarView.Element>.Index' (aka 'Int')
13 | let start = kept.firstIndex { $0.value > 0x20 } ?? kept.endIndex
14 | let end = kept.lastIndex { $0.value > 0x20 }.map { $0 + 1 } ?? start
15 | var rest = kept[start..<max(start, end)]
| |- error: value of optional type 'Array<String.UnicodeScalarView.Element>.Index?' (aka 'Optional<Int>') must be unwrapped to a value of type 'Array<String.UnicodeScalarView.Element>.Index' (aka 'Int')
| |- note: coalesce using '??' to provide a default when the optional value contains 'nil'
| `- note: force-unwrap using '!' to abort execution if the optional value contains 'nil'
16 | var relative = true
17 | if let colon = rest.firstIndex(of: ":"), isScheme(rest[..<colon]) {
/Users/admin/builder/spi-builder-workspace/Sources/FormhausCore/Renderer/ImageSource.swift:23:13: error: the compiler is unable to type-check this expression in reasonable time; try breaking up the expression into distinct sub-expressions
21 | }
22 | let special = specialSchemes.contains(scheme)
23 | let slashes = rest.prefix { special ? $0 == "/" || $0 == "\\" : $0 == "/" }.count
| `- error: the compiler is unable to type-check this expression in reasonable time; try breaking up the expression into distinct sub-expressions
24 | let opens = special && !relative ? true : slashes >= 2
25 | guard opens else {
[44/103] Compiling FormhausCore Localize.swift
[45/103] Compiling FormhausCore Slots.swift
[46/103] Compiling FormhausCore TextNodes.swift
[47/103] Compiling FormhausCore JSKey.swift
[48/103] Compiling FormhausCore JSONEncoding.swift
[49/103] Compiling FormhausCore JSONParser.swift
[50/103] Compiling FormhausCore JSONValue+Codable.swift
[51/103] Compiling FormhausCore JSONValue.swift
[52/103] Compiling FormhausCore JSText.swift
[53/103] Compiling FormhausCore StringMap.swift
[54/103] Compiling FormhausCore CharSet.swift
[55/103] Compiling FormhausCore CompiledPattern.swift
[56/103] Compiling FormhausCore Deferred.swift
[57/103] Compiling FormhausCore GroupNames.swift
[58/103] Compiling FormhausCore JSRegex.swift
[59/103] Compiling FormhausCore LazyDFA.swift
[60/103] Compiling FormhausCore LiteralSearch.swift
[61/103] Compiling FormhausCore MatchContext.swift
[62/103] Compiling FormhausCore NodeAnalysis.swift
[63/103] Compiling FormhausCore PatternCache.swift
[64/103] Compiling FormhausCore ReconcileItems.swift
[65/103] Compiling FormhausCore ReplaceDefinition.swift
[66/103] Compiling FormhausCore ShownFields.swift
[67/103] Compiling FormhausCore SkipStep.swift
[68/103] Compiling FormhausCore StartValues.swift
[69/103] Compiling FormhausCore StepSkip.swift
[70/103] Compiling FormhausCore Submission.swift
[71/103] Compiling FormhausCore Values.swift
[72/103] Compiling FormhausCore VisibilityState.swift
[73/103] Compiling FormhausCore WriteValue.swift
[74/103] Compiling FormhausCore AutocompleteWarnings.swift
/Users/admin/builder/spi-builder-workspace/Sources/FormhausCore/DefinitionValidation/DefinitionWarnings.swift:185:5: error: the compiler is unable to type-check this expression in reasonable time; try breaking up the expression into distinct sub-expressions
183 |
184 | func definitionWarnings(_ context: CheckContext) -> [DefinitionIssue] {
185 | versionWarnings(context) + propertyWarnings(context) + context.conditions.flatMap { conditionWarnings(context, $0) }
| `- error: the compiler is unable to type-check this expression in reasonable time; try breaking up the expression into distinct sub-expressions
186 | + context.entries.flatMap { fieldWarnings(context, $0) } + routeWarnings(context) + recallWarnings(context)
187 | + exclusiveWarnings(context)
[75/103] Compiling FormhausCore CheckContext.swift
/Users/admin/builder/spi-builder-workspace/Sources/FormhausCore/DefinitionValidation/DefinitionWarnings.swift:185:5: error: the compiler is unable to type-check this expression in reasonable time; try breaking up the expression into distinct sub-expressions
183 |
184 | func definitionWarnings(_ context: CheckContext) -> [DefinitionIssue] {
185 | versionWarnings(context) + propertyWarnings(context) + context.conditions.flatMap { conditionWarnings(context, $0) }
| `- error: the compiler is unable to type-check this expression in reasonable time; try breaking up the expression into distinct sub-expressions
186 | + context.entries.flatMap { fieldWarnings(context, $0) } + routeWarnings(context) + recallWarnings(context)
187 | + exclusiveWarnings(context)
[76/103] Compiling FormhausCore CheckDefinition.swift
/Users/admin/builder/spi-builder-workspace/Sources/FormhausCore/DefinitionValidation/DefinitionWarnings.swift:185:5: error: the compiler is unable to type-check this expression in reasonable time; try breaking up the expression into distinct sub-expressions
183 |
184 | func definitionWarnings(_ context: CheckContext) -> [DefinitionIssue] {
185 | versionWarnings(context) + propertyWarnings(context) + context.conditions.flatMap { conditionWarnings(context, $0) }
| `- error: the compiler is unable to type-check this expression in reasonable time; try breaking up the expression into distinct sub-expressions
186 | + context.entries.flatMap { fieldWarnings(context, $0) } + routeWarnings(context) + recallWarnings(context)
187 | + exclusiveWarnings(context)
[77/103] Compiling FormhausCore ConditionChecks.swift
/Users/admin/builder/spi-builder-workspace/Sources/FormhausCore/DefinitionValidation/DefinitionWarnings.swift:185:5: error: the compiler is unable to type-check this expression in reasonable time; try breaking up the expression into distinct sub-expressions
183 |
184 | func definitionWarnings(_ context: CheckContext) -> [DefinitionIssue] {
185 | versionWarnings(context) + propertyWarnings(context) + context.conditions.flatMap { conditionWarnings(context, $0) }
| `- error: the compiler is unable to type-check this expression in reasonable time; try breaking up the expression into distinct sub-expressions
186 | + context.entries.flatMap { fieldWarnings(context, $0) } + routeWarnings(context) + recallWarnings(context)
187 | + exclusiveWarnings(context)
[78/103] Compiling FormhausCore DefinitionIssue.swift
/Users/admin/builder/spi-builder-workspace/Sources/FormhausCore/DefinitionValidation/DefinitionWarnings.swift:185:5: error: the compiler is unable to type-check this expression in reasonable time; try breaking up the expression into distinct sub-expressions
183 |
184 | func definitionWarnings(_ context: CheckContext) -> [DefinitionIssue] {
185 | versionWarnings(context) + propertyWarnings(context) + context.conditions.flatMap { conditionWarnings(context, $0) }
| `- error: the compiler is unable to type-check this expression in reasonable time; try breaking up the expression into distinct sub-expressions
186 | + context.entries.flatMap { fieldWarnings(context, $0) } + routeWarnings(context) + recallWarnings(context)
187 | + exclusiveWarnings(context)
[79/103] Compiling FormhausCore DefinitionWarnings.swift
/Users/admin/builder/spi-builder-workspace/Sources/FormhausCore/DefinitionValidation/DefinitionWarnings.swift:185:5: error: the compiler is unable to type-check this expression in reasonable time; try breaking up the expression into distinct sub-expressions
183 |
184 | func definitionWarnings(_ context: CheckContext) -> [DefinitionIssue] {
185 | versionWarnings(context) + propertyWarnings(context) + context.conditions.flatMap { conditionWarnings(context, $0) }
| `- error: the compiler is unable to type-check this expression in reasonable time; try breaking up the expression into distinct sub-expressions
186 | + context.entries.flatMap { fieldWarnings(context, $0) } + routeWarnings(context) + recallWarnings(context)
187 | + exclusiveWarnings(context)
[80/103] Compiling FormhausCore ExclusiveWarnings.swift
/Users/admin/builder/spi-builder-workspace/Sources/FormhausCore/DefinitionValidation/DefinitionWarnings.swift:185:5: error: the compiler is unable to type-check this expression in reasonable time; try breaking up the expression into distinct sub-expressions
183 |
184 | func definitionWarnings(_ context: CheckContext) -> [DefinitionIssue] {
185 | versionWarnings(context) + propertyWarnings(context) + context.conditions.flatMap { conditionWarnings(context, $0) }
| `- error: the compiler is unable to type-check this expression in reasonable time; try breaking up the expression into distinct sub-expressions
186 | + context.entries.flatMap { fieldWarnings(context, $0) } + routeWarnings(context) + recallWarnings(context)
187 | + exclusiveWarnings(context)
[81/103] Compiling FormhausCore FieldChecks.swift
/Users/admin/builder/spi-builder-workspace/Sources/FormhausCore/DefinitionValidation/DefinitionWarnings.swift:185:5: error: the compiler is unable to type-check this expression in reasonable time; try breaking up the expression into distinct sub-expressions
183 |
184 | func definitionWarnings(_ context: CheckContext) -> [DefinitionIssue] {
185 | versionWarnings(context) + propertyWarnings(context) + context.conditions.flatMap { conditionWarnings(context, $0) }
| `- error: the compiler is unable to type-check this expression in reasonable time; try breaking up the expression into distinct sub-expressions
186 | + context.entries.flatMap { fieldWarnings(context, $0) } + routeWarnings(context) + recallWarnings(context)
187 | + exclusiveWarnings(context)
[82/103] Compiling FormhausCore IssueCode.swift
/Users/admin/builder/spi-builder-workspace/Sources/FormhausCore/DefinitionValidation/DefinitionWarnings.swift:185:5: error: the compiler is unable to type-check this expression in reasonable time; try breaking up the expression into distinct sub-expressions
183 |
184 | func definitionWarnings(_ context: CheckContext) -> [DefinitionIssue] {
185 | versionWarnings(context) + propertyWarnings(context) + context.conditions.flatMap { conditionWarnings(context, $0) }
| `- error: the compiler is unable to type-check this expression in reasonable time; try breaking up the expression into distinct sub-expressions
186 | + context.entries.flatMap { fieldWarnings(context, $0) } + routeWarnings(context) + recallWarnings(context)
187 | + exclusiveWarnings(context)
[83/103] Compiling FormhausCore PropertyWarnings.swift
/Users/admin/builder/spi-builder-workspace/Sources/FormhausCore/DefinitionValidation/DefinitionWarnings.swift:185:5: error: the compiler is unable to type-check this expression in reasonable time; try breaking up the expression into distinct sub-expressions
183 |
184 | func definitionWarnings(_ context: CheckContext) -> [DefinitionIssue] {
185 | versionWarnings(context) + propertyWarnings(context) + context.conditions.flatMap { conditionWarnings(context, $0) }
| `- error: the compiler is unable to type-check this expression in reasonable time; try breaking up the expression into distinct sub-expressions
186 | + context.entries.flatMap { fieldWarnings(context, $0) } + routeWarnings(context) + recallWarnings(context)
187 | + exclusiveWarnings(context)
[84/103] Compiling FormhausCore Prefilter.swift
[85/103] Compiling FormhausCore RegexCompiler+Quantifiers.swift
[86/103] Compiling FormhausCore RegexCompiler.swift
[87/103] Compiling FormhausCore RegexNode.swift
[88/103] Compiling FormhausCore RegexParser+Atoms.swift
[89/103] Compiling FormhausCore RegexParser+Escapes.swift
[90/103] Compiling FormhausCore RegexParser.swift
[91/103] Compiling FormhausCore RegexProgram.swift
[92/103] Compiling FormhausCore SearchPlan.swift
[93/103] Compiling FormhausCore StepBudget.swift
[94/103] Compiling FormhausCore RecallWarnings.swift
[95/103] Compiling FormhausCore Shape.swift
[96/103] Compiling FormhausCore SlowPattern.swift
[97/103] Compiling FormhausCore StructureChecks.swift
[98/103] Compiling FormhausCore VersionWarnings.swift
[99/103] Compiling FormhausCore ActivePath.swift
[100/103] Compiling FormhausCore CreateValues.swift
[101/103] Compiling FormhausCore DefinitionIndex.swift
[102/103] Compiling FormhausCore EngineCore.swift
[103/103] Compiling FormhausCore EngineErrors.swift
BUILD FAILURE 6.2 macosSpm