Build Information
Failed to build PDFManager, reference 26.9.8 (185396), with Swift 6.2 for Android on 7 Sep 2026 06:44:26 UTC.
Build Command
bash -c docker run --pull=always --rm -v "checkouts-54344845-0":/host -w "$PWD" -e JAVA_HOME="/root/.sdkman/candidates/java/current" -e SPI_BUILD="1" -e SPI_PROCESSING="1" registry.gitlab.com/saguaro1/spi-images:android-6.2-latest swift build --swift-sdk aarch64-unknown-linux-android28 2>&1Build Log
========================================
RunAll
========================================
Builder version: 5.0.2
Interrupt handler set up.
========================================
Checkout
========================================
Clone URL: https://github.com/markbattistella/PDFManager.git
Reference: 26.9.8
Initialized empty Git repository in /host/spi-builder-workspace/.git/
hint: Using 'master' as the name for the initial branch. This default branch name
hint: is subject to change. To configure the initial branch name to use in all
hint: of your new repositories, which will suppress this warning, call:
hint:
hint: git config --global init.defaultBranch <name>
hint:
hint: Names commonly chosen instead of 'master' are 'main', 'trunk' and
hint: 'development'. The just-created branch can be renamed via this command:
hint:
hint: git branch -m <name>
From https://github.com/markbattistella/PDFManager
* tag 26.9.8 -> FETCH_HEAD
HEAD is now at 1853964 2026-09-07
Cloned https://github.com/markbattistella/PDFManager.git
Revision (git rev-parse @):
18539649d58eb7b0ab97da62779a3a352c77b2f3
SUCCESS checkout https://github.com/markbattistella/PDFManager.git at 26.9.8
========================================
Build
========================================
Selected platform: android
Swift version: 6.2
Building package at path: $PWD
https://github.com/markbattistella/PDFManager.git
Running build ...
bash -c docker run --pull=always --rm -v "checkouts-54344845-0":/host -w "$PWD" -e JAVA_HOME="/root/.sdkman/candidates/java/current" -e SPI_BUILD="1" -e SPI_PROCESSING="1" registry.gitlab.com/saguaro1/spi-images:android-6.2-latest swift build --swift-sdk aarch64-unknown-linux-android28 2>&1
android-6.2-latest: Pulling from saguaro1/spi-images
Digest: sha256:573917aa137cc6f081a4f3d2a0330bac24553e9cd713cd758adf65046f5c6b90
Status: Image is up to date for registry.gitlab.com/saguaro1/spi-images:android-6.2-latest
Fetching https://github.com/markbattistella/SimpleLogger
[1/229] Fetching simplelogger
Fetched https://github.com/markbattistella/SimpleLogger from cache (0.42s)
Computing version for https://github.com/markbattistella/SimpleLogger
Computed https://github.com/markbattistella/SimpleLogger at 26.5.26 (0.59s)
Creating working copy for https://github.com/markbattistella/SimpleLogger
Working copy of https://github.com/markbattistella/SimpleLogger resolved at 26.5.26
Building for debugging...
[0/5] Write sources
[1/5] Copying Localizable.xcstrings
[2/5] Copying Info.plist
[4/5] Write swift-version--11D90AFD9DD3AB2.txt
error: emit-module command failed with exit code 1 (use -v to see invocation)
[6/27] Emitting module SimpleLogger
/host/spi-builder-workspace/.build/checkouts/SimpleLogger/Sources/SimpleLogger/Core/Logger+Export.swift:8:8: error: no such module 'UniformTypeIdentifiers'
6 |
7 | import Foundation
8 | import UniformTypeIdentifiers
| `- error: no such module 'UniformTypeIdentifiers'
9 |
10 | extension UTType {
[7/30] Compiling SimpleLogger CompressionLevel.swift
/host/spi-builder-workspace/.build/checkouts/SimpleLogger/Sources/SimpleLogger/Core/Logger+Export.swift:8:8: error: no such module 'UniformTypeIdentifiers'
6 |
7 | import Foundation
8 | import UniformTypeIdentifiers
| `- error: no such module 'UniformTypeIdentifiers'
9 |
10 | extension UTType {
[8/30] Compiling SimpleLogger Data+Ext.swift
/host/spi-builder-workspace/.build/checkouts/SimpleLogger/Sources/SimpleLogger/Core/Logger+Export.swift:8:8: error: no such module 'UniformTypeIdentifiers'
6 |
7 | import Foundation
8 | import UniformTypeIdentifiers
| `- error: no such module 'UniformTypeIdentifiers'
9 |
10 | extension UTType {
[9/30] Compiling SimpleLogger gzip+Error.swift
/host/spi-builder-workspace/.build/checkouts/SimpleLogger/Sources/SimpleLogger/Core/Logger+Export.swift:8:8: error: no such module 'UniformTypeIdentifiers'
6 |
7 | import Foundation
8 | import UniformTypeIdentifiers
| `- error: no such module 'UniformTypeIdentifiers'
9 |
10 | extension UTType {
[10/30] Compiling SimpleLogger LoggerRepresentation.swift
/host/spi-builder-workspace/.build/checkouts/SimpleLogger/Sources/SimpleLogger/Core/Logger+Export.swift:8:8: error: no such module 'UniformTypeIdentifiers'
6 |
7 | import Foundation
8 | import UniformTypeIdentifiers
| `- error: no such module 'UniformTypeIdentifiers'
9 |
10 | extension UTType {
[11/30] Compiling SimpleLogger Duration+Ext.swift
/host/spi-builder-workspace/.build/checkouts/SimpleLogger/Sources/SimpleLogger/Core/Logger+Export.swift:8:8: error: no such module 'UniformTypeIdentifiers'
6 |
7 | import Foundation
8 | import UniformTypeIdentifiers
| `- error: no such module 'UniformTypeIdentifiers'
9 |
10 | extension UTType {
[12/30] Compiling SimpleLogger LoggerExporter.swift
/host/spi-builder-workspace/.build/checkouts/SimpleLogger/Sources/SimpleLogger/Core/Logger+Export.swift:8:8: error: no such module 'UniformTypeIdentifiers'
6 |
7 | import Foundation
8 | import UniformTypeIdentifiers
| `- error: no such module 'UniformTypeIdentifiers'
9 |
10 | extension UTType {
[13/30] Compiling SimpleLogger Category+Architecture.swift
/host/spi-builder-workspace/.build/checkouts/SimpleLogger/Sources/SimpleLogger/Core/Logger+Export.swift:8:8: error: no such module 'UniformTypeIdentifiers'
6 |
7 | import Foundation
8 | import UniformTypeIdentifiers
| `- error: no such module 'UniformTypeIdentifiers'
9 |
10 | extension UTType {
[14/30] Compiling SimpleLogger Category+Commerce.swift
/host/spi-builder-workspace/.build/checkouts/SimpleLogger/Sources/SimpleLogger/Core/Logger+Export.swift:8:8: error: no such module 'UniformTypeIdentifiers'
6 |
7 | import Foundation
8 | import UniformTypeIdentifiers
| `- error: no such module 'UniformTypeIdentifiers'
9 |
10 | extension UTType {
[15/30] Compiling SimpleLogger Category+Miscellaneous.swift
/host/spi-builder-workspace/.build/checkouts/SimpleLogger/Sources/SimpleLogger/Core/Logger+Export.swift:8:8: error: no such module 'UniformTypeIdentifiers'
6 |
7 | import Foundation
8 | import UniformTypeIdentifiers
| `- error: no such module 'UniformTypeIdentifiers'
9 |
10 | extension UTType {
[16/30] Compiling SimpleLogger Logger+Filter.swift
/host/spi-builder-workspace/.build/checkouts/SimpleLogger/Sources/SimpleLogger/Core/Logger+Export.swift:8:8: error: no such module 'UniformTypeIdentifiers'
6 |
7 | import Foundation
8 | import UniformTypeIdentifiers
| `- error: no such module 'UniformTypeIdentifiers'
9 |
10 | extension UTType {
[17/30] Compiling SimpleLogger Logger+Init.swift
/host/spi-builder-workspace/.build/checkouts/SimpleLogger/Sources/SimpleLogger/Core/Logger+Export.swift:8:8: error: no such module 'UniformTypeIdentifiers'
6 |
7 | import Foundation
8 | import UniformTypeIdentifiers
| `- error: no such module 'UniformTypeIdentifiers'
9 |
10 | extension UTType {
[18/30] Compiling SimpleLogger LoggerCategory.swift
/host/spi-builder-workspace/.build/checkouts/SimpleLogger/Sources/SimpleLogger/Core/Logger+Export.swift:8:8: error: no such module 'UniformTypeIdentifiers'
6 |
7 | import Foundation
8 | import UniformTypeIdentifiers
| `- error: no such module 'UniformTypeIdentifiers'
9 |
10 | extension UTType {
[19/30] Compiling SimpleLogger Category+UI.swift
/host/spi-builder-workspace/.build/checkouts/SimpleLogger/Sources/SimpleLogger/Core/Logger+Export.swift:8:8: error: no such module 'UniformTypeIdentifiers'
6 |
7 | import Foundation
8 | import UniformTypeIdentifiers
| `- error: no such module 'UniformTypeIdentifiers'
9 |
10 | extension UTType {
[20/30] Compiling SimpleLogger Category+Utilities.swift
/host/spi-builder-workspace/.build/checkouts/SimpleLogger/Sources/SimpleLogger/Core/Logger+Export.swift:8:8: error: no such module 'UniformTypeIdentifiers'
6 |
7 | import Foundation
8 | import UniformTypeIdentifiers
| `- error: no such module 'UniformTypeIdentifiers'
9 |
10 | extension UTType {
[21/30] Compiling SimpleLogger Logger+Export.swift
/host/spi-builder-workspace/.build/checkouts/SimpleLogger/Sources/SimpleLogger/Core/Logger+Export.swift:8:8: error: no such module 'UniformTypeIdentifiers'
6 |
7 | import Foundation
8 | import UniformTypeIdentifiers
| `- error: no such module 'UniformTypeIdentifiers'
9 |
10 | extension UTType {
[22/30] Compiling SimpleLogger LoggerManager.swift
/host/spi-builder-workspace/.build/checkouts/SimpleLogger/Sources/SimpleLogger/Core/Logger+Export.swift:8:8: error: no such module 'UniformTypeIdentifiers'
6 |
7 | import Foundation
8 | import UniformTypeIdentifiers
| `- error: no such module 'UniformTypeIdentifiers'
9 |
10 | extension UTType {
[23/30] Compiling SimpleLogger LoggerQuery.swift
/host/spi-builder-workspace/.build/checkouts/SimpleLogger/Sources/SimpleLogger/Core/Logger+Export.swift:8:8: error: no such module 'UniformTypeIdentifiers'
6 |
7 | import Foundation
8 | import UniformTypeIdentifiers
| `- error: no such module 'UniformTypeIdentifiers'
9 |
10 | extension UTType {
[24/30] Compiling SimpleLogger LoggerReader.swift
/host/spi-builder-workspace/.build/checkouts/SimpleLogger/Sources/SimpleLogger/Core/Logger+Export.swift:8:8: error: no such module 'UniformTypeIdentifiers'
6 |
7 | import Foundation
8 | import UniformTypeIdentifiers
| `- error: no such module 'UniformTypeIdentifiers'
9 |
10 | extension UTType {
[25/30] Compiling SimpleLogger Category+Network.swift
/host/spi-builder-workspace/.build/checkouts/SimpleLogger/Sources/SimpleLogger/Core/Logger+Export.swift:8:8: error: no such module 'UniformTypeIdentifiers'
6 |
7 | import Foundation
8 | import UniformTypeIdentifiers
| `- error: no such module 'UniformTypeIdentifiers'
9 |
10 | extension UTType {
[26/30] Compiling SimpleLogger Category+Performance.swift
/host/spi-builder-workspace/.build/checkouts/SimpleLogger/Sources/SimpleLogger/Core/Logger+Export.swift:8:8: error: no such module 'UniformTypeIdentifiers'
6 |
7 | import Foundation
8 | import UniformTypeIdentifiers
| `- error: no such module 'UniformTypeIdentifiers'
9 |
10 | extension UTType {
[27/30] Compiling SimpleLogger Category+Persistence.swift
/host/spi-builder-workspace/.build/checkouts/SimpleLogger/Sources/SimpleLogger/Core/Logger+Export.swift:8:8: error: no such module 'UniformTypeIdentifiers'
6 |
7 | import Foundation
8 | import UniformTypeIdentifiers
| `- error: no such module 'UniformTypeIdentifiers'
9 |
10 | extension UTType {
[28/30] Compiling SimpleLogger Category+Security.swift
/host/spi-builder-workspace/.build/checkouts/SimpleLogger/Sources/SimpleLogger/Core/Logger+Export.swift:8:8: error: no such module 'UniformTypeIdentifiers'
6 |
7 | import Foundation
8 | import UniformTypeIdentifiers
| `- error: no such module 'UniformTypeIdentifiers'
9 |
10 | extension UTType {
[29/30] Compiling SimpleLogger Category+System.swift
/host/spi-builder-workspace/.build/checkouts/SimpleLogger/Sources/SimpleLogger/Core/Logger+Export.swift:8:8: error: no such module 'UniformTypeIdentifiers'
6 |
7 | import Foundation
8 | import UniformTypeIdentifiers
| `- error: no such module 'UniformTypeIdentifiers'
9 |
10 | extension UTType {
[30/30] Compiling SimpleLogger Category+Testing.swift
/host/spi-builder-workspace/.build/checkouts/SimpleLogger/Sources/SimpleLogger/Core/Logger+Export.swift:8:8: error: no such module 'UniformTypeIdentifiers'
6 |
7 | import Foundation
8 | import UniformTypeIdentifiers
| `- error: no such module 'UniformTypeIdentifiers'
9 |
10 | extension UTType {
BUILD FAILURE 6.2 android