Build Information
Failed to build MapItemPicker, reference 1.0.7 (1c607d), with Swift 6.4 for watchOS using Xcode 27.0 on 22 Sep 2026 05:46:35 UTC.
Build Command
env DEVELOPER_DIR=/Applications/Xcode-27.0.0-Release.Candidate.app xcrun xcodebuild -IDEClonedSourcePackagesDirPathOverride=$PWD/.dependencies -skipMacroValidation -skipPackagePluginValidation -derivedDataPath $PWD/.derivedData build -scheme MapItemPicker -destination generic/platform=watchOSBuild Log
SwiftExplicitDependencyGeneratePcm arm64_32 /Users/admin/builder/spi-builder-workspace/.derivedData/SDKExplicitPrecompiledModules/_LocationEssentials-AQ1OL9QKC3LQLY5CNSRM1HB53.pcm
SwiftExplicitDependencyGeneratePcm arm64 /Users/admin/builder/spi-builder-workspace/.derivedData/SDKExplicitPrecompiledModules/CoreTransferable-9PPG3SLJ55T4LITIFYX2M0NOZ.pcm
SwiftExplicitDependencyGeneratePcm arm64 /Users/admin/builder/spi-builder-workspace/.derivedData/SDKExplicitPrecompiledModules/DataDetection-7BNVI1SZW5ISQL5SX4WL2X7I5.pcm
SwiftExplicitDependencyGeneratePcm arm64 /Users/admin/builder/spi-builder-workspace/.derivedData/SDKExplicitPrecompiledModules/UIUtilities-IR7RNW23VAUKYI9MLCS9NL9A.pcm
SwiftExplicitDependencyGeneratePcm arm64_32 /Users/admin/builder/spi-builder-workspace/.derivedData/SDKExplicitPrecompiledModules/OSLog-D9AVFY0KWO7RVBIQ73CBIJVCN.pcm
SwiftExplicitDependencyGeneratePcm arm64 /Users/admin/builder/spi-builder-workspace/.derivedData/SDKExplicitPrecompiledModules/LocalAuthentication-E2VERNNN1K2IWY24TR43TU59K.pcm
SwiftExplicitDependencyGeneratePcm arm64 /Users/admin/builder/spi-builder-workspace/.derivedData/SDKExplicitPrecompiledModules/CoreMotion-6RD5K48QT1F4L9CATNFD2O7YB.pcm
SwiftExplicitDependencyGeneratePcm arm64_32 /Users/admin/builder/spi-builder-workspace/.derivedData/SDKExplicitPrecompiledModules/CoreLocation-8XU5YMYM4P11RQMYCQAG65ITK.pcm
SwiftExplicitDependencyGeneratePcm arm64_32 /Users/admin/builder/spi-builder-workspace/.derivedData/SDKExplicitPrecompiledModules/LocalAuthentication-ATD947DC6Q0HA129OWBMG6HNP.pcm
SwiftExplicitDependencyGeneratePcm arm64_32 /Users/admin/builder/spi-builder-workspace/.derivedData/SDKExplicitPrecompiledModules/UIUtilities-9YFVNIMRC5HRVOIARNWHP1E3H.pcm
SwiftExplicitDependencyGeneratePcm arm64 /Users/admin/builder/spi-builder-workspace/.derivedData/SDKExplicitPrecompiledModules/SwiftUICore-C1DST1IX2Z0PTH5SJJZ1IULRB.pcm
SwiftExplicitDependencyGeneratePcm arm64_32 /Users/admin/builder/spi-builder-workspace/.derivedData/SDKExplicitPrecompiledModules/StoreKit-9UUFY6HOI7591O89DP4VS4EUH.pcm
SwiftExplicitDependencyGeneratePcm arm64_32 /Users/admin/builder/spi-builder-workspace/.derivedData/SDKExplicitPrecompiledModules/SwiftUICore-3Q7WLRD8MR9R3NGIPUBQCP6F6.pcm
SwiftExplicitDependencyGeneratePcm arm64 /Users/admin/builder/spi-builder-workspace/.derivedData/SDKExplicitPrecompiledModules/UIKit-27R3P1YMV4C6JLDT661G3MRIA.pcm
SwiftExplicitDependencyGeneratePcm arm64_32 /Users/admin/builder/spi-builder-workspace/.derivedData/SDKExplicitPrecompiledModules/CoreMotion-1XGTVTE5PP32UHME8AC63TL6.pcm
SwiftExplicitDependencyGeneratePcm arm64_32 /Users/admin/builder/spi-builder-workspace/.derivedData/SDKExplicitPrecompiledModules/UIKit-6PPV7YPZ89CZPHYAP072QH8B6.pcm
SwiftExplicitDependencyGeneratePcm arm64 /Users/admin/builder/spi-builder-workspace/.derivedData/SDKExplicitPrecompiledModules/MapKit-EJJWC7IL56MPLQMI93GJRE5OG.pcm
SwiftExplicitDependencyGeneratePcm arm64 /Users/admin/builder/spi-builder-workspace/.derivedData/SDKExplicitPrecompiledModules/HomeKit-DTS1N4AWILAL1URZ5IOXV5221.pcm
SwiftExplicitDependencyGeneratePcm arm64_32 /Users/admin/builder/spi-builder-workspace/.derivedData/SDKExplicitPrecompiledModules/MapKit-CWGB4YMP1VX1NYQN5FULFD5DR.pcm
SwiftExplicitDependencyGeneratePcm arm64_32 /Users/admin/builder/spi-builder-workspace/.derivedData/SDKExplicitPrecompiledModules/HomeKit-DUDZOMSN3UK8GNTNBNMPIWJRN.pcm
SwiftExplicitDependencyGeneratePcm arm64 /Users/admin/builder/spi-builder-workspace/.derivedData/SDKExplicitPrecompiledModules/WatchKit-3VT3K8YON6FJ6OWSUFJMFMP8J.pcm
SwiftExplicitDependencyGeneratePcm arm64_32 /Users/admin/builder/spi-builder-workspace/.derivedData/SDKExplicitPrecompiledModules/WatchKit-FHF6WTKLC2APGK3LA2XJ6516.pcm
SwiftExplicitDependencyGeneratePcm arm64 /Users/admin/builder/spi-builder-workspace/.derivedData/SDKExplicitPrecompiledModules/SwiftUI-APXDH8ULYLM6FD17YRA73TULO.pcm
SwiftEmitModule normal arm64 Emitting\ module\ for\ SchafKit (in target 'SchafKit' from project 'SchafKit')
/Users/admin/builder/spi-builder-workspace/.dependencies/checkouts/SchafKit/Sources/SchafKit/Extensions/UIKit+AppKit/UIColor.swift:23:30: error: cannot find type 'SKRGBARepresentation' in scope
21 |
22 | /// Returns a `SKRGBARepresentation` representing the color.
23 | var rgbaRepresentation : SKRGBARepresentation {
| `- error: cannot find type 'SKRGBARepresentation' in scope
24 | var red : CGFloat = 0
25 | var green : CGFloat = 0
/Users/admin/builder/spi-builder-workspace/.dependencies/checkouts/SchafKit/Sources/SchafKit/Extensions/UIKit+AppKit/UIColor.swift:52:33: error: cannot find type 'SK8BitRGBARepresentation' in scope
50 |
51 | /// Returns a `SK8BitRGBARepresentation` representing the color.
52 | var bitRGBARepresentation : SK8BitRGBARepresentation {
| `- error: cannot find type 'SK8BitRGBARepresentation' in scope
53 | var red : CGFloat = 0
54 | var green : CGFloat = 0
/Users/admin/builder/spi-builder-workspace/.dependencies/checkouts/SchafKit/Sources/SchafKit/Extensions/UIKit+AppKit/UIColor.swift:77:30: error: cannot find type 'SKHSLARepresentation' in scope
75 |
76 | /// Returns a `SKHSLARepresentation` representing the color.
77 | var HSLARepresentation : SKHSLARepresentation {
| `- error: cannot find type 'SKHSLARepresentation' in scope
78 | var hue : CGFloat = 0
79 | var saturation : CGFloat = 0
/Users/admin/builder/spi-builder-workspace/.dependencies/checkouts/SchafKit/Sources/SchafKit/Extensions/UIKit+AppKit/UIColor.swift:100:39: error: cannot find type 'SKRGBARepresentation' in scope
98 |
99 | /// Initializes and returns a color object using the specified `SKRGBARepresentation`.
100 | convenience init(representation : SKRGBARepresentation) {
| `- error: cannot find type 'SKRGBARepresentation' in scope
101 | self.init(intermediateDisplayP3Red: representation.red,
102 | green: representation.green,
/Users/admin/builder/spi-builder-workspace/.dependencies/checkouts/SchafKit/Sources/SchafKit/Extensions/UIKit+AppKit/UIColor.swift:108:39: error: cannot find type 'SK8BitRGBARepresentation' in scope
106 |
107 | /// Initializes and returns a color object using the specified `SK8BitRGBARepresentation`.
108 | convenience init(representation : SK8BitRGBARepresentation) {
| `- error: cannot find type 'SK8BitRGBARepresentation' in scope
109 | self.init(intermediateDisplayP3Red : CGFloat(representation.red)/255,
110 | green : CGFloat(representation.green)/255,
/Users/admin/builder/spi-builder-workspace/.dependencies/checkouts/SchafKit/Sources/SchafKit/Extensions/UIKit+AppKit/UIColor.swift:124:38: error: cannot find type 'SKHSLARepresentation' in scope
122 |
123 | /// Initializes and returns a color object using the specified RGB component values.
124 | convenience init(representation: SKHSLARepresentation) {
| `- error: cannot find type 'SKHSLARepresentation' in scope
125 | self.init(
126 | hue: representation.hue,
/Users/admin/builder/spi-builder-workspace/.dependencies/checkouts/SchafKit/Sources/SchafKit/Platform-Specific/iOS+tvOS/UIApplication.swift:4:11: error: 'UIApplication' is unavailable in watchOS
2 | import UIKit
3 |
4 | extension UIApplication {
| `- error: 'UIApplication' is unavailable in watchOS
5 |
6 | func open(url: String) {
/Applications/Xcode-27.0.0-Release.Candidate.app/Contents/Developer/Platforms/WatchOS.platform/Developer/SDKs/WatchOS27.0.sdk/System/Library/Frameworks/UIKit.framework/Headers/UIApplication.h:85:12: note: 'UIApplication' has been explicitly marked unavailable here
83 |
84 | UIKIT_EXTERN API_AVAILABLE(ios(2.0)) API_UNAVAILABLE(watchos) NS_SWIFT_UI_ACTOR
85 | @interface UIApplication : UIResponder
| `- note: 'UIApplication' has been explicitly marked unavailable here
86 |
87 | @property(class, nonatomic, readonly) UIApplication *sharedApplication NS_EXTENSION_UNAVAILABLE_IOS("Use view controller based solutions where appropriate instead.");
Failed frontend command:
SwiftCompile normal arm64 (in target 'SchafKit' from project 'SchafKit')
cd /Users/admin/builder/spi-builder-workspace/.swiftpm/xcode
/Applications/Xcode-27.0.0-Release.Candidate.app/Contents/Developer/Toolchains/XcodeDefault.xctoolchain/usr/bin/swift-frontend -frontend -emit-module -experimental-skip-non-inlinable-function-bodies-without-types /Users/admin/builder/spi-builder-workspace/.dependencies/checkouts/SchafKit/Sources/SchafKit/Common/BackgroundPublished.swift /Users/admin/builder/spi-builder-workspace/.dependencies/checkouts/SchafKit/Sources/SchafKit/Common/Blocks.swift /Users/admin/builder/spi-builder-workspace/.dependencies/checkouts/SchafKit/Sources/SchafKit/Common/CodableSettingStorage.swift /Users/admin/builder/spi-builder-workspace/.dependencies/checkouts/SchafKit/Sources/SchafKit/Common/Enums/SKAxis.swift /Users/admin/builder/spi-builder-workspace/.dependencies/checkouts/SchafKit/Sources/SchafKit/Common/Options/SKOptionSet.swift /Users/admin/builder/spi-builder-workspace/.dependencies/checkouts/SchafKit/Sources/SchafKit/Common/Options/SKOptions.swift /Users/admin/builder/spi-builder-workspace/.dependencies/checkouts/SchafKit/Sources/SchafKit/Common/OrderedDictionary.swift /Users/admin/builder/spi-builder-workspace/.dependencies/checkouts/SchafKit/Sources/SchafKit/Common/PropertyWrappers/EquatablePublished.swift /Users/admin/builder/spi-builder-workspace/.dependencies/checkouts/SchafKit/Sources/SchafKit/Common/PropertyWrappers/SettingStorage.swift /Users/admin/builder/spi-builder-workspace/.dependencies/checkouts/SchafKit/Sources/SchafKit/Common/Publishable.swift /Users/admin/builder/spi-builder-workspace/.dependencies/checkouts/SchafKit/Sources/SchafKit/Common/PublishedCodableSettingStorage.swift /Users/admin/builder/spi-builder-workspace/.dependencies/checkouts/SchafKit/Sources/SchafKit/Common/PublishedSettingStorage.swift /Users/admin/builder/spi-builder-workspace/.dependencies/checkouts/SchafKit/Sources/SchafKit/Common/Structs/SK8BitRGBARepresentation.swift /Users/admin/builder/spi-builder-workspace/.dependencies/checkouts/SchafKit/Sources/SchafKit/Common/Structs/SKHSLARepresentation.swift /Users/admin/builder/spi-builder-workspace/.dependencies/checkouts/SchafKit/Sources/SchafKit/Common/Structs/SKJsonRepresentable.swift /Users/admin/builder/spi-builder-workspace/.dependencies/checkouts/SchafKit/Sources/SchafKit/Common/Structs/SKRGBARepresentation.swift /Users/admin/builder/spi-builder-workspace/.dependencies/checkouts/SchafKit/Sources/SchafKit/Common/Units/SKTimeUnit.swift /Users/admin/builder/spi-builder-workspace/.dependencies/checkouts/SchafKit/Sources/SchafKit/Common/Units/SKUnit.swift /Users/admin/builder/spi-builder-workspace/.dependencies/checkouts/SchafKit/Sources/SchafKit/Extensions/Collections/Array.swift /Users/admin/builder/spi-builder-workspace/.dependencies/checkouts/SchafKit/Sources/SchafKit/Extensions/Collections/Collection.swift /Users/admin/builder/spi-builder-workspace/.dependencies/checkouts/SchafKit/Sources/SchafKit/Extensions/Collections/Dictionary.swift /Users/admin/builder/spi-builder-workspace/.dependencies/checkouts/SchafKit/Sources/SchafKit/Extensions/Collections/Sequence.swift /Users/admin/builder/spi-builder-workspace/.dependencies/checkouts/SchafKit/Sources/SchafKit/Extensions/CoreData/NSManagedObjectContext.swift /Users/admin/builder/spi-builder-workspace/.dependencies/checkouts/SchafKit/Sources/SchafKit/Extensions/Generic/Bool.swift /Users/admin/builder/spi-builder-workspace/.dependencies/checkouts/SchafKit/Sources/SchafKit/Extensions/Generic/CGPoint.swift /Users/admin/builder/spi-builder-workspace/.dependencies/checkouts/SchafKit/Sources/SchafKit/Extensions/Generic/Character.swift /Users/admin/builder/spi-builder-workspace/.dependencies/checkouts/SchafKit/Sources/SchafKit/Extensions/Generic/Data.swift /Users/admin/builder/spi-builder-workspace/.dependencies/checkouts/SchafKit/Sources/SchafKit/Extensions/Generic/Date.swift /Users/admin/builder/spi-builder-workspace/.dependencies/checkouts/SchafKit/Sources/SchafKit/Extensions/Generic/DateFormatter.swift /Users/admin/builder/spi-builder-workspace/.dependencies/checkouts/SchafKit/Sources/SchafKit/Extensions/Generic/Double.swift /Users/admin/builder/spi-builder-workspace/.dependencies/checkouts/SchafKit/Sources/SchafKit/Extensions/Generic/Hashable.swift /Users/admin/builder/spi-builder-workspace/.dependencies/checkouts/SchafKit/Sources/SchafKit/Extensions/Generic/NSAttributedString.swift /Users/admin/builder/spi-builder-workspace/.dependencies/checkouts/SchafKit/Sources/SchafKit/Extensions/Generic/NSMutableAttributedString.swift /Users/admin/builder/spi-builder-workspace/.dependencies/checkouts/SchafKit/Sources/SchafKit/Extensions/Generic/NSObject.swift /Users/admin/builder/spi-builder-workspace/.dependencies/checkouts/SchafKit/Sources/SchafKit/Extensions/Generic/String+Markdown.swift /Users/admin/builder/spi-builder-workspace/.dependencies/checkouts/SchafKit/Sources/SchafKit/Extensions/Generic/String.swift /Users/admin/builder/spi-builder-workspace/.dependencies/checkouts/SchafKit/Sources/SchafKit/Extensions/Generic/TimeInterval.swift /Users/admin/builder/spi-builder-workspace/.dependencies/checkouts/SchafKit/Sources/SchafKit/Extensions/Generic/Timer.swift /Users/admin/builder/spi-builder-workspace/.dependencies/checkouts/SchafKit/Sources/SchafKit/Extensions/Generic/URL.swift /Users/admin/builder/spi-builder-workspace/.dependencies/checkouts/SchafKit/Sources/SchafKit/Extensions/Other/CGImage.swift /Users/admin/builder/spi-builder-workspace/.dependencies/checkouts/SchafKit/Sources/SchafKit/Extensions/Other/Digest+Hex.swift /Users/admin/builder/spi-builder-workspace/.dependencies/checkouts/SchafKit/Sources/SchafKit/Extensions/Other/NSLayoutConstraint.swift /Users/admin/builder/spi-builder-workspace/.dependencies/checkouts/SchafKit/Sources/SchafKit/Extensions/Other/NSRegularExpression.swift /Users/admin/builder/spi-builder-workspace/.dependencies/checkouts/SchafKit/Sources/SchafKit/Extensions/Other/Optional.swift /Users/admin/builder/spi-builder-workspace/.dependencies/checkouts/SchafKit/Sources/SchafKit/Extensions/Other/Result.swift /Users/admin/builder/spi-builder-workspace/.dependencies/checkouts/SchafKit/Sources/SchafKit/Extensions/SwiftUI/Color+Components.swift /Users/admin/builder/spi-builder-workspace/.dependencies/checkouts/SchafKit/Sources/SchafKit/Extensions/SwiftUI/Color+UIColor.swift /Users/admin/builder/spi-builder-workspace/.dependencies/checkouts/SchafKit/Sources/SchafKit/Extensions/SwiftUI/Image+SFSymbols.swift /Users/admin/builder/spi-builder-workspace/.dependencies/checkouts/SchafKit/Sources/SchafKit/Extensions/SwiftUI/View+Erase.swift /Users/admin/builder/spi-builder-workspace/.dependencies/checkouts/SchafKit/Sources/SchafKit/Extensions/UIKit+AppKit/UIAlertController.swift /Users/admin/builder/spi-builder-workspace/.dependencies/checkouts/SchafKit/Sources/SchafKit/Extensions/UIKit+AppKit/UIColor.swift /Users/admin/builder/spi-builder-workspace/.dependencies/checkouts/SchafKit/Sources/SchafKit/Extensions/UIKit+AppKit/UIDevice.swift /Users/admin/builder/spi-builder-workspace/.dependencies/checkouts/SchafKit/Sources/SchafKit/Extensions/UIKit+AppKit/UIImage.swift /Users/admin/builder/spi-builder-workspace/.dependencies/checkouts/SchafKit/Sources/SchafKit/Extensions/UIKit+AppKit/UIView.swift /Users/admin/builder/spi-builder-workspace/.dependencies/checkouts/SchafKit/Sources/SchafKit/Extensions/UIKit+AppKit/UIViewController.swift /Users/admin/builder/spi-builder-workspace/.dependencies/checkouts/SchafKit/Sources/SchafKit/Kit/Alerting/Platforms/SKAlerting-iOS+tvOS.swift /Users/admin/builder/spi-builder-workspace/.dependencies/checkouts/SchafKit/Sources/SchafKit/Kit/Alerting/Platforms/SKAlerting-macOS.swift /Users/admin/builder/spi-builder-workspace/.dependencies/checkouts/SchafKit/Sources/SchafKit/Kit/Alerting/Platforms/SKAlerting-watchOS.swift /Users/admin/builder/spi-builder-workspace/.dependencies/checkouts/SchafKit/Sources/SchafKit/Kit/Alerting/Platforms/_MultiInputView.swift /Users/admin/builder/spi-builder-workspace/.dependencies/checkouts/SchafKit/Sources/SchafKit/Kit/Alerting/SKAlerting.Action.Block.swift /Users/admin/builder/spi-builder-workspace/.dependencies/checkouts/SchafKit/Sources/SchafKit/Kit/Alerting/SKAlerting.Action.Style.swift /Users/admin/builder/spi-builder-workspace/.dependencies/checkouts/SchafKit/Sources/SchafKit/Kit/Alerting/SKAlerting.Action.swift /Users/admin/builder/spi-builder-workspace/.dependencies/checkouts/SchafKit/Sources/SchafKit/Kit/Alerting/SKAlerting.Style.swift /Users/admin/builder/spi-builder-workspace/.dependencies/checkouts/SchafKit/Sources/SchafKit/Kit/Alerting/SKAlerting.TextFieldConfiguration.swift /Users/admin/builder/spi-builder-workspace/.dependencies/checkouts/SchafKit/Sources/SchafKit/Kit/Alerting/SKAlerting.swift /Users/admin/builder/spi-builder-workspace/.dependencies/checkouts/SchafKit/Sources/SchafKit/Kit/Cross\ Platform/Application.swift /Users/admin/builder/spi-builder-workspace/.dependencies/checkouts/SchafKit/Sources/SchafKit/Kit/Cross\ Platform/Screen.swift /Users/admin/builder/spi-builder-workspace/.dependencies/checkouts/SchafKit/Sources/SchafKit/Kit/Cryptography/Curve25519XSalsa20Poly1305BoxAlgorithm.swift /Users/admin/builder/spi-builder-workspace/.dependencies/checkouts/SchafKit/Sources/SchafKit/Kit/Cryptography/Ed25519Algorithm.swift /Users/admin/builder/spi-builder-workspace/.dependencies/checkouts/SchafKit/Sources/SchafKit/Kit/Cryptography/SKCryptography.swift /Users/admin/builder/spi-builder-workspace/.dependencies/checkouts/SchafKit/Sources/SchafKit/Kit/Cryptography/XSalsa20Poly1305SecretBoxAlgorithm.swift /Users/admin/builder/spi-builder-workspace/.dependencies/checkouts/SchafKit/Sources/SchafKit/Kit/Dispatch/SKDispatchHelper.swift /Users/admin/builder/spi-builder-workspace/.dependencies/checkouts/SchafKit/Sources/SchafKit/Kit/FileSystem/SKDirectory.swift /Users/admin/builder/spi-builder-workspace/.dependencies/checkouts/SchafKit/Sources/SchafKit/Kit/FileSystem/SKFile.swift /Users/admin/builder/spi-builder-workspace/.dependencies/checkouts/SchafKit/Sources/SchafKit/Kit/FileSystem/SKFileSystemItem.swift /Users/admin/builder/spi-builder-workspace/.dependencies/checkouts/SchafKit/Sources/SchafKit/Kit/Keychain/SKKeychain.swift /Users/admin/builder/spi-builder-workspace/.dependencies/checkouts/SchafKit/Sources/SchafKit/Kit/Networking/Request/SKNetworking.Request.Body.swift /Users/admin/builder/spi-builder-workspace/.dependencies/checkouts/SchafKit/Sources/SchafKit/Kit/Networking/Request/SKNetworking.Request.HeaderField.swift /Users/admin/builder/spi-builder-workspace/.dependencies/checkouts/SchafKit/Sources/SchafKit/Kit/Networking/Request/SKNetworking.Request.Method.swift /Users/admin/builder/spi-builder-workspace/.dependencies/checkouts/SchafKit/Sources/SchafKit/Kit/Networking/Request/SKNetworking.Request.Options.swift /Users/admin/builder/spi-builder-workspace/.dependencies/checkouts/SchafKit/Sources/SchafKit/Kit/Networking/Request/SKNetworking.Request.swift /Users/admin/builder/spi-builder-workspace/.dependencies/checkouts/SchafKit/Sources/SchafKit/Kit/Networking/Response/SKNetworking.Response.Status.swift /Users/admin/builder/spi-builder-workspace/.dependencies/checkouts/SchafKit/Sources/SchafKit/Kit/Networking/Response/SKNetworking.Response.swift /Users/admin/builder/spi-builder-workspace/.dependencies/checkouts/SchafKit/Sources/SchafKit/Kit/Networking/Result/SKNetworking.Result.swift /Users/admin/builder/spi-builder-workspace/.dependencies/checkouts/SchafKit/Sources/SchafKit/Kit/Networking/SKNetworking.Endpoint.swift /Users/admin/builder/spi-builder-workspace/.dependencies/checkouts/SchafKit/Sources/SchafKit/Kit/Networking/SKNetworking._Helper.swift /Users/admin/builder/spi-builder-workspace/.dependencies/checkouts/SchafKit/Sources/SchafKit/Kit/Networking/SKNetworking.swift /Users/admin/builder/spi-builder-workspace/.dependencies/checkouts/SchafKit/Sources/SchafKit/Kit/Networking/SKNetworkingBlocks.swift /Users/admin/builder/spi-builder-workspace/.dependencies/checkouts/SchafKit/Sources/SchafKit/Kit/Regular\ Expression/SKRegexMatch.swift /Users/admin/builder/spi-builder-workspace/.dependencies/checkouts/SchafKit/Sources/SchafKit/Kit/Regular\ Expression/String+OKRegexMatch.swift /Users/admin/builder/spi-builder-workspace/.dependencies/checkouts/SchafKit/Sources/SchafKit/Kit/SchafKit.swift /Users/admin/builder/spi-builder-workspace/.dependencies/checkouts/SchafKit/Sources/SchafKit/Kit/StoreKit/SKStoreKitHelper.swift /Users/admin/builder/spi-builder-workspace/.dependencies/checkouts/SchafKit/Sources/SchafKit/Kit/SwiftUI/Components/AFText.swift /Users/admin/builder/spi-builder-workspace/.dependencies/checkouts/SchafKit/Sources/SchafKit/Kit/SwiftUI/Components/AlignedText.swift /Users/admin/builder/spi-builder-workspace/.dependencies/checkouts/SchafKit/Sources/SchafKit/Kit/SwiftUI/Components/Blur.swift /Users/admin/builder/spi-builder-workspace/.dependencies/checkouts/SchafKit/Sources/SchafKit/Kit/SwiftUI/Components/EmojiTextFieldView.swift /Users/admin/builder/spi-builder-workspace/.dependencies/checkouts/SchafKit/Sources/SchafKit/Kit/SwiftUI/Components/FixedToggle.swift /Users/admin/builder/spi-builder-workspace/.dependencies/checkouts/SchafKit/Sources/SchafKit/Kit/SwiftUI/Components/LabeledView.swift /Users/admin/builder/spi-builder-workspace/.dependencies/checkouts/SchafKit/Sources/SchafKit/Kit/SwiftUI/Components/PresentationLink.swift /Users/admin/builder/spi-builder-workspace/.dependencies/checkouts/SchafKit/Sources/SchafKit/Kit/SwiftUI/Components/RoundedCorners.swift /Users/admin/builder/spi-builder-workspace/.dependencies/checkouts/SchafKit/Sources/SchafKit/Kit/SwiftUI/Components/SearchBar.swift /Users/admin/builder/spi-builder-workspace/.dependencies/checkouts/SchafKit/Sources/SchafKit/Kit/SwiftUI/Components/TimePicker.swift /Users/admin/builder/spi-builder-workspace/.dependencies/checkouts/SchafKit/Sources/SchafKit/Kit/SwiftUI/Helpers/AppearanceHandler.swift /Users/admin/builder/spi-builder-workspace/.dependencies/checkouts/SchafKit/Sources/SchafKit/Kit/SwiftUI/Helpers/KeyboardResponder.swift /Users/admin/builder/spi-builder-workspace/.dependencies/checkouts/SchafKit/Sources/SchafKit/Kit/SwiftUI/View.swift /Users/admin/builder/spi-builder-workspace/.dependencies/checkouts/SchafKit/Sources/SchafKit/Platform-Specific/iOS+tvOS/Classes/OKSubtileNotification.swift /Users/admin/builder/spi-builder-workspace/.dependencies/checkouts/SchafKit/Sources/SchafKit/Platform-Specific/iOS+tvOS/UIApplication.swift -target arm64-apple-watchos9.0 -module-can-import-version Combine 3023 0 -module-can-import-version CoreData 1629 1629.0.0 -module-can-import-version CryptoKit 383.4.1 0 -module-can-import-version StoreKit 816.0.47.4 1.0.0 -module-can-import-version SwiftUI 8.0.84.1 8.0.84 -module-can-import-version UIKit 9127.0.84.1 9127.0.84 -module-can-import-version WatchKit 9 1.0.0 -disable-cross-import-overlay-search -swift-module-cross-import CoreData /Applications/Xcode-27.0.0-Release.Candidate.app/Contents/Developer/Platforms/WatchOS.platform/Developer/SDKs/WatchOS.sdk/System/Library/Frameworks/CoreData.framework/Modules/CoreData.swiftcrossimport/CloudKit.swiftoverlay -swift-module-cross-import CoreData /Applications/Xcode-27.0.0-Release.Candidate.app/Contents/Developer/Platforms/WatchOS.platform/Developer/SDKs/WatchOS27.0.sdk/System/Library/Frameworks/CoreData.framework/Modules/CoreData.swiftcrossimport/CloudKit.swiftoverlay -swift-module-cross-import StoreKit /Applications/Xcode-27.0.0-Release.Candidate.app/Contents/Developer/Platforms/WatchOS.platform/Developer/SDKs/WatchOS.sdk/System/Library/Frameworks/StoreKit.framework/Modules/StoreKit.swiftcrossimport/SwiftUI.swiftoverlay -swift-module-cross-import StoreKit /Applications/Xcode-27.0.0-Release.Candidate.app/Contents/Developer/Platforms/WatchOS.platform/Developer/SDKs/WatchOS27.0.sdk/System/Library/Frameworks/StoreKit.framework/Modules/StoreKit.swiftcrossimport/SwiftUI.swiftoverlay -swift-module-cross-import WatchKit /Applications/Xcode-27.0.0-Release.Candidate.app/Contents/Developer/Platforms/WatchOS.platform/Developer/SDKs/WatchOS.sdk/System/Library/Frameworks/WatchKit.framework/Modules/WatchKit.swiftcrossimport/SwiftUI.swiftoverlay -load-resolved-plugin /Applications/Xcode-27.0.0-Release.Candidate.app/Contents/Developer/Platforms/WatchOS.platform/Developer/usr/lib/swift/host/plugins/libFoundationMacros.dylib\#/Applications/Xcode-27.0.0-Release.Candidate.app/Contents/Developer/Platforms/WatchOS.platform/Developer/usr/bin/swift-plugin-server\#FoundationMacros -load-resolved-plugin /Applications/Xcode-27.0.0-Release.Candidate.app/Contents/Developer/Platforms/WatchOS.platform/Developer/usr/lib/swift/host/plugins/libObservationMacros.dylib\#/Applications/Xcode-27.0.0-Release.Candidate.app/Contents/Developer/Platforms/WatchOS.platform/Developer/usr/bin/swift-plugin-server\#ObservationMacros -load-resolved-plugin /Applications/Xcode-27.0.0-Release.Candidate.app/Contents/Developer/Platforms/WatchOS.platform/Developer/usr/lib/swift/host/plugins/libPreviewsMacros.dylib\#/Applications/Xcode-27.0.0-Release.Candidate.app/Contents/Developer/Platforms/WatchOS.platform/Developer/usr/bin/swift-plugin-server\#PreviewsMacros -load-resolved-plugin /Applications/Xcode-27.0.0-Release.Candidate.app/Contents/Developer/Platforms/WatchOS.platform/Developer/usr/lib/swift/host/plugins/libSwiftMacros.dylib\#/Applications/Xcode-27.0.0-Release.Candidate.app/Contents/Developer/Platforms/WatchOS.platform/Developer/usr/bin/swift-plugin-server\#SwiftMacros -load-resolved-plugin /Applications/Xcode-27.0.0-Release.Candidate.app/Contents/Developer/Platforms/WatchOS.platform/Developer/usr/lib/swift/host/plugins/libSwiftUIMacros.dylib\#/Applications/Xcode-27.0.0-Release.Candidate.app/Contents/Developer/Platforms/WatchOS.platform/Developer/usr/bin/swift-plugin-server\#SwiftUIMacros -disable-implicit-swift-modules -Xcc -fno-implicit-modules -Xcc -fno-implicit-module-maps -explicit-swift-module-map-file /Users/admin/builder/spi-builder-workspace/.derivedData/Build/Intermediates.noindex/SchafKit.build/Debug-watchos/SchafKit-t.build/Objects-normal/arm64/SchafKit-dependencies-1.json -Xllvm -aarch64-use-tbi -enable-objc-interop -stack-check -sdk /Applications/Xcode-27.0.0-Release.Candidate.app/Contents/Developer/Platforms/WatchOS.platform/Developer/SDKs/WatchOS27.0.sdk -I /Users/admin/builder/spi-builder-workspace/.derivedData/Build/Products/Debug-watchos -Isystem /Applications/Xcode-27.0.0-Release.Candidate.app/Contents/Developer/Platforms/WatchOS.platform/Developer/usr/lib -F /Users/admin/builder/spi-builder-workspace/.derivedData/Build/Products/Debug-watchos -F /Applications/Xcode-27.0.0-Release.Candidate.app/Contents/Developer/Platforms/WatchOS.platform/Developer/Library/Frameworks -F /Applications/Xcode-27.0.0-Release.Candidate.app/Contents/Developer/Platforms/WatchOS.platform/Developer/SDKs/WatchOS27.0.sdk/Developer/Library/Frameworks -module-cache-path /Users/admin/builder/spi-builder-workspace/.derivedData/Build/Intermediates.noindex/SwiftExplicitPrecompiledModules -no-color-diagnostics -Xcc -fno-color-diagnostics -enable-testing -g -debug-info-format\=dwarf -dwarf-version\=4 -suppress-warnings -profile-generate -profile-coverage-mapping -swift-version 5 -Onone -D SWIFT_PACKAGE -D DEBUG -D SWIFT_MODULE_RESOURCE_BUNDLE_UNAVAILABLE -D Xcode -serialize-debugging-options -enable-experimental-feature DebugDescriptionMacro -empty-abi-descriptor -validate-clang-modules-once -clang-build-session-file /Users/admin/builder/spi-builder-workspace/.derivedData/ModuleCache.noindex/Session.modulevalidation -Xcc -working-directory -Xcc /Users/admin/builder/spi-builder-workspace/.swiftpm/xcode -enable-anonymous-context-mangled-names -file-compilation-dir /Users/admin/builder/spi-builder-workspace/.swiftpm/xcode -Xcc -D_LIBCPP_HARDENING_MODE\=_LIBCPP_HARDENING_MODE_DEBUG -Xcc -ivfsstatcache -Xcc /Users/admin/builder/spi-builder-workspace/.derivedData/SDKStatCaches.noindex/watchos27.0-24R360-e829b21a6f8c9b70876ba0858053c04477534ef55a1706bf4c1112bbb242f0a2.sdkstatcache -Xcc -fmodules-prune-interval\=86400 -Xcc -fmodules-prune-after\=345600 -Xcc -I/Users/admin/builder/spi-builder-workspace/.derivedData/Build/Products/Debug-watchos/include -Xcc -I/Users/admin/builder/spi-builder-workspace/.derivedData/Build/Intermediates.noindex/SchafKit.build/Debug-watchos/SchafKit-t.build/DerivedSources-normal/arm64 -Xcc -I/Users/admin/builder/spi-builder-workspace/.derivedData/Build/Intermediates.noindex/SchafKit.build/Debug-watchos/SchafKit-t.build/DerivedSources/arm64 -Xcc -I/Users/admin/builder/spi-builder-workspace/.derivedData/Build/Intermediates.noindex/SchafKit.build/Debug-watchos/SchafKit-t.build/DerivedSources -Xcc -DSWIFT_PACKAGE -Xcc -DDEBUG\=1 -no-auto-bridging-header-chaining -module-name SchafKit -const-gather-protocols-file /Users/admin/builder/spi-builder-workspace/.derivedData/Build/Intermediates.noindex/SchafKit.build/Debug-watchos/SchafKit-t.build/Objects-normal/arm64/SchafKit_const_extract_protocols.json -disable-clang-spi -clang-target arm64-apple-watchos27.0 -target-sdk-version 27.0 -target-sdk-name watchos27.0 -in-process-plugin-server-path /Applications/Xcode-27.0.0-Release.Candidate.app/Contents/Developer/Toolchains/XcodeDefault.xctoolchain/usr/lib/swift/host/libSwiftInProcPluginServer.dylib -emit-module-doc-path /Users/admin/builder/spi-builder-workspace/.derivedData/Build/Intermediates.noindex/SchafKit.build/Debug-watchos/SchafKit-t.build/Objects-normal/arm64/SchafKit.swiftdoc -emit-module-source-info-path /Users/admin/builder/spi-builder-workspace/.derivedData/Build/Intermediates.noindex/SchafKit.build/Debug-watchos/SchafKit-t.build/Objects-normal/arm64/SchafKit.swiftsourceinfo -emit-objc-header-path /Users/admin/builder/spi-builder-workspace/.derivedData/Build/Intermediates.noindex/SchafKit.build/Debug-watchos/SchafKit-t.build/Objects-normal/arm64/SchafKit-Swift.h -serialize-diagnostics-path /Users/admin/builder/spi-builder-workspace/.derivedData/Build/Intermediates.noindex/SchafKit.build/Debug-watchos/SchafKit-t.build/Objects-normal/arm64/SchafKit-primary-emit-module.dia -emit-dependencies-path /Users/admin/builder/spi-builder-workspace/.derivedData/Build/Intermediates.noindex/SchafKit.build/Debug-watchos/SchafKit-t.build/Objects-normal/arm64/SchafKit-primary-emit-module.d -parse-as-library -o /Users/admin/builder/spi-builder-workspace/.derivedData/Build/Intermediates.noindex/SchafKit.build/Debug-watchos/SchafKit-t.build/Objects-normal/arm64/SchafKit.swiftmodule -emit-abi-descriptor-path /Users/admin/builder/spi-builder-workspace/.derivedData/Build/Intermediates.noindex/SchafKit.build/Debug-watchos/SchafKit-t.build/Objects-normal/arm64/SchafKit.abi.json
SwiftCompile normal arm64 Compiling\ Result.swift,\ Color+Components.swift,\ Color+UIColor.swift,\ Image+SFSymbols.swift,\ View+Erase.swift,\ UIAlertController.swift,\ UIColor.swift,\ UIDevice.swift,\ UIImage.swift,\ UIView.swift,\ UIViewController.swift /Users/admin/builder/spi-builder-workspace/.dependencies/checkouts/SchafKit/Sources/SchafKit/Extensions/Other/Result.swift /Users/admin/builder/spi-builder-workspace/.dependencies/checkouts/SchafKit/Sources/SchafKit/Extensions/SwiftUI/Color+Components.swift /Users/admin/builder/spi-builder-workspace/.dependencies/checkouts/SchafKit/Sources/SchafKit/Extensions/SwiftUI/Color+UIColor.swift /Users/admin/builder/spi-builder-workspace/.dependencies/checkouts/SchafKit/Sources/SchafKit/Extensions/SwiftUI/Image+SFSymbols.swift /Users/admin/builder/spi-builder-workspace/.dependencies/checkouts/SchafKit/Sources/SchafKit/Extensions/SwiftUI/View+Erase.swift /Users/admin/builder/spi-builder-workspace/.dependencies/checkouts/SchafKit/Sources/SchafKit/Extensions/UIKit+AppKit/UIAlertController.swift /Users/admin/builder/spi-builder-workspace/.dependencies/checkouts/SchafKit/Sources/SchafKit/Extensions/UIKit+AppKit/UIColor.swift /Users/admin/builder/spi-builder-workspace/.dependencies/checkouts/SchafKit/Sources/SchafKit/Extensions/UIKit+AppKit/UIDevice.swift /Users/admin/builder/spi-builder-workspace/.dependencies/checkouts/SchafKit/Sources/SchafKit/Extensions/UIKit+AppKit/UIImage.swift /Users/admin/builder/spi-builder-workspace/.dependencies/checkouts/SchafKit/Sources/SchafKit/Extensions/UIKit+AppKit/UIView.swift /Users/admin/builder/spi-builder-workspace/.dependencies/checkouts/SchafKit/Sources/SchafKit/Extensions/UIKit+AppKit/UIViewController.swift (in target 'SchafKit' from project 'SchafKit')
SwiftCompile normal arm64 /Users/admin/builder/spi-builder-workspace/.dependencies/checkouts/SchafKit/Sources/SchafKit/Extensions/Other/Result.swift (in target 'SchafKit' from project 'SchafKit')
cd /Users/admin/builder/spi-builder-workspace/.swiftpm/xcode
builtin-SwiftPerFileCompile Result.swift
SwiftCompile normal arm64 /Users/admin/builder/spi-builder-workspace/.dependencies/checkouts/SchafKit/Sources/SchafKit/Extensions/SwiftUI/Color+Components.swift (in target 'SchafKit' from project 'SchafKit')
cd /Users/admin/builder/spi-builder-workspace/.swiftpm/xcode
builtin-SwiftPerFileCompile Color+Components.swift
SwiftCompile normal arm64 /Users/admin/builder/spi-builder-workspace/.dependencies/checkouts/SchafKit/Sources/SchafKit/Extensions/SwiftUI/Color+UIColor.swift (in target 'SchafKit' from project 'SchafKit')
cd /Users/admin/builder/spi-builder-workspace/.swiftpm/xcode
builtin-SwiftPerFileCompile Color+UIColor.swift
SwiftCompile normal arm64 /Users/admin/builder/spi-builder-workspace/.dependencies/checkouts/SchafKit/Sources/SchafKit/Extensions/SwiftUI/Image+SFSymbols.swift (in target 'SchafKit' from project 'SchafKit')
cd /Users/admin/builder/spi-builder-workspace/.swiftpm/xcode
builtin-SwiftPerFileCompile Image+SFSymbols.swift
SwiftCompile normal arm64 /Users/admin/builder/spi-builder-workspace/.dependencies/checkouts/SchafKit/Sources/SchafKit/Extensions/SwiftUI/View+Erase.swift (in target 'SchafKit' from project 'SchafKit')
cd /Users/admin/builder/spi-builder-workspace/.swiftpm/xcode
builtin-SwiftPerFileCompile View+Erase.swift
SwiftCompile normal arm64 /Users/admin/builder/spi-builder-workspace/.dependencies/checkouts/SchafKit/Sources/SchafKit/Extensions/UIKit+AppKit/UIAlertController.swift (in target 'SchafKit' from project 'SchafKit')
cd /Users/admin/builder/spi-builder-workspace/.swiftpm/xcode
builtin-SwiftPerFileCompile UIAlertController.swift
SwiftCompile normal arm64 /Users/admin/builder/spi-builder-workspace/.dependencies/checkouts/SchafKit/Sources/SchafKit/Extensions/UIKit+AppKit/UIColor.swift (in target 'SchafKit' from project 'SchafKit')
cd /Users/admin/builder/spi-builder-workspace/.swiftpm/xcode
builtin-SwiftPerFileCompile UIColor.swift
SwiftCompile normal arm64 /Users/admin/builder/spi-builder-workspace/.dependencies/checkouts/SchafKit/Sources/SchafKit/Extensions/UIKit+AppKit/UIDevice.swift (in target 'SchafKit' from project 'SchafKit')
cd /Users/admin/builder/spi-builder-workspace/.swiftpm/xcode
builtin-SwiftPerFileCompile UIDevice.swift
SwiftCompile normal arm64 /Users/admin/builder/spi-builder-workspace/.dependencies/checkouts/SchafKit/Sources/SchafKit/Extensions/UIKit+AppKit/UIImage.swift (in target 'SchafKit' from project 'SchafKit')
cd /Users/admin/builder/spi-builder-workspace/.swiftpm/xcode
builtin-SwiftPerFileCompile UIImage.swift
SwiftCompile normal arm64 /Users/admin/builder/spi-builder-workspace/.dependencies/checkouts/SchafKit/Sources/SchafKit/Extensions/UIKit+AppKit/UIView.swift (in target 'SchafKit' from project 'SchafKit')
cd /Users/admin/builder/spi-builder-workspace/.swiftpm/xcode
builtin-SwiftPerFileCompile UIView.swift
SwiftCompile normal arm64 /Users/admin/builder/spi-builder-workspace/.dependencies/checkouts/SchafKit/Sources/SchafKit/Extensions/UIKit+AppKit/UIViewController.swift (in target 'SchafKit' from project 'SchafKit')
cd /Users/admin/builder/spi-builder-workspace/.swiftpm/xcode
builtin-SwiftPerFileCompile UIViewController.swift
/Users/admin/builder/spi-builder-workspace/.dependencies/checkouts/SchafKit/Sources/SchafKit/Extensions/UIKit+AppKit/UIColor.swift:23:30: error: cannot find type 'SKRGBARepresentation' in scope
21 |
22 | /// Returns a `SKRGBARepresentation` representing the color.
23 | var rgbaRepresentation : SKRGBARepresentation {
| `- error: cannot find type 'SKRGBARepresentation' in scope
24 | var red : CGFloat = 0
25 | var green : CGFloat = 0
/Users/admin/builder/spi-builder-workspace/.dependencies/checkouts/SchafKit/Sources/SchafKit/Extensions/UIKit+AppKit/UIColor.swift:52:33: error: cannot find type 'SK8BitRGBARepresentation' in scope
50 |
51 | /// Returns a `SK8BitRGBARepresentation` representing the color.
52 | var bitRGBARepresentation : SK8BitRGBARepresentation {
| `- error: cannot find type 'SK8BitRGBARepresentation' in scope
53 | var red : CGFloat = 0
54 | var green : CGFloat = 0
/Users/admin/builder/spi-builder-workspace/.dependencies/checkouts/SchafKit/Sources/SchafKit/Extensions/UIKit+AppKit/UIColor.swift:77:30: error: cannot find type 'SKHSLARepresentation' in scope
75 |
76 | /// Returns a `SKHSLARepresentation` representing the color.
77 | var HSLARepresentation : SKHSLARepresentation {
| `- error: cannot find type 'SKHSLARepresentation' in scope
78 | var hue : CGFloat = 0
79 | var saturation : CGFloat = 0
/Users/admin/builder/spi-builder-workspace/.dependencies/checkouts/SchafKit/Sources/SchafKit/Extensions/UIKit+AppKit/UIColor.swift:100:39: error: cannot find type 'SKRGBARepresentation' in scope
98 |
99 | /// Initializes and returns a color object using the specified `SKRGBARepresentation`.
100 | convenience init(representation : SKRGBARepresentation) {
| `- error: cannot find type 'SKRGBARepresentation' in scope
101 | self.init(intermediateDisplayP3Red: representation.red,
102 | green: representation.green,
/Users/admin/builder/spi-builder-workspace/.dependencies/checkouts/SchafKit/Sources/SchafKit/Extensions/UIKit+AppKit/UIColor.swift:108:39: error: cannot find type 'SK8BitRGBARepresentation' in scope
106 |
107 | /// Initializes and returns a color object using the specified `SK8BitRGBARepresentation`.
108 | convenience init(representation : SK8BitRGBARepresentation) {
| `- error: cannot find type 'SK8BitRGBARepresentation' in scope
109 | self.init(intermediateDisplayP3Red : CGFloat(representation.red)/255,
110 | green : CGFloat(representation.green)/255,
/Users/admin/builder/spi-builder-workspace/.dependencies/checkouts/SchafKit/Sources/SchafKit/Extensions/UIKit+AppKit/UIColor.swift:124:38: error: cannot find type 'SKHSLARepresentation' in scope
122 |
123 | /// Initializes and returns a color object using the specified RGB component values.
124 | convenience init(representation: SKHSLARepresentation) {
| `- error: cannot find type 'SKHSLARepresentation' in scope
125 | self.init(
126 | hue: representation.hue,
/Users/admin/builder/spi-builder-workspace/.dependencies/checkouts/SchafKit/Sources/SchafKit/Extensions/UIKit+AppKit/UIColor.swift:44:16: error: cannot find 'SKRGBARepresentation' in scope
42 | #endif
43 |
44 | return SKRGBARepresentation(red: clamp(red), green: clamp(green), blue: clamp(blue), alpha: clamp(alpha))
| `- error: cannot find 'SKRGBARepresentation' in scope
45 | }
46 |
/Users/admin/builder/spi-builder-workspace/.dependencies/checkouts/SchafKit/Sources/SchafKit/Extensions/UIKit+AppKit/UIColor.swift:73:16: error: cannot find 'SK8BitRGBARepresentation' in scope
71 | #endif
72 |
73 | return SK8BitRGBARepresentation(red : UInt8(clamp(red) * 255), green : UInt8(clamp(green) * 255), blue : UInt8(clamp(blue) * 255), alpha : UInt8(clamp(alpha) * 255))
| `- error: cannot find 'SK8BitRGBARepresentation' in scope
74 | }
75 |
SwiftCompile normal arm64 Compiling\ SKNetworking.Request.HeaderField.swift,\ SKNetworking.Request.Method.swift,\ SKNetworking.Request.Options.swift,\ SKNetworking.Request.swift,\ SKNetworking.Response.Status.swift,\ SKNetworking.Response.swift,\ SKNetworking.Result.swift,\ SKNetworking.Endpoint.swift,\ SKNetworking._Helper.swift,\ SKNetworking.swift /Users/admin/builder/spi-builder-workspace/.dependencies/checkouts/SchafKit/Sources/SchafKit/Kit/Networking/Request/SKNetworking.Request.HeaderField.swift /Users/admin/builder/spi-builder-workspace/.dependencies/checkouts/SchafKit/Sources/SchafKit/Kit/Networking/Request/SKNetworking.Request.Method.swift /Users/admin/builder/spi-builder-workspace/.dependencies/checkouts/SchafKit/Sources/SchafKit/Kit/Networking/Request/SKNetworking.Request.Options.swift /Users/admin/builder/spi-builder-workspace/.dependencies/checkouts/SchafKit/Sources/SchafKit/Kit/Networking/Request/SKNetworking.Request.swift /Users/admin/builder/spi-builder-workspace/.dependencies/checkouts/SchafKit/Sources/SchafKit/Kit/Networking/Response/SKNetworking.Response.Status.swift /Users/admin/builder/spi-builder-workspace/.dependencies/checkouts/SchafKit/Sources/SchafKit/Kit/Networking/Response/SKNetworking.Response.swift /Users/admin/builder/spi-builder-workspace/.dependencies/checkouts/SchafKit/Sources/SchafKit/Kit/Networking/Result/SKNetworking.Result.swift /Users/admin/builder/spi-builder-workspace/.dependencies/checkouts/SchafKit/Sources/SchafKit/Kit/Networking/SKNetworking.Endpoint.swift /Users/admin/builder/spi-builder-workspace/.dependencies/checkouts/SchafKit/Sources/SchafKit/Kit/Networking/SKNetworking._Helper.swift /Users/admin/builder/spi-builder-workspace/.dependencies/checkouts/SchafKit/Sources/SchafKit/Kit/Networking/SKNetworking.swift (in target 'SchafKit' from project 'SchafKit')
SwiftCompile normal arm64 /Users/admin/builder/spi-builder-workspace/.dependencies/checkouts/SchafKit/Sources/SchafKit/Kit/Networking/Request/SKNetworking.Request.HeaderField.swift (in target 'SchafKit' from project 'SchafKit')
cd /Users/admin/builder/spi-builder-workspace/.swiftpm/xcode
builtin-SwiftPerFileCompile SKNetworking.Request.HeaderField.swift
SwiftCompile normal arm64 /Users/admin/builder/spi-builder-workspace/.dependencies/checkouts/SchafKit/Sources/SchafKit/Kit/Networking/Request/SKNetworking.Request.Method.swift (in target 'SchafKit' from project 'SchafKit')
cd /Users/admin/builder/spi-builder-workspace/.swiftpm/xcode
builtin-SwiftPerFileCompile SKNetworking.Request.Method.swift
SwiftCompile normal arm64 /Users/admin/builder/spi-builder-workspace/.dependencies/checkouts/SchafKit/Sources/SchafKit/Kit/Networking/Request/SKNetworking.Request.Options.swift (in target 'SchafKit' from project 'SchafKit')
cd /Users/admin/builder/spi-builder-workspace/.swiftpm/xcode
builtin-SwiftPerFileCompile SKNetworking.Request.Options.swift
SwiftCompile normal arm64 /Users/admin/builder/spi-builder-workspace/.dependencies/checkouts/SchafKit/Sources/SchafKit/Kit/Networking/Request/SKNetworking.Request.swift (in target 'SchafKit' from project 'SchafKit')
cd /Users/admin/builder/spi-builder-workspace/.swiftpm/xcode
builtin-SwiftPerFileCompile SKNetworking.Request.swift
SwiftCompile normal arm64 /Users/admin/builder/spi-builder-workspace/.dependencies/checkouts/SchafKit/Sources/SchafKit/Kit/Networking/Response/SKNetworking.Response.Status.swift (in target 'SchafKit' from project 'SchafKit')
cd /Users/admin/builder/spi-builder-workspace/.swiftpm/xcode
builtin-SwiftPerFileCompile SKNetworking.Response.Status.swift
SwiftCompile normal arm64 /Users/admin/builder/spi-builder-workspace/.dependencies/checkouts/SchafKit/Sources/SchafKit/Kit/Networking/Response/SKNetworking.Response.swift (in target 'SchafKit' from project 'SchafKit')
cd /Users/admin/builder/spi-builder-workspace/.swiftpm/xcode
builtin-SwiftPerFileCompile SKNetworking.Response.swift
SwiftCompile normal arm64 /Users/admin/builder/spi-builder-workspace/.dependencies/checkouts/SchafKit/Sources/SchafKit/Kit/Networking/Result/SKNetworking.Result.swift (in target 'SchafKit' from project 'SchafKit')
cd /Users/admin/builder/spi-builder-workspace/.swiftpm/xcode
builtin-SwiftPerFileCompile SKNetworking.Result.swift
SwiftCompile normal arm64 /Users/admin/builder/spi-builder-workspace/.dependencies/checkouts/SchafKit/Sources/SchafKit/Kit/Networking/SKNetworking.Endpoint.swift (in target 'SchafKit' from project 'SchafKit')
cd /Users/admin/builder/spi-builder-workspace/.swiftpm/xcode
builtin-SwiftPerFileCompile SKNetworking.Endpoint.swift
SwiftCompile normal arm64 /Users/admin/builder/spi-builder-workspace/.dependencies/checkouts/SchafKit/Sources/SchafKit/Kit/Networking/SKNetworking._Helper.swift (in target 'SchafKit' from project 'SchafKit')
cd /Users/admin/builder/spi-builder-workspace/.swiftpm/xcode
builtin-SwiftPerFileCompile SKNetworking._Helper.swift
SwiftCompile normal arm64 /Users/admin/builder/spi-builder-workspace/.dependencies/checkouts/SchafKit/Sources/SchafKit/Kit/Networking/SKNetworking.swift (in target 'SchafKit' from project 'SchafKit')
cd /Users/admin/builder/spi-builder-workspace/.swiftpm/xcode
builtin-SwiftPerFileCompile SKNetworking.swift
SwiftCompile normal arm64 Compiling\ NSManagedObjectContext.swift,\ Bool.swift,\ CGPoint.swift,\ Character.swift,\ Data.swift,\ Date.swift,\ DateFormatter.swift,\ Double.swift,\ Hashable.swift,\ NSAttributedString.swift,\ NSMutableAttributedString.swift /Users/admin/builder/spi-builder-workspace/.dependencies/checkouts/SchafKit/Sources/SchafKit/Extensions/CoreData/NSManagedObjectContext.swift /Users/admin/builder/spi-builder-workspace/.dependencies/checkouts/SchafKit/Sources/SchafKit/Extensions/Generic/Bool.swift /Users/admin/builder/spi-builder-workspace/.dependencies/checkouts/SchafKit/Sources/SchafKit/Extensions/Generic/CGPoint.swift /Users/admin/builder/spi-builder-workspace/.dependencies/checkouts/SchafKit/Sources/SchafKit/Extensions/Generic/Character.swift /Users/admin/builder/spi-builder-workspace/.dependencies/checkouts/SchafKit/Sources/SchafKit/Extensions/Generic/Data.swift /Users/admin/builder/spi-builder-workspace/.dependencies/checkouts/SchafKit/Sources/SchafKit/Extensions/Generic/Date.swift /Users/admin/builder/spi-builder-workspace/.dependencies/checkouts/SchafKit/Sources/SchafKit/Extensions/Generic/DateFormatter.swift /Users/admin/builder/spi-builder-workspace/.dependencies/checkouts/SchafKit/Sources/SchafKit/Extensions/Generic/Double.swift /Users/admin/builder/spi-builder-workspace/.dependencies/checkouts/SchafKit/Sources/SchafKit/Extensions/Generic/Hashable.swift /Users/admin/builder/spi-builder-workspace/.dependencies/checkouts/SchafKit/Sources/SchafKit/Extensions/Generic/NSAttributedString.swift /Users/admin/builder/spi-builder-workspace/.dependencies/checkouts/SchafKit/Sources/SchafKit/Extensions/Generic/NSMutableAttributedString.swift (in target 'SchafKit' from project 'SchafKit')
SwiftCompile normal arm64 /Users/admin/builder/spi-builder-workspace/.dependencies/checkouts/SchafKit/Sources/SchafKit/Extensions/CoreData/NSManagedObjectContext.swift (in target 'SchafKit' from project 'SchafKit')
cd /Users/admin/builder/spi-builder-workspace/.swiftpm/xcode
builtin-SwiftPerFileCompile NSManagedObjectContext.swift
SwiftCompile normal arm64 /Users/admin/builder/spi-builder-workspace/.dependencies/checkouts/SchafKit/Sources/SchafKit/Extensions/Generic/Bool.swift (in target 'SchafKit' from project 'SchafKit')
cd /Users/admin/builder/spi-builder-workspace/.swiftpm/xcode
builtin-SwiftPerFileCompile Bool.swift
SwiftCompile normal arm64 /Users/admin/builder/spi-builder-workspace/.dependencies/checkouts/SchafKit/Sources/SchafKit/Extensions/Generic/CGPoint.swift (in target 'SchafKit' from project 'SchafKit')
cd /Users/admin/builder/spi-builder-workspace/.swiftpm/xcode
builtin-SwiftPerFileCompile CGPoint.swift
SwiftCompile normal arm64 /Users/admin/builder/spi-builder-workspace/.dependencies/checkouts/SchafKit/Sources/SchafKit/Extensions/Generic/Character.swift (in target 'SchafKit' from project 'SchafKit')
cd /Users/admin/builder/spi-builder-workspace/.swiftpm/xcode
builtin-SwiftPerFileCompile Character.swift
SwiftCompile normal arm64 /Users/admin/builder/spi-builder-workspace/.dependencies/checkouts/SchafKit/Sources/SchafKit/Extensions/Generic/Data.swift (in target 'SchafKit' from project 'SchafKit')
cd /Users/admin/builder/spi-builder-workspace/.swiftpm/xcode
builtin-SwiftPerFileCompile Data.swift
SwiftCompile normal arm64 /Users/admin/builder/spi-builder-workspace/.dependencies/checkouts/SchafKit/Sources/SchafKit/Extensions/Generic/Date.swift (in target 'SchafKit' from project 'SchafKit')
cd /Users/admin/builder/spi-builder-workspace/.swiftpm/xcode
builtin-SwiftPerFileCompile Date.swift
SwiftCompile normal arm64 /Users/admin/builder/spi-builder-workspace/.dependencies/checkouts/SchafKit/Sources/SchafKit/Extensions/Generic/DateFormatter.swift (in target 'SchafKit' from project 'SchafKit')
cd /Users/admin/builder/spi-builder-workspace/.swiftpm/xcode
builtin-SwiftPerFileCompile DateFormatter.swift
SwiftCompile normal arm64 /Users/admin/builder/spi-builder-workspace/.dependencies/checkouts/SchafKit/Sources/SchafKit/Extensions/Generic/Double.swift (in target 'SchafKit' from project 'SchafKit')
cd /Users/admin/builder/spi-builder-workspace/.swiftpm/xcode
builtin-SwiftPerFileCompile Double.swift
SwiftCompile normal arm64 /Users/admin/builder/spi-builder-workspace/.dependencies/checkouts/SchafKit/Sources/SchafKit/Extensions/Generic/Hashable.swift (in target 'SchafKit' from project 'SchafKit')
cd /Users/admin/builder/spi-builder-workspace/.swiftpm/xcode
builtin-SwiftPerFileCompile Hashable.swift
SwiftCompile normal arm64 /Users/admin/builder/spi-builder-workspace/.dependencies/checkouts/SchafKit/Sources/SchafKit/Extensions/Generic/NSAttributedString.swift (in target 'SchafKit' from project 'SchafKit')
cd /Users/admin/builder/spi-builder-workspace/.swiftpm/xcode
builtin-SwiftPerFileCompile NSAttributedString.swift
SwiftCompile normal arm64 /Users/admin/builder/spi-builder-workspace/.dependencies/checkouts/SchafKit/Sources/SchafKit/Extensions/Generic/NSMutableAttributedString.swift (in target 'SchafKit' from project 'SchafKit')
cd /Users/admin/builder/spi-builder-workspace/.swiftpm/xcode
builtin-SwiftPerFileCompile NSMutableAttributedString.swift
SwiftCompile normal arm64 Compiling\ SKAlerting-iOS+tvOS.swift,\ SKAlerting-macOS.swift,\ SKAlerting-watchOS.swift,\ _MultiInputView.swift,\ SKAlerting.Action.Block.swift,\ SKAlerting.Action.Style.swift,\ SKAlerting.Action.swift,\ SKAlerting.Style.swift,\ SKAlerting.TextFieldConfiguration.swift,\ SKAlerting.swift,\ Application.swift /Users/admin/builder/spi-builder-workspace/.dependencies/checkouts/SchafKit/Sources/SchafKit/Kit/Alerting/Platforms/SKAlerting-iOS+tvOS.swift /Users/admin/builder/spi-builder-workspace/.dependencies/checkouts/SchafKit/Sources/SchafKit/Kit/Alerting/Platforms/SKAlerting-macOS.swift /Users/admin/builder/spi-builder-workspace/.dependencies/checkouts/SchafKit/Sources/SchafKit/Kit/Alerting/Platforms/SKAlerting-watchOS.swift /Users/admin/builder/spi-builder-workspace/.dependencies/checkouts/SchafKit/Sources/SchafKit/Kit/Alerting/Platforms/_MultiInputView.swift /Users/admin/builder/spi-builder-workspace/.dependencies/checkouts/SchafKit/Sources/SchafKit/Kit/Alerting/SKAlerting.Action.Block.swift /Users/admin/builder/spi-builder-workspace/.dependencies/checkouts/SchafKit/Sources/SchafKit/Kit/Alerting/SKAlerting.Action.Style.swift /Users/admin/builder/spi-builder-workspace/.dependencies/checkouts/SchafKit/Sources/SchafKit/Kit/Alerting/SKAlerting.Action.swift /Users/admin/builder/spi-builder-workspace/.dependencies/checkouts/SchafKit/Sources/SchafKit/Kit/Alerting/SKAlerting.Style.swift /Users/admin/builder/spi-builder-workspace/.dependencies/checkouts/SchafKit/Sources/SchafKit/Kit/Alerting/SKAlerting.TextFieldConfiguration.swift /Users/admin/builder/spi-builder-workspace/.dependencies/checkouts/SchafKit/Sources/SchafKit/Kit/Alerting/SKAlerting.swift /Users/admin/builder/spi-builder-workspace/.dependencies/checkouts/SchafKit/Sources/SchafKit/Kit/Cross\ Platform/Application.swift (in target 'SchafKit' from project 'SchafKit')
SwiftCompile normal arm64 /Users/admin/builder/spi-builder-workspace/.dependencies/checkouts/SchafKit/Sources/SchafKit/Kit/Alerting/Platforms/SKAlerting-iOS+tvOS.swift (in target 'SchafKit' from project 'SchafKit')
cd /Users/admin/builder/spi-builder-workspace/.swiftpm/xcode
builtin-SwiftPerFileCompile SKAlerting-iOS+tvOS.swift
SwiftCompile normal arm64 /Users/admin/builder/spi-builder-workspace/.dependencies/checkouts/SchafKit/Sources/SchafKit/Kit/Alerting/Platforms/SKAlerting-macOS.swift (in target 'SchafKit' from project 'SchafKit')
cd /Users/admin/builder/spi-builder-workspace/.swiftpm/xcode
builtin-SwiftPerFileCompile SKAlerting-macOS.swift
SwiftCompile normal arm64 /Users/admin/builder/spi-builder-workspace/.dependencies/checkouts/SchafKit/Sources/SchafKit/Kit/Alerting/Platforms/SKAlerting-watchOS.swift (in target 'SchafKit' from project 'SchafKit')
cd /Users/admin/builder/spi-builder-workspace/.swiftpm/xcode
builtin-SwiftPerFileCompile SKAlerting-watchOS.swift
SwiftCompile normal arm64 /Users/admin/builder/spi-builder-workspace/.dependencies/checkouts/SchafKit/Sources/SchafKit/Kit/Alerting/Platforms/_MultiInputView.swift (in target 'SchafKit' from project 'SchafKit')
cd /Users/admin/builder/spi-builder-workspace/.swiftpm/xcode
builtin-SwiftPerFileCompile _MultiInputView.swift
SwiftCompile normal arm64 /Users/admin/builder/spi-builder-workspace/.dependencies/checkouts/SchafKit/Sources/SchafKit/Kit/Alerting/SKAlerting.Action.Block.swift (in target 'SchafKit' from project 'SchafKit')
cd /Users/admin/builder/spi-builder-workspace/.swiftpm/xcode
builtin-SwiftPerFileCompile SKAlerting.Action.Block.swift
SwiftCompile normal arm64 /Users/admin/builder/spi-builder-workspace/.dependencies/checkouts/SchafKit/Sources/SchafKit/Kit/Alerting/SKAlerting.Action.Style.swift (in target 'SchafKit' from project 'SchafKit')
cd /Users/admin/builder/spi-builder-workspace/.swiftpm/xcode
builtin-SwiftPerFileCompile SKAlerting.Action.Style.swift
SwiftCompile normal arm64 /Users/admin/builder/spi-builder-workspace/.dependencies/checkouts/SchafKit/Sources/SchafKit/Kit/Alerting/SKAlerting.Action.swift (in target 'SchafKit' from project 'SchafKit')
cd /Users/admin/builder/spi-builder-workspace/.swiftpm/xcode
builtin-SwiftPerFileCompile SKAlerting.Action.swift
SwiftCompile normal arm64 /Users/admin/builder/spi-builder-workspace/.dependencies/checkouts/SchafKit/Sources/SchafKit/Kit/Alerting/SKAlerting.Style.swift (in target 'SchafKit' from project 'SchafKit')
cd /Users/admin/builder/spi-builder-workspace/.swiftpm/xcode
builtin-SwiftPerFileCompile SKAlerting.Style.swift
SwiftCompile normal arm64 /Users/admin/builder/spi-builder-workspace/.dependencies/checkouts/SchafKit/Sources/SchafKit/Kit/Alerting/SKAlerting.TextFieldConfiguration.swift (in target 'SchafKit' from project 'SchafKit')
cd /Users/admin/builder/spi-builder-workspace/.swiftpm/xcode
builtin-SwiftPerFileCompile SKAlerting.TextFieldConfiguration.swift
SwiftCompile normal arm64 /Users/admin/builder/spi-builder-workspace/.dependencies/checkouts/SchafKit/Sources/SchafKit/Kit/Alerting/SKAlerting.swift (in target 'SchafKit' from project 'SchafKit')
cd /Users/admin/builder/spi-builder-workspace/.swiftpm/xcode
builtin-SwiftPerFileCompile SKAlerting.swift
SwiftCompile normal arm64 /Users/admin/builder/spi-builder-workspace/.dependencies/checkouts/SchafKit/Sources/SchafKit/Kit/Cross\ Platform/Application.swift (in target 'SchafKit' from project 'SchafKit')
cd /Users/admin/builder/spi-builder-workspace/.swiftpm/xcode
builtin-SwiftPerFileCompile Application.swift
/Users/admin/builder/spi-builder-workspace/.dependencies/checkouts/SchafKit/Sources/SchafKit/Kit/Cross Platform/Application.swift:20:9: error: 'UIApplication' is unavailable in watchOS
18 |
19 | #if canImport(UIKit)
20 | UIApplication.shared.open(url, completionHandler: completionHandler)
| `- error: 'UIApplication' is unavailable in watchOS
21 | #else
22 | completionHandler(NSWorkspace.shared.open(url))
/Applications/Xcode-27.0.0-Release.Candidate.app/Contents/Developer/Platforms/WatchOS.platform/Developer/SDKs/WatchOS27.0.sdk/System/Library/Frameworks/UIKit.framework/Headers/UIApplication.h:85:12: note: 'UIApplication' has been explicitly marked unavailable here
83 |
84 | UIKIT_EXTERN API_AVAILABLE(ios(2.0)) API_UNAVAILABLE(watchos) NS_SWIFT_UI_ACTOR
85 | @interface UIApplication : UIResponder
| `- note: 'UIApplication' has been explicitly marked unavailable here
86 |
87 | @property(class, nonatomic, readonly) UIApplication *sharedApplication NS_EXTENSION_UNAVAILABLE_IOS("Use view controller based solutions where appropriate instead.");
/Users/admin/builder/spi-builder-workspace/.dependencies/checkouts/SchafKit/Sources/SchafKit/Kit/Cross Platform/Application.swift:20:30: error: 'open(_:options:completionHandler:)' is unavailable in watchOS
18 |
19 | #if canImport(UIKit)
20 | UIApplication.shared.open(url, completionHandler: completionHandler)
| `- error: 'open(_:options:completionHandler:)' is unavailable in watchOS
21 | #else
22 | completionHandler(NSWorkspace.shared.open(url))
/Applications/Xcode-27.0.0-Release.Candidate.app/Contents/Developer/Platforms/WatchOS.platform/Developer/SDKs/WatchOS27.0.sdk/System/Library/Frameworks/UIKit.framework/Headers/UIApplication.h:104:1: note: 'open(_:options:completionHandler:)' has been explicitly marked unavailable here
102 | // than returning a result.
103 | // The completion handler is called on the main queue.
104 | - (void)openURL:(NSURL*)url options:(NSDictionary<UIApplicationOpenExternalURLOptionsKey, id> *)options completionHandler:(void (^ __nullable NS_SWIFT_UI_ACTOR)(BOOL success))completion API_AVAILABLE(ios(10.0)) API_UNAVAILABLE(watchos);
| `- note: 'open(_:options:completionHandler:)' has been explicitly marked unavailable here
105 |
106 | - (void)sendEvent:(UIEvent *)event;
SwiftCompile normal arm64 Compiling\ NSObject.swift,\ String+Markdown.swift,\ String.swift,\ TimeInterval.swift,\ Timer.swift,\ URL.swift,\ CGImage.swift,\ Digest+Hex.swift,\ NSLayoutConstraint.swift,\ NSRegularExpression.swift,\ Optional.swift /Users/admin/builder/spi-builder-workspace/.dependencies/checkouts/SchafKit/Sources/SchafKit/Extensions/Generic/NSObject.swift /Users/admin/builder/spi-builder-workspace/.dependencies/checkouts/SchafKit/Sources/SchafKit/Extensions/Generic/String+Markdown.swift /Users/admin/builder/spi-builder-workspace/.dependencies/checkouts/SchafKit/Sources/SchafKit/Extensions/Generic/String.swift /Users/admin/builder/spi-builder-workspace/.dependencies/checkouts/SchafKit/Sources/SchafKit/Extensions/Generic/TimeInterval.swift /Users/admin/builder/spi-builder-workspace/.dependencies/checkouts/SchafKit/Sources/SchafKit/Extensions/Generic/Timer.swift /Users/admin/builder/spi-builder-workspace/.dependencies/checkouts/SchafKit/Sources/SchafKit/Extensions/Generic/URL.swift /Users/admin/builder/spi-builder-workspace/.dependencies/checkouts/SchafKit/Sources/SchafKit/Extensions/Other/CGImage.swift /Users/admin/builder/spi-builder-workspace/.dependencies/checkouts/SchafKit/Sources/SchafKit/Extensions/Other/Digest+Hex.swift /Users/admin/builder/spi-builder-workspace/.dependencies/checkouts/SchafKit/Sources/SchafKit/Extensions/Other/NSLayoutConstraint.swift /Users/admin/builder/spi-builder-workspace/.dependencies/checkouts/SchafKit/Sources/SchafKit/Extensions/Other/NSRegularExpression.swift /Users/admin/builder/spi-builder-workspace/.dependencies/checkouts/SchafKit/Sources/SchafKit/Extensions/Other/Optional.swift (in target 'SchafKit' from project 'SchafKit')
SwiftCompile normal arm64 /Users/admin/builder/spi-builder-workspace/.dependencies/checkouts/SchafKit/Sources/SchafKit/Extensions/Generic/NSObject.swift (in target 'SchafKit' from project 'SchafKit')
cd /Users/admin/builder/spi-builder-workspace/.swiftpm/xcode
builtin-SwiftPerFileCompile NSObject.swift
SwiftCompile normal arm64 /Users/admin/builder/spi-builder-workspace/.dependencies/checkouts/SchafKit/Sources/SchafKit/Extensions/Generic/String+Markdown.swift (in target 'SchafKit' from project 'SchafKit')
cd /Users/admin/builder/spi-builder-workspace/.swiftpm/xcode
builtin-SwiftPerFileCompile String+Markdown.swift
SwiftCompile normal arm64 /Users/admin/builder/spi-builder-workspace/.dependencies/checkouts/SchafKit/Sources/SchafKit/Extensions/Generic/String.swift (in target 'SchafKit' from project 'SchafKit')
cd /Users/admin/builder/spi-builder-workspace/.swiftpm/xcode
builtin-SwiftPerFileCompile String.swift
SwiftCompile normal arm64 /Users/admin/builder/spi-builder-workspace/.dependencies/checkouts/SchafKit/Sources/SchafKit/Extensions/Generic/TimeInterval.swift (in target 'SchafKit' from project 'SchafKit')
cd /Users/admin/builder/spi-builder-workspace/.swiftpm/xcode
builtin-SwiftPerFileCompile TimeInterval.swift
SwiftCompile normal arm64 /Users/admin/builder/spi-builder-workspace/.dependencies/checkouts/SchafKit/Sources/SchafKit/Extensions/Generic/Timer.swift (in target 'SchafKit' from project 'SchafKit')
cd /Users/admin/builder/spi-builder-workspace/.swiftpm/xcode
builtin-SwiftPerFileCompile Timer.swift
SwiftCompile normal arm64 /Users/admin/builder/spi-builder-workspace/.dependencies/checkouts/SchafKit/Sources/SchafKit/Extensions/Generic/URL.swift (in target 'SchafKit' from project 'SchafKit')
cd /Users/admin/builder/spi-builder-workspace/.swiftpm/xcode
builtin-SwiftPerFileCompile URL.swift
SwiftCompile normal arm64 /Users/admin/builder/spi-builder-workspace/.dependencies/checkouts/SchafKit/Sources/SchafKit/Extensions/Other/CGImage.swift (in target 'SchafKit' from project 'SchafKit')
cd /Users/admin/builder/spi-builder-workspace/.swiftpm/xcode
builtin-SwiftPerFileCompile CGImage.swift
SwiftCompile normal arm64 /Users/admin/builder/spi-builder-workspace/.dependencies/checkouts/SchafKit/Sources/SchafKit/Extensions/Other/Digest+Hex.swift (in target 'SchafKit' from project 'SchafKit')
cd /Users/admin/builder/spi-builder-workspace/.swiftpm/xcode
builtin-SwiftPerFileCompile Digest+Hex.swift
SwiftCompile normal arm64 /Users/admin/builder/spi-builder-workspace/.dependencies/checkouts/SchafKit/Sources/SchafKit/Extensions/Other/NSLayoutConstraint.swift (in target 'SchafKit' from project 'SchafKit')
cd /Users/admin/builder/spi-builder-workspace/.swiftpm/xcode
builtin-SwiftPerFileCompile NSLayoutConstraint.swift
SwiftCompile normal arm64 /Users/admin/builder/spi-builder-workspace/.dependencies/checkouts/SchafKit/Sources/SchafKit/Extensions/Other/NSRegularExpression.swift (in target 'SchafKit' from project 'SchafKit')
cd /Users/admin/builder/spi-builder-workspace/.swiftpm/xcode
builtin-SwiftPerFileCompile NSRegularExpression.swift
SwiftCompile normal arm64 /Users/admin/builder/spi-builder-workspace/.dependencies/checkouts/SchafKit/Sources/SchafKit/Extensions/Other/Optional.swift (in target 'SchafKit' from project 'SchafKit')
cd /Users/admin/builder/spi-builder-workspace/.swiftpm/xcode
builtin-SwiftPerFileCompile Optional.swift
SwiftCompile normal arm64 Compiling\ SKNetworkingBlocks.swift,\ SKRegexMatch.swift,\ String+OKRegexMatch.swift,\ SchafKit.swift,\ SKStoreKitHelper.swift,\ AFText.swift,\ AlignedText.swift,\ Blur.swift,\ EmojiTextFieldView.swift,\ FixedToggle.swift /Users/admin/builder/spi-builder-workspace/.dependencies/checkouts/SchafKit/Sources/SchafKit/Kit/Networking/SKNetworkingBlocks.swift /Users/admin/builder/spi-builder-workspace/.dependencies/checkouts/SchafKit/Sources/SchafKit/Kit/Regular\ Expression/SKRegexMatch.swift /Users/admin/builder/spi-builder-workspace/.dependencies/checkouts/SchafKit/Sources/SchafKit/Kit/Regular\ Expression/String+OKRegexMatch.swift /Users/admin/builder/spi-builder-workspace/.dependencies/checkouts/SchafKit/Sources/SchafKit/Kit/SchafKit.swift /Users/admin/builder/spi-builder-workspace/.dependencies/checkouts/SchafKit/Sources/SchafKit/Kit/StoreKit/SKStoreKitHelper.swift /Users/admin/builder/spi-builder-workspace/.dependencies/checkouts/SchafKit/Sources/SchafKit/Kit/SwiftUI/Components/AFText.swift /Users/admin/builder/spi-builder-workspace/.dependencies/checkouts/SchafKit/Sources/SchafKit/Kit/SwiftUI/Components/AlignedText.swift /Users/admin/builder/spi-builder-workspace/.dependencies/checkouts/SchafKit/Sources/SchafKit/Kit/SwiftUI/Components/Blur.swift /Users/admin/builder/spi-builder-workspace/.dependencies/checkouts/SchafKit/Sources/SchafKit/Kit/SwiftUI/Components/EmojiTextFieldView.swift /Users/admin/builder/spi-builder-workspace/.dependencies/checkouts/SchafKit/Sources/SchafKit/Kit/SwiftUI/Components/FixedToggle.swift (in target 'SchafKit' from project 'SchafKit')
SwiftCompile normal arm64 /Users/admin/builder/spi-builder-workspace/.dependencies/checkouts/SchafKit/Sources/SchafKit/Kit/Networking/SKNetworkingBlocks.swift (in target 'SchafKit' from project 'SchafKit')
cd /Users/admin/builder/spi-builder-workspace/.swiftpm/xcode
builtin-SwiftPerFileCompile SKNetworkingBlocks.swift
SwiftCompile normal arm64 /Users/admin/builder/spi-builder-workspace/.dependencies/checkouts/SchafKit/Sources/SchafKit/Kit/Regular\ Expression/SKRegexMatch.swift (in target 'SchafKit' from project 'SchafKit')
cd /Users/admin/builder/spi-builder-workspace/.swiftpm/xcode
builtin-SwiftPerFileCompile SKRegexMatch.swift
SwiftCompile normal arm64 /Users/admin/builder/spi-builder-workspace/.dependencies/checkouts/SchafKit/Sources/SchafKit/Kit/Regular\ Expression/String+OKRegexMatch.swift (in target 'SchafKit' from project 'SchafKit')
cd /Users/admin/builder/spi-builder-workspace/.swiftpm/xcode
builtin-SwiftPerFileCompile String+OKRegexMatch.swift
SwiftCompile normal arm64 /Users/admin/builder/spi-builder-workspace/.dependencies/checkouts/SchafKit/Sources/SchafKit/Kit/SchafKit.swift (in target 'SchafKit' from project 'SchafKit')
cd /Users/admin/builder/spi-builder-workspace/.swiftpm/xcode
builtin-SwiftPerFileCompile SchafKit.swift
SwiftCompile normal arm64 /Users/admin/builder/spi-builder-workspace/.dependencies/checkouts/SchafKit/Sources/SchafKit/Kit/StoreKit/SKStoreKitHelper.swift (in target 'SchafKit' from project 'SchafKit')
cd /Users/admin/builder/spi-builder-workspace/.swiftpm/xcode
builtin-SwiftPerFileCompile SKStoreKitHelper.swift
SwiftCompile normal arm64 /Users/admin/builder/spi-builder-workspace/.dependencies/checkouts/SchafKit/Sources/SchafKit/Kit/SwiftUI/Components/AFText.swift (in target 'SchafKit' from project 'SchafKit')
cd /Users/admin/builder/spi-builder-workspace/.swiftpm/xcode
builtin-SwiftPerFileCompile AFText.swift
SwiftCompile normal arm64 /Users/admin/builder/spi-builder-workspace/.dependencies/checkouts/SchafKit/Sources/SchafKit/Kit/SwiftUI/Components/AlignedText.swift (in target 'SchafKit' from project 'SchafKit')
cd /Users/admin/builder/spi-builder-workspace/.swiftpm/xcode
builtin-SwiftPerFileCompile AlignedText.swift
SwiftCompile normal arm64 /Users/admin/builder/spi-builder-workspace/.dependencies/checkouts/SchafKit/Sources/SchafKit/Kit/SwiftUI/Components/Blur.swift (in target 'SchafKit' from project 'SchafKit')
cd /Users/admin/builder/spi-builder-workspace/.swiftpm/xcode
builtin-SwiftPerFileCompile Blur.swift
SwiftCompile normal arm64 /Users/admin/builder/spi-builder-workspace/.dependencies/checkouts/SchafKit/Sources/SchafKit/Kit/SwiftUI/Components/EmojiTextFieldView.swift (in target 'SchafKit' from project 'SchafKit')
cd /Users/admin/builder/spi-builder-workspace/.swiftpm/xcode
builtin-SwiftPerFileCompile EmojiTextFieldView.swift
SwiftCompile normal arm64 /Users/admin/builder/spi-builder-workspace/.dependencies/checkouts/SchafKit/Sources/SchafKit/Kit/SwiftUI/Components/FixedToggle.swift (in target 'SchafKit' from project 'SchafKit')
cd /Users/admin/builder/spi-builder-workspace/.swiftpm/xcode
builtin-SwiftPerFileCompile FixedToggle.swift
SwiftCompile normal arm64 Compiling\ Screen.swift,\ Curve25519XSalsa20Poly1305BoxAlgorithm.swift,\ Ed25519Algorithm.swift,\ SKCryptography.swift,\ XSalsa20Poly1305SecretBoxAlgorithm.swift,\ SKDispatchHelper.swift,\ SKDirectory.swift,\ SKFile.swift,\ SKFileSystemItem.swift,\ SKKeychain.swift,\ SKNetworking.Request.Body.swift /Users/admin/builder/spi-builder-workspace/.dependencies/checkouts/SchafKit/Sources/SchafKit/Kit/Cross\ Platform/Screen.swift /Users/admin/builder/spi-builder-workspace/.dependencies/checkouts/SchafKit/Sources/SchafKit/Kit/Cryptography/Curve25519XSalsa20Poly1305BoxAlgorithm.swift /Users/admin/builder/spi-builder-workspace/.dependencies/checkouts/SchafKit/Sources/SchafKit/Kit/Cryptography/Ed25519Algorithm.swift /Users/admin/builder/spi-builder-workspace/.dependencies/checkouts/SchafKit/Sources/SchafKit/Kit/Cryptography/SKCryptography.swift /Users/admin/builder/spi-builder-workspace/.dependencies/checkouts/SchafKit/Sources/SchafKit/Kit/Cryptography/XSalsa20Poly1305SecretBoxAlgorithm.swift /Users/admin/builder/spi-builder-workspace/.dependencies/checkouts/SchafKit/Sources/SchafKit/Kit/Dispatch/SKDispatchHelper.swift /Users/admin/builder/spi-builder-workspace/.dependencies/checkouts/SchafKit/Sources/SchafKit/Kit/FileSystem/SKDirectory.swift /Users/admin/builder/spi-builder-workspace/.dependencies/checkouts/SchafKit/Sources/SchafKit/Kit/FileSystem/SKFile.swift /Users/admin/builder/spi-builder-workspace/.dependencies/checkouts/SchafKit/Sources/SchafKit/Kit/FileSystem/SKFileSystemItem.swift /Users/admin/builder/spi-builder-workspace/.dependencies/checkouts/SchafKit/Sources/SchafKit/Kit/Keychain/SKKeychain.swift /Users/admin/builder/spi-builder-workspace/.dependencies/checkouts/SchafKit/Sources/SchafKit/Kit/Networking/Request/SKNetworking.Request.Body.swift (in target 'SchafKit' from project 'SchafKit')
/Users/admin/builder/spi-builder-workspace/.dependencies/checkouts/SchafKit/Sources/SchafKit/Kit/Cross Platform/Screen.swift:15:9: error: 'UIScreen' is unavailable in watchOS
13 | public static var size: CGSize {
14 | #if canImport(UIKit)
15 | UIScreen.main.bounds.size
| `- error: 'UIScreen' is unavailable in watchOS
16 | #else
17 | (NSScreen.main ?? NSScreen.screens.first)?.frame.size ?? .zero
/Applications/Xcode-27.0.0-Release.Candidate.app/Contents/Developer/Platforms/WatchOS.platform/Developer/SDKs/WatchOS27.0.sdk/System/Library/Frameworks/UIKit.framework/Headers/UIScreen.h:54:12: note: 'UIScreen' has been explicitly marked unavailable here
52 |
53 | UIKIT_EXTERN API_AVAILABLE(ios(2.0)) API_UNAVAILABLE(visionos, watchos) NS_SWIFT_UI_ACTOR
54 | @interface UIScreen : NSObject <UITraitEnvironment>
| `- note: 'UIScreen' has been explicitly marked unavailable here
55 |
56 | @property(class, nonatomic, readonly) NSArray<UIScreen *> *screens API_DEPRECATED("Use UIApplication.shared.openSessions to find open sessions with scenes from other screens", ios(3.2, 16.0), visionos(1.0, 1.0)) API_UNAVAILABLE(watchos); // all screens currently attached to the device
/Users/admin/builder/spi-builder-workspace/.dependencies/checkouts/SchafKit/Sources/SchafKit/Kit/Cross Platform/Screen.swift:15:18: error: 'main' is unavailable in watchOS
13 | public static var size: CGSize {
14 | #if canImport(UIKit)
15 | UIScreen.main.bounds.size
| `- error: 'main' is unavailable in watchOS
16 | #else
17 | (NSScreen.main ?? NSScreen.screens.first)?.frame.size ?? .zero
/Applications/Xcode-27.0.0-Release.Candidate.app/Contents/Developer/Platforms/WatchOS.platform/Developer/SDKs/WatchOS27.0.sdk/System/Library/Frameworks/UIKit.framework/Headers/UIScreen.h:57:49: note: 'main' has been explicitly marked unavailable here
55 |
56 | @property(class, nonatomic, readonly) NSArray<UIScreen *> *screens API_DEPRECATED("Use UIApplication.shared.openSessions to find open sessions with scenes from other screens", ios(3.2, 16.0), visionos(1.0, 1.0)) API_UNAVAILABLE(watchos); // all screens currently attached to the device
57 | @property(class, nonatomic, readonly) UIScreen *mainScreen API_DEPRECATED("Use a UIScreen instance found through context instead (i.e, view.window.windowScene.screen), or for properties like UIScreen.scale with trait equivalents, use a traitCollection found through context.", ios(2.0, 26.0), tvos(9.0, 26.0), visionos(1.0, 26.0)) API_UNAVAILABLE(watchos);
| `- note: 'main' has been explicitly marked unavailable here
58 |
59 | @property(nonatomic,readonly) CGRect bounds; // Bounds of entire screen in points
/Users/admin/builder/spi-builder-workspace/.dependencies/checkouts/SchafKit/Sources/SchafKit/Kit/Cross Platform/Screen.swift:23:9: error: 'UIScreen' is unavailable in watchOS
21 | public static var scale: CGFloat {
22 | #if canImport(UIKit)
23 | UIScreen.main.scale
| `- error: 'UIScreen' is unavailable in watchOS
24 | #else
25 | (NSScreen.main ?? NSScreen.screens.first)?.backingScaleFactor ?? 1
/Applications/Xcode-27.0.0-Release.Candidate.app/Contents/Developer/Platforms/WatchOS.platform/Developer/SDKs/WatchOS27.0.sdk/System/Library/Frameworks/UIKit.framework/Headers/UIScreen.h:54:12: note: 'UIScreen' has been explicitly marked unavailable here
52 |
53 | UIKIT_EXTERN API_AVAILABLE(ios(2.0)) API_UNAVAILABLE(visionos, watchos) NS_SWIFT_UI_ACTOR
54 | @interface UIScreen : NSObject <UITraitEnvironment>
| `- note: 'UIScreen' has been explicitly marked unavailable here
55 |
56 | @property(class, nonatomic, readonly) NSArray<UIScreen *> *screens API_DEPRECATED("Use UIApplication.shared.openSessions to find open sessions with scenes from other screens", ios(3.2, 16.0), visionos(1.0, 1.0)) API_UNAVAILABLE(watchos); // all screens currently attached to the device
SwiftCompile normal arm64 /Users/admin/builder/spi-builder-workspace/.dependencies/checkouts/SchafKit/Sources/SchafKit/Kit/Cross\ Platform/Screen.swift (in target 'SchafKit' from project 'SchafKit')
cd /Users/admin/builder/spi-builder-workspace/.swiftpm/xcode
builtin-SwiftPerFileCompile Screen.swift
SwiftCompile normal arm64 /Users/admin/builder/spi-builder-workspace/.dependencies/checkouts/SchafKit/Sources/SchafKit/Kit/Cryptography/Curve25519XSalsa20Poly1305BoxAlgorithm.swift (in target 'SchafKit' from project 'SchafKit')
cd /Users/admin/builder/spi-builder-workspace/.swiftpm/xcode
builtin-SwiftPerFileCompile Curve25519XSalsa20Poly1305BoxAlgorithm.swift
SwiftCompile normal arm64 /Users/admin/builder/spi-builder-workspace/.dependencies/checkouts/SchafKit/Sources/SchafKit/Kit/Cryptography/Ed25519Algorithm.swift (in target 'SchafKit' from project 'SchafKit')
cd /Users/admin/builder/spi-builder-workspace/.swiftpm/xcode
builtin-SwiftPerFileCompile Ed25519Algorithm.swift
SwiftCompile normal arm64 /Users/admin/builder/spi-builder-workspace/.dependencies/checkouts/SchafKit/Sources/SchafKit/Kit/Cryptography/SKCryptography.swift (in target 'SchafKit' from project 'SchafKit')
cd /Users/admin/builder/spi-builder-workspace/.swiftpm/xcode
builtin-SwiftPerFileCompile SKCryptography.swift
SwiftCompile normal arm64 /Users/admin/builder/spi-builder-workspace/.dependencies/checkouts/SchafKit/Sources/SchafKit/Kit/Cryptography/XSalsa20Poly1305SecretBoxAlgorithm.swift (in target 'SchafKit' from project 'SchafKit')
cd /Users/admin/builder/spi-builder-workspace/.swiftpm/xcode
builtin-SwiftPerFileCompile XSalsa20Poly1305SecretBoxAlgorithm.swift
SwiftCompile normal arm64 /Users/admin/builder/spi-builder-workspace/.dependencies/checkouts/SchafKit/Sources/SchafKit/Kit/Dispatch/SKDispatchHelper.swift (in target 'SchafKit' from project 'SchafKit')
cd /Users/admin/builder/spi-builder-workspace/.swiftpm/xcode
builtin-SwiftPerFileCompile SKDispatchHelper.swift
SwiftCompile normal arm64 /Users/admin/builder/spi-builder-workspace/.dependencies/checkouts/SchafKit/Sources/SchafKit/Kit/FileSystem/SKDirectory.swift (in target 'SchafKit' from project 'SchafKit')
cd /Users/admin/builder/spi-builder-workspace/.swiftpm/xcode
builtin-SwiftPerFileCompile SKDirectory.swift
SwiftCompile normal arm64 /Users/admin/builder/spi-builder-workspace/.dependencies/checkouts/SchafKit/Sources/SchafKit/Kit/FileSystem/SKFile.swift (in target 'SchafKit' from project 'SchafKit')
cd /Users/admin/builder/spi-builder-workspace/.swiftpm/xcode
builtin-SwiftPerFileCompile SKFile.swift
SwiftCompile normal arm64 /Users/admin/builder/spi-builder-workspace/.dependencies/checkouts/SchafKit/Sources/SchafKit/Kit/FileSystem/SKFileSystemItem.swift (in target 'SchafKit' from project 'SchafKit')
cd /Users/admin/builder/spi-builder-workspace/.swiftpm/xcode
builtin-SwiftPerFileCompile SKFileSystemItem.swift
SwiftCompile normal arm64 /Users/admin/builder/spi-builder-workspace/.dependencies/checkouts/SchafKit/Sources/SchafKit/Kit/Keychain/SKKeychain.swift (in target 'SchafKit' from project 'SchafKit')
cd /Users/admin/builder/spi-builder-workspace/.swiftpm/xcode
builtin-SwiftPerFileCompile SKKeychain.swift
SwiftCompile normal arm64 /Users/admin/builder/spi-builder-workspace/.dependencies/checkouts/SchafKit/Sources/SchafKit/Kit/Networking/Request/SKNetworking.Request.Body.swift (in target 'SchafKit' from project 'SchafKit')
cd /Users/admin/builder/spi-builder-workspace/.swiftpm/xcode
builtin-SwiftPerFileCompile SKNetworking.Request.Body.swift
SwiftCompile normal arm64 Compiling\ BackgroundPublished.swift,\ Blocks.swift,\ CodableSettingStorage.swift,\ SKAxis.swift,\ SKOptionSet.swift,\ SKOptions.swift,\ OrderedDictionary.swift,\ EquatablePublished.swift,\ SettingStorage.swift,\ Publishable.swift,\ PublishedCodableSettingStorage.swift /Users/admin/builder/spi-builder-workspace/.dependencies/checkouts/SchafKit/Sources/SchafKit/Common/BackgroundPublished.swift /Users/admin/builder/spi-builder-workspace/.dependencies/checkouts/SchafKit/Sources/SchafKit/Common/Blocks.swift /Users/admin/builder/spi-builder-workspace/.dependencies/checkouts/SchafKit/Sources/SchafKit/Common/CodableSettingStorage.swift /Users/admin/builder/spi-builder-workspace/.dependencies/checkouts/SchafKit/Sources/SchafKit/Common/Enums/SKAxis.swift /Users/admin/builder/spi-builder-workspace/.dependencies/checkouts/SchafKit/Sources/SchafKit/Common/Options/SKOptionSet.swift /Users/admin/builder/spi-builder-workspace/.dependencies/checkouts/SchafKit/Sources/SchafKit/Common/Options/SKOptions.swift /Users/admin/builder/spi-builder-workspace/.dependencies/checkouts/SchafKit/Sources/SchafKit/Common/OrderedDictionary.swift /Users/admin/builder/spi-builder-workspace/.dependencies/checkouts/SchafKit/Sources/SchafKit/Common/PropertyWrappers/EquatablePublished.swift /Users/admin/builder/spi-builder-workspace/.dependencies/checkouts/SchafKit/Sources/SchafKit/Common/PropertyWrappers/SettingStorage.swift /Users/admin/builder/spi-builder-workspace/.dependencies/checkouts/SchafKit/Sources/SchafKit/Common/Publishable.swift /Users/admin/builder/spi-builder-workspace/.dependencies/checkouts/SchafKit/Sources/SchafKit/Common/PublishedCodableSettingStorage.swift (in target 'SchafKit' from project 'SchafKit')
SwiftCompile normal arm64 /Users/admin/builder/spi-builder-workspace/.dependencies/checkouts/SchafKit/Sources/SchafKit/Common/BackgroundPublished.swift (in target 'SchafKit' from project 'SchafKit')
cd /Users/admin/builder/spi-builder-workspace/.swiftpm/xcode
builtin-SwiftPerFileCompile BackgroundPublished.swift
SwiftCompile normal arm64 /Users/admin/builder/spi-builder-workspace/.dependencies/checkouts/SchafKit/Sources/SchafKit/Common/Blocks.swift (in target 'SchafKit' from project 'SchafKit')
cd /Users/admin/builder/spi-builder-workspace/.swiftpm/xcode
builtin-SwiftPerFileCompile Blocks.swift
SwiftCompile normal arm64 /Users/admin/builder/spi-builder-workspace/.dependencies/checkouts/SchafKit/Sources/SchafKit/Common/CodableSettingStorage.swift (in target 'SchafKit' from project 'SchafKit')
cd /Users/admin/builder/spi-builder-workspace/.swiftpm/xcode
builtin-SwiftPerFileCompile CodableSettingStorage.swift
SwiftCompile normal arm64 /Users/admin/builder/spi-builder-workspace/.dependencies/checkouts/SchafKit/Sources/SchafKit/Common/Enums/SKAxis.swift (in target 'SchafKit' from project 'SchafKit')
cd /Users/admin/builder/spi-builder-workspace/.swiftpm/xcode
builtin-SwiftPerFileCompile SKAxis.swift
SwiftCompile normal arm64 /Users/admin/builder/spi-builder-workspace/.dependencies/checkouts/SchafKit/Sources/SchafKit/Common/Options/SKOptionSet.swift (in target 'SchafKit' from project 'SchafKit')
cd /Users/admin/builder/spi-builder-workspace/.swiftpm/xcode
builtin-SwiftPerFileCompile SKOptionSet.swift
SwiftCompile normal arm64 /Users/admin/builder/spi-builder-workspace/.dependencies/checkouts/SchafKit/Sources/SchafKit/Common/Options/SKOptions.swift (in target 'SchafKit' from project 'SchafKit')
cd /Users/admin/builder/spi-builder-workspace/.swiftpm/xcode
builtin-SwiftPerFileCompile SKOptions.swift
SwiftCompile normal arm64 /Users/admin/builder/spi-builder-workspace/.dependencies/checkouts/SchafKit/Sources/SchafKit/Common/OrderedDictionary.swift (in target 'SchafKit' from project 'SchafKit')
cd /Users/admin/builder/spi-builder-workspace/.swiftpm/xcode
builtin-SwiftPerFileCompile OrderedDictionary.swift
SwiftCompile normal arm64 /Users/admin/builder/spi-builder-workspace/.dependencies/checkouts/SchafKit/Sources/SchafKit/Common/PropertyWrappers/EquatablePublished.swift (in target 'SchafKit' from project 'SchafKit')
cd /Users/admin/builder/spi-builder-workspace/.swiftpm/xcode
builtin-SwiftPerFileCompile EquatablePublished.swift
SwiftCompile normal arm64 /Users/admin/builder/spi-builder-workspace/.dependencies/checkouts/SchafKit/Sources/SchafKit/Common/PropertyWrappers/SettingStorage.swift (in target 'SchafKit' from project 'SchafKit')
cd /Users/admin/builder/spi-builder-workspace/.swiftpm/xcode
builtin-SwiftPerFileCompile SettingStorage.swift
SwiftCompile normal arm64 /Users/admin/builder/spi-builder-workspace/.dependencies/checkouts/SchafKit/Sources/SchafKit/Common/Publishable.swift (in target 'SchafKit' from project 'SchafKit')
cd /Users/admin/builder/spi-builder-workspace/.swiftpm/xcode
builtin-SwiftPerFileCompile Publishable.swift
SwiftCompile normal arm64 /Users/admin/builder/spi-builder-workspace/.dependencies/checkouts/SchafKit/Sources/SchafKit/Common/PublishedCodableSettingStorage.swift (in target 'SchafKit' from project 'SchafKit')
cd /Users/admin/builder/spi-builder-workspace/.swiftpm/xcode
builtin-SwiftPerFileCompile PublishedCodableSettingStorage.swift
SwiftCompile normal arm64 Compiling\ LabeledView.swift,\ PresentationLink.swift,\ RoundedCorners.swift,\ SearchBar.swift,\ TimePicker.swift,\ AppearanceHandler.swift,\ KeyboardResponder.swift,\ View.swift,\ OKSubtileNotification.swift,\ UIApplication.swift /Users/admin/builder/spi-builder-workspace/.dependencies/checkouts/SchafKit/Sources/SchafKit/Kit/SwiftUI/Components/LabeledView.swift /Users/admin/builder/spi-builder-workspace/.dependencies/checkouts/SchafKit/Sources/SchafKit/Kit/SwiftUI/Components/PresentationLink.swift /Users/admin/builder/spi-builder-workspace/.dependencies/checkouts/SchafKit/Sources/SchafKit/Kit/SwiftUI/Components/RoundedCorners.swift /Users/admin/builder/spi-builder-workspace/.dependencies/checkouts/SchafKit/Sources/SchafKit/Kit/SwiftUI/Components/SearchBar.swift /Users/admin/builder/spi-builder-workspace/.dependencies/checkouts/SchafKit/Sources/SchafKit/Kit/SwiftUI/Components/TimePicker.swift /Users/admin/builder/spi-builder-workspace/.dependencies/checkouts/SchafKit/Sources/SchafKit/Kit/SwiftUI/Helpers/AppearanceHandler.swift /Users/admin/builder/spi-builder-workspace/.dependencies/checkouts/SchafKit/Sources/SchafKit/Kit/SwiftUI/Helpers/KeyboardResponder.swift /Users/admin/builder/spi-builder-workspace/.dependencies/checkouts/SchafKit/Sources/SchafKit/Kit/SwiftUI/View.swift /Users/admin/builder/spi-builder-workspace/.dependencies/checkouts/SchafKit/Sources/SchafKit/Platform-Specific/iOS+tvOS/Classes/OKSubtileNotification.swift /Users/admin/builder/spi-builder-workspace/.dependencies/checkouts/SchafKit/Sources/SchafKit/Platform-Specific/iOS+tvOS/UIApplication.swift (in target 'SchafKit' from project 'SchafKit')
SwiftCompile normal arm64 /Users/admin/builder/spi-builder-workspace/.dependencies/checkouts/SchafKit/Sources/SchafKit/Kit/SwiftUI/Components/LabeledView.swift (in target 'SchafKit' from project 'SchafKit')
cd /Users/admin/builder/spi-builder-workspace/.swiftpm/xcode
builtin-SwiftPerFileCompile LabeledView.swift
SwiftCompile normal arm64 /Users/admin/builder/spi-builder-workspace/.dependencies/checkouts/SchafKit/Sources/SchafKit/Kit/SwiftUI/Components/PresentationLink.swift (in target 'SchafKit' from project 'SchafKit')
cd /Users/admin/builder/spi-builder-workspace/.swiftpm/xcode
builtin-SwiftPerFileCompile PresentationLink.swift
SwiftCompile normal arm64 /Users/admin/builder/spi-builder-workspace/.dependencies/checkouts/SchafKit/Sources/SchafKit/Kit/SwiftUI/Components/RoundedCorners.swift (in target 'SchafKit' from project 'SchafKit')
cd /Users/admin/builder/spi-builder-workspace/.swiftpm/xcode
builtin-SwiftPerFileCompile RoundedCorners.swift
SwiftCompile normal arm64 /Users/admin/builder/spi-builder-workspace/.dependencies/checkouts/SchafKit/Sources/SchafKit/Kit/SwiftUI/Components/SearchBar.swift (in target 'SchafKit' from project 'SchafKit')
cd /Users/admin/builder/spi-builder-workspace/.swiftpm/xcode
builtin-SwiftPerFileCompile SearchBar.swift
SwiftCompile normal arm64 /Users/admin/builder/spi-builder-workspace/.dependencies/checkouts/SchafKit/Sources/SchafKit/Kit/SwiftUI/Components/TimePicker.swift (in target 'SchafKit' from project 'SchafKit')
cd /Users/admin/builder/spi-builder-workspace/.swiftpm/xcode
builtin-SwiftPerFileCompile TimePicker.swift
SwiftCompile normal arm64 /Users/admin/builder/spi-builder-workspace/.dependencies/checkouts/SchafKit/Sources/SchafKit/Kit/SwiftUI/Helpers/AppearanceHandler.swift (in target 'SchafKit' from project 'SchafKit')
cd /Users/admin/builder/spi-builder-workspace/.swiftpm/xcode
builtin-SwiftPerFileCompile AppearanceHandler.swift
SwiftCompile normal arm64 /Users/admin/builder/spi-builder-workspace/.dependencies/checkouts/SchafKit/Sources/SchafKit/Kit/SwiftUI/Helpers/KeyboardResponder.swift (in target 'SchafKit' from project 'SchafKit')
cd /Users/admin/builder/spi-builder-workspace/.swiftpm/xcode
builtin-SwiftPerFileCompile KeyboardResponder.swift
SwiftCompile normal arm64 /Users/admin/builder/spi-builder-workspace/.dependencies/checkouts/SchafKit/Sources/SchafKit/Kit/SwiftUI/View.swift (in target 'SchafKit' from project 'SchafKit')
cd /Users/admin/builder/spi-builder-workspace/.swiftpm/xcode
builtin-SwiftPerFileCompile View.swift
SwiftCompile normal arm64 /Users/admin/builder/spi-builder-workspace/.dependencies/checkouts/SchafKit/Sources/SchafKit/Platform-Specific/iOS+tvOS/Classes/OKSubtileNotification.swift (in target 'SchafKit' from project 'SchafKit')
cd /Users/admin/builder/spi-builder-workspace/.swiftpm/xcode
builtin-SwiftPerFileCompile OKSubtileNotification.swift
SwiftCompile normal arm64 /Users/admin/builder/spi-builder-workspace/.dependencies/checkouts/SchafKit/Sources/SchafKit/Platform-Specific/iOS+tvOS/UIApplication.swift (in target 'SchafKit' from project 'SchafKit')
cd /Users/admin/builder/spi-builder-workspace/.swiftpm/xcode
builtin-SwiftPerFileCompile UIApplication.swift
SwiftExplicitDependencyGeneratePcm arm64_32 /Users/admin/builder/spi-builder-workspace/.derivedData/SDKExplicitPrecompiledModules/SwiftUI-9AYG9OCT5VOJK7V4MX1WYR86T.pcm
PruneExplicitPrecompiledModules /Users/admin/builder/spi-builder-workspace/.derivedData/Build/Intermediates.noindex/ExplicitPrecompiledModules
PruneExplicitPrecompiledModules /Users/admin/builder/spi-builder-workspace/.derivedData/SDKExplicitPrecompiledModules
PruneExplicitPrecompiledModules /Users/admin/builder/spi-builder-workspace/.derivedData/Build/Intermediates.noindex/SwiftExplicitPrecompiledModules
2026-09-22 01:46:23.403 xcodebuild[683:4323] [MT] IDERunDestination: Supported platforms for the buildables in the current scheme is empty.
** BUILD FAILED **
The following build commands failed:
SwiftCompile normal arm64 (in target 'SchafKit' from project 'SchafKit')
SwiftEmitModule normal arm64 Emitting\ module\ for\ SchafKit (in target 'SchafKit' from project 'SchafKit')
Building workspace MapItemPicker with scheme MapItemPicker
(3 failures)
Command line invocation:
/Applications/Xcode-27.0.0-Release.Candidate.app/Contents/Developer/usr/bin/xcodebuild -IDEClonedSourcePackagesDirPathOverride=/Users/admin/builder/spi-builder-workspace/.dependencies -resolvePackageDependencies
Resolve Package Graph
Resolved source packages:
SchafKit: https://github.com/FiveSheepCo/SchafKit.git @ 1.3.0
MapItemPicker: /Users/admin/builder/spi-builder-workspace
resolved source packages: SchafKit, MapItemPicker
2026-09-22 01:46:30.750 xcodebuild[844:4982] [MT] IDERunDestination: Supported platforms for the buildables in the current scheme is empty.
{
"default_localization" : "en",
"dependencies" : [
{
"identity" : "schafkit",
"requirement" : {
"range" : [
{
"lower_bound" : "1.0.0",
"upper_bound" : "2.0.0"
}
]
},
"type" : "sourceControl",
"url" : "https://github.com/FiveSheepCo/SchafKit.git"
}
],
"manifest_display_name" : "MapItemPicker",
"name" : "MapItemPicker",
"path" : "/Users/admin/builder/spi-builder-workspace",
"platforms" : [
{
"name" : "macos",
"version" : "10.15"
},
{
"name" : "ios",
"version" : "15.0"
},
{
"name" : "watchos",
"version" : "6.0"
},
{
"name" : "tvos",
"version" : "15.0"
}
],
"products" : [
{
"name" : "MapItemPicker",
"targets" : [
"MapItemPicker"
],
"type" : {
"library" : [
"automatic"
]
}
}
],
"targets" : [
{
"c99name" : "MapItemPickerTests",
"module_type" : "SwiftTarget",
"name" : "MapItemPickerTests",
"path" : "Tests/MapItemPickerTests",
"sources" : [
"MapItemPickerTests.swift"
],
"target_dependencies" : [
"MapItemPicker"
],
"type" : "test"
},
{
"c99name" : "MapItemPicker",
"module_type" : "SwiftTarget",
"name" : "MapItemPicker",
"path" : "Sources/MapItemPicker",
"product_dependencies" : [
"SchafKit"
],
"product_memberships" : [
"MapItemPicker"
],
"resources" : [
{
"path" : "/Users/admin/builder/spi-builder-workspace/Sources/MapItemPicker/Resources/de.lproj/Localizable.strings",
"rule" : {
"process" : {
"localization" : "de"
}
}
},
{
"path" : "/Users/admin/builder/spi-builder-workspace/Sources/MapItemPicker/Resources/en.lproj/Localizable.strings",
"rule" : {
"process" : {
"localization" : "en"
}
}
}
],
"sources" : [
"Controllers/LocationController.swift",
"Controllers/MapItemController/+LoadingState.swift",
"Controllers/MapItemController/+MKMapFeatureAnnotation.swift",
"Controllers/MapItemController/+MKMapItem.swift",
"Controllers/MapItemController/+OSMItem.swift",
"Controllers/MapItemController/+WDItem.swift",
"Controllers/MapItemController/+loadLookAround.swift",
"Controllers/MapItemController/MapItemController.swift",
"Controllers/MapItemSearchController.swift",
"Controllers/MapItemSearchViewCoordinator.swift",
"Controllers/RecentMapItemsController.swift",
"Data/MIPAction.swift",
"Data/MapItem/+FeatureType.swift",
"Data/MapItem/MapItem.swift",
"Data/MapItem/MapItemCategory.swift",
"Data/MapItem/MapItemImage.swift",
"Data/MapItem/OpenStreetMaps/OSM+retrieveForMapItem.swift",
"Data/MapItem/OpenStreetMaps/OSMItem.swift",
"Data/MapItem/OpeningHours/DayTime.swift",
"Data/MapItem/OpeningHours/DayTimeRange.swift",
"Data/MapItem/OpeningHours/DisplayableWeekPortion.swift",
"Data/MapItem/OpeningHours/OpeningHours.swift",
"Data/MapItem/OpeningHours/Weekday.swift",
"Data/MapItem/WikiData/WD+retrieveForMapItem.swift",
"Data/MapItem/WikiData/WD+retrieveImages.swift",
"Data/MapItem/WikiData/WDItem.swift",
"Data/MapItemSearchViewAction.swift",
"Extensions/?=.swift",
"Extensions/Array.swift",
"Extensions/CLCircularRegion.swift",
"Extensions/CLLocationCoordinate2D.swift",
"Extensions/Font+compatibility.swift",
"Extensions/Int.swift",
"Extensions/MKCoordinateRegion.swift",
"Extensions/MKLocalSearchCompletion.swift",
"Extensions/MKMapConfiguration.swift",
"Extensions/MKMapFeatureAnnotation.FeatureType.swift",
"Extensions/MKMapItem.swift",
"Extensions/MKMapRect.swift",
"Extensions/MKPlacemark.swift",
"Extensions/String+levenshtein.swift",
"Extensions/String.swift",
"Extensions/UIViewController.swift",
"Extensions/View+compatibility.swift",
"Extensions/View+listCellEmulationPadding.swift",
"Extensions/View+mapItemPickerSheet.swift",
"Protocols/MapAnnotationEquatable.swift",
"Protocols/MapOverlayEquatable.swift",
"UI/Components/AsyncPhotoZoomView.swift",
"UI/Components/CompassView.swift",
"UI/Components/ListEmulationSection.swift",
"UI/Components/LookaroundView.swift",
"UI/Components/MapControllerHolder.swift",
"UI/Components/MapStyleChooser.swift",
"UI/Components/MapViewController.swift",
"UI/Components/PhotoZoomView.swift",
"UI/Components/SearchCell.swift",
"UI/Components/TopRightButtons.swift",
"UI/ImageSheet/ImageSheet.swift",
"UI/MapItemDisplayView/+aboutSection.swift",
"UI/MapItemDisplayView/+buttonSection.swift",
"UI/MapItemDisplayView/+contactSection.swift",
"UI/MapItemDisplayView/+detailsSection.swift",
"UI/MapItemDisplayView/+factsSection.swift",
"UI/MapItemDisplayView/+header.swift",
"UI/MapItemDisplayView/+imageSection.swift",
"UI/MapItemDisplayView/+legalSection.swift",
"UI/MapItemDisplayView/+topScrollInfoView.swift",
"UI/MapItemDisplayView/DetailListEmulationCell.swift",
"UI/MapItemDisplayView/MapItemActionButtons.swift",
"UI/MapItemDisplayView/MapItemDisplaySheet.swift",
"UI/MapItemDisplayView/MapItemDisplayView.swift",
"UI/MapItemDisplayView/OpeningHoursCell.swift",
"UI/MapItemPicker.swift",
"UI/MapItemPickerConstants.swift",
"UI/RecentMapItemsSection.swift",
"UI/Sheets/LocalSearchCompletionSearchSheet.swift",
"UI/Sheets/MapItemClusterSheet.swift",
"UI/Sheets/SearchSheet.swift",
"UI/StandardSearchView.swift"
],
"type" : "library"
}
],
"tools_version" : "5.5"
}
{
"workspace" : {
"name" : "MapItemPicker",
"schemes" : [
"MapItemPicker",
"SchafKit"
]
}
}
2026-09-22 01:46:32.044 xcodebuild[852:5050] [MT] IDERunDestination: Supported platforms for the buildables in the current scheme is empty.
{
"workspace" : {
"name" : "MapItemPicker",
"schemes" : [
"MapItemPicker",
"SchafKit"
]
}
}
2026-09-22 01:46:33.080 xcodebuild[854:5084] [MT] IDERunDestination: Supported platforms for the buildables in the current scheme is empty.
Running build ...
env DEVELOPER_DIR=/Applications/Xcode-27.0.0-Release.Candidate.app xcrun xcodebuild -IDEClonedSourcePackagesDirPathOverride=$PWD/.dependencies -skipMacroValidation -skipPackagePluginValidation -derivedDataPath $PWD/.derivedData build -scheme MapItemPicker -destination generic/platform=watchOS
Command line invocation:
/Applications/Xcode-27.0.0-Release.Candidate.app/Contents/Developer/usr/bin/xcodebuild -IDEClonedSourcePackagesDirPathOverride=/Users/admin/builder/spi-builder-workspace/.dependencies -skipMacroValidation -skipPackagePluginValidation -derivedDataPath /Users/admin/builder/spi-builder-workspace/.derivedData build -scheme MapItemPicker -destination generic/platform=watchOS
Resolve Package Graph
Resolved source packages:
MapItemPicker: /Users/admin/builder/spi-builder-workspace
SchafKit: https://github.com/FiveSheepCo/SchafKit.git @ 1.3.0
ComputePackagePrebuildTargetDependencyGraph
Prepare packages
CreateBuildRequest
SendProjectDescription
CreateBuildOperation
ComputeTargetDependencyGraph
note: Building targets in dependency order
note: Target dependency graph (5 targets)
Target 'MapItemPicker-product' in project 'MapItemPicker'
➜ Explicit dependency on target 'MapItemPicker' in project 'MapItemPicker'
➜ Explicit dependency on target 'MapItemPicker_MapItemPicker' in project 'MapItemPicker'
➜ Explicit dependency on target 'SchafKit-product' in project 'SchafKit'
Target 'MapItemPicker' in project 'MapItemPicker'
➜ Explicit dependency on target 'MapItemPicker_MapItemPicker' in project 'MapItemPicker'
➜ Explicit dependency on target 'SchafKit-product' in project 'SchafKit'
Target 'SchafKit-product' in project 'SchafKit'
➜ Explicit dependency on target 'SchafKit' in project 'SchafKit'
Target 'SchafKit' in project 'SchafKit' (no dependencies)
Target 'MapItemPicker_MapItemPicker' in project 'MapItemPicker' (no dependencies)
GatherProvisioningInputs
CreateBuildDescription
ClangStatCache /Applications/Xcode-27.0.0-Release.Candidate.app/Contents/Developer/Toolchains/XcodeDefault.xctoolchain/usr/bin/clang-stat-cache /Applications/Xcode-27.0.0-Release.Candidate.app/Contents/Developer/Platforms/WatchOS.platform/Developer/SDKs/WatchOS27.0.sdk /Users/admin/builder/spi-builder-workspace/.derivedData/SDKStatCaches.noindex/watchos27.0-24R360-e829b21a6f8c9b70876ba0858053c04477534ef55a1706bf4c1112bbb242f0a2.sdkstatcache
cd /Users/admin/builder/spi-builder-workspace/.swiftpm/xcode
/Applications/Xcode-27.0.0-Release.Candidate.app/Contents/Developer/Toolchains/XcodeDefault.xctoolchain/usr/bin/clang-stat-cache /Applications/Xcode-27.0.0-Release.Candidate.app/Contents/Developer/Platforms/WatchOS.platform/Developer/SDKs/WatchOS27.0.sdk -o /Users/admin/builder/spi-builder-workspace/.derivedData/SDKStatCaches.noindex/watchos27.0-24R360-e829b21a6f8c9b70876ba0858053c04477534ef55a1706bf4c1112bbb242f0a2.sdkstatcache
SwiftDriver SchafKit normal arm64_32 com.apple.xcode.tools.swift.compiler (in target 'SchafKit' from project 'SchafKit')
cd /Users/admin/builder/spi-builder-workspace/.swiftpm/xcode
builtin-SwiftDriver -- /Applications/Xcode-27.0.0-Release.Candidate.app/Contents/Developer/Toolchains/XcodeDefault.xctoolchain/usr/bin/swiftc -parse-as-library -module-name SchafKit -Onone @/Users/admin/builder/spi-builder-workspace/.derivedData/Build/Intermediates.noindex/SchafKit.build/Debug-watchos/SchafKit-t.build/Objects-normal/arm64_32/SchafKit.SwiftFileList -DSWIFT_PACKAGE -DDEBUG -DSWIFT_MODULE_RESOURCE_BUNDLE_UNAVAILABLE -DXcode -plugin-path /Applications/Xcode-27.0.0-Release.Candidate.app/Contents/Developer/Toolchains/XcodeDefault.xctoolchain/usr/lib/swift/host/plugins/testing -enable-experimental-feature DebugDescriptionMacro -sdk /Applications/Xcode-27.0.0-Release.Candidate.app/Contents/Developer/Platforms/WatchOS.platform/Developer/SDKs/WatchOS27.0.sdk -target arm64_32-apple-watchos9.0 -g -module-cache-path /Users/admin/builder/spi-builder-workspace/.derivedData/ModuleCache.noindex -Xfrontend -serialize-debugging-options -profile-coverage-mapping -profile-generate -enable-testing -suppress-warnings -index-store-path /Users/admin/builder/spi-builder-workspace/.derivedData/Index.noindex/DataStore -Xcc -D_LIBCPP_HARDENING_MODE\=_LIBCPP_HARDENING_MODE_DEBUG -swift-version 5 -I /Users/admin/builder/spi-builder-workspace/.derivedData/Build/Products/Debug-watchos -Isystem /Applications/Xcode-27.0.0-Release.Candidate.app/Contents/Developer/Platforms/WatchOS.platform/Developer/usr/lib -F /Users/admin/builder/spi-builder-workspace/.derivedData/Build/Products/Debug-watchos -F /Applications/Xcode-27.0.0-Release.Candidate.app/Contents/Developer/Platforms/WatchOS.platform/Developer/Library/Frameworks -F /Applications/Xcode-27.0.0-Release.Candidate.app/Contents/Developer/Platforms/WatchOS.platform/Developer/SDKs/WatchOS27.0.sdk/Developer/Library/Frameworks -c -j10 -enable-batch-mode -incremental -Xcc -ivfsstatcache -Xcc /Users/admin/builder/spi-builder-workspace/.derivedData/SDKStatCaches.noindex/watchos27.0-24R360-e829b21a6f8c9b70876ba0858053c04477534ef55a1706bf4c1112bbb242f0a2.sdkstatcache -output-file-map /Users/admin/builder/spi-builder-workspace/.derivedData/Build/Intermediates.noindex/SchafKit.build/Debug-watchos/SchafKit-t.build/Objects-normal/arm64_32/SchafKit-OutputFileMap.json -save-temps -no-color-diagnostics -explicit-module-build -module-cache-path /Users/admin/builder/spi-builder-workspace/.derivedData/Build/Intermediates.noindex/SwiftExplicitPrecompiledModules -clang-scanner-module-cache-path /Users/admin/builder/spi-builder-workspace/.derivedData/ModuleCache.noindex -sdk-module-cache-path /Users/admin/builder/spi-builder-workspace/.derivedData/SDKExplicitPrecompiledModules -emit-dependencies -emit-module -emit-module-path /Users/admin/builder/spi-builder-workspace/.derivedData/Build/Intermediates.noindex/SchafKit.build/Debug-watchos/SchafKit-t.build/Objects-normal/arm64_32/SchafKit.swiftmodule -serialize-diagnostics -dependency-scan-serialize-diagnostics-path /Users/admin/builder/spi-builder-workspace/.derivedData/Build/Intermediates.noindex/SchafKit.build/Debug-watchos/SchafKit-t.build/Objects-normal/arm64_32/SchafKit-dependency-scan.dia -validate-clang-modules-once -clang-build-session-file /Users/admin/builder/spi-builder-workspace/.derivedData/ModuleCache.noindex/Session.modulevalidation -Xcc -fmodules-prune-interval\=86400 -Xcc -fmodules-prune-after\=345600 -emit-const-values -const-gather-protocols-list /Users/admin/builder/spi-builder-workspace/.derivedData/Build/Intermediates.noindex/SchafKit.build/Debug-watchos/SchafKit-t.build/Objects-normal/arm64_32/SchafKit_const_extract_protocols.json -Xcc -I/Users/admin/builder/spi-builder-workspace/.derivedData/Build/Products/Debug-watchos/include -Xcc -I/Users/admin/builder/spi-builder-workspace/.derivedData/Build/Intermediates.noindex/SchafKit.build/Debug-watchos/SchafKit-t.build/DerivedSources-normal/arm64_32 -Xcc -I/Users/admin/builder/spi-builder-workspace/.derivedData/Build/Intermediates.noindex/SchafKit.build/Debug-watchos/SchafKit-t.build/DerivedSources/arm64_32 -Xcc -I/Users/admin/builder/spi-builder-workspace/.derivedData/Build/Intermediates.noindex/SchafKit.build/Debug-watchos/SchafKit-t.build/DerivedSources -Xcc -DSWIFT_PACKAGE -Xcc -DDEBUG\=1 -emit-objc-header -emit-objc-header-path /Users/admin/builder/spi-builder-workspace/.derivedData/Build/Intermediates.noindex/SchafKit.build/Debug-watchos/SchafKit-t.build/Objects-normal/arm64_32/SchafKit-Swift.h -working-directory /Users/admin/builder/spi-builder-workspace/.swiftpm/xcode -experimental-emit-module-separately -disable-cmo
SwiftDriver SchafKit normal arm64 com.apple.xcode.tools.swift.compiler (in target 'SchafKit' from project 'SchafKit')
cd /Users/admin/builder/spi-builder-workspace/.swiftpm/xcode
builtin-SwiftDriver -- /Applications/Xcode-27.0.0-Release.Candidate.app/Contents/Developer/Toolchains/XcodeDefault.xctoolchain/usr/bin/swiftc -parse-as-library -module-name SchafKit -Onone @/Users/admin/builder/spi-builder-workspace/.derivedData/Build/Intermediates.noindex/SchafKit.build/Debug-watchos/SchafKit-t.build/Objects-normal/arm64/SchafKit.SwiftFileList -DSWIFT_PACKAGE -DDEBUG -DSWIFT_MODULE_RESOURCE_BUNDLE_UNAVAILABLE -DXcode -plugin-path /Applications/Xcode-27.0.0-Release.Candidate.app/Contents/Developer/Toolchains/XcodeDefault.xctoolchain/usr/lib/swift/host/plugins/testing -enable-experimental-feature DebugDescriptionMacro -sdk /Applications/Xcode-27.0.0-Release.Candidate.app/Contents/Developer/Platforms/WatchOS.platform/Developer/SDKs/WatchOS27.0.sdk -target arm64-apple-watchos9.0 -g -module-cache-path /Users/admin/builder/spi-builder-workspace/.derivedData/ModuleCache.noindex -Xfrontend -serialize-debugging-options -profile-coverage-mapping -profile-generate -enable-testing -suppress-warnings -index-store-path /Users/admin/builder/spi-builder-workspace/.derivedData/Index.noindex/DataStore -Xcc -D_LIBCPP_HARDENING_MODE\=_LIBCPP_HARDENING_MODE_DEBUG -swift-version 5 -I /Users/admin/builder/spi-builder-workspace/.derivedData/Build/Products/Debug-watchos -Isystem /Applications/Xcode-27.0.0-Release.Candidate.app/Contents/Developer/Platforms/WatchOS.platform/Developer/usr/lib -F /Users/admin/builder/spi-builder-workspace/.derivedData/Build/Products/Debug-watchos -F /Applications/Xcode-27.0.0-Release.Candidate.app/Contents/Developer/Platforms/WatchOS.platform/Developer/Library/Frameworks -F /Applications/Xcode-27.0.0-Release.Candidate.app/Contents/Developer/Platforms/WatchOS.platform/Developer/SDKs/WatchOS27.0.sdk/Developer/Library/Frameworks -c -j10 -enable-batch-mode -incremental -Xcc -ivfsstatcache -Xcc /Users/admin/builder/spi-builder-workspace/.derivedData/SDKStatCaches.noindex/watchos27.0-24R360-e829b21a6f8c9b70876ba0858053c04477534ef55a1706bf4c1112bbb242f0a2.sdkstatcache -output-file-map /Users/admin/builder/spi-builder-workspace/.derivedData/Build/Intermediates.noindex/SchafKit.build/Debug-watchos/SchafKit-t.build/Objects-normal/arm64/SchafKit-OutputFileMap.json -save-temps -no-color-diagnostics -explicit-module-build -module-cache-path /Users/admin/builder/spi-builder-workspace/.derivedData/Build/Intermediates.noindex/SwiftExplicitPrecompiledModules -clang-scanner-module-cache-path /Users/admin/builder/spi-builder-workspace/.derivedData/ModuleCache.noindex -sdk-module-cache-path /Users/admin/builder/spi-builder-workspace/.derivedData/SDKExplicitPrecompiledModules -emit-dependencies -emit-module -emit-module-path /Users/admin/builder/spi-builder-workspace/.derivedData/Build/Intermediates.noindex/SchafKit.build/Debug-watchos/SchafKit-t.build/Objects-normal/arm64/SchafKit.swiftmodule -serialize-diagnostics -dependency-scan-serialize-diagnostics-path /Users/admin/builder/spi-builder-workspace/.derivedData/Build/Intermediates.noindex/SchafKit.build/Debug-watchos/SchafKit-t.build/Objects-normal/arm64/SchafKit-dependency-scan.dia -validate-clang-modules-once -clang-build-session-file /Users/admin/builder/spi-builder-workspace/.derivedData/ModuleCache.noindex/Session.modulevalidation -Xcc -fmodules-prune-interval\=86400 -Xcc -fmodules-prune-after\=345600 -emit-const-values -const-gather-protocols-list /Users/admin/builder/spi-builder-workspace/.derivedData/Build/Intermediates.noindex/SchafKit.build/Debug-watchos/SchafKit-t.build/Objects-normal/arm64/SchafKit_const_extract_protocols.json -Xcc -I/Users/admin/builder/spi-builder-workspace/.derivedData/Build/Products/Debug-watchos/include -Xcc -I/Users/admin/builder/spi-builder-workspace/.derivedData/Build/Intermediates.noindex/SchafKit.build/Debug-watchos/SchafKit-t.build/DerivedSources-normal/arm64 -Xcc -I/Users/admin/builder/spi-builder-workspace/.derivedData/Build/Intermediates.noindex/SchafKit.build/Debug-watchos/SchafKit-t.build/DerivedSources/arm64 -Xcc -I/Users/admin/builder/spi-builder-workspace/.derivedData/Build/Intermediates.noindex/SchafKit.build/Debug-watchos/SchafKit-t.build/DerivedSources -Xcc -DSWIFT_PACKAGE -Xcc -DDEBUG\=1 -emit-objc-header -emit-objc-header-path /Users/admin/builder/spi-builder-workspace/.derivedData/Build/Intermediates.noindex/SchafKit.build/Debug-watchos/SchafKit-t.build/Objects-normal/arm64/SchafKit-Swift.h -working-directory /Users/admin/builder/spi-builder-workspace/.swiftpm/xcode -experimental-emit-module-separately -disable-cmo
SwiftCompile normal arm64 Compiling\ PublishedSettingStorage.swift,\ SK8BitRGBARepresentation.swift,\ SKHSLARepresentation.swift,\ SKJsonRepresentable.swift,\ SKRGBARepresentation.swift,\ SKTimeUnit.swift,\ SKUnit.swift,\ Array.swift,\ Collection.swift,\ Dictionary.swift,\ Sequence.swift /Users/admin/builder/spi-builder-workspace/.dependencies/checkouts/SchafKit/Sources/SchafKit/Common/PublishedSettingStorage.swift /Users/admin/builder/spi-builder-workspace/.dependencies/checkouts/SchafKit/Sources/SchafKit/Common/Structs/SK8BitRGBARepresentation.swift /Users/admin/builder/spi-builder-workspace/.dependencies/checkouts/SchafKit/Sources/SchafKit/Common/Structs/SKHSLARepresentation.swift /Users/admin/builder/spi-builder-workspace/.dependencies/checkouts/SchafKit/Sources/SchafKit/Common/Structs/SKJsonRepresentable.swift /Users/admin/builder/spi-builder-workspace/.dependencies/checkouts/SchafKit/Sources/SchafKit/Common/Structs/SKRGBARepresentation.swift /Users/admin/builder/spi-builder-workspace/.dependencies/checkouts/SchafKit/Sources/SchafKit/Common/Units/SKTimeUnit.swift /Users/admin/builder/spi-builder-workspace/.dependencies/checkouts/SchafKit/Sources/SchafKit/Common/Units/SKUnit.swift /Users/admin/builder/spi-builder-workspace/.dependencies/checkouts/SchafKit/Sources/SchafKit/Extensions/Collections/Array.swift /Users/admin/builder/spi-builder-workspace/.dependencies/checkouts/SchafKit/Sources/SchafKit/Extensions/Collections/Collection.swift /Users/admin/builder/spi-builder-workspace/.dependencies/checkouts/SchafKit/Sources/SchafKit/Extensions/Collections/Dictionary.swift /Users/admin/builder/spi-builder-workspace/.dependencies/checkouts/SchafKit/Sources/SchafKit/Extensions/Collections/Sequence.swift (in target 'SchafKit' from project 'SchafKit')
SwiftCompile normal arm64 /Users/admin/builder/spi-builder-workspace/.dependencies/checkouts/SchafKit/Sources/SchafKit/Common/PublishedSettingStorage.swift (in target 'SchafKit' from project 'SchafKit')
cd /Users/admin/builder/spi-builder-workspace/.swiftpm/xcode
builtin-SwiftPerFileCompile PublishedSettingStorage.swift
SwiftCompile normal arm64 /Users/admin/builder/spi-builder-workspace/.dependencies/checkouts/SchafKit/Sources/SchafKit/Common/Structs/SK8BitRGBARepresentation.swift (in target 'SchafKit' from project 'SchafKit')
cd /Users/admin/builder/spi-builder-workspace/.swiftpm/xcode
builtin-SwiftPerFileCompile SK8BitRGBARepresentation.swift
SwiftCompile normal arm64 /Users/admin/builder/spi-builder-workspace/.dependencies/checkouts/SchafKit/Sources/SchafKit/Common/Structs/SKHSLARepresentation.swift (in target 'SchafKit' from project 'SchafKit')
cd /Users/admin/builder/spi-builder-workspace/.swiftpm/xcode
builtin-SwiftPerFileCompile SKHSLARepresentation.swift
SwiftCompile normal arm64 /Users/admin/builder/spi-builder-workspace/.dependencies/checkouts/SchafKit/Sources/SchafKit/Common/Structs/SKJsonRepresentable.swift (in target 'SchafKit' from project 'SchafKit')
cd /Users/admin/builder/spi-builder-workspace/.swiftpm/xcode
builtin-SwiftPerFileCompile SKJsonRepresentable.swift
SwiftCompile normal arm64 /Users/admin/builder/spi-builder-workspace/.dependencies/checkouts/SchafKit/Sources/SchafKit/Common/Structs/SKRGBARepresentation.swift (in target 'SchafKit' from project 'SchafKit')
cd /Users/admin/builder/spi-builder-workspace/.swiftpm/xcode
builtin-SwiftPerFileCompile SKRGBARepresentation.swift
SwiftCompile normal arm64 /Users/admin/builder/spi-builder-workspace/.dependencies/checkouts/SchafKit/Sources/SchafKit/Common/Units/SKTimeUnit.swift (in target 'SchafKit' from project 'SchafKit')
cd /Users/admin/builder/spi-builder-workspace/.swiftpm/xcode
builtin-SwiftPerFileCompile SKTimeUnit.swift
SwiftCompile normal arm64 /Users/admin/builder/spi-builder-workspace/.dependencies/checkouts/SchafKit/Sources/SchafKit/Common/Units/SKUnit.swift (in target 'SchafKit' from project 'SchafKit')
cd /Users/admin/builder/spi-builder-workspace/.swiftpm/xcode
builtin-SwiftPerFileCompile SKUnit.swift
SwiftCompile normal arm64 /Users/admin/builder/spi-builder-workspace/.dependencies/checkouts/SchafKit/Sources/SchafKit/Extensions/Collections/Array.swift (in target 'SchafKit' from project 'SchafKit')
cd /Users/admin/builder/spi-builder-workspace/.swiftpm/xcode
builtin-SwiftPerFileCompile Array.swift
SwiftCompile normal arm64 /Users/admin/builder/spi-builder-workspace/.dependencies/checkouts/SchafKit/Sources/SchafKit/Extensions/Collections/Collection.swift (in target 'SchafKit' from project 'SchafKit')
cd /Users/admin/builder/spi-builder-workspace/.swiftpm/xcode
builtin-SwiftPerFileCompile Collection.swift
SwiftCompile normal arm64 /Users/admin/builder/spi-builder-workspace/.dependencies/checkouts/SchafKit/Sources/SchafKit/Extensions/Collections/Dictionary.swift (in target 'SchafKit' from project 'SchafKit')
cd /Users/admin/builder/spi-builder-workspace/.swiftpm/xcode
builtin-SwiftPerFileCompile Dictionary.swift
SwiftCompile normal arm64 /Users/admin/builder/spi-builder-workspace/.dependencies/checkouts/SchafKit/Sources/SchafKit/Extensions/Collections/Sequence.swift (in target 'SchafKit' from project 'SchafKit')
cd /Users/admin/builder/spi-builder-workspace/.swiftpm/xcode
builtin-SwiftPerFileCompile Sequence.swift
SwiftCompile normal arm64 Compiling\ SKAlerting-iOS+tvOS.swift,\ SKAlerting-macOS.swift,\ SKAlerting-watchOS.swift,\ _MultiInputView.swift,\ SKAlerting.Action.Block.swift,\ SKAlerting.Action.Style.swift,\ SKAlerting.Action.swift,\ SKAlerting.Style.swift,\ SKAlerting.TextFieldConfiguration.swift,\ SKAlerting.swift,\ Application.swift /Users/admin/builder/spi-builder-workspace/.dependencies/checkouts/SchafKit/Sources/SchafKit/Kit/Alerting/Platforms/SKAlerting-iOS+tvOS.swift /Users/admin/builder/spi-builder-workspace/.dependencies/checkouts/SchafKit/Sources/SchafKit/Kit/Alerting/Platforms/SKAlerting-macOS.swift /Users/admin/builder/spi-builder-workspace/.dependencies/checkouts/SchafKit/Sources/SchafKit/Kit/Alerting/Platforms/SKAlerting-watchOS.swift /Users/admin/builder/spi-builder-workspace/.dependencies/checkouts/SchafKit/Sources/SchafKit/Kit/Alerting/Platforms/_MultiInputView.swift /Users/admin/builder/spi-builder-workspace/.dependencies/checkouts/SchafKit/Sources/SchafKit/Kit/Alerting/SKAlerting.Action.Block.swift /Users/admin/builder/spi-builder-workspace/.dependencies/checkouts/SchafKit/Sources/SchafKit/Kit/Alerting/SKAlerting.Action.Style.swift /Users/admin/builder/spi-builder-workspace/.dependencies/checkouts/SchafKit/Sources/SchafKit/Kit/Alerting/SKAlerting.Action.swift /Users/admin/builder/spi-builder-workspace/.dependencies/checkouts/SchafKit/Sources/SchafKit/Kit/Alerting/SKAlerting.Style.swift /Users/admin/builder/spi-builder-workspace/.dependencies/checkouts/SchafKit/Sources/SchafKit/Kit/Alerting/SKAlerting.TextFieldConfiguration.swift /Users/admin/builder/spi-builder-workspace/.dependencies/checkouts/SchafKit/Sources/SchafKit/Kit/Alerting/SKAlerting.swift /Users/admin/builder/spi-builder-workspace/.dependencies/checkouts/SchafKit/Sources/SchafKit/Kit/Cross\ Platform/Application.swift (in target 'SchafKit' from project 'SchafKit')
/Users/admin/builder/spi-builder-workspace/.dependencies/checkouts/SchafKit/Sources/SchafKit/Kit/Cross Platform/Application.swift:20:9: error: 'UIApplication' is unavailable in watchOS
18 |
19 | #if canImport(UIKit)
20 | UIApplication.shared.open(url, completionHandler: completionHandler)
| `- error: 'UIApplication' is unavailable in watchOS
21 | #else
22 | completionHandler(NSWorkspace.shared.open(url))
/Applications/Xcode-27.0.0-Release.Candidate.app/Contents/Developer/Platforms/WatchOS.platform/Developer/SDKs/WatchOS27.0.sdk/System/Library/Frameworks/UIKit.framework/Headers/UIApplication.h:85:12: note: 'UIApplication' has been explicitly marked unavailable here
83 |
84 | UIKIT_EXTERN API_AVAILABLE(ios(2.0)) API_UNAVAILABLE(watchos) NS_SWIFT_UI_ACTOR
85 | @interface UIApplication : UIResponder
| `- note: 'UIApplication' has been explicitly marked unavailable here
86 |
87 | @property(class, nonatomic, readonly) UIApplication *sharedApplication NS_EXTENSION_UNAVAILABLE_IOS("Use view controller based solutions where appropriate instead.");
/Users/admin/builder/spi-builder-workspace/.dependencies/checkouts/SchafKit/Sources/SchafKit/Kit/Cross Platform/Application.swift:20:30: error: 'open(_:options:completionHandler:)' is unavailable in watchOS
18 |
19 | #if canImport(UIKit)
20 | UIApplication.shared.open(url, completionHandler: completionHandler)
| `- error: 'open(_:options:completionHandler:)' is unavailable in watchOS
21 | #else
22 | completionHandler(NSWorkspace.shared.open(url))
/Applications/Xcode-27.0.0-Release.Candidate.app/Contents/Developer/Platforms/WatchOS.platform/Developer/SDKs/WatchOS27.0.sdk/System/Library/Frameworks/UIKit.framework/Headers/UIApplication.h:104:1: note: 'open(_:options:completionHandler:)' has been explicitly marked unavailable here
102 | // than returning a result.
103 | // The completion handler is called on the main queue.
104 | - (void)openURL:(NSURL*)url options:(NSDictionary<UIApplicationOpenExternalURLOptionsKey, id> *)options completionHandler:(void (^ __nullable NS_SWIFT_UI_ACTOR)(BOOL success))completion API_AVAILABLE(ios(10.0)) API_UNAVAILABLE(watchos);
| `- note: 'open(_:options:completionHandler:)' has been explicitly marked unavailable here
105 |
106 | - (void)sendEvent:(UIEvent *)event;
SwiftCompile normal arm64 /Users/admin/builder/spi-builder-workspace/.dependencies/checkouts/SchafKit/Sources/SchafKit/Kit/Alerting/Platforms/SKAlerting-iOS+tvOS.swift (in target 'SchafKit' from project 'SchafKit')
cd /Users/admin/builder/spi-builder-workspace/.swiftpm/xcode
builtin-SwiftPerFileCompile SKAlerting-iOS+tvOS.swift
SwiftCompile normal arm64 /Users/admin/builder/spi-builder-workspace/.dependencies/checkouts/SchafKit/Sources/SchafKit/Kit/Alerting/Platforms/SKAlerting-macOS.swift (in target 'SchafKit' from project 'SchafKit')
cd /Users/admin/builder/spi-builder-workspace/.swiftpm/xcode
builtin-SwiftPerFileCompile SKAlerting-macOS.swift
SwiftCompile normal arm64 /Users/admin/builder/spi-builder-workspace/.dependencies/checkouts/SchafKit/Sources/SchafKit/Kit/Alerting/Platforms/SKAlerting-watchOS.swift (in target 'SchafKit' from project 'SchafKit')
cd /Users/admin/builder/spi-builder-workspace/.swiftpm/xcode
builtin-SwiftPerFileCompile SKAlerting-watchOS.swift
SwiftCompile normal arm64 /Users/admin/builder/spi-builder-workspace/.dependencies/checkouts/SchafKit/Sources/SchafKit/Kit/Alerting/Platforms/_MultiInputView.swift (in target 'SchafKit' from project 'SchafKit')
cd /Users/admin/builder/spi-builder-workspace/.swiftpm/xcode
builtin-SwiftPerFileCompile _MultiInputView.swift
SwiftCompile normal arm64 /Users/admin/builder/spi-builder-workspace/.dependencies/checkouts/SchafKit/Sources/SchafKit/Kit/Alerting/SKAlerting.Action.Block.swift (in target 'SchafKit' from project 'SchafKit')
cd /Users/admin/builder/spi-builder-workspace/.swiftpm/xcode
builtin-SwiftPerFileCompile SKAlerting.Action.Block.swift
SwiftCompile normal arm64 /Users/admin/builder/spi-builder-workspace/.dependencies/checkouts/SchafKit/Sources/SchafKit/Kit/Alerting/SKAlerting.Action.Style.swift (in target 'SchafKit' from project 'SchafKit')
cd /Users/admin/builder/spi-builder-workspace/.swiftpm/xcode
builtin-SwiftPerFileCompile SKAlerting.Action.Style.swift
SwiftCompile normal arm64 /Users/admin/builder/spi-builder-workspace/.dependencies/checkouts/SchafKit/Sources/SchafKit/Kit/Alerting/SKAlerting.Action.swift (in target 'SchafKit' from project 'SchafKit')
cd /Users/admin/builder/spi-builder-workspace/.swiftpm/xcode
builtin-SwiftPerFileCompile SKAlerting.Action.swift
SwiftCompile normal arm64 /Users/admin/builder/spi-builder-workspace/.dependencies/checkouts/SchafKit/Sources/SchafKit/Kit/Alerting/SKAlerting.Style.swift (in target 'SchafKit' from project 'SchafKit')
cd /Users/admin/builder/spi-builder-workspace/.swiftpm/xcode
builtin-SwiftPerFileCompile SKAlerting.Style.swift
SwiftCompile normal arm64 /Users/admin/builder/spi-builder-workspace/.dependencies/checkouts/SchafKit/Sources/SchafKit/Kit/Alerting/SKAlerting.TextFieldConfiguration.swift (in target 'SchafKit' from project 'SchafKit')
cd /Users/admin/builder/spi-builder-workspace/.swiftpm/xcode
builtin-SwiftPerFileCompile SKAlerting.TextFieldConfiguration.swift
SwiftCompile normal arm64 /Users/admin/builder/spi-builder-workspace/.dependencies/checkouts/SchafKit/Sources/SchafKit/Kit/Alerting/SKAlerting.swift (in target 'SchafKit' from project 'SchafKit')
cd /Users/admin/builder/spi-builder-workspace/.swiftpm/xcode
builtin-SwiftPerFileCompile SKAlerting.swift
SwiftCompile normal arm64 /Users/admin/builder/spi-builder-workspace/.dependencies/checkouts/SchafKit/Sources/SchafKit/Kit/Cross\ Platform/Application.swift (in target 'SchafKit' from project 'SchafKit')
cd /Users/admin/builder/spi-builder-workspace/.swiftpm/xcode
builtin-SwiftPerFileCompile Application.swift
SwiftCompile normal arm64 Compiling\ NSObject.swift,\ String+Markdown.swift,\ String.swift,\ TimeInterval.swift,\ Timer.swift,\ URL.swift,\ CGImage.swift,\ Digest+Hex.swift,\ NSLayoutConstraint.swift,\ NSRegularExpression.swift,\ Optional.swift /Users/admin/builder/spi-builder-workspace/.dependencies/checkouts/SchafKit/Sources/SchafKit/Extensions/Generic/NSObject.swift /Users/admin/builder/spi-builder-workspace/.dependencies/checkouts/SchafKit/Sources/SchafKit/Extensions/Generic/String+Markdown.swift /Users/admin/builder/spi-builder-workspace/.dependencies/checkouts/SchafKit/Sources/SchafKit/Extensions/Generic/String.swift /Users/admin/builder/spi-builder-workspace/.dependencies/checkouts/SchafKit/Sources/SchafKit/Extensions/Generic/TimeInterval.swift /Users/admin/builder/spi-builder-workspace/.dependencies/checkouts/SchafKit/Sources/SchafKit/Extensions/Generic/Timer.swift /Users/admin/builder/spi-builder-workspace/.dependencies/checkouts/SchafKit/Sources/SchafKit/Extensions/Generic/URL.swift /Users/admin/builder/spi-builder-workspace/.dependencies/checkouts/SchafKit/Sources/SchafKit/Extensions/Other/CGImage.swift /Users/admin/builder/spi-builder-workspace/.dependencies/checkouts/SchafKit/Sources/SchafKit/Extensions/Other/Digest+Hex.swift /Users/admin/builder/spi-builder-workspace/.dependencies/checkouts/SchafKit/Sources/SchafKit/Extensions/Other/NSLayoutConstraint.swift /Users/admin/builder/spi-builder-workspace/.dependencies/checkouts/SchafKit/Sources/SchafKit/Extensions/Other/NSRegularExpression.swift /Users/admin/builder/spi-builder-workspace/.dependencies/checkouts/SchafKit/Sources/SchafKit/Extensions/Other/Optional.swift (in target 'SchafKit' from project 'SchafKit')
SwiftCompile normal arm64 /Users/admin/builder/spi-builder-workspace/.dependencies/checkouts/SchafKit/Sources/SchafKit/Extensions/Generic/NSObject.swift (in target 'SchafKit' from project 'SchafKit')
cd /Users/admin/builder/spi-builder-workspace/.swiftpm/xcode
builtin-SwiftPerFileCompile NSObject.swift
SwiftCompile normal arm64 /Users/admin/builder/spi-builder-workspace/.dependencies/checkouts/SchafKit/Sources/SchafKit/Extensions/Generic/String+Markdown.swift (in target 'SchafKit' from project 'SchafKit')
cd /Users/admin/builder/spi-builder-workspace/.swiftpm/xcode
builtin-SwiftPerFileCompile String+Markdown.swift
SwiftCompile normal arm64 /Users/admin/builder/spi-builder-workspace/.dependencies/checkouts/SchafKit/Sources/SchafKit/Extensions/Generic/String.swift (in target 'SchafKit' from project 'SchafKit')
cd /Users/admin/builder/spi-builder-workspace/.swiftpm/xcode
builtin-SwiftPerFileCompile String.swift
SwiftCompile normal arm64 /Users/admin/builder/spi-builder-workspace/.dependencies/checkouts/SchafKit/Sources/SchafKit/Extensions/Generic/TimeInterval.swift (in target 'SchafKit' from project 'SchafKit')
cd /Users/admin/builder/spi-builder-workspace/.swiftpm/xcode
builtin-SwiftPerFileCompile TimeInterval.swift
SwiftCompile normal arm64 /Users/admin/builder/spi-builder-workspace/.dependencies/checkouts/SchafKit/Sources/SchafKit/Extensions/Generic/Timer.swift (in target 'SchafKit' from project 'SchafKit')
cd /Users/admin/builder/spi-builder-workspace/.swiftpm/xcode
builtin-SwiftPerFileCompile Timer.swift
SwiftCompile normal arm64 /Users/admin/builder/spi-builder-workspace/.dependencies/checkouts/SchafKit/Sources/SchafKit/Extensions/Generic/URL.swift (in target 'SchafKit' from project 'SchafKit')
cd /Users/admin/builder/spi-builder-workspace/.swiftpm/xcode
builtin-SwiftPerFileCompile URL.swift
SwiftCompile normal arm64 /Users/admin/builder/spi-builder-workspace/.dependencies/checkouts/SchafKit/Sources/SchafKit/Extensions/Other/CGImage.swift (in target 'SchafKit' from project 'SchafKit')
cd /Users/admin/builder/spi-builder-workspace/.swiftpm/xcode
builtin-SwiftPerFileCompile CGImage.swift
SwiftCompile normal arm64 /Users/admin/builder/spi-builder-workspace/.dependencies/checkouts/SchafKit/Sources/SchafKit/Extensions/Other/Digest+Hex.swift (in target 'SchafKit' from project 'SchafKit')
cd /Users/admin/builder/spi-builder-workspace/.swiftpm/xcode
builtin-SwiftPerFileCompile Digest+Hex.swift
SwiftCompile normal arm64 /Users/admin/builder/spi-builder-workspace/.dependencies/checkouts/SchafKit/Sources/SchafKit/Extensions/Other/NSLayoutConstraint.swift (in target 'SchafKit' from project 'SchafKit')
cd /Users/admin/builder/spi-builder-workspace/.swiftpm/xcode
builtin-SwiftPerFileCompile NSLayoutConstraint.swift
SwiftCompile normal arm64 /Users/admin/builder/spi-builder-workspace/.dependencies/checkouts/SchafKit/Sources/SchafKit/Extensions/Other/NSRegularExpression.swift (in target 'SchafKit' from project 'SchafKit')
cd /Users/admin/builder/spi-builder-workspace/.swiftpm/xcode
builtin-SwiftPerFileCompile NSRegularExpression.swift
SwiftCompile normal arm64 /Users/admin/builder/spi-builder-workspace/.dependencies/checkouts/SchafKit/Sources/SchafKit/Extensions/Other/Optional.swift (in target 'SchafKit' from project 'SchafKit')
cd /Users/admin/builder/spi-builder-workspace/.swiftpm/xcode
builtin-SwiftPerFileCompile Optional.swift
SwiftEmitModule normal arm64 Emitting\ module\ for\ SchafKit (in target 'SchafKit' from project 'SchafKit')
/Users/admin/builder/spi-builder-workspace/.dependencies/checkouts/SchafKit/Sources/SchafKit/Extensions/UIKit+AppKit/UIColor.swift:23:30: error: cannot find type 'SKRGBARepresentation' in scope
21 |
22 | /// Returns a `SKRGBARepresentation` representing the color.
23 | var rgbaRepresentation : SKRGBARepresentation {
| `- error: cannot find type 'SKRGBARepresentation' in scope
24 | var red : CGFloat = 0
25 | var green : CGFloat = 0
/Users/admin/builder/spi-builder-workspace/.dependencies/checkouts/SchafKit/Sources/SchafKit/Extensions/UIKit+AppKit/UIColor.swift:52:33: error: cannot find type 'SK8BitRGBARepresentation' in scope
50 |
51 | /// Returns a `SK8BitRGBARepresentation` representing the color.
52 | var bitRGBARepresentation : SK8BitRGBARepresentation {
| `- error: cannot find type 'SK8BitRGBARepresentation' in scope
53 | var red : CGFloat = 0
54 | var green : CGFloat = 0
/Users/admin/builder/spi-builder-workspace/.dependencies/checkouts/SchafKit/Sources/SchafKit/Extensions/UIKit+AppKit/UIColor.swift:77:30: error: cannot find type 'SKHSLARepresentation' in scope
75 |
76 | /// Returns a `SKHSLARepresentation` representing the color.
77 | var HSLARepresentation : SKHSLARepresentation {
| `- error: cannot find type 'SKHSLARepresentation' in scope
78 | var hue : CGFloat = 0
79 | var saturation : CGFloat = 0
/Users/admin/builder/spi-builder-workspace/.dependencies/checkouts/SchafKit/Sources/SchafKit/Extensions/UIKit+AppKit/UIColor.swift:100:39: error: cannot find type 'SKRGBARepresentation' in scope
98 |
99 | /// Initializes and returns a color object using the specified `SKRGBARepresentation`.
100 | convenience init(representation : SKRGBARepresentation) {
| `- error: cannot find type 'SKRGBARepresentation' in scope
101 | self.init(intermediateDisplayP3Red: representation.red,
102 | green: representation.green,
/Users/admin/builder/spi-builder-workspace/.dependencies/checkouts/SchafKit/Sources/SchafKit/Extensions/UIKit+AppKit/UIColor.swift:108:39: error: cannot find type 'SK8BitRGBARepresentation' in scope
106 |
107 | /// Initializes and returns a color object using the specified `SK8BitRGBARepresentation`.
108 | convenience init(representation : SK8BitRGBARepresentation) {
| `- error: cannot find type 'SK8BitRGBARepresentation' in scope
109 | self.init(intermediateDisplayP3Red : CGFloat(representation.red)/255,
110 | green : CGFloat(representation.green)/255,
/Users/admin/builder/spi-builder-workspace/.dependencies/checkouts/SchafKit/Sources/SchafKit/Extensions/UIKit+AppKit/UIColor.swift:124:38: error: cannot find type 'SKHSLARepresentation' in scope
122 |
123 | /// Initializes and returns a color object using the specified RGB component values.
124 | convenience init(representation: SKHSLARepresentation) {
| `- error: cannot find type 'SKHSLARepresentation' in scope
125 | self.init(
126 | hue: representation.hue,
/Users/admin/builder/spi-builder-workspace/.dependencies/checkouts/SchafKit/Sources/SchafKit/Platform-Specific/iOS+tvOS/UIApplication.swift:4:11: error: 'UIApplication' is unavailable in watchOS
2 | import UIKit
3 |
4 | extension UIApplication {
| `- error: 'UIApplication' is unavailable in watchOS
5 |
6 | func open(url: String) {
/Applications/Xcode-27.0.0-Release.Candidate.app/Contents/Developer/Platforms/WatchOS.platform/Developer/SDKs/WatchOS27.0.sdk/System/Library/Frameworks/UIKit.framework/Headers/UIApplication.h:85:12: note: 'UIApplication' has been explicitly marked unavailable here
83 |
84 | UIKIT_EXTERN API_AVAILABLE(ios(2.0)) API_UNAVAILABLE(watchos) NS_SWIFT_UI_ACTOR
85 | @interface UIApplication : UIResponder
| `- note: 'UIApplication' has been explicitly marked unavailable here
86 |
87 | @property(class, nonatomic, readonly) UIApplication *sharedApplication NS_EXTENSION_UNAVAILABLE_IOS("Use view controller based solutions where appropriate instead.");
Failed frontend command:
/Applications/Xcode-27.0.0-Release.Candidate.app/Contents/Developer/Toolchains/XcodeDefault.xctoolchain/usr/bin/swift-frontend -frontend -emit-module -experimental-skip-non-inlinable-function-bodies-without-types /Users/admin/builder/spi-builder-workspace/.dependencies/checkouts/SchafKit/Sources/SchafKit/Common/BackgroundPublished.swift /Users/admin/builder/spi-builder-workspace/.dependencies/checkouts/SchafKit/Sources/SchafKit/Common/Blocks.swift /Users/admin/builder/spi-builder-workspace/.dependencies/checkouts/SchafKit/Sources/SchafKit/Common/CodableSettingStorage.swift /Users/admin/builder/spi-builder-workspace/.dependencies/checkouts/SchafKit/Sources/SchafKit/Common/Enums/SKAxis.swift /Users/admin/builder/spi-builder-workspace/.dependencies/checkouts/SchafKit/Sources/SchafKit/Common/Options/SKOptionSet.swift /Users/admin/builder/spi-builder-workspace/.dependencies/checkouts/SchafKit/Sources/SchafKit/Common/Options/SKOptions.swift /Users/admin/builder/spi-builder-workspace/.dependencies/checkouts/SchafKit/Sources/SchafKit/Common/OrderedDictionary.swift /Users/admin/builder/spi-builder-workspace/.dependencies/checkouts/SchafKit/Sources/SchafKit/Common/PropertyWrappers/EquatablePublished.swift /Users/admin/builder/spi-builder-workspace/.dependencies/checkouts/SchafKit/Sources/SchafKit/Common/PropertyWrappers/SettingStorage.swift /Users/admin/builder/spi-builder-workspace/.dependencies/checkouts/SchafKit/Sources/SchafKit/Common/Publishable.swift /Users/admin/builder/spi-builder-workspace/.dependencies/checkouts/SchafKit/Sources/SchafKit/Common/PublishedCodableSettingStorage.swift /Users/admin/builder/spi-builder-workspace/.dependencies/checkouts/SchafKit/Sources/SchafKit/Common/PublishedSettingStorage.swift /Users/admin/builder/spi-builder-workspace/.dependencies/checkouts/SchafKit/Sources/SchafKit/Common/Structs/SK8BitRGBARepresentation.swift /Users/admin/builder/spi-builder-workspace/.dependencies/checkouts/SchafKit/Sources/SchafKit/Common/Structs/SKHSLARepresentation.swift /Users/admin/builder/spi-builder-workspace/.dependencies/checkouts/SchafKit/Sources/SchafKit/Common/Structs/SKJsonRepresentable.swift /Users/admin/builder/spi-builder-workspace/.dependencies/checkouts/SchafKit/Sources/SchafKit/Common/Structs/SKRGBARepresentation.swift /Users/admin/builder/spi-builder-workspace/.dependencies/checkouts/SchafKit/Sources/SchafKit/Common/Units/SKTimeUnit.swift /Users/admin/builder/spi-builder-workspace/.dependencies/checkouts/SchafKit/Sources/SchafKit/Common/Units/SKUnit.swift /Users/admin/builder/spi-builder-workspace/.dependencies/checkouts/SchafKit/Sources/SchafKit/Extensions/Collections/Array.swift /Users/admin/builder/spi-builder-workspace/.dependencies/checkouts/SchafKit/Sources/SchafKit/Extensions/Collections/Collection.swift /Users/admin/builder/spi-builder-workspace/.dependencies/checkouts/SchafKit/Sources/SchafKit/Extensions/Collections/Dictionary.swift /Users/admin/builder/spi-builder-workspace/.dependencies/checkouts/SchafKit/Sources/SchafKit/Extensions/Collections/Sequence.swift /Users/admin/builder/spi-builder-workspace/.dependencies/checkouts/SchafKit/Sources/SchafKit/Extensions/CoreData/NSManagedObjectContext.swift /Users/admin/builder/spi-builder-workspace/.dependencies/checkouts/SchafKit/Sources/SchafKit/Extensions/Generic/Bool.swift /Users/admin/builder/spi-builder-workspace/.dependencies/checkouts/SchafKit/Sources/SchafKit/Extensions/Generic/CGPoint.swift /Users/admin/builder/spi-builder-workspace/.dependencies/checkouts/SchafKit/Sources/SchafKit/Extensions/Generic/Character.swift /Users/admin/builder/spi-builder-workspace/.dependencies/checkouts/SchafKit/Sources/SchafKit/Extensions/Generic/Data.swift /Users/admin/builder/spi-builder-workspace/.dependencies/checkouts/SchafKit/Sources/SchafKit/Extensions/Generic/Date.swift /Users/admin/builder/spi-builder-workspace/.dependencies/checkouts/SchafKit/Sources/SchafKit/Extensions/Generic/DateFormatter.swift /Users/admin/builder/spi-builder-workspace/.dependencies/checkouts/SchafKit/Sources/SchafKit/Extensions/Generic/Double.swift /Users/admin/builder/spi-builder-workspace/.dependencies/checkouts/SchafKit/Sources/SchafKit/Extensions/Generic/Hashable.swift /Users/admin/builder/spi-builder-workspace/.dependencies/checkouts/SchafKit/Sources/SchafKit/Extensions/Generic/NSAttributedString.swift /Users/admin/builder/spi-builder-workspace/.dependencies/checkouts/SchafKit/Sources/SchafKit/Extensions/Generic/NSMutableAttributedString.swift /Users/admin/builder/spi-builder-workspace/.dependencies/checkouts/SchafKit/Sources/SchafKit/Extensions/Generic/NSObject.swift /Users/admin/builder/spi-builder-workspace/.dependencies/checkouts/SchafKit/Sources/SchafKit/Extensions/Generic/String+Markdown.swift /Users/admin/builder/spi-builder-workspace/.dependencies/checkouts/SchafKit/Sources/SchafKit/Extensions/Generic/String.swift /Users/admin/builder/spi-builder-workspace/.dependencies/checkouts/SchafKit/Sources/SchafKit/Extensions/Generic/TimeInterval.swift /Users/admin/builder/spi-builder-workspace/.dependencies/checkouts/SchafKit/Sources/SchafKit/Extensions/Generic/Timer.swift /Users/admin/builder/spi-builder-workspace/.dependencies/checkouts/SchafKit/Sources/SchafKit/Extensions/Generic/URL.swift /Users/admin/builder/spi-builder-workspace/.dependencies/checkouts/SchafKit/Sources/SchafKit/Extensions/Other/CGImage.swift /Users/admin/builder/spi-builder-workspace/.dependencies/checkouts/SchafKit/Sources/SchafKit/Extensions/Other/Digest+Hex.swift /Users/admin/builder/spi-builder-workspace/.dependencies/checkouts/SchafKit/Sources/SchafKit/Extensions/Other/NSLayoutConstraint.swift /Users/admin/builder/spi-builder-workspace/.dependencies/checkouts/SchafKit/Sources/SchafKit/Extensions/Other/NSRegularExpression.swift /Users/admin/builder/spi-builder-workspace/.dependencies/checkouts/SchafKit/Sources/SchafKit/Extensions/Other/Optional.swift /Users/admin/builder/spi-builder-workspace/.dependencies/checkouts/SchafKit/Sources/SchafKit/Extensions/Other/Result.swift /Users/admin/builder/spi-builder-workspace/.dependencies/checkouts/SchafKit/Sources/SchafKit/Extensions/SwiftUI/Color+Components.swift /Users/admin/builder/spi-builder-workspace/.dependencies/checkouts/SchafKit/Sources/SchafKit/Extensions/SwiftUI/Color+UIColor.swift /Users/admin/builder/spi-builder-workspace/.dependencies/checkouts/SchafKit/Sources/SchafKit/Extensions/SwiftUI/Image+SFSymbols.swift /Users/admin/builder/spi-builder-workspace/.dependencies/checkouts/SchafKit/Sources/SchafKit/Extensions/SwiftUI/View+Erase.swift /Users/admin/builder/spi-builder-workspace/.dependencies/checkouts/SchafKit/Sources/SchafKit/Extensions/UIKit+AppKit/UIAlertController.swift /Users/admin/builder/spi-builder-workspace/.dependencies/checkouts/SchafKit/Sources/SchafKit/Extensions/UIKit+AppKit/UIColor.swift /Users/admin/builder/spi-builder-workspace/.dependencies/checkouts/SchafKit/Sources/SchafKit/Extensions/UIKit+AppKit/UIDevice.swift /Users/admin/builder/spi-builder-workspace/.dependencies/checkouts/SchafKit/Sources/SchafKit/Extensions/UIKit+AppKit/UIImage.swift /Users/admin/builder/spi-builder-workspace/.dependencies/checkouts/SchafKit/Sources/SchafKit/Extensions/UIKit+AppKit/UIView.swift /Users/admin/builder/spi-builder-workspace/.dependencies/checkouts/SchafKit/Sources/SchafKit/Extensions/UIKit+AppKit/UIViewController.swift /Users/admin/builder/spi-builder-workspace/.dependencies/checkouts/SchafKit/Sources/SchafKit/Kit/Alerting/Platforms/SKAlerting-iOS+tvOS.swift /Users/admin/builder/spi-builder-workspace/.dependencies/checkouts/SchafKit/Sources/SchafKit/Kit/Alerting/Platforms/SKAlerting-macOS.swift /Users/admin/builder/spi-builder-workspace/.dependencies/checkouts/SchafKit/Sources/SchafKit/Kit/Alerting/Platforms/SKAlerting-watchOS.swift /Users/admin/builder/spi-builder-workspace/.dependencies/checkouts/SchafKit/Sources/SchafKit/Kit/Alerting/Platforms/_MultiInputView.swift /Users/admin/builder/spi-builder-workspace/.dependencies/checkouts/SchafKit/Sources/SchafKit/Kit/Alerting/SKAlerting.Action.Block.swift /Users/admin/builder/spi-builder-workspace/.dependencies/checkouts/SchafKit/Sources/SchafKit/Kit/Alerting/SKAlerting.Action.Style.swift /Users/admin/builder/spi-builder-workspace/.dependencies/checkouts/SchafKit/Sources/SchafKit/Kit/Alerting/SKAlerting.Action.swift /Users/admin/builder/spi-builder-workspace/.dependencies/checkouts/SchafKit/Sources/SchafKit/Kit/Alerting/SKAlerting.Style.swift /Users/admin/builder/spi-builder-workspace/.dependencies/checkouts/SchafKit/Sources/SchafKit/Kit/Alerting/SKAlerting.TextFieldConfiguration.swift /Users/admin/builder/spi-builder-workspace/.dependencies/checkouts/SchafKit/Sources/SchafKit/Kit/Alerting/SKAlerting.swift /Users/admin/builder/spi-builder-workspace/.dependencies/checkouts/SchafKit/Sources/SchafKit/Kit/Cross\ Platform/Application.swift /Users/admin/builder/spi-builder-workspace/.dependencies/checkouts/SchafKit/Sources/SchafKit/Kit/Cross\ Platform/Screen.swift /Users/admin/builder/spi-builder-workspace/.dependencies/checkouts/SchafKit/Sources/SchafKit/Kit/Cryptography/Curve25519XSalsa20Poly1305BoxAlgorithm.swift /Users/admin/builder/spi-builder-workspace/.dependencies/checkouts/SchafKit/Sources/SchafKit/Kit/Cryptography/Ed25519Algorithm.swift /Users/admin/builder/spi-builder-workspace/.dependencies/checkouts/SchafKit/Sources/SchafKit/Kit/Cryptography/SKCryptography.swift /Users/admin/builder/spi-builder-workspace/.dependencies/checkouts/SchafKit/Sources/SchafKit/Kit/Cryptography/XSalsa20Poly1305SecretBoxAlgorithm.swift /Users/admin/builder/spi-builder-workspace/.dependencies/checkouts/SchafKit/Sources/SchafKit/Kit/Dispatch/SKDispatchHelper.swift /Users/admin/builder/spi-builder-workspace/.dependencies/checkouts/SchafKit/Sources/SchafKit/Kit/FileSystem/SKDirectory.swift /Users/admin/builder/spi-builder-workspace/.dependencies/checkouts/SchafKit/Sources/SchafKit/Kit/FileSystem/SKFile.swift /Users/admin/builder/spi-builder-workspace/.dependencies/checkouts/SchafKit/Sources/SchafKit/Kit/FileSystem/SKFileSystemItem.swift /Users/admin/builder/spi-builder-workspace/.dependencies/checkouts/SchafKit/Sources/SchafKit/Kit/Keychain/SKKeychain.swift /Users/admin/builder/spi-builder-workspace/.dependencies/checkouts/SchafKit/Sources/SchafKit/Kit/Networking/Request/SKNetworking.Request.Body.swift /Users/admin/builder/spi-builder-workspace/.dependencies/checkouts/SchafKit/Sources/SchafKit/Kit/Networking/Request/SKNetworking.Request.HeaderField.swift /Users/admin/builder/spi-builder-workspace/.dependencies/checkouts/SchafKit/Sources/SchafKit/Kit/Networking/Request/SKNetworking.Request.Method.swift /Users/admin/builder/spi-builder-workspace/.dependencies/checkouts/SchafKit/Sources/SchafKit/Kit/Networking/Request/SKNetworking.Request.Options.swift /Users/admin/builder/spi-builder-workspace/.dependencies/checkouts/SchafKit/Sources/SchafKit/Kit/Networking/Request/SKNetworking.Request.swift /Users/admin/builder/spi-builder-workspace/.dependencies/checkouts/SchafKit/Sources/SchafKit/Kit/Networking/Response/SKNetworking.Response.Status.swift /Users/admin/builder/spi-builder-workspace/.dependencies/checkouts/SchafKit/Sources/SchafKit/Kit/Networking/Response/SKNetworking.Response.swift /Users/admin/builder/spi-builder-workspace/.dependencies/checkouts/SchafKit/Sources/SchafKit/Kit/Networking/Result/SKNetworking.Result.swift /Users/admin/builder/spi-builder-workspace/.dependencies/checkouts/SchafKit/Sources/SchafKit/Kit/Networking/SKNetworking.Endpoint.swift /Users/admin/builder/spi-builder-workspace/.dependencies/checkouts/SchafKit/Sources/SchafKit/Kit/Networking/SKNetworking._Helper.swift /Users/admin/builder/spi-builder-workspace/.dependencies/checkouts/SchafKit/Sources/SchafKit/Kit/Networking/SKNetworking.swift /Users/admin/builder/spi-builder-workspace/.dependencies/checkouts/SchafKit/Sources/SchafKit/Kit/Networking/SKNetworkingBlocks.swift /Users/admin/builder/spi-builder-workspace/.dependencies/checkouts/SchafKit/Sources/SchafKit/Kit/Regular\ Expression/SKRegexMatch.swift /Users/admin/builder/spi-builder-workspace/.dependencies/checkouts/SchafKit/Sources/SchafKit/Kit/Regular\ Expression/String+OKRegexMatch.swift /Users/admin/builder/spi-builder-workspace/.dependencies/checkouts/SchafKit/Sources/SchafKit/Kit/SchafKit.swift /Users/admin/builder/spi-builder-workspace/.dependencies/checkouts/SchafKit/Sources/SchafKit/Kit/StoreKit/SKStoreKitHelper.swift /Users/admin/builder/spi-builder-workspace/.dependencies/checkouts/SchafKit/Sources/SchafKit/Kit/SwiftUI/Components/AFText.swift /Users/admin/builder/spi-builder-workspace/.dependencies/checkouts/SchafKit/Sources/SchafKit/Kit/SwiftUI/Components/AlignedText.swift /Users/admin/builder/spi-builder-workspace/.dependencies/checkouts/SchafKit/Sources/SchafKit/Kit/SwiftUI/Components/Blur.swift /Users/admin/builder/spi-builder-workspace/.dependencies/checkouts/SchafKit/Sources/SchafKit/Kit/SwiftUI/Components/EmojiTextFieldView.swift /Users/admin/builder/spi-builder-workspace/.dependencies/checkouts/SchafKit/Sources/SchafKit/Kit/SwiftUI/Components/FixedToggle.swift /Users/admin/builder/spi-builder-workspace/.dependencies/checkouts/SchafKit/Sources/SchafKit/Kit/SwiftUI/Components/LabeledView.swift /Users/admin/builder/spi-builder-workspace/.dependencies/checkouts/SchafKit/Sources/SchafKit/Kit/SwiftUI/Components/PresentationLink.swift /Users/admin/builder/spi-builder-workspace/.dependencies/checkouts/SchafKit/Sources/SchafKit/Kit/SwiftUI/Components/RoundedCorners.swift /Users/admin/builder/spi-builder-workspace/.dependencies/checkouts/SchafKit/Sources/SchafKit/Kit/SwiftUI/Components/SearchBar.swift /Users/admin/builder/spi-builder-workspace/.dependencies/checkouts/SchafKit/Sources/SchafKit/Kit/SwiftUI/Components/TimePicker.swift /Users/admin/builder/spi-builder-workspace/.dependencies/checkouts/SchafKit/Sources/SchafKit/Kit/SwiftUI/Helpers/AppearanceHandler.swift /Users/admin/builder/spi-builder-workspace/.dependencies/checkouts/SchafKit/Sources/SchafKit/Kit/SwiftUI/Helpers/KeyboardResponder.swift /Users/admin/builder/spi-builder-workspace/.dependencies/checkouts/SchafKit/Sources/SchafKit/Kit/SwiftUI/View.swift /Users/admin/builder/spi-builder-workspace/.dependencies/checkouts/SchafKit/Sources/SchafKit/Platform-Specific/iOS+tvOS/Classes/OKSubtileNotification.swift /Users/admin/builder/spi-builder-workspace/.dependencies/checkouts/SchafKit/Sources/SchafKit/Platform-Specific/iOS+tvOS/UIApplication.swift -target arm64-apple-watchos9.0 -module-can-import-version Combine 3023 0 -module-can-import-version CoreData 1629 1629.0.0 -module-can-import-version CryptoKit 383.4.1 0 -module-can-import-version StoreKit 816.0.47.4 1.0.0 -module-can-import-version SwiftUI 8.0.84.1 8.0.84 -module-can-import-version UIKit 9127.0.84.1 9127.0.84 -module-can-import-version WatchKit 9 1.0.0 -disable-cross-import-overlay-search -swift-module-cross-import CoreData /Applications/Xcode-27.0.0-Release.Candidate.app/Contents/Developer/Platforms/WatchOS.platform/Developer/SDKs/WatchOS.sdk/System/Library/Frameworks/CoreData.framework/Modules/CoreData.swiftcrossimport/CloudKit.swiftoverlay -swift-module-cross-import CoreData /Applications/Xcode-27.0.0-Release.Candidate.app/Contents/Developer/Platforms/WatchOS.platform/Developer/SDKs/WatchOS27.0.sdk/System/Library/Frameworks/CoreData.framework/Modules/CoreData.swiftcrossimport/CloudKit.swiftoverlay -swift-module-cross-import StoreKit /Applications/Xcode-27.0.0-Release.Candidate.app/Contents/Developer/Platforms/WatchOS.platform/Developer/SDKs/WatchOS.sdk/System/Library/Frameworks/StoreKit.framework/Modules/StoreKit.swiftcrossimport/SwiftUI.swiftoverlay -swift-module-cross-import StoreKit /Applications/Xcode-27.0.0-Release.Candidate.app/Contents/Developer/Platforms/WatchOS.platform/Developer/SDKs/WatchOS27.0.sdk/System/Library/Frameworks/StoreKit.framework/Modules/StoreKit.swiftcrossimport/SwiftUI.swiftoverlay -swift-module-cross-import WatchKit /Applications/Xcode-27.0.0-Release.Candidate.app/Contents/Developer/Platforms/WatchOS.platform/Developer/SDKs/WatchOS.sdk/System/Library/Frameworks/WatchKit.framework/Modules/WatchKit.swiftcrossimport/SwiftUI.swiftoverlay -load-resolved-plugin /Applications/Xcode-27.0.0-Release.Candidate.app/Contents/Developer/Platforms/WatchOS.platform/Developer/usr/lib/swift/host/plugins/libFoundationMacros.dylib\#/Applications/Xcode-27.0.0-Release.Candidate.app/Contents/Developer/Platforms/WatchOS.platform/Developer/usr/bin/swift-plugin-server\#FoundationMacros -load-resolved-plugin /Applications/Xcode-27.0.0-Release.Candidate.app/Contents/Developer/Platforms/WatchOS.platform/Developer/usr/lib/swift/host/plugins/libObservationMacros.dylib\#/Applications/Xcode-27.0.0-Release.Candidate.app/Contents/Developer/Platforms/WatchOS.platform/Developer/usr/bin/swift-plugin-server\#ObservationMacros -load-resolved-plugin /Applications/Xcode-27.0.0-Release.Candidate.app/Contents/Developer/Platforms/WatchOS.platform/Developer/usr/lib/swift/host/plugins/libPreviewsMacros.dylib\#/Applications/Xcode-27.0.0-Release.Candidate.app/Contents/Developer/Platforms/WatchOS.platform/Developer/usr/bin/swift-plugin-server\#PreviewsMacros -load-resolved-plugin /Applications/Xcode-27.0.0-Release.Candidate.app/Contents/Developer/Platforms/WatchOS.platform/Developer/usr/lib/swift/host/plugins/libSwiftMacros.dylib\#/Applications/Xcode-27.0.0-Release.Candidate.app/Contents/Developer/Platforms/WatchOS.platform/Developer/usr/bin/swift-plugin-server\#SwiftMacros -load-resolved-plugin /Applications/Xcode-27.0.0-Release.Candidate.app/Contents/Developer/Platforms/WatchOS.platform/Developer/usr/lib/swift/host/plugins/libSwiftUIMacros.dylib\#/Applications/Xcode-27.0.0-Release.Candidate.app/Contents/Developer/Platforms/WatchOS.platform/Developer/usr/bin/swift-plugin-server\#SwiftUIMacros -disable-implicit-swift-modules -Xcc -fno-implicit-modules -Xcc -fno-implicit-module-maps -explicit-swift-module-map-file /Users/admin/builder/spi-builder-workspace/.derivedData/Build/Intermediates.noindex/SchafKit.build/Debug-watchos/SchafKit-t.build/Objects-normal/arm64/SchafKit-dependencies-1.json -Xllvm -aarch64-use-tbi -enable-objc-interop -stack-check -sdk /Applications/Xcode-27.0.0-Release.Candidate.app/Contents/Developer/Platforms/WatchOS.platform/Developer/SDKs/WatchOS27.0.sdk -I /Users/admin/builder/spi-builder-workspace/.derivedData/Build/Products/Debug-watchos -Isystem /Applications/Xcode-27.0.0-Release.Candidate.app/Contents/Developer/Platforms/WatchOS.platform/Developer/usr/lib -F /Users/admin/builder/spi-builder-workspace/.derivedData/Build/Products/Debug-watchos -F /Applications/Xcode-27.0.0-Release.Candidate.app/Contents/Developer/Platforms/WatchOS.platform/Developer/Library/Frameworks -F /Applications/Xcode-27.0.0-Release.Candidate.app/Contents/Developer/Platforms/WatchOS.platform/Developer/SDKs/WatchOS27.0.sdk/Developer/Library/Frameworks -module-cache-path /Users/admin/builder/spi-builder-workspace/.derivedData/Build/Intermediates.noindex/SwiftExplicitPrecompiledModules -no-color-diagnostics -Xcc -fno-color-diagnostics -enable-testing -g -debug-info-format\=dwarf -dwarf-version\=4 -suppress-warnings -profile-generate -profile-coverage-mapping -swift-version 5 -Onone -D SWIFT_PACKAGE -D DEBUG -D SWIFT_MODULE_RESOURCE_BUNDLE_UNAVAILABLE -D Xcode -serialize-debugging-options -enable-experimental-feature DebugDescriptionMacro -empty-abi-descriptor -validate-clang-modules-once -clang-build-session-file /Users/admin/builder/spi-builder-workspace/.derivedData/ModuleCache.noindex/Session.modulevalidation -Xcc -working-directory -Xcc /Users/admin/builder/spi-builder-workspace/.swiftpm/xcode -enable-anonymous-context-mangled-names -file-compilation-dir /Users/admin/builder/spi-builder-workspace/.swiftpm/xcode -Xcc -D_LIBCPP_HARDENING_MODE\=_LIBCPP_HARDENING_MODE_DEBUG -Xcc -ivfsstatcache -Xcc /Users/admin/builder/spi-builder-workspace/.derivedData/SDKStatCaches.noindex/watchos27.0-24R360-e829b21a6f8c9b70876ba0858053c04477534ef55a1706bf4c1112bbb242f0a2.sdkstatcache -Xcc -fmodules-prune-interval\=86400 -Xcc -fmodules-prune-after\=345600 -Xcc -I/Users/admin/builder/spi-builder-workspace/.derivedData/Build/Products/Debug-watchos/include -Xcc -I/Users/admin/builder/spi-builder-workspace/.derivedData/Build/Intermediates.noindex/SchafKit.build/Debug-watchos/SchafKit-t.build/DerivedSources-normal/arm64 -Xcc -I/Users/admin/builder/spi-builder-workspace/.derivedData/Build/Intermediates.noindex/SchafKit.build/Debug-watchos/SchafKit-t.build/DerivedSources/arm64 -Xcc -I/Users/admin/builder/spi-builder-workspace/.derivedData/Build/Intermediates.noindex/SchafKit.build/Debug-watchos/SchafKit-t.build/DerivedSources -Xcc -DSWIFT_PACKAGE -Xcc -DDEBUG\=1 -no-auto-bridging-header-chaining -module-name SchafKit -const-gather-protocols-file /Users/admin/builder/spi-builder-workspace/.derivedData/Build/Intermediates.noindex/SchafKit.build/Debug-watchos/SchafKit-t.build/Objects-normal/arm64/SchafKit_const_extract_protocols.json -disable-clang-spi -clang-target arm64-apple-watchos27.0 -target-sdk-version 27.0 -target-sdk-name watchos27.0 -in-process-plugin-server-path /Applications/Xcode-27.0.0-Release.Candidate.app/Contents/Developer/Toolchains/XcodeDefault.xctoolchain/usr/lib/swift/host/libSwiftInProcPluginServer.dylib -emit-module-doc-path /Users/admin/builder/spi-builder-workspace/.derivedData/Build/Intermediates.noindex/SchafKit.build/Debug-watchos/SchafKit-t.build/Objects-normal/arm64/SchafKit.swiftdoc -emit-module-source-info-path /Users/admin/builder/spi-builder-workspace/.derivedData/Build/Intermediates.noindex/SchafKit.build/Debug-watchos/SchafKit-t.build/Objects-normal/arm64/SchafKit.swiftsourceinfo -emit-objc-header-path /Users/admin/builder/spi-builder-workspace/.derivedData/Build/Intermediates.noindex/SchafKit.build/Debug-watchos/SchafKit-t.build/Objects-normal/arm64/SchafKit-Swift.h -serialize-diagnostics-path /Users/admin/builder/spi-builder-workspace/.derivedData/Build/Intermediates.noindex/SchafKit.build/Debug-watchos/SchafKit-t.build/Objects-normal/arm64/SchafKit-primary-emit-module.dia -emit-dependencies-path /Users/admin/builder/spi-builder-workspace/.derivedData/Build/Intermediates.noindex/SchafKit.build/Debug-watchos/SchafKit-t.build/Objects-normal/arm64/SchafKit-primary-emit-module.d -parse-as-library -o /Users/admin/builder/spi-builder-workspace/.derivedData/Build/Intermediates.noindex/SchafKit.build/Debug-watchos/SchafKit-t.build/Objects-normal/arm64/SchafKit.swiftmodule -emit-abi-descriptor-path /Users/admin/builder/spi-builder-workspace/.derivedData/Build/Intermediates.noindex/SchafKit.build/Debug-watchos/SchafKit-t.build/Objects-normal/arm64/SchafKit.abi.json
SwiftCompile normal arm64 (in target 'SchafKit' from project 'SchafKit')
cd /Users/admin/builder/spi-builder-workspace/.swiftpm/xcode
SwiftCompile normal arm64 Compiling\ SKNetworkingBlocks.swift,\ SKRegexMatch.swift,\ String+OKRegexMatch.swift,\ SchafKit.swift,\ SKStoreKitHelper.swift,\ AFText.swift,\ AlignedText.swift,\ Blur.swift,\ EmojiTextFieldView.swift,\ FixedToggle.swift /Users/admin/builder/spi-builder-workspace/.dependencies/checkouts/SchafKit/Sources/SchafKit/Kit/Networking/SKNetworkingBlocks.swift /Users/admin/builder/spi-builder-workspace/.dependencies/checkouts/SchafKit/Sources/SchafKit/Kit/Regular\ Expression/SKRegexMatch.swift /Users/admin/builder/spi-builder-workspace/.dependencies/checkouts/SchafKit/Sources/SchafKit/Kit/Regular\ Expression/String+OKRegexMatch.swift /Users/admin/builder/spi-builder-workspace/.dependencies/checkouts/SchafKit/Sources/SchafKit/Kit/SchafKit.swift /Users/admin/builder/spi-builder-workspace/.dependencies/checkouts/SchafKit/Sources/SchafKit/Kit/StoreKit/SKStoreKitHelper.swift /Users/admin/builder/spi-builder-workspace/.dependencies/checkouts/SchafKit/Sources/SchafKit/Kit/SwiftUI/Components/AFText.swift /Users/admin/builder/spi-builder-workspace/.dependencies/checkouts/SchafKit/Sources/SchafKit/Kit/SwiftUI/Components/AlignedText.swift /Users/admin/builder/spi-builder-workspace/.dependencies/checkouts/SchafKit/Sources/SchafKit/Kit/SwiftUI/Components/Blur.swift /Users/admin/builder/spi-builder-workspace/.dependencies/checkouts/SchafKit/Sources/SchafKit/Kit/SwiftUI/Components/EmojiTextFieldView.swift /Users/admin/builder/spi-builder-workspace/.dependencies/checkouts/SchafKit/Sources/SchafKit/Kit/SwiftUI/Components/FixedToggle.swift (in target 'SchafKit' from project 'SchafKit')
SwiftCompile normal arm64 /Users/admin/builder/spi-builder-workspace/.dependencies/checkouts/SchafKit/Sources/SchafKit/Kit/Networking/SKNetworkingBlocks.swift (in target 'SchafKit' from project 'SchafKit')
cd /Users/admin/builder/spi-builder-workspace/.swiftpm/xcode
builtin-SwiftPerFileCompile SKNetworkingBlocks.swift
SwiftCompile normal arm64 /Users/admin/builder/spi-builder-workspace/.dependencies/checkouts/SchafKit/Sources/SchafKit/Kit/Regular\ Expression/SKRegexMatch.swift (in target 'SchafKit' from project 'SchafKit')
cd /Users/admin/builder/spi-builder-workspace/.swiftpm/xcode
builtin-SwiftPerFileCompile SKRegexMatch.swift
SwiftCompile normal arm64 /Users/admin/builder/spi-builder-workspace/.dependencies/checkouts/SchafKit/Sources/SchafKit/Kit/Regular\ Expression/String+OKRegexMatch.swift (in target 'SchafKit' from project 'SchafKit')
cd /Users/admin/builder/spi-builder-workspace/.swiftpm/xcode
builtin-SwiftPerFileCompile String+OKRegexMatch.swift
SwiftCompile normal arm64 /Users/admin/builder/spi-builder-workspace/.dependencies/checkouts/SchafKit/Sources/SchafKit/Kit/SchafKit.swift (in target 'SchafKit' from project 'SchafKit')
cd /Users/admin/builder/spi-builder-workspace/.swiftpm/xcode
builtin-SwiftPerFileCompile SchafKit.swift
SwiftCompile normal arm64 /Users/admin/builder/spi-builder-workspace/.dependencies/checkouts/SchafKit/Sources/SchafKit/Kit/StoreKit/SKStoreKitHelper.swift (in target 'SchafKit' from project 'SchafKit')
cd /Users/admin/builder/spi-builder-workspace/.swiftpm/xcode
builtin-SwiftPerFileCompile SKStoreKitHelper.swift
SwiftCompile normal arm64 /Users/admin/builder/spi-builder-workspace/.dependencies/checkouts/SchafKit/Sources/SchafKit/Kit/SwiftUI/Components/AFText.swift (in target 'SchafKit' from project 'SchafKit')
cd /Users/admin/builder/spi-builder-workspace/.swiftpm/xcode
builtin-SwiftPerFileCompile AFText.swift
SwiftCompile normal arm64 /Users/admin/builder/spi-builder-workspace/.dependencies/checkouts/SchafKit/Sources/SchafKit/Kit/SwiftUI/Components/AlignedText.swift (in target 'SchafKit' from project 'SchafKit')
cd /Users/admin/builder/spi-builder-workspace/.swiftpm/xcode
builtin-SwiftPerFileCompile AlignedText.swift
SwiftCompile normal arm64 /Users/admin/builder/spi-builder-workspace/.dependencies/checkouts/SchafKit/Sources/SchafKit/Kit/SwiftUI/Components/Blur.swift (in target 'SchafKit' from project 'SchafKit')
cd /Users/admin/builder/spi-builder-workspace/.swiftpm/xcode
builtin-SwiftPerFileCompile Blur.swift
SwiftCompile normal arm64 /Users/admin/builder/spi-builder-workspace/.dependencies/checkouts/SchafKit/Sources/SchafKit/Kit/SwiftUI/Components/EmojiTextFieldView.swift (in target 'SchafKit' from project 'SchafKit')
cd /Users/admin/builder/spi-builder-workspace/.swiftpm/xcode
builtin-SwiftPerFileCompile EmojiTextFieldView.swift
SwiftCompile normal arm64 /Users/admin/builder/spi-builder-workspace/.dependencies/checkouts/SchafKit/Sources/SchafKit/Kit/SwiftUI/Components/FixedToggle.swift (in target 'SchafKit' from project 'SchafKit')
cd /Users/admin/builder/spi-builder-workspace/.swiftpm/xcode
builtin-SwiftPerFileCompile FixedToggle.swift
SwiftCompile normal arm64 Compiling\ SKNetworking.Request.HeaderField.swift,\ SKNetworking.Request.Method.swift,\ SKNetworking.Request.Options.swift,\ SKNetworking.Request.swift,\ SKNetworking.Response.Status.swift,\ SKNetworking.Response.swift,\ SKNetworking.Result.swift,\ SKNetworking.Endpoint.swift,\ SKNetworking._Helper.swift,\ SKNetworking.swift /Users/admin/builder/spi-builder-workspace/.dependencies/checkouts/SchafKit/Sources/SchafKit/Kit/Networking/Request/SKNetworking.Request.HeaderField.swift /Users/admin/builder/spi-builder-workspace/.dependencies/checkouts/SchafKit/Sources/SchafKit/Kit/Networking/Request/SKNetworking.Request.Method.swift /Users/admin/builder/spi-builder-workspace/.dependencies/checkouts/SchafKit/Sources/SchafKit/Kit/Networking/Request/SKNetworking.Request.Options.swift /Users/admin/builder/spi-builder-workspace/.dependencies/checkouts/SchafKit/Sources/SchafKit/Kit/Networking/Request/SKNetworking.Request.swift /Users/admin/builder/spi-builder-workspace/.dependencies/checkouts/SchafKit/Sources/SchafKit/Kit/Networking/Response/SKNetworking.Response.Status.swift /Users/admin/builder/spi-builder-workspace/.dependencies/checkouts/SchafKit/Sources/SchafKit/Kit/Networking/Response/SKNetworking.Response.swift /Users/admin/builder/spi-builder-workspace/.dependencies/checkouts/SchafKit/Sources/SchafKit/Kit/Networking/Result/SKNetworking.Result.swift /Users/admin/builder/spi-builder-workspace/.dependencies/checkouts/SchafKit/Sources/SchafKit/Kit/Networking/SKNetworking.Endpoint.swift /Users/admin/builder/spi-builder-workspace/.dependencies/checkouts/SchafKit/Sources/SchafKit/Kit/Networking/SKNetworking._Helper.swift /Users/admin/builder/spi-builder-workspace/.dependencies/checkouts/SchafKit/Sources/SchafKit/Kit/Networking/SKNetworking.swift (in target 'SchafKit' from project 'SchafKit')
SwiftCompile normal arm64 /Users/admin/builder/spi-builder-workspace/.dependencies/checkouts/SchafKit/Sources/SchafKit/Kit/Networking/Request/SKNetworking.Request.HeaderField.swift (in target 'SchafKit' from project 'SchafKit')
cd /Users/admin/builder/spi-builder-workspace/.swiftpm/xcode
builtin-SwiftPerFileCompile SKNetworking.Request.HeaderField.swift
SwiftCompile normal arm64 /Users/admin/builder/spi-builder-workspace/.dependencies/checkouts/SchafKit/Sources/SchafKit/Kit/Networking/Request/SKNetworking.Request.Method.swift (in target 'SchafKit' from project 'SchafKit')
cd /Users/admin/builder/spi-builder-workspace/.swiftpm/xcode
builtin-SwiftPerFileCompile SKNetworking.Request.Method.swift
SwiftCompile normal arm64 /Users/admin/builder/spi-builder-workspace/.dependencies/checkouts/SchafKit/Sources/SchafKit/Kit/Networking/Request/SKNetworking.Request.Options.swift (in target 'SchafKit' from project 'SchafKit')
cd /Users/admin/builder/spi-builder-workspace/.swiftpm/xcode
builtin-SwiftPerFileCompile SKNetworking.Request.Options.swift
SwiftCompile normal arm64 /Users/admin/builder/spi-builder-workspace/.dependencies/checkouts/SchafKit/Sources/SchafKit/Kit/Networking/Request/SKNetworking.Request.swift (in target 'SchafKit' from project 'SchafKit')
cd /Users/admin/builder/spi-builder-workspace/.swiftpm/xcode
builtin-SwiftPerFileCompile SKNetworking.Request.swift
SwiftCompile normal arm64 /Users/admin/builder/spi-builder-workspace/.dependencies/checkouts/SchafKit/Sources/SchafKit/Kit/Networking/Response/SKNetworking.Response.Status.swift (in target 'SchafKit' from project 'SchafKit')
cd /Users/admin/builder/spi-builder-workspace/.swiftpm/xcode
builtin-SwiftPerFileCompile SKNetworking.Response.Status.swift
SwiftCompile normal arm64 /Users/admin/builder/spi-builder-workspace/.dependencies/checkouts/SchafKit/Sources/SchafKit/Kit/Networking/Response/SKNetworking.Response.swift (in target 'SchafKit' from project 'SchafKit')
cd /Users/admin/builder/spi-builder-workspace/.swiftpm/xcode
builtin-SwiftPerFileCompile SKNetworking.Response.swift
SwiftCompile normal arm64 /Users/admin/builder/spi-builder-workspace/.dependencies/checkouts/SchafKit/Sources/SchafKit/Kit/Networking/Result/SKNetworking.Result.swift (in target 'SchafKit' from project 'SchafKit')
cd /Users/admin/builder/spi-builder-workspace/.swiftpm/xcode
builtin-SwiftPerFileCompile SKNetworking.Result.swift
SwiftCompile normal arm64 /Users/admin/builder/spi-builder-workspace/.dependencies/checkouts/SchafKit/Sources/SchafKit/Kit/Networking/SKNetworking.Endpoint.swift (in target 'SchafKit' from project 'SchafKit')
cd /Users/admin/builder/spi-builder-workspace/.swiftpm/xcode
builtin-SwiftPerFileCompile SKNetworking.Endpoint.swift
SwiftCompile normal arm64 /Users/admin/builder/spi-builder-workspace/.dependencies/checkouts/SchafKit/Sources/SchafKit/Kit/Networking/SKNetworking._Helper.swift (in target 'SchafKit' from project 'SchafKit')
cd /Users/admin/builder/spi-builder-workspace/.swiftpm/xcode
builtin-SwiftPerFileCompile SKNetworking._Helper.swift
SwiftCompile normal arm64 /Users/admin/builder/spi-builder-workspace/.dependencies/checkouts/SchafKit/Sources/SchafKit/Kit/Networking/SKNetworking.swift (in target 'SchafKit' from project 'SchafKit')
cd /Users/admin/builder/spi-builder-workspace/.swiftpm/xcode
builtin-SwiftPerFileCompile SKNetworking.swift
SwiftCompile normal arm64 Compiling\ Screen.swift,\ Curve25519XSalsa20Poly1305BoxAlgorithm.swift,\ Ed25519Algorithm.swift,\ SKCryptography.swift,\ XSalsa20Poly1305SecretBoxAlgorithm.swift,\ SKDispatchHelper.swift,\ SKDirectory.swift,\ SKFile.swift,\ SKFileSystemItem.swift,\ SKKeychain.swift,\ SKNetworking.Request.Body.swift /Users/admin/builder/spi-builder-workspace/.dependencies/checkouts/SchafKit/Sources/SchafKit/Kit/Cross\ Platform/Screen.swift /Users/admin/builder/spi-builder-workspace/.dependencies/checkouts/SchafKit/Sources/SchafKit/Kit/Cryptography/Curve25519XSalsa20Poly1305BoxAlgorithm.swift /Users/admin/builder/spi-builder-workspace/.dependencies/checkouts/SchafKit/Sources/SchafKit/Kit/Cryptography/Ed25519Algorithm.swift /Users/admin/builder/spi-builder-workspace/.dependencies/checkouts/SchafKit/Sources/SchafKit/Kit/Cryptography/SKCryptography.swift /Users/admin/builder/spi-builder-workspace/.dependencies/checkouts/SchafKit/Sources/SchafKit/Kit/Cryptography/XSalsa20Poly1305SecretBoxAlgorithm.swift /Users/admin/builder/spi-builder-workspace/.dependencies/checkouts/SchafKit/Sources/SchafKit/Kit/Dispatch/SKDispatchHelper.swift /Users/admin/builder/spi-builder-workspace/.dependencies/checkouts/SchafKit/Sources/SchafKit/Kit/FileSystem/SKDirectory.swift /Users/admin/builder/spi-builder-workspace/.dependencies/checkouts/SchafKit/Sources/SchafKit/Kit/FileSystem/SKFile.swift /Users/admin/builder/spi-builder-workspace/.dependencies/checkouts/SchafKit/Sources/SchafKit/Kit/FileSystem/SKFileSystemItem.swift /Users/admin/builder/spi-builder-workspace/.dependencies/checkouts/SchafKit/Sources/SchafKit/Kit/Keychain/SKKeychain.swift /Users/admin/builder/spi-builder-workspace/.dependencies/checkouts/SchafKit/Sources/SchafKit/Kit/Networking/Request/SKNetworking.Request.Body.swift (in target 'SchafKit' from project 'SchafKit')
/Users/admin/builder/spi-builder-workspace/.dependencies/checkouts/SchafKit/Sources/SchafKit/Kit/Cross Platform/Screen.swift:15:9: error: 'UIScreen' is unavailable in watchOS
13 | public static var size: CGSize {
14 | #if canImport(UIKit)
15 | UIScreen.main.bounds.size
| `- error: 'UIScreen' is unavailable in watchOS
16 | #else
17 | (NSScreen.main ?? NSScreen.screens.first)?.frame.size ?? .zero
/Applications/Xcode-27.0.0-Release.Candidate.app/Contents/Developer/Platforms/WatchOS.platform/Developer/SDKs/WatchOS27.0.sdk/System/Library/Frameworks/UIKit.framework/Headers/UIScreen.h:54:12: note: 'UIScreen' has been explicitly marked unavailable here
52 |
53 | UIKIT_EXTERN API_AVAILABLE(ios(2.0)) API_UNAVAILABLE(visionos, watchos) NS_SWIFT_UI_ACTOR
54 | @interface UIScreen : NSObject <UITraitEnvironment>
| `- note: 'UIScreen' has been explicitly marked unavailable here
55 |
56 | @property(class, nonatomic, readonly) NSArray<UIScreen *> *screens API_DEPRECATED("Use UIApplication.shared.openSessions to find open sessions with scenes from other screens", ios(3.2, 16.0), visionos(1.0, 1.0)) API_UNAVAILABLE(watchos); // all screens currently attached to the device
/Users/admin/builder/spi-builder-workspace/.dependencies/checkouts/SchafKit/Sources/SchafKit/Kit/Cross Platform/Screen.swift:15:18: error: 'main' is unavailable in watchOS
13 | public static var size: CGSize {
14 | #if canImport(UIKit)
15 | UIScreen.main.bounds.size
| `- error: 'main' is unavailable in watchOS
16 | #else
17 | (NSScreen.main ?? NSScreen.screens.first)?.frame.size ?? .zero
/Applications/Xcode-27.0.0-Release.Candidate.app/Contents/Developer/Platforms/WatchOS.platform/Developer/SDKs/WatchOS27.0.sdk/System/Library/Frameworks/UIKit.framework/Headers/UIScreen.h:57:49: note: 'main' has been explicitly marked unavailable here
55 |
56 | @property(class, nonatomic, readonly) NSArray<UIScreen *> *screens API_DEPRECATED("Use UIApplication.shared.openSessions to find open sessions with scenes from other screens", ios(3.2, 16.0), visionos(1.0, 1.0)) API_UNAVAILABLE(watchos); // all screens currently attached to the device
57 | @property(class, nonatomic, readonly) UIScreen *mainScreen API_DEPRECATED("Use a UIScreen instance found through context instead (i.e, view.window.windowScene.screen), or for properties like UIScreen.scale with trait equivalents, use a traitCollection found through context.", ios(2.0, 26.0), tvos(9.0, 26.0), visionos(1.0, 26.0)) API_UNAVAILABLE(watchos);
| `- note: 'main' has been explicitly marked unavailable here
58 |
59 | @property(nonatomic,readonly) CGRect bounds; // Bounds of entire screen in points
/Users/admin/builder/spi-builder-workspace/.dependencies/checkouts/SchafKit/Sources/SchafKit/Kit/Cross Platform/Screen.swift:23:9: error: 'UIScreen' is unavailable in watchOS
21 | public static var scale: CGFloat {
22 | #if canImport(UIKit)
23 | UIScreen.main.scale
| `- error: 'UIScreen' is unavailable in watchOS
24 | #else
25 | (NSScreen.main ?? NSScreen.screens.first)?.backingScaleFactor ?? 1
/Applications/Xcode-27.0.0-Release.Candidate.app/Contents/Developer/Platforms/WatchOS.platform/Developer/SDKs/WatchOS27.0.sdk/System/Library/Frameworks/UIKit.framework/Headers/UIScreen.h:54:12: note: 'UIScreen' has been explicitly marked unavailable here
52 |
53 | UIKIT_EXTERN API_AVAILABLE(ios(2.0)) API_UNAVAILABLE(visionos, watchos) NS_SWIFT_UI_ACTOR
54 | @interface UIScreen : NSObject <UITraitEnvironment>
| `- note: 'UIScreen' has been explicitly marked unavailable here
55 |
56 | @property(class, nonatomic, readonly) NSArray<UIScreen *> *screens API_DEPRECATED("Use UIApplication.shared.openSessions to find open sessions with scenes from other screens", ios(3.2, 16.0), visionos(1.0, 1.0)) API_UNAVAILABLE(watchos); // all screens currently attached to the device
SwiftCompile normal arm64 /Users/admin/builder/spi-builder-workspace/.dependencies/checkouts/SchafKit/Sources/SchafKit/Kit/Cross\ Platform/Screen.swift (in target 'SchafKit' from project 'SchafKit')
cd /Users/admin/builder/spi-builder-workspace/.swiftpm/xcode
builtin-SwiftPerFileCompile Screen.swift
SwiftCompile normal arm64 /Users/admin/builder/spi-builder-workspace/.dependencies/checkouts/SchafKit/Sources/SchafKit/Kit/Cryptography/Curve25519XSalsa20Poly1305BoxAlgorithm.swift (in target 'SchafKit' from project 'SchafKit')
cd /Users/admin/builder/spi-builder-workspace/.swiftpm/xcode
builtin-SwiftPerFileCompile Curve25519XSalsa20Poly1305BoxAlgorithm.swift
SwiftCompile normal arm64 /Users/admin/builder/spi-builder-workspace/.dependencies/checkouts/SchafKit/Sources/SchafKit/Kit/Cryptography/Ed25519Algorithm.swift (in target 'SchafKit' from project 'SchafKit')
cd /Users/admin/builder/spi-builder-workspace/.swiftpm/xcode
builtin-SwiftPerFileCompile Ed25519Algorithm.swift
SwiftCompile normal arm64 /Users/admin/builder/spi-builder-workspace/.dependencies/checkouts/SchafKit/Sources/SchafKit/Kit/Cryptography/SKCryptography.swift (in target 'SchafKit' from project 'SchafKit')
cd /Users/admin/builder/spi-builder-workspace/.swiftpm/xcode
builtin-SwiftPerFileCompile SKCryptography.swift
SwiftCompile normal arm64 /Users/admin/builder/spi-builder-workspace/.dependencies/checkouts/SchafKit/Sources/SchafKit/Kit/Cryptography/XSalsa20Poly1305SecretBoxAlgorithm.swift (in target 'SchafKit' from project 'SchafKit')
cd /Users/admin/builder/spi-builder-workspace/.swiftpm/xcode
builtin-SwiftPerFileCompile XSalsa20Poly1305SecretBoxAlgorithm.swift
SwiftCompile normal arm64 /Users/admin/builder/spi-builder-workspace/.dependencies/checkouts/SchafKit/Sources/SchafKit/Kit/Dispatch/SKDispatchHelper.swift (in target 'SchafKit' from project 'SchafKit')
cd /Users/admin/builder/spi-builder-workspace/.swiftpm/xcode
builtin-SwiftPerFileCompile SKDispatchHelper.swift
SwiftCompile normal arm64 /Users/admin/builder/spi-builder-workspace/.dependencies/checkouts/SchafKit/Sources/SchafKit/Kit/FileSystem/SKDirectory.swift (in target 'SchafKit' from project 'SchafKit')
cd /Users/admin/builder/spi-builder-workspace/.swiftpm/xcode
builtin-SwiftPerFileCompile SKDirectory.swift
SwiftCompile normal arm64 /Users/admin/builder/spi-builder-workspace/.dependencies/checkouts/SchafKit/Sources/SchafKit/Kit/FileSystem/SKFile.swift (in target 'SchafKit' from project 'SchafKit')
cd /Users/admin/builder/spi-builder-workspace/.swiftpm/xcode
builtin-SwiftPerFileCompile SKFile.swift
SwiftCompile normal arm64 /Users/admin/builder/spi-builder-workspace/.dependencies/checkouts/SchafKit/Sources/SchafKit/Kit/FileSystem/SKFileSystemItem.swift (in target 'SchafKit' from project 'SchafKit')
cd /Users/admin/builder/spi-builder-workspace/.swiftpm/xcode
builtin-SwiftPerFileCompile SKFileSystemItem.swift
SwiftCompile normal arm64 /Users/admin/builder/spi-builder-workspace/.dependencies/checkouts/SchafKit/Sources/SchafKit/Kit/Keychain/SKKeychain.swift (in target 'SchafKit' from project 'SchafKit')
cd /Users/admin/builder/spi-builder-workspace/.swiftpm/xcode
builtin-SwiftPerFileCompile SKKeychain.swift
SwiftCompile normal arm64 /Users/admin/builder/spi-builder-workspace/.dependencies/checkouts/SchafKit/Sources/SchafKit/Kit/Networking/Request/SKNetworking.Request.Body.swift (in target 'SchafKit' from project 'SchafKit')
cd /Users/admin/builder/spi-builder-workspace/.swiftpm/xcode
builtin-SwiftPerFileCompile SKNetworking.Request.Body.swift
SwiftCompile normal arm64 Compiling\ LabeledView.swift,\ PresentationLink.swift,\ RoundedCorners.swift,\ SearchBar.swift,\ TimePicker.swift,\ AppearanceHandler.swift,\ KeyboardResponder.swift,\ View.swift,\ OKSubtileNotification.swift,\ UIApplication.swift /Users/admin/builder/spi-builder-workspace/.dependencies/checkouts/SchafKit/Sources/SchafKit/Kit/SwiftUI/Components/LabeledView.swift /Users/admin/builder/spi-builder-workspace/.dependencies/checkouts/SchafKit/Sources/SchafKit/Kit/SwiftUI/Components/PresentationLink.swift /Users/admin/builder/spi-builder-workspace/.dependencies/checkouts/SchafKit/Sources/SchafKit/Kit/SwiftUI/Components/RoundedCorners.swift /Users/admin/builder/spi-builder-workspace/.dependencies/checkouts/SchafKit/Sources/SchafKit/Kit/SwiftUI/Components/SearchBar.swift /Users/admin/builder/spi-builder-workspace/.dependencies/checkouts/SchafKit/Sources/SchafKit/Kit/SwiftUI/Components/TimePicker.swift /Users/admin/builder/spi-builder-workspace/.dependencies/checkouts/SchafKit/Sources/SchafKit/Kit/SwiftUI/Helpers/AppearanceHandler.swift /Users/admin/builder/spi-builder-workspace/.dependencies/checkouts/SchafKit/Sources/SchafKit/Kit/SwiftUI/Helpers/KeyboardResponder.swift /Users/admin/builder/spi-builder-workspace/.dependencies/checkouts/SchafKit/Sources/SchafKit/Kit/SwiftUI/View.swift /Users/admin/builder/spi-builder-workspace/.dependencies/checkouts/SchafKit/Sources/SchafKit/Platform-Specific/iOS+tvOS/Classes/OKSubtileNotification.swift /Users/admin/builder/spi-builder-workspace/.dependencies/checkouts/SchafKit/Sources/SchafKit/Platform-Specific/iOS+tvOS/UIApplication.swift (in target 'SchafKit' from project 'SchafKit')
/Users/admin/builder/spi-builder-workspace/.dependencies/checkouts/SchafKit/Sources/SchafKit/Platform-Specific/iOS+tvOS/UIApplication.swift:4:11: error: 'UIApplication' is unavailable in watchOS
2 | import UIKit
3 |
4 | extension UIApplication {
| `- error: 'UIApplication' is unavailable in watchOS
5 |
6 | func open(url: String) {
/Applications/Xcode-27.0.0-Release.Candidate.app/Contents/Developer/Platforms/WatchOS.platform/Developer/SDKs/WatchOS27.0.sdk/System/Library/Frameworks/UIKit.framework/Headers/UIApplication.h:85:12: note: 'UIApplication' has been explicitly marked unavailable here
83 |
84 | UIKIT_EXTERN API_AVAILABLE(ios(2.0)) API_UNAVAILABLE(watchos) NS_SWIFT_UI_ACTOR
85 | @interface UIApplication : UIResponder
| `- note: 'UIApplication' has been explicitly marked unavailable here
86 |
87 | @property(class, nonatomic, readonly) UIApplication *sharedApplication NS_EXTENSION_UNAVAILABLE_IOS("Use view controller based solutions where appropriate instead.");
/Users/admin/builder/spi-builder-workspace/.dependencies/checkouts/SchafKit/Sources/SchafKit/Platform-Specific/iOS+tvOS/UIApplication.swift:12:9: error: 'open(_:options:completionHandler:)' is unavailable in watchOS
10 | }
11 |
12 | open(url, options: [:], completionHandler: nil)
| `- error: 'open(_:options:completionHandler:)' is unavailable in watchOS
13 | }
14 |
/Applications/Xcode-27.0.0-Release.Candidate.app/Contents/Developer/Platforms/WatchOS.platform/Developer/SDKs/WatchOS27.0.sdk/System/Library/Frameworks/UIKit.framework/Headers/UIApplication.h:104:1: note: 'open(_:options:completionHandler:)' has been explicitly marked unavailable here
102 | // than returning a result.
103 | // The completion handler is called on the main queue.
104 | - (void)openURL:(NSURL*)url options:(NSDictionary<UIApplicationOpenExternalURLOptionsKey, id> *)options completionHandler:(void (^ __nullable NS_SWIFT_UI_ACTOR)(BOOL success))completion API_AVAILABLE(ios(10.0)) API_UNAVAILABLE(watchos);
| `- note: 'open(_:options:completionHandler:)' has been explicitly marked unavailable here
105 |
106 | - (void)sendEvent:(UIEvent *)event;
/Users/admin/builder/spi-builder-workspace/.dependencies/checkouts/SchafKit/Sources/SchafKit/Platform-Specific/iOS+tvOS/UIApplication.swift:16:9: error: 'open(_:options:completionHandler:)' is unavailable in watchOS
14 |
15 | func openSettings() {
16 | open(URL(string: UIApplication.openSettingsURLString)!, options: [:], completionHandler: nil)
| `- error: 'open(_:options:completionHandler:)' is unavailable in watchOS
17 | }
18 | }
/Applications/Xcode-27.0.0-Release.Candidate.app/Contents/Developer/Platforms/WatchOS.platform/Developer/SDKs/WatchOS27.0.sdk/System/Library/Frameworks/UIKit.framework/Headers/UIApplication.h:104:1: note: 'open(_:options:completionHandler:)' has been explicitly marked unavailable here
102 | // than returning a result.
103 | // The completion handler is called on the main queue.
104 | - (void)openURL:(NSURL*)url options:(NSDictionary<UIApplicationOpenExternalURLOptionsKey, id> *)options completionHandler:(void (^ __nullable NS_SWIFT_UI_ACTOR)(BOOL success))completion API_AVAILABLE(ios(10.0)) API_UNAVAILABLE(watchos);
| `- note: 'open(_:options:completionHandler:)' has been explicitly marked unavailable here
105 |
106 | - (void)sendEvent:(UIEvent *)event;
/Users/admin/builder/spi-builder-workspace/.dependencies/checkouts/SchafKit/Sources/SchafKit/Platform-Specific/iOS+tvOS/UIApplication.swift:16:26: error: 'UIApplication' is unavailable in watchOS
14 |
15 | func openSettings() {
16 | open(URL(string: UIApplication.openSettingsURLString)!, options: [:], completionHandler: nil)
| `- error: 'UIApplication' is unavailable in watchOS
17 | }
18 | }
/Applications/Xcode-27.0.0-Release.Candidate.app/Contents/Developer/Platforms/WatchOS.platform/Developer/SDKs/WatchOS27.0.sdk/System/Library/Frameworks/UIKit.framework/Headers/UIApplication.h:85:12: note: 'UIApplication' has been explicitly marked unavailable here
83 |
84 | UIKIT_EXTERN API_AVAILABLE(ios(2.0)) API_UNAVAILABLE(watchos) NS_SWIFT_UI_ACTOR
85 | @interface UIApplication : UIResponder
| `- note: 'UIApplication' has been explicitly marked unavailable here
86 |
87 | @property(class, nonatomic, readonly) UIApplication *sharedApplication NS_EXTENSION_UNAVAILABLE_IOS("Use view controller based solutions where appropriate instead.");
SwiftCompile normal arm64 /Users/admin/builder/spi-builder-workspace/.dependencies/checkouts/SchafKit/Sources/SchafKit/Kit/SwiftUI/Components/LabeledView.swift (in target 'SchafKit' from project 'SchafKit')
cd /Users/admin/builder/spi-builder-workspace/.swiftpm/xcode
builtin-SwiftPerFileCompile LabeledView.swift
SwiftCompile normal arm64 /Users/admin/builder/spi-builder-workspace/.dependencies/checkouts/SchafKit/Sources/SchafKit/Kit/SwiftUI/Components/PresentationLink.swift (in target 'SchafKit' from project 'SchafKit')
cd /Users/admin/builder/spi-builder-workspace/.swiftpm/xcode
builtin-SwiftPerFileCompile PresentationLink.swift
SwiftCompile normal arm64 /Users/admin/builder/spi-builder-workspace/.dependencies/checkouts/SchafKit/Sources/SchafKit/Kit/SwiftUI/Components/RoundedCorners.swift (in target 'SchafKit' from project 'SchafKit')
cd /Users/admin/builder/spi-builder-workspace/.swiftpm/xcode
builtin-SwiftPerFileCompile RoundedCorners.swift
SwiftCompile normal arm64 /Users/admin/builder/spi-builder-workspace/.dependencies/checkouts/SchafKit/Sources/SchafKit/Kit/SwiftUI/Components/SearchBar.swift (in target 'SchafKit' from project 'SchafKit')
cd /Users/admin/builder/spi-builder-workspace/.swiftpm/xcode
builtin-SwiftPerFileCompile SearchBar.swift
SwiftCompile normal arm64 /Users/admin/builder/spi-builder-workspace/.dependencies/checkouts/SchafKit/Sources/SchafKit/Kit/SwiftUI/Components/TimePicker.swift (in target 'SchafKit' from project 'SchafKit')
cd /Users/admin/builder/spi-builder-workspace/.swiftpm/xcode
builtin-SwiftPerFileCompile TimePicker.swift
SwiftCompile normal arm64 /Users/admin/builder/spi-builder-workspace/.dependencies/checkouts/SchafKit/Sources/SchafKit/Kit/SwiftUI/Helpers/AppearanceHandler.swift (in target 'SchafKit' from project 'SchafKit')
cd /Users/admin/builder/spi-builder-workspace/.swiftpm/xcode
builtin-SwiftPerFileCompile AppearanceHandler.swift
SwiftCompile normal arm64 /Users/admin/builder/spi-builder-workspace/.dependencies/checkouts/SchafKit/Sources/SchafKit/Kit/SwiftUI/Helpers/KeyboardResponder.swift (in target 'SchafKit' from project 'SchafKit')
cd /Users/admin/builder/spi-builder-workspace/.swiftpm/xcode
builtin-SwiftPerFileCompile KeyboardResponder.swift
SwiftCompile normal arm64 /Users/admin/builder/spi-builder-workspace/.dependencies/checkouts/SchafKit/Sources/SchafKit/Kit/SwiftUI/View.swift (in target 'SchafKit' from project 'SchafKit')
cd /Users/admin/builder/spi-builder-workspace/.swiftpm/xcode
builtin-SwiftPerFileCompile View.swift
SwiftCompile normal arm64 /Users/admin/builder/spi-builder-workspace/.dependencies/checkouts/SchafKit/Sources/SchafKit/Platform-Specific/iOS+tvOS/Classes/OKSubtileNotification.swift (in target 'SchafKit' from project 'SchafKit')
cd /Users/admin/builder/spi-builder-workspace/.swiftpm/xcode
builtin-SwiftPerFileCompile OKSubtileNotification.swift
SwiftCompile normal arm64 /Users/admin/builder/spi-builder-workspace/.dependencies/checkouts/SchafKit/Sources/SchafKit/Platform-Specific/iOS+tvOS/UIApplication.swift (in target 'SchafKit' from project 'SchafKit')
cd /Users/admin/builder/spi-builder-workspace/.swiftpm/xcode
builtin-SwiftPerFileCompile UIApplication.swift
SwiftCompile normal arm64 Compiling\ BackgroundPublished.swift,\ Blocks.swift,\ CodableSettingStorage.swift,\ SKAxis.swift,\ SKOptionSet.swift,\ SKOptions.swift,\ OrderedDictionary.swift,\ EquatablePublished.swift,\ SettingStorage.swift,\ Publishable.swift,\ PublishedCodableSettingStorage.swift /Users/admin/builder/spi-builder-workspace/.dependencies/checkouts/SchafKit/Sources/SchafKit/Common/BackgroundPublished.swift /Users/admin/builder/spi-builder-workspace/.dependencies/checkouts/SchafKit/Sources/SchafKit/Common/Blocks.swift /Users/admin/builder/spi-builder-workspace/.dependencies/checkouts/SchafKit/Sources/SchafKit/Common/CodableSettingStorage.swift /Users/admin/builder/spi-builder-workspace/.dependencies/checkouts/SchafKit/Sources/SchafKit/Common/Enums/SKAxis.swift /Users/admin/builder/spi-builder-workspace/.dependencies/checkouts/SchafKit/Sources/SchafKit/Common/Options/SKOptionSet.swift /Users/admin/builder/spi-builder-workspace/.dependencies/checkouts/SchafKit/Sources/SchafKit/Common/Options/SKOptions.swift /Users/admin/builder/spi-builder-workspace/.dependencies/checkouts/SchafKit/Sources/SchafKit/Common/OrderedDictionary.swift /Users/admin/builder/spi-builder-workspace/.dependencies/checkouts/SchafKit/Sources/SchafKit/Common/PropertyWrappers/EquatablePublished.swift /Users/admin/builder/spi-builder-workspace/.dependencies/checkouts/SchafKit/Sources/SchafKit/Common/PropertyWrappers/SettingStorage.swift /Users/admin/builder/spi-builder-workspace/.dependencies/checkouts/SchafKit/Sources/SchafKit/Common/Publishable.swift /Users/admin/builder/spi-builder-workspace/.dependencies/checkouts/SchafKit/Sources/SchafKit/Common/PublishedCodableSettingStorage.swift (in target 'SchafKit' from project 'SchafKit')
SwiftCompile normal arm64 /Users/admin/builder/spi-builder-workspace/.dependencies/checkouts/SchafKit/Sources/SchafKit/Common/BackgroundPublished.swift (in target 'SchafKit' from project 'SchafKit')
cd /Users/admin/builder/spi-builder-workspace/.swiftpm/xcode
builtin-SwiftPerFileCompile BackgroundPublished.swift
SwiftCompile normal arm64 /Users/admin/builder/spi-builder-workspace/.dependencies/checkouts/SchafKit/Sources/SchafKit/Common/Blocks.swift (in target 'SchafKit' from project 'SchafKit')
cd /Users/admin/builder/spi-builder-workspace/.swiftpm/xcode
builtin-SwiftPerFileCompile Blocks.swift
SwiftCompile normal arm64 /Users/admin/builder/spi-builder-workspace/.dependencies/checkouts/SchafKit/Sources/SchafKit/Common/CodableSettingStorage.swift (in target 'SchafKit' from project 'SchafKit')
cd /Users/admin/builder/spi-builder-workspace/.swiftpm/xcode
builtin-SwiftPerFileCompile CodableSettingStorage.swift
SwiftCompile normal arm64 /Users/admin/builder/spi-builder-workspace/.dependencies/checkouts/SchafKit/Sources/SchafKit/Common/Enums/SKAxis.swift (in target 'SchafKit' from project 'SchafKit')
cd /Users/admin/builder/spi-builder-workspace/.swiftpm/xcode
builtin-SwiftPerFileCompile SKAxis.swift
SwiftCompile normal arm64 /Users/admin/builder/spi-builder-workspace/.dependencies/checkouts/SchafKit/Sources/SchafKit/Common/Options/SKOptionSet.swift (in target 'SchafKit' from project 'SchafKit')
cd /Users/admin/builder/spi-builder-workspace/.swiftpm/xcode
builtin-SwiftPerFileCompile SKOptionSet.swift
SwiftCompile normal arm64 /Users/admin/builder/spi-builder-workspace/.dependencies/checkouts/SchafKit/Sources/SchafKit/Common/Options/SKOptions.swift (in target 'SchafKit' from project 'SchafKit')
cd /Users/admin/builder/spi-builder-workspace/.swiftpm/xcode
builtin-SwiftPerFileCompile SKOptions.swift
SwiftCompile normal arm64 /Users/admin/builder/spi-builder-workspace/.dependencies/checkouts/SchafKit/Sources/SchafKit/Common/OrderedDictionary.swift (in target 'SchafKit' from project 'SchafKit')
cd /Users/admin/builder/spi-builder-workspace/.swiftpm/xcode
builtin-SwiftPerFileCompile OrderedDictionary.swift
SwiftCompile normal arm64 /Users/admin/builder/spi-builder-workspace/.dependencies/checkouts/SchafKit/Sources/SchafKit/Common/PropertyWrappers/EquatablePublished.swift (in target 'SchafKit' from project 'SchafKit')
cd /Users/admin/builder/spi-builder-workspace/.swiftpm/xcode
builtin-SwiftPerFileCompile EquatablePublished.swift
SwiftCompile normal arm64 /Users/admin/builder/spi-builder-workspace/.dependencies/checkouts/SchafKit/Sources/SchafKit/Common/PropertyWrappers/SettingStorage.swift (in target 'SchafKit' from project 'SchafKit')
cd /Users/admin/builder/spi-builder-workspace/.swiftpm/xcode
builtin-SwiftPerFileCompile SettingStorage.swift
SwiftCompile normal arm64 /Users/admin/builder/spi-builder-workspace/.dependencies/checkouts/SchafKit/Sources/SchafKit/Common/Publishable.swift (in target 'SchafKit' from project 'SchafKit')
cd /Users/admin/builder/spi-builder-workspace/.swiftpm/xcode
builtin-SwiftPerFileCompile Publishable.swift
SwiftCompile normal arm64 /Users/admin/builder/spi-builder-workspace/.dependencies/checkouts/SchafKit/Sources/SchafKit/Common/PublishedCodableSettingStorage.swift (in target 'SchafKit' from project 'SchafKit')
cd /Users/admin/builder/spi-builder-workspace/.swiftpm/xcode
builtin-SwiftPerFileCompile PublishedCodableSettingStorage.swift
SwiftCompile normal arm64 Compiling\ Result.swift,\ Color+Components.swift,\ Color+UIColor.swift,\ Image+SFSymbols.swift,\ View+Erase.swift,\ UIAlertController.swift,\ UIColor.swift,\ UIDevice.swift,\ UIImage.swift,\ UIView.swift,\ UIViewController.swift /Users/admin/builder/spi-builder-workspace/.dependencies/checkouts/SchafKit/Sources/SchafKit/Extensions/Other/Result.swift /Users/admin/builder/spi-builder-workspace/.dependencies/checkouts/SchafKit/Sources/SchafKit/Extensions/SwiftUI/Color+Components.swift /Users/admin/builder/spi-builder-workspace/.dependencies/checkouts/SchafKit/Sources/SchafKit/Extensions/SwiftUI/Color+UIColor.swift /Users/admin/builder/spi-builder-workspace/.dependencies/checkouts/SchafKit/Sources/SchafKit/Extensions/SwiftUI/Image+SFSymbols.swift /Users/admin/builder/spi-builder-workspace/.dependencies/checkouts/SchafKit/Sources/SchafKit/Extensions/SwiftUI/View+Erase.swift /Users/admin/builder/spi-builder-workspace/.dependencies/checkouts/SchafKit/Sources/SchafKit/Extensions/UIKit+AppKit/UIAlertController.swift /Users/admin/builder/spi-builder-workspace/.dependencies/checkouts/SchafKit/Sources/SchafKit/Extensions/UIKit+AppKit/UIColor.swift /Users/admin/builder/spi-builder-workspace/.dependencies/checkouts/SchafKit/Sources/SchafKit/Extensions/UIKit+AppKit/UIDevice.swift /Users/admin/builder/spi-builder-workspace/.dependencies/checkouts/SchafKit/Sources/SchafKit/Extensions/UIKit+AppKit/UIImage.swift /Users/admin/builder/spi-builder-workspace/.dependencies/checkouts/SchafKit/Sources/SchafKit/Extensions/UIKit+AppKit/UIView.swift /Users/admin/builder/spi-builder-workspace/.dependencies/checkouts/SchafKit/Sources/SchafKit/Extensions/UIKit+AppKit/UIViewController.swift (in target 'SchafKit' from project 'SchafKit')
/Users/admin/builder/spi-builder-workspace/.dependencies/checkouts/SchafKit/Sources/SchafKit/Extensions/UIKit+AppKit/UIColor.swift:23:30: error: cannot find type 'SKRGBARepresentation' in scope
21 |
22 | /// Returns a `SKRGBARepresentation` representing the color.
23 | var rgbaRepresentation : SKRGBARepresentation {
| `- error: cannot find type 'SKRGBARepresentation' in scope
24 | var red : CGFloat = 0
25 | var green : CGFloat = 0
/Users/admin/builder/spi-builder-workspace/.dependencies/checkouts/SchafKit/Sources/SchafKit/Extensions/UIKit+AppKit/UIColor.swift:52:33: error: cannot find type 'SK8BitRGBARepresentation' in scope
50 |
51 | /// Returns a `SK8BitRGBARepresentation` representing the color.
52 | var bitRGBARepresentation : SK8BitRGBARepresentation {
| `- error: cannot find type 'SK8BitRGBARepresentation' in scope
53 | var red : CGFloat = 0
54 | var green : CGFloat = 0
/Users/admin/builder/spi-builder-workspace/.dependencies/checkouts/SchafKit/Sources/SchafKit/Extensions/UIKit+AppKit/UIColor.swift:77:30: error: cannot find type 'SKHSLARepresentation' in scope
75 |
76 | /// Returns a `SKHSLARepresentation` representing the color.
77 | var HSLARepresentation : SKHSLARepresentation {
| `- error: cannot find type 'SKHSLARepresentation' in scope
78 | var hue : CGFloat = 0
79 | var saturation : CGFloat = 0
/Users/admin/builder/spi-builder-workspace/.dependencies/checkouts/SchafKit/Sources/SchafKit/Extensions/UIKit+AppKit/UIColor.swift:100:39: error: cannot find type 'SKRGBARepresentation' in scope
98 |
99 | /// Initializes and returns a color object using the specified `SKRGBARepresentation`.
100 | convenience init(representation : SKRGBARepresentation) {
| `- error: cannot find type 'SKRGBARepresentation' in scope
101 | self.init(intermediateDisplayP3Red: representation.red,
102 | green: representation.green,
/Users/admin/builder/spi-builder-workspace/.dependencies/checkouts/SchafKit/Sources/SchafKit/Extensions/UIKit+AppKit/UIColor.swift:108:39: error: cannot find type 'SK8BitRGBARepresentation' in scope
106 |
107 | /// Initializes and returns a color object using the specified `SK8BitRGBARepresentation`.
108 | convenience init(representation : SK8BitRGBARepresentation) {
| `- error: cannot find type 'SK8BitRGBARepresentation' in scope
109 | self.init(intermediateDisplayP3Red : CGFloat(representation.red)/255,
110 | green : CGFloat(representation.green)/255,
/Users/admin/builder/spi-builder-workspace/.dependencies/checkouts/SchafKit/Sources/SchafKit/Extensions/UIKit+AppKit/UIColor.swift:124:38: error: cannot find type 'SKHSLARepresentation' in scope
122 |
123 | /// Initializes and returns a color object using the specified RGB component values.
124 | convenience init(representation: SKHSLARepresentation) {
| `- error: cannot find type 'SKHSLARepresentation' in scope
125 | self.init(
126 | hue: representation.hue,
/Users/admin/builder/spi-builder-workspace/.dependencies/checkouts/SchafKit/Sources/SchafKit/Extensions/UIKit+AppKit/UIColor.swift:44:16: error: cannot find 'SKRGBARepresentation' in scope
42 | #endif
43 |
44 | return SKRGBARepresentation(red: clamp(red), green: clamp(green), blue: clamp(blue), alpha: clamp(alpha))
| `- error: cannot find 'SKRGBARepresentation' in scope
45 | }
46 |
/Users/admin/builder/spi-builder-workspace/.dependencies/checkouts/SchafKit/Sources/SchafKit/Extensions/UIKit+AppKit/UIColor.swift:73:16: error: cannot find 'SK8BitRGBARepresentation' in scope
71 | #endif
72 |
73 | return SK8BitRGBARepresentation(red : UInt8(clamp(red) * 255), green : UInt8(clamp(green) * 255), blue : UInt8(clamp(blue) * 255), alpha : UInt8(clamp(alpha) * 255))
| `- error: cannot find 'SK8BitRGBARepresentation' in scope
74 | }
75 |
SwiftCompile normal arm64 /Users/admin/builder/spi-builder-workspace/.dependencies/checkouts/SchafKit/Sources/SchafKit/Extensions/Other/Result.swift (in target 'SchafKit' from project 'SchafKit')
cd /Users/admin/builder/spi-builder-workspace/.swiftpm/xcode
builtin-SwiftPerFileCompile Result.swift
SwiftCompile normal arm64 /Users/admin/builder/spi-builder-workspace/.dependencies/checkouts/SchafKit/Sources/SchafKit/Extensions/SwiftUI/Color+Components.swift (in target 'SchafKit' from project 'SchafKit')
cd /Users/admin/builder/spi-builder-workspace/.swiftpm/xcode
builtin-SwiftPerFileCompile Color+Components.swift
SwiftCompile normal arm64 /Users/admin/builder/spi-builder-workspace/.dependencies/checkouts/SchafKit/Sources/SchafKit/Extensions/SwiftUI/Color+UIColor.swift (in target 'SchafKit' from project 'SchafKit')
cd /Users/admin/builder/spi-builder-workspace/.swiftpm/xcode
builtin-SwiftPerFileCompile Color+UIColor.swift
SwiftCompile normal arm64 /Users/admin/builder/spi-builder-workspace/.dependencies/checkouts/SchafKit/Sources/SchafKit/Extensions/SwiftUI/Image+SFSymbols.swift (in target 'SchafKit' from project 'SchafKit')
cd /Users/admin/builder/spi-builder-workspace/.swiftpm/xcode
builtin-SwiftPerFileCompile Image+SFSymbols.swift
SwiftCompile normal arm64 /Users/admin/builder/spi-builder-workspace/.dependencies/checkouts/SchafKit/Sources/SchafKit/Extensions/SwiftUI/View+Erase.swift (in target 'SchafKit' from project 'SchafKit')
cd /Users/admin/builder/spi-builder-workspace/.swiftpm/xcode
builtin-SwiftPerFileCompile View+Erase.swift
SwiftCompile normal arm64 /Users/admin/builder/spi-builder-workspace/.dependencies/checkouts/SchafKit/Sources/SchafKit/Extensions/UIKit+AppKit/UIAlertController.swift (in target 'SchafKit' from project 'SchafKit')
cd /Users/admin/builder/spi-builder-workspace/.swiftpm/xcode
builtin-SwiftPerFileCompile UIAlertController.swift
SwiftCompile normal arm64 /Users/admin/builder/spi-builder-workspace/.dependencies/checkouts/SchafKit/Sources/SchafKit/Extensions/UIKit+AppKit/UIColor.swift (in target 'SchafKit' from project 'SchafKit')
cd /Users/admin/builder/spi-builder-workspace/.swiftpm/xcode
builtin-SwiftPerFileCompile UIColor.swift
SwiftCompile normal arm64 /Users/admin/builder/spi-builder-workspace/.dependencies/checkouts/SchafKit/Sources/SchafKit/Extensions/UIKit+AppKit/UIDevice.swift (in target 'SchafKit' from project 'SchafKit')
cd /Users/admin/builder/spi-builder-workspace/.swiftpm/xcode
builtin-SwiftPerFileCompile UIDevice.swift
SwiftCompile normal arm64 /Users/admin/builder/spi-builder-workspace/.dependencies/checkouts/SchafKit/Sources/SchafKit/Extensions/UIKit+AppKit/UIImage.swift (in target 'SchafKit' from project 'SchafKit')
cd /Users/admin/builder/spi-builder-workspace/.swiftpm/xcode
builtin-SwiftPerFileCompile UIImage.swift
SwiftCompile normal arm64 /Users/admin/builder/spi-builder-workspace/.dependencies/checkouts/SchafKit/Sources/SchafKit/Extensions/UIKit+AppKit/UIView.swift (in target 'SchafKit' from project 'SchafKit')
cd /Users/admin/builder/spi-builder-workspace/.swiftpm/xcode
builtin-SwiftPerFileCompile UIView.swift
SwiftCompile normal arm64 /Users/admin/builder/spi-builder-workspace/.dependencies/checkouts/SchafKit/Sources/SchafKit/Extensions/UIKit+AppKit/UIViewController.swift (in target 'SchafKit' from project 'SchafKit')
cd /Users/admin/builder/spi-builder-workspace/.swiftpm/xcode
builtin-SwiftPerFileCompile UIViewController.swift
SwiftExplicitDependencyGeneratePcm arm64_32 /Users/admin/builder/spi-builder-workspace/.derivedData/SDKExplicitPrecompiledModules/SwiftUI-9AYG9OCT5VOJK7V4MX1WYR86T.pcm
PruneExplicitPrecompiledModules /Users/admin/builder/spi-builder-workspace/.derivedData/SDKExplicitPrecompiledModules
PruneExplicitPrecompiledModules /Users/admin/builder/spi-builder-workspace/.derivedData/Build/Intermediates.noindex/SwiftExplicitPrecompiledModules
PruneExplicitPrecompiledModules /Users/admin/builder/spi-builder-workspace/.derivedData/Build/Intermediates.noindex/ExplicitPrecompiledModules
2026-09-22 01:46:34.092 xcodebuild[855:5107] [MT] IDERunDestination: Supported platforms for the buildables in the current scheme is empty.
** BUILD FAILED **
The following build commands failed:
SwiftEmitModule normal arm64 Emitting\ module\ for\ SchafKit (in target 'SchafKit' from project 'SchafKit')
SwiftCompile normal arm64 (in target 'SchafKit' from project 'SchafKit')
Building workspace MapItemPicker with scheme MapItemPicker
(3 failures)
BUILD FAILURE 6.4 watchOS