Build Information
Failed to build PDFAuthor, reference 0.2.0 (a360d6), with Swift 6.4 for watchOS using Xcode 27.0 on 20 Sep 2026 22:32:45 UTC.
Build Command
env DEVELOPER_DIR=/Applications/Xcode-27.0.0-Release.Candidate.app xcrun xcodebuild -IDEClonedSourcePackagesDirPathOverride=$PWD/.dependencies -skipMacroValidation -skipPackagePluginValidation -derivedDataPath $PWD/.derivedData build -scheme PDFAuthor-Package -destination generic/platform=watchOSBuild Log
cd /Users/admin/builder/spi-builder-workspace/.dependencies/checkouts/CassowarySwift
write-file /Users/admin/builder/spi-builder-workspace/.derivedData/Build/Intermediates.noindex/Cassowary.build/Debug-watchos/Cassowary-t.build/Objects-normal/arm64_32/Cassowary.LinkFileList
WriteAuxiliaryFile /Users/admin/builder/spi-builder-workspace/.derivedData/Build/Intermediates.noindex/Cassowary.build/Debug-watchos/Cassowary-t.build/Objects-normal/arm64_32/Cassowary-OutputFileMap.json (in target 'Cassowary' from project 'Cassowary')
cd /Users/admin/builder/spi-builder-workspace/.dependencies/checkouts/CassowarySwift
write-file /Users/admin/builder/spi-builder-workspace/.derivedData/Build/Intermediates.noindex/Cassowary.build/Debug-watchos/Cassowary-t.build/Objects-normal/arm64_32/Cassowary-OutputFileMap.json
WriteAuxiliaryFile /Users/admin/builder/spi-builder-workspace/.derivedData/Build/Intermediates.noindex/Cassowary.build/Debug-watchos/Cassowary-t.build/Objects-normal/arm64_32/Cassowary.SwiftConstValuesFileList (in target 'Cassowary' from project 'Cassowary')
cd /Users/admin/builder/spi-builder-workspace/.dependencies/checkouts/CassowarySwift
write-file /Users/admin/builder/spi-builder-workspace/.derivedData/Build/Intermediates.noindex/Cassowary.build/Debug-watchos/Cassowary-t.build/Objects-normal/arm64_32/Cassowary.SwiftConstValuesFileList
WriteAuxiliaryFile /Users/admin/builder/spi-builder-workspace/.derivedData/Build/Intermediates.noindex/Cassowary.build/Debug-watchos/Cassowary-t.build/Objects-normal/arm64_32/Cassowary_const_extract_protocols.json (in target 'Cassowary' from project 'Cassowary')
cd /Users/admin/builder/spi-builder-workspace/.dependencies/checkouts/CassowarySwift
write-file /Users/admin/builder/spi-builder-workspace/.derivedData/Build/Intermediates.noindex/Cassowary.build/Debug-watchos/Cassowary-t.build/Objects-normal/arm64_32/Cassowary_const_extract_protocols.json
WriteAuxiliaryFile /Users/admin/builder/spi-builder-workspace/.derivedData/Build/Intermediates.noindex/Cassowary.build/Debug-watchos/Cassowary-t.build/Objects-normal/arm64_32/Cassowary.SwiftFileList (in target 'Cassowary' from project 'Cassowary')
cd /Users/admin/builder/spi-builder-workspace/.dependencies/checkouts/CassowarySwift
write-file /Users/admin/builder/spi-builder-workspace/.derivedData/Build/Intermediates.noindex/Cassowary.build/Debug-watchos/Cassowary-t.build/Objects-normal/arm64_32/Cassowary.SwiftFileList
WriteAuxiliaryFile /Users/admin/builder/spi-builder-workspace/.derivedData/Build/Intermediates.noindex/Cassowary.build/Debug-watchos/Cassowary-t.build/Objects-normal/arm64/Cassowary.SwiftFileList (in target 'Cassowary' from project 'Cassowary')
cd /Users/admin/builder/spi-builder-workspace/.dependencies/checkouts/CassowarySwift
write-file /Users/admin/builder/spi-builder-workspace/.derivedData/Build/Intermediates.noindex/Cassowary.build/Debug-watchos/Cassowary-t.build/Objects-normal/arm64/Cassowary.SwiftFileList
WriteAuxiliaryFile /Users/admin/builder/spi-builder-workspace/.derivedData/Build/Intermediates.noindex/Cassowary.build/Debug-watchos/Cassowary-t.build/Objects-normal/arm64/Cassowary_const_extract_protocols.json (in target 'Cassowary' from project 'Cassowary')
cd /Users/admin/builder/spi-builder-workspace/.dependencies/checkouts/CassowarySwift
write-file /Users/admin/builder/spi-builder-workspace/.derivedData/Build/Intermediates.noindex/Cassowary.build/Debug-watchos/Cassowary-t.build/Objects-normal/arm64/Cassowary_const_extract_protocols.json
WriteAuxiliaryFile /Users/admin/builder/spi-builder-workspace/.derivedData/Build/Intermediates.noindex/Cassowary.build/Debug-watchos/Cassowary-t.build/Objects-normal/arm64/Cassowary.SwiftConstValuesFileList (in target 'Cassowary' from project 'Cassowary')
cd /Users/admin/builder/spi-builder-workspace/.dependencies/checkouts/CassowarySwift
write-file /Users/admin/builder/spi-builder-workspace/.derivedData/Build/Intermediates.noindex/Cassowary.build/Debug-watchos/Cassowary-t.build/Objects-normal/arm64/Cassowary.SwiftConstValuesFileList
WriteAuxiliaryFile /Users/admin/builder/spi-builder-workspace/.derivedData/Build/Intermediates.noindex/Cassowary.build/Debug-watchos/Cassowary-t.build/Objects-normal/arm64/Cassowary.LinkFileList (in target 'Cassowary' from project 'Cassowary')
cd /Users/admin/builder/spi-builder-workspace/.dependencies/checkouts/CassowarySwift
write-file /Users/admin/builder/spi-builder-workspace/.derivedData/Build/Intermediates.noindex/Cassowary.build/Debug-watchos/Cassowary-t.build/Objects-normal/arm64/Cassowary.LinkFileList
WriteAuxiliaryFile /Users/admin/builder/spi-builder-workspace/.derivedData/Build/Intermediates.noindex/Cassowary.build/Debug-watchos/Cassowary-t.build/Objects-normal/arm64/Cassowary-OutputFileMap.json (in target 'Cassowary' from project 'Cassowary')
cd /Users/admin/builder/spi-builder-workspace/.dependencies/checkouts/CassowarySwift
write-file /Users/admin/builder/spi-builder-workspace/.derivedData/Build/Intermediates.noindex/Cassowary.build/Debug-watchos/Cassowary-t.build/Objects-normal/arm64/Cassowary-OutputFileMap.json
WriteAuxiliaryFile /Users/admin/builder/spi-builder-workspace/.derivedData/Build/Intermediates.noindex/Cassowary.build/Debug-watchos/Cassowary-t.build/Cassowary.modulemap (in target 'Cassowary' from project 'Cassowary')
cd /Users/admin/builder/spi-builder-workspace/.dependencies/checkouts/CassowarySwift
write-file /Users/admin/builder/spi-builder-workspace/.derivedData/Build/Intermediates.noindex/Cassowary.build/Debug-watchos/Cassowary-t.build/Cassowary.modulemap
WriteAuxiliaryFile /Users/admin/builder/spi-builder-workspace/.derivedData/Build/Intermediates.noindex/Cassowary.build/Debug-watchos/Cassowary-t.build/Cassowary.DependencyStaticMetadataFileList (in target 'Cassowary' from project 'Cassowary')
cd /Users/admin/builder/spi-builder-workspace/.dependencies/checkouts/CassowarySwift
write-file /Users/admin/builder/spi-builder-workspace/.derivedData/Build/Intermediates.noindex/Cassowary.build/Debug-watchos/Cassowary-t.build/Cassowary.DependencyStaticMetadataFileList
WriteAuxiliaryFile /Users/admin/builder/spi-builder-workspace/.derivedData/Build/Intermediates.noindex/Cassowary.build/Debug-watchos/Cassowary-t.build/Cassowary.DependencyMetadataFileList (in target 'Cassowary' from project 'Cassowary')
cd /Users/admin/builder/spi-builder-workspace/.dependencies/checkouts/CassowarySwift
write-file /Users/admin/builder/spi-builder-workspace/.derivedData/Build/Intermediates.noindex/Cassowary.build/Debug-watchos/Cassowary-t.build/Cassowary.DependencyMetadataFileList
Copy /Users/admin/builder/spi-builder-workspace/.derivedData/Build/Intermediates.noindex/GeneratedModuleMaps-watchos/Cassowary.modulemap /Users/admin/builder/spi-builder-workspace/.derivedData/Build/Intermediates.noindex/Cassowary.build/Debug-watchos/Cassowary-t.build/Cassowary.modulemap (in target 'Cassowary' from project 'Cassowary')
cd /Users/admin/builder/spi-builder-workspace/.dependencies/checkouts/CassowarySwift
builtin-copy -exclude .DS_Store -exclude CVS -exclude .svn -exclude .git -exclude .hg -resolve-src-symlinks /Users/admin/builder/spi-builder-workspace/.derivedData/Build/Intermediates.noindex/Cassowary.build/Debug-watchos/Cassowary-t.build/Cassowary.modulemap /Users/admin/builder/spi-builder-workspace/.derivedData/Build/Intermediates.noindex/GeneratedModuleMaps-watchos
SwiftDriver Cassowary normal arm64 com.apple.xcode.tools.swift.compiler (in target 'Cassowary' from project 'Cassowary')
cd /Users/admin/builder/spi-builder-workspace/.swiftpm/xcode
builtin-SwiftDriver -- /Applications/Xcode-27.0.0-Release.Candidate.app/Contents/Developer/Toolchains/XcodeDefault.xctoolchain/usr/bin/swiftc -parse-as-library -module-name Cassowary -Onone @/Users/admin/builder/spi-builder-workspace/.derivedData/Build/Intermediates.noindex/Cassowary.build/Debug-watchos/Cassowary-t.build/Objects-normal/arm64/Cassowary.SwiftFileList -DSWIFT_PACKAGE -DDEBUG -DSWIFT_MODULE_RESOURCE_BUNDLE_UNAVAILABLE -DXcode -plugin-path /Applications/Xcode-27.0.0-Release.Candidate.app/Contents/Developer/Toolchains/XcodeDefault.xctoolchain/usr/lib/swift/host/plugins/testing -enable-experimental-feature DebugDescriptionMacro -sdk /Applications/Xcode-27.0.0-Release.Candidate.app/Contents/Developer/Platforms/WatchOS.platform/Developer/SDKs/WatchOS27.0.sdk -target arm64-apple-watchos9.0 -g -module-cache-path /Users/admin/builder/spi-builder-workspace/.derivedData/ModuleCache.noindex -Xfrontend -serialize-debugging-options -profile-coverage-mapping -profile-generate -enable-testing -suppress-warnings -index-store-path /Users/admin/builder/spi-builder-workspace/.derivedData/Index.noindex/DataStore -Xcc -D_LIBCPP_HARDENING_MODE\=_LIBCPP_HARDENING_MODE_DEBUG -swift-version 4 -I /Users/admin/builder/spi-builder-workspace/.derivedData/Build/Products/Debug-watchos -Isystem /Applications/Xcode-27.0.0-Release.Candidate.app/Contents/Developer/Platforms/WatchOS.platform/Developer/usr/lib -F /Users/admin/builder/spi-builder-workspace/.derivedData/Build/Products/Debug-watchos -F /Applications/Xcode-27.0.0-Release.Candidate.app/Contents/Developer/Platforms/WatchOS.platform/Developer/Library/Frameworks -F /Applications/Xcode-27.0.0-Release.Candidate.app/Contents/Developer/Platforms/WatchOS.platform/Developer/SDKs/WatchOS27.0.sdk/Developer/Library/Frameworks -c -j10 -enable-batch-mode -incremental -Xcc -ivfsstatcache -Xcc /Users/admin/builder/spi-builder-workspace/.derivedData/SDKStatCaches.noindex/watchos27.0-24R360-e829b21a6f8c9b70876ba0858053c04477534ef55a1706bf4c1112bbb242f0a2.sdkstatcache -output-file-map /Users/admin/builder/spi-builder-workspace/.derivedData/Build/Intermediates.noindex/Cassowary.build/Debug-watchos/Cassowary-t.build/Objects-normal/arm64/Cassowary-OutputFileMap.json -save-temps -no-color-diagnostics -emit-dependencies -emit-module -emit-module-path /Users/admin/builder/spi-builder-workspace/.derivedData/Build/Intermediates.noindex/Cassowary.build/Debug-watchos/Cassowary-t.build/Objects-normal/arm64/Cassowary.swiftmodule -serialize-diagnostics -validate-clang-modules-once -clang-build-session-file /Users/admin/builder/spi-builder-workspace/.derivedData/ModuleCache.noindex/Session.modulevalidation -Xcc -fmodules-prune-interval\=86400 -Xcc -fmodules-prune-after\=345600 -emit-const-values -const-gather-protocols-list /Users/admin/builder/spi-builder-workspace/.derivedData/Build/Intermediates.noindex/Cassowary.build/Debug-watchos/Cassowary-t.build/Objects-normal/arm64/Cassowary_const_extract_protocols.json -Xcc -I/Users/admin/builder/spi-builder-workspace/.derivedData/Build/Products/Debug-watchos/include -Xcc -I/Users/admin/builder/spi-builder-workspace/.derivedData/Build/Intermediates.noindex/Cassowary.build/Debug-watchos/Cassowary-t.build/DerivedSources-normal/arm64 -Xcc -I/Users/admin/builder/spi-builder-workspace/.derivedData/Build/Intermediates.noindex/Cassowary.build/Debug-watchos/Cassowary-t.build/DerivedSources/arm64 -Xcc -I/Users/admin/builder/spi-builder-workspace/.derivedData/Build/Intermediates.noindex/Cassowary.build/Debug-watchos/Cassowary-t.build/DerivedSources -Xcc -DSWIFT_PACKAGE -Xcc -DDEBUG\=1 -emit-objc-header -emit-objc-header-path /Users/admin/builder/spi-builder-workspace/.derivedData/Build/Intermediates.noindex/Cassowary.build/Debug-watchos/Cassowary-t.build/Objects-normal/arm64/Cassowary-Swift.h -working-directory /Users/admin/builder/spi-builder-workspace/.swiftpm/xcode -experimental-emit-module-separately -disable-cmo
SwiftDriver Cassowary normal arm64_32 com.apple.xcode.tools.swift.compiler (in target 'Cassowary' from project 'Cassowary')
cd /Users/admin/builder/spi-builder-workspace/.swiftpm/xcode
builtin-SwiftDriver -- /Applications/Xcode-27.0.0-Release.Candidate.app/Contents/Developer/Toolchains/XcodeDefault.xctoolchain/usr/bin/swiftc -parse-as-library -module-name Cassowary -Onone @/Users/admin/builder/spi-builder-workspace/.derivedData/Build/Intermediates.noindex/Cassowary.build/Debug-watchos/Cassowary-t.build/Objects-normal/arm64_32/Cassowary.SwiftFileList -DSWIFT_PACKAGE -DDEBUG -DSWIFT_MODULE_RESOURCE_BUNDLE_UNAVAILABLE -DXcode -plugin-path /Applications/Xcode-27.0.0-Release.Candidate.app/Contents/Developer/Toolchains/XcodeDefault.xctoolchain/usr/lib/swift/host/plugins/testing -enable-experimental-feature DebugDescriptionMacro -sdk /Applications/Xcode-27.0.0-Release.Candidate.app/Contents/Developer/Platforms/WatchOS.platform/Developer/SDKs/WatchOS27.0.sdk -target arm64_32-apple-watchos9.0 -g -module-cache-path /Users/admin/builder/spi-builder-workspace/.derivedData/ModuleCache.noindex -Xfrontend -serialize-debugging-options -profile-coverage-mapping -profile-generate -enable-testing -suppress-warnings -index-store-path /Users/admin/builder/spi-builder-workspace/.derivedData/Index.noindex/DataStore -Xcc -D_LIBCPP_HARDENING_MODE\=_LIBCPP_HARDENING_MODE_DEBUG -swift-version 4 -I /Users/admin/builder/spi-builder-workspace/.derivedData/Build/Products/Debug-watchos -Isystem /Applications/Xcode-27.0.0-Release.Candidate.app/Contents/Developer/Platforms/WatchOS.platform/Developer/usr/lib -F /Users/admin/builder/spi-builder-workspace/.derivedData/Build/Products/Debug-watchos -F /Applications/Xcode-27.0.0-Release.Candidate.app/Contents/Developer/Platforms/WatchOS.platform/Developer/Library/Frameworks -F /Applications/Xcode-27.0.0-Release.Candidate.app/Contents/Developer/Platforms/WatchOS.platform/Developer/SDKs/WatchOS27.0.sdk/Developer/Library/Frameworks -c -j10 -enable-batch-mode -incremental -Xcc -ivfsstatcache -Xcc /Users/admin/builder/spi-builder-workspace/.derivedData/SDKStatCaches.noindex/watchos27.0-24R360-e829b21a6f8c9b70876ba0858053c04477534ef55a1706bf4c1112bbb242f0a2.sdkstatcache -output-file-map /Users/admin/builder/spi-builder-workspace/.derivedData/Build/Intermediates.noindex/Cassowary.build/Debug-watchos/Cassowary-t.build/Objects-normal/arm64_32/Cassowary-OutputFileMap.json -save-temps -no-color-diagnostics -emit-dependencies -emit-module -emit-module-path /Users/admin/builder/spi-builder-workspace/.derivedData/Build/Intermediates.noindex/Cassowary.build/Debug-watchos/Cassowary-t.build/Objects-normal/arm64_32/Cassowary.swiftmodule -serialize-diagnostics -validate-clang-modules-once -clang-build-session-file /Users/admin/builder/spi-builder-workspace/.derivedData/ModuleCache.noindex/Session.modulevalidation -Xcc -fmodules-prune-interval\=86400 -Xcc -fmodules-prune-after\=345600 -emit-const-values -const-gather-protocols-list /Users/admin/builder/spi-builder-workspace/.derivedData/Build/Intermediates.noindex/Cassowary.build/Debug-watchos/Cassowary-t.build/Objects-normal/arm64_32/Cassowary_const_extract_protocols.json -Xcc -I/Users/admin/builder/spi-builder-workspace/.derivedData/Build/Products/Debug-watchos/include -Xcc -I/Users/admin/builder/spi-builder-workspace/.derivedData/Build/Intermediates.noindex/Cassowary.build/Debug-watchos/Cassowary-t.build/DerivedSources-normal/arm64_32 -Xcc -I/Users/admin/builder/spi-builder-workspace/.derivedData/Build/Intermediates.noindex/Cassowary.build/Debug-watchos/Cassowary-t.build/DerivedSources/arm64_32 -Xcc -I/Users/admin/builder/spi-builder-workspace/.derivedData/Build/Intermediates.noindex/Cassowary.build/Debug-watchos/Cassowary-t.build/DerivedSources -Xcc -DSWIFT_PACKAGE -Xcc -DDEBUG\=1 -emit-objc-header -emit-objc-header-path /Users/admin/builder/spi-builder-workspace/.derivedData/Build/Intermediates.noindex/Cassowary.build/Debug-watchos/Cassowary-t.build/Objects-normal/arm64_32/Cassowary-Swift.h -working-directory /Users/admin/builder/spi-builder-workspace/.swiftpm/xcode -experimental-emit-module-separately -disable-cmo
SwiftCompile normal arm64 Compiling\ ConstraintOperators.swift,\ ConstraintOperatorsCGFloat.swift /Users/admin/builder/spi-builder-workspace/.dependencies/checkouts/CassowarySwift/Sources/Cassowary/ConstraintOperators.swift /Users/admin/builder/spi-builder-workspace/.dependencies/checkouts/CassowarySwift/Sources/Cassowary/ConstraintOperatorsCGFloat.swift (in target 'Cassowary' from project 'Cassowary')
SwiftCompile normal arm64 /Users/admin/builder/spi-builder-workspace/.dependencies/checkouts/CassowarySwift/Sources/Cassowary/ConstraintOperators.swift (in target 'Cassowary' from project 'Cassowary')
cd /Users/admin/builder/spi-builder-workspace/.swiftpm/xcode
builtin-SwiftPerFileCompile ConstraintOperators.swift
SwiftCompile normal arm64 /Users/admin/builder/spi-builder-workspace/.dependencies/checkouts/CassowarySwift/Sources/Cassowary/ConstraintOperatorsCGFloat.swift (in target 'Cassowary' from project 'Cassowary')
cd /Users/admin/builder/spi-builder-workspace/.swiftpm/xcode
builtin-SwiftPerFileCompile ConstraintOperatorsCGFloat.swift
SwiftCompile normal arm64 Compiling\ ConstraintOperatorsInt.swift,\ Double+Epsilon.swift /Users/admin/builder/spi-builder-workspace/.dependencies/checkouts/CassowarySwift/Sources/Cassowary/ConstraintOperatorsInt.swift /Users/admin/builder/spi-builder-workspace/.dependencies/checkouts/CassowarySwift/Sources/Cassowary/Double+Epsilon.swift (in target 'Cassowary' from project 'Cassowary')
SwiftCompile normal arm64 /Users/admin/builder/spi-builder-workspace/.dependencies/checkouts/CassowarySwift/Sources/Cassowary/ConstraintOperatorsInt.swift (in target 'Cassowary' from project 'Cassowary')
cd /Users/admin/builder/spi-builder-workspace/.swiftpm/xcode
builtin-SwiftPerFileCompile ConstraintOperatorsInt.swift
SwiftCompile normal arm64 /Users/admin/builder/spi-builder-workspace/.dependencies/checkouts/CassowarySwift/Sources/Cassowary/Double+Epsilon.swift (in target 'Cassowary' from project 'Cassowary')
cd /Users/admin/builder/spi-builder-workspace/.swiftpm/xcode
builtin-SwiftPerFileCompile Double+Epsilon.swift
SwiftEmitModule normal arm64 Emitting\ module\ for\ Cassowary (in target 'Cassowary' from project 'Cassowary')
SwiftCompile normal arm64 (in target 'Cassowary' from project 'Cassowary')
cd /Users/admin/builder/spi-builder-workspace/.swiftpm/xcode
SwiftCompile normal arm64 Compiling\ Row.swift,\ Solver.swift /Users/admin/builder/spi-builder-workspace/.dependencies/checkouts/CassowarySwift/Sources/Cassowary/Row.swift /Users/admin/builder/spi-builder-workspace/.dependencies/checkouts/CassowarySwift/Sources/Cassowary/Solver.swift (in target 'Cassowary' from project 'Cassowary')
SwiftCompile normal arm64 /Users/admin/builder/spi-builder-workspace/.dependencies/checkouts/CassowarySwift/Sources/Cassowary/Row.swift (in target 'Cassowary' from project 'Cassowary')
cd /Users/admin/builder/spi-builder-workspace/.swiftpm/xcode
builtin-SwiftPerFileCompile Row.swift
SwiftCompile normal arm64 /Users/admin/builder/spi-builder-workspace/.dependencies/checkouts/CassowarySwift/Sources/Cassowary/Solver.swift (in target 'Cassowary' from project 'Cassowary')
cd /Users/admin/builder/spi-builder-workspace/.swiftpm/xcode
builtin-SwiftPerFileCompile Solver.swift
SwiftCompile normal arm64 Compiling\ CassowaryDebugDescription.swift,\ Constraint.swift /Users/admin/builder/spi-builder-workspace/.dependencies/checkouts/CassowarySwift/Sources/Cassowary/CassowaryDebugDescription.swift /Users/admin/builder/spi-builder-workspace/.dependencies/checkouts/CassowarySwift/Sources/Cassowary/Constraint.swift (in target 'Cassowary' from project 'Cassowary')
SwiftCompile normal arm64 /Users/admin/builder/spi-builder-workspace/.dependencies/checkouts/CassowarySwift/Sources/Cassowary/CassowaryDebugDescription.swift (in target 'Cassowary' from project 'Cassowary')
cd /Users/admin/builder/spi-builder-workspace/.swiftpm/xcode
builtin-SwiftPerFileCompile CassowaryDebugDescription.swift
SwiftCompile normal arm64 /Users/admin/builder/spi-builder-workspace/.dependencies/checkouts/CassowarySwift/Sources/Cassowary/Constraint.swift (in target 'Cassowary' from project 'Cassowary')
cd /Users/admin/builder/spi-builder-workspace/.swiftpm/xcode
builtin-SwiftPerFileCompile Constraint.swift
SwiftCompile normal arm64 Compiling\ Symbol.swift /Users/admin/builder/spi-builder-workspace/.dependencies/checkouts/CassowarySwift/Sources/Cassowary/Symbol.swift (in target 'Cassowary' from project 'Cassowary')
SwiftCompile normal arm64 /Users/admin/builder/spi-builder-workspace/.dependencies/checkouts/CassowarySwift/Sources/Cassowary/Symbol.swift (in target 'Cassowary' from project 'Cassowary')
cd /Users/admin/builder/spi-builder-workspace/.swiftpm/xcode
builtin-SwiftPerFileCompile Symbol.swift
SwiftCompile normal arm64 Compiling\ OrderedDictionary.swift,\ RelationalOperator.swift /Users/admin/builder/spi-builder-workspace/.dependencies/checkouts/CassowarySwift/Sources/Cassowary/OrderedDictionary.swift /Users/admin/builder/spi-builder-workspace/.dependencies/checkouts/CassowarySwift/Sources/Cassowary/RelationalOperator.swift (in target 'Cassowary' from project 'Cassowary')
SwiftCompile normal arm64 /Users/admin/builder/spi-builder-workspace/.dependencies/checkouts/CassowarySwift/Sources/Cassowary/OrderedDictionary.swift (in target 'Cassowary' from project 'Cassowary')
cd /Users/admin/builder/spi-builder-workspace/.swiftpm/xcode
builtin-SwiftPerFileCompile OrderedDictionary.swift
SwiftCompile normal arm64 /Users/admin/builder/spi-builder-workspace/.dependencies/checkouts/CassowarySwift/Sources/Cassowary/RelationalOperator.swift (in target 'Cassowary' from project 'Cassowary')
cd /Users/admin/builder/spi-builder-workspace/.swiftpm/xcode
builtin-SwiftPerFileCompile RelationalOperator.swift
SwiftCompile normal arm64 Compiling\ Errors.swift,\ Expression.swift /Users/admin/builder/spi-builder-workspace/.dependencies/checkouts/CassowarySwift/Sources/Cassowary/Errors.swift /Users/admin/builder/spi-builder-workspace/.dependencies/checkouts/CassowarySwift/Sources/Cassowary/Expression.swift (in target 'Cassowary' from project 'Cassowary')
SwiftCompile normal arm64 /Users/admin/builder/spi-builder-workspace/.dependencies/checkouts/CassowarySwift/Sources/Cassowary/Errors.swift (in target 'Cassowary' from project 'Cassowary')
cd /Users/admin/builder/spi-builder-workspace/.swiftpm/xcode
builtin-SwiftPerFileCompile Errors.swift
SwiftCompile normal arm64 /Users/admin/builder/spi-builder-workspace/.dependencies/checkouts/CassowarySwift/Sources/Cassowary/Expression.swift (in target 'Cassowary' from project 'Cassowary')
cd /Users/admin/builder/spi-builder-workspace/.swiftpm/xcode
builtin-SwiftPerFileCompile Expression.swift
SwiftCompile normal arm64 Compiling\ Strength.swift /Users/admin/builder/spi-builder-workspace/.dependencies/checkouts/CassowarySwift/Sources/Cassowary/Strength.swift (in target 'Cassowary' from project 'Cassowary')
SwiftCompile normal arm64 /Users/admin/builder/spi-builder-workspace/.dependencies/checkouts/CassowarySwift/Sources/Cassowary/Strength.swift (in target 'Cassowary' from project 'Cassowary')
cd /Users/admin/builder/spi-builder-workspace/.swiftpm/xcode
builtin-SwiftPerFileCompile Strength.swift
SwiftCompile normal arm64 Compiling\ Term.swift /Users/admin/builder/spi-builder-workspace/.dependencies/checkouts/CassowarySwift/Sources/Cassowary/Term.swift (in target 'Cassowary' from project 'Cassowary')
SwiftCompile normal arm64 /Users/admin/builder/spi-builder-workspace/.dependencies/checkouts/CassowarySwift/Sources/Cassowary/Term.swift (in target 'Cassowary' from project 'Cassowary')
cd /Users/admin/builder/spi-builder-workspace/.swiftpm/xcode
builtin-SwiftPerFileCompile Term.swift
SwiftEmitModule normal arm64_32 Emitting\ module\ for\ Cassowary (in target 'Cassowary' from project 'Cassowary')
SwiftCompile normal arm64_32 (in target 'Cassowary' from project 'Cassowary')
cd /Users/admin/builder/spi-builder-workspace/.swiftpm/xcode
SwiftDriverJobDiscovery normal arm64 Emitting module for Cassowary (in target 'Cassowary' from project 'Cassowary')
SwiftDriver\ Compilation\ Requirements Cassowary normal arm64 com.apple.xcode.tools.swift.compiler (in target 'Cassowary' from project 'Cassowary')
cd /Users/admin/builder/spi-builder-workspace/.swiftpm/xcode
builtin-Swift-Compilation-Requirements -- /Applications/Xcode-27.0.0-Release.Candidate.app/Contents/Developer/Toolchains/XcodeDefault.xctoolchain/usr/bin/swiftc -parse-as-library -module-name Cassowary -Onone @/Users/admin/builder/spi-builder-workspace/.derivedData/Build/Intermediates.noindex/Cassowary.build/Debug-watchos/Cassowary-t.build/Objects-normal/arm64/Cassowary.SwiftFileList -DSWIFT_PACKAGE -DDEBUG -DSWIFT_MODULE_RESOURCE_BUNDLE_UNAVAILABLE -DXcode -plugin-path /Applications/Xcode-27.0.0-Release.Candidate.app/Contents/Developer/Toolchains/XcodeDefault.xctoolchain/usr/lib/swift/host/plugins/testing -enable-experimental-feature DebugDescriptionMacro -sdk /Applications/Xcode-27.0.0-Release.Candidate.app/Contents/Developer/Platforms/WatchOS.platform/Developer/SDKs/WatchOS27.0.sdk -target arm64-apple-watchos9.0 -g -module-cache-path /Users/admin/builder/spi-builder-workspace/.derivedData/ModuleCache.noindex -Xfrontend -serialize-debugging-options -profile-coverage-mapping -profile-generate -enable-testing -suppress-warnings -index-store-path /Users/admin/builder/spi-builder-workspace/.derivedData/Index.noindex/DataStore -Xcc -D_LIBCPP_HARDENING_MODE\=_LIBCPP_HARDENING_MODE_DEBUG -swift-version 4 -I /Users/admin/builder/spi-builder-workspace/.derivedData/Build/Products/Debug-watchos -Isystem /Applications/Xcode-27.0.0-Release.Candidate.app/Contents/Developer/Platforms/WatchOS.platform/Developer/usr/lib -F /Users/admin/builder/spi-builder-workspace/.derivedData/Build/Products/Debug-watchos -F /Applications/Xcode-27.0.0-Release.Candidate.app/Contents/Developer/Platforms/WatchOS.platform/Developer/Library/Frameworks -F /Applications/Xcode-27.0.0-Release.Candidate.app/Contents/Developer/Platforms/WatchOS.platform/Developer/SDKs/WatchOS27.0.sdk/Developer/Library/Frameworks -c -j10 -enable-batch-mode -incremental -Xcc -ivfsstatcache -Xcc /Users/admin/builder/spi-builder-workspace/.derivedData/SDKStatCaches.noindex/watchos27.0-24R360-e829b21a6f8c9b70876ba0858053c04477534ef55a1706bf4c1112bbb242f0a2.sdkstatcache -output-file-map /Users/admin/builder/spi-builder-workspace/.derivedData/Build/Intermediates.noindex/Cassowary.build/Debug-watchos/Cassowary-t.build/Objects-normal/arm64/Cassowary-OutputFileMap.json -save-temps -no-color-diagnostics -emit-dependencies -emit-module -emit-module-path /Users/admin/builder/spi-builder-workspace/.derivedData/Build/Intermediates.noindex/Cassowary.build/Debug-watchos/Cassowary-t.build/Objects-normal/arm64/Cassowary.swiftmodule -serialize-diagnostics -validate-clang-modules-once -clang-build-session-file /Users/admin/builder/spi-builder-workspace/.derivedData/ModuleCache.noindex/Session.modulevalidation -Xcc -fmodules-prune-interval\=86400 -Xcc -fmodules-prune-after\=345600 -emit-const-values -const-gather-protocols-list /Users/admin/builder/spi-builder-workspace/.derivedData/Build/Intermediates.noindex/Cassowary.build/Debug-watchos/Cassowary-t.build/Objects-normal/arm64/Cassowary_const_extract_protocols.json -Xcc -I/Users/admin/builder/spi-builder-workspace/.derivedData/Build/Products/Debug-watchos/include -Xcc -I/Users/admin/builder/spi-builder-workspace/.derivedData/Build/Intermediates.noindex/Cassowary.build/Debug-watchos/Cassowary-t.build/DerivedSources-normal/arm64 -Xcc -I/Users/admin/builder/spi-builder-workspace/.derivedData/Build/Intermediates.noindex/Cassowary.build/Debug-watchos/Cassowary-t.build/DerivedSources/arm64 -Xcc -I/Users/admin/builder/spi-builder-workspace/.derivedData/Build/Intermediates.noindex/Cassowary.build/Debug-watchos/Cassowary-t.build/DerivedSources -Xcc -DSWIFT_PACKAGE -Xcc -DDEBUG\=1 -emit-objc-header -emit-objc-header-path /Users/admin/builder/spi-builder-workspace/.derivedData/Build/Intermediates.noindex/Cassowary.build/Debug-watchos/Cassowary-t.build/Objects-normal/arm64/Cassowary-Swift.h -working-directory /Users/admin/builder/spi-builder-workspace/.swiftpm/xcode -experimental-emit-module-separately -disable-cmo
SwiftDriverJobDiscovery normal arm64 Compiling Term.swift (in target 'Cassowary' from project 'Cassowary')
SwiftCompile normal arm64_32 Compiling\ Strength.swift /Users/admin/builder/spi-builder-workspace/.dependencies/checkouts/CassowarySwift/Sources/Cassowary/Strength.swift (in target 'Cassowary' from project 'Cassowary')
SwiftCompile normal arm64_32 /Users/admin/builder/spi-builder-workspace/.dependencies/checkouts/CassowarySwift/Sources/Cassowary/Strength.swift (in target 'Cassowary' from project 'Cassowary')
cd /Users/admin/builder/spi-builder-workspace/.swiftpm/xcode
builtin-SwiftPerFileCompile Strength.swift
Copy /Users/admin/builder/spi-builder-workspace/.derivedData/Build/Products/Debug-watchos/Cassowary.swiftmodule/arm64-apple-watchos.swiftmodule /Users/admin/builder/spi-builder-workspace/.derivedData/Build/Intermediates.noindex/Cassowary.build/Debug-watchos/Cassowary-t.build/Objects-normal/arm64/Cassowary.swiftmodule (in target 'Cassowary' from project 'Cassowary')
cd /Users/admin/builder/spi-builder-workspace/.dependencies/checkouts/CassowarySwift
builtin-copy -exclude .DS_Store -exclude CVS -exclude .svn -exclude .git -exclude .hg -resolve-src-symlinks -rename /Users/admin/builder/spi-builder-workspace/.derivedData/Build/Intermediates.noindex/Cassowary.build/Debug-watchos/Cassowary-t.build/Objects-normal/arm64/Cassowary.swiftmodule /Users/admin/builder/spi-builder-workspace/.derivedData/Build/Products/Debug-watchos/Cassowary.swiftmodule/arm64-apple-watchos.swiftmodule
SwiftDriverJobDiscovery normal arm64 Compiling Errors.swift, Expression.swift (in target 'Cassowary' from project 'Cassowary')
Copy /Users/admin/builder/spi-builder-workspace/.derivedData/Build/Products/Debug-watchos/Cassowary.swiftmodule/arm64-apple-watchos.swiftdoc /Users/admin/builder/spi-builder-workspace/.derivedData/Build/Intermediates.noindex/Cassowary.build/Debug-watchos/Cassowary-t.build/Objects-normal/arm64/Cassowary.swiftdoc (in target 'Cassowary' from project 'Cassowary')
cd /Users/admin/builder/spi-builder-workspace/.dependencies/checkouts/CassowarySwift
builtin-copy -exclude .DS_Store -exclude CVS -exclude .svn -exclude .git -exclude .hg -resolve-src-symlinks -rename /Users/admin/builder/spi-builder-workspace/.derivedData/Build/Intermediates.noindex/Cassowary.build/Debug-watchos/Cassowary-t.build/Objects-normal/arm64/Cassowary.swiftdoc /Users/admin/builder/spi-builder-workspace/.derivedData/Build/Products/Debug-watchos/Cassowary.swiftmodule/arm64-apple-watchos.swiftdoc
Copy /Users/admin/builder/spi-builder-workspace/.derivedData/Build/Products/Debug-watchos/Cassowary.swiftmodule/arm64-apple-watchos.abi.json /Users/admin/builder/spi-builder-workspace/.derivedData/Build/Intermediates.noindex/Cassowary.build/Debug-watchos/Cassowary-t.build/Objects-normal/arm64/Cassowary.abi.json (in target 'Cassowary' from project 'Cassowary')
cd /Users/admin/builder/spi-builder-workspace/.dependencies/checkouts/CassowarySwift
builtin-copy -exclude .DS_Store -exclude CVS -exclude .svn -exclude .git -exclude .hg -resolve-src-symlinks -rename /Users/admin/builder/spi-builder-workspace/.derivedData/Build/Intermediates.noindex/Cassowary.build/Debug-watchos/Cassowary-t.build/Objects-normal/arm64/Cassowary.abi.json /Users/admin/builder/spi-builder-workspace/.derivedData/Build/Products/Debug-watchos/Cassowary.swiftmodule/arm64-apple-watchos.abi.json
Copy /Users/admin/builder/spi-builder-workspace/.derivedData/Build/Products/Debug-watchos/Cassowary.swiftmodule/Project/arm64-apple-watchos.swiftsourceinfo /Users/admin/builder/spi-builder-workspace/.derivedData/Build/Intermediates.noindex/Cassowary.build/Debug-watchos/Cassowary-t.build/Objects-normal/arm64/Cassowary.swiftsourceinfo (in target 'Cassowary' from project 'Cassowary')
cd /Users/admin/builder/spi-builder-workspace/.dependencies/checkouts/CassowarySwift
builtin-copy -exclude .DS_Store -exclude CVS -exclude .svn -exclude .git -exclude .hg -resolve-src-symlinks -rename /Users/admin/builder/spi-builder-workspace/.derivedData/Build/Intermediates.noindex/Cassowary.build/Debug-watchos/Cassowary-t.build/Objects-normal/arm64/Cassowary.swiftsourceinfo /Users/admin/builder/spi-builder-workspace/.derivedData/Build/Products/Debug-watchos/Cassowary.swiftmodule/Project/arm64-apple-watchos.swiftsourceinfo
SwiftCompile normal arm64_32 Compiling\ Errors.swift,\ Expression.swift /Users/admin/builder/spi-builder-workspace/.dependencies/checkouts/CassowarySwift/Sources/Cassowary/Errors.swift /Users/admin/builder/spi-builder-workspace/.dependencies/checkouts/CassowarySwift/Sources/Cassowary/Expression.swift (in target 'Cassowary' from project 'Cassowary')
SwiftCompile normal arm64_32 /Users/admin/builder/spi-builder-workspace/.dependencies/checkouts/CassowarySwift/Sources/Cassowary/Errors.swift (in target 'Cassowary' from project 'Cassowary')
cd /Users/admin/builder/spi-builder-workspace/.swiftpm/xcode
builtin-SwiftPerFileCompile Errors.swift
SwiftCompile normal arm64_32 /Users/admin/builder/spi-builder-workspace/.dependencies/checkouts/CassowarySwift/Sources/Cassowary/Expression.swift (in target 'Cassowary' from project 'Cassowary')
cd /Users/admin/builder/spi-builder-workspace/.swiftpm/xcode
builtin-SwiftPerFileCompile Expression.swift
SwiftCompile normal arm64_32 Compiling\ Term.swift /Users/admin/builder/spi-builder-workspace/.dependencies/checkouts/CassowarySwift/Sources/Cassowary/Term.swift (in target 'Cassowary' from project 'Cassowary')
SwiftCompile normal arm64_32 /Users/admin/builder/spi-builder-workspace/.dependencies/checkouts/CassowarySwift/Sources/Cassowary/Term.swift (in target 'Cassowary' from project 'Cassowary')
cd /Users/admin/builder/spi-builder-workspace/.swiftpm/xcode
builtin-SwiftPerFileCompile Term.swift
SwiftDriverJobDiscovery normal arm64 Compiling Symbol.swift (in target 'Cassowary' from project 'Cassowary')
SwiftCompile normal arm64_32 Compiling\ ConstraintOperatorsInt.swift,\ Double+Epsilon.swift /Users/admin/builder/spi-builder-workspace/.dependencies/checkouts/CassowarySwift/Sources/Cassowary/ConstraintOperatorsInt.swift /Users/admin/builder/spi-builder-workspace/.dependencies/checkouts/CassowarySwift/Sources/Cassowary/Double+Epsilon.swift (in target 'Cassowary' from project 'Cassowary')
SwiftCompile normal arm64_32 /Users/admin/builder/spi-builder-workspace/.dependencies/checkouts/CassowarySwift/Sources/Cassowary/ConstraintOperatorsInt.swift (in target 'Cassowary' from project 'Cassowary')
cd /Users/admin/builder/spi-builder-workspace/.swiftpm/xcode
builtin-SwiftPerFileCompile ConstraintOperatorsInt.swift
SwiftCompile normal arm64_32 /Users/admin/builder/spi-builder-workspace/.dependencies/checkouts/CassowarySwift/Sources/Cassowary/Double+Epsilon.swift (in target 'Cassowary' from project 'Cassowary')
cd /Users/admin/builder/spi-builder-workspace/.swiftpm/xcode
builtin-SwiftPerFileCompile Double+Epsilon.swift
SwiftDriverJobDiscovery normal arm64 Compiling Strength.swift (in target 'Cassowary' from project 'Cassowary')
SwiftCompile normal arm64_32 Compiling\ ConstraintOperators.swift,\ ConstraintOperatorsCGFloat.swift /Users/admin/builder/spi-builder-workspace/.dependencies/checkouts/CassowarySwift/Sources/Cassowary/ConstraintOperators.swift /Users/admin/builder/spi-builder-workspace/.dependencies/checkouts/CassowarySwift/Sources/Cassowary/ConstraintOperatorsCGFloat.swift (in target 'Cassowary' from project 'Cassowary')
SwiftCompile normal arm64_32 /Users/admin/builder/spi-builder-workspace/.dependencies/checkouts/CassowarySwift/Sources/Cassowary/ConstraintOperators.swift (in target 'Cassowary' from project 'Cassowary')
cd /Users/admin/builder/spi-builder-workspace/.swiftpm/xcode
builtin-SwiftPerFileCompile ConstraintOperators.swift
SwiftCompile normal arm64_32 /Users/admin/builder/spi-builder-workspace/.dependencies/checkouts/CassowarySwift/Sources/Cassowary/ConstraintOperatorsCGFloat.swift (in target 'Cassowary' from project 'Cassowary')
cd /Users/admin/builder/spi-builder-workspace/.swiftpm/xcode
builtin-SwiftPerFileCompile ConstraintOperatorsCGFloat.swift
SwiftDriverJobDiscovery normal arm64 Compiling CassowaryDebugDescription.swift, Constraint.swift (in target 'Cassowary' from project 'Cassowary')
SwiftCompile normal arm64_32 Compiling\ OrderedDictionary.swift,\ RelationalOperator.swift /Users/admin/builder/spi-builder-workspace/.dependencies/checkouts/CassowarySwift/Sources/Cassowary/OrderedDictionary.swift /Users/admin/builder/spi-builder-workspace/.dependencies/checkouts/CassowarySwift/Sources/Cassowary/RelationalOperator.swift (in target 'Cassowary' from project 'Cassowary')
SwiftCompile normal arm64_32 /Users/admin/builder/spi-builder-workspace/.dependencies/checkouts/CassowarySwift/Sources/Cassowary/OrderedDictionary.swift (in target 'Cassowary' from project 'Cassowary')
cd /Users/admin/builder/spi-builder-workspace/.swiftpm/xcode
builtin-SwiftPerFileCompile OrderedDictionary.swift
SwiftCompile normal arm64_32 /Users/admin/builder/spi-builder-workspace/.dependencies/checkouts/CassowarySwift/Sources/Cassowary/RelationalOperator.swift (in target 'Cassowary' from project 'Cassowary')
cd /Users/admin/builder/spi-builder-workspace/.swiftpm/xcode
builtin-SwiftPerFileCompile RelationalOperator.swift
SwiftCompile normal arm64_32 Compiling\ CassowaryDebugDescription.swift,\ Constraint.swift /Users/admin/builder/spi-builder-workspace/.dependencies/checkouts/CassowarySwift/Sources/Cassowary/CassowaryDebugDescription.swift /Users/admin/builder/spi-builder-workspace/.dependencies/checkouts/CassowarySwift/Sources/Cassowary/Constraint.swift (in target 'Cassowary' from project 'Cassowary')
SwiftCompile normal arm64_32 /Users/admin/builder/spi-builder-workspace/.dependencies/checkouts/CassowarySwift/Sources/Cassowary/CassowaryDebugDescription.swift (in target 'Cassowary' from project 'Cassowary')
cd /Users/admin/builder/spi-builder-workspace/.swiftpm/xcode
builtin-SwiftPerFileCompile CassowaryDebugDescription.swift
SwiftCompile normal arm64_32 /Users/admin/builder/spi-builder-workspace/.dependencies/checkouts/CassowarySwift/Sources/Cassowary/Constraint.swift (in target 'Cassowary' from project 'Cassowary')
cd /Users/admin/builder/spi-builder-workspace/.swiftpm/xcode
builtin-SwiftPerFileCompile Constraint.swift
SwiftCompile normal arm64_32 Compiling\ Variable.swift /Users/admin/builder/spi-builder-workspace/.dependencies/checkouts/CassowarySwift/Sources/Cassowary/Variable.swift (in target 'Cassowary' from project 'Cassowary')
SwiftCompile normal arm64_32 /Users/admin/builder/spi-builder-workspace/.dependencies/checkouts/CassowarySwift/Sources/Cassowary/Variable.swift (in target 'Cassowary' from project 'Cassowary')
cd /Users/admin/builder/spi-builder-workspace/.swiftpm/xcode
builtin-SwiftPerFileCompile Variable.swift
SwiftCompile normal arm64_32 Compiling\ Row.swift,\ Solver.swift /Users/admin/builder/spi-builder-workspace/.dependencies/checkouts/CassowarySwift/Sources/Cassowary/Row.swift /Users/admin/builder/spi-builder-workspace/.dependencies/checkouts/CassowarySwift/Sources/Cassowary/Solver.swift (in target 'Cassowary' from project 'Cassowary')
SwiftCompile normal arm64_32 /Users/admin/builder/spi-builder-workspace/.dependencies/checkouts/CassowarySwift/Sources/Cassowary/Row.swift (in target 'Cassowary' from project 'Cassowary')
cd /Users/admin/builder/spi-builder-workspace/.swiftpm/xcode
builtin-SwiftPerFileCompile Row.swift
SwiftCompile normal arm64_32 /Users/admin/builder/spi-builder-workspace/.dependencies/checkouts/CassowarySwift/Sources/Cassowary/Solver.swift (in target 'Cassowary' from project 'Cassowary')
cd /Users/admin/builder/spi-builder-workspace/.swiftpm/xcode
builtin-SwiftPerFileCompile Solver.swift
SwiftDriverJobDiscovery normal arm64 Compiling OrderedDictionary.swift, RelationalOperator.swift (in target 'Cassowary' from project 'Cassowary')
SwiftDriverJobDiscovery normal arm64 Compiling ConstraintOperatorsInt.swift, Double+Epsilon.swift (in target 'Cassowary' from project 'Cassowary')
SwiftDriverJobDiscovery normal arm64 Compiling ConstraintOperators.swift, ConstraintOperatorsCGFloat.swift (in target 'Cassowary' from project 'Cassowary')
SwiftDriverJobDiscovery normal arm64 Compiling Row.swift, Solver.swift (in target 'Cassowary' from project 'Cassowary')
SwiftCompile normal arm64_32 Compiling\ Symbol.swift /Users/admin/builder/spi-builder-workspace/.dependencies/checkouts/CassowarySwift/Sources/Cassowary/Symbol.swift (in target 'Cassowary' from project 'Cassowary')
SwiftCompile normal arm64_32 /Users/admin/builder/spi-builder-workspace/.dependencies/checkouts/CassowarySwift/Sources/Cassowary/Symbol.swift (in target 'Cassowary' from project 'Cassowary')
cd /Users/admin/builder/spi-builder-workspace/.swiftpm/xcode
builtin-SwiftPerFileCompile Symbol.swift
SwiftDriverJobDiscovery normal arm64_32 Emitting module for Cassowary (in target 'Cassowary' from project 'Cassowary')
SwiftDriver\ Compilation\ Requirements Cassowary normal arm64_32 com.apple.xcode.tools.swift.compiler (in target 'Cassowary' from project 'Cassowary')
cd /Users/admin/builder/spi-builder-workspace/.swiftpm/xcode
builtin-Swift-Compilation-Requirements -- /Applications/Xcode-27.0.0-Release.Candidate.app/Contents/Developer/Toolchains/XcodeDefault.xctoolchain/usr/bin/swiftc -parse-as-library -module-name Cassowary -Onone @/Users/admin/builder/spi-builder-workspace/.derivedData/Build/Intermediates.noindex/Cassowary.build/Debug-watchos/Cassowary-t.build/Objects-normal/arm64_32/Cassowary.SwiftFileList -DSWIFT_PACKAGE -DDEBUG -DSWIFT_MODULE_RESOURCE_BUNDLE_UNAVAILABLE -DXcode -plugin-path /Applications/Xcode-27.0.0-Release.Candidate.app/Contents/Developer/Toolchains/XcodeDefault.xctoolchain/usr/lib/swift/host/plugins/testing -enable-experimental-feature DebugDescriptionMacro -sdk /Applications/Xcode-27.0.0-Release.Candidate.app/Contents/Developer/Platforms/WatchOS.platform/Developer/SDKs/WatchOS27.0.sdk -target arm64_32-apple-watchos9.0 -g -module-cache-path /Users/admin/builder/spi-builder-workspace/.derivedData/ModuleCache.noindex -Xfrontend -serialize-debugging-options -profile-coverage-mapping -profile-generate -enable-testing -suppress-warnings -index-store-path /Users/admin/builder/spi-builder-workspace/.derivedData/Index.noindex/DataStore -Xcc -D_LIBCPP_HARDENING_MODE\=_LIBCPP_HARDENING_MODE_DEBUG -swift-version 4 -I /Users/admin/builder/spi-builder-workspace/.derivedData/Build/Products/Debug-watchos -Isystem /Applications/Xcode-27.0.0-Release.Candidate.app/Contents/Developer/Platforms/WatchOS.platform/Developer/usr/lib -F /Users/admin/builder/spi-builder-workspace/.derivedData/Build/Products/Debug-watchos -F /Applications/Xcode-27.0.0-Release.Candidate.app/Contents/Developer/Platforms/WatchOS.platform/Developer/Library/Frameworks -F /Applications/Xcode-27.0.0-Release.Candidate.app/Contents/Developer/Platforms/WatchOS.platform/Developer/SDKs/WatchOS27.0.sdk/Developer/Library/Frameworks -c -j10 -enable-batch-mode -incremental -Xcc -ivfsstatcache -Xcc /Users/admin/builder/spi-builder-workspace/.derivedData/SDKStatCaches.noindex/watchos27.0-24R360-e829b21a6f8c9b70876ba0858053c04477534ef55a1706bf4c1112bbb242f0a2.sdkstatcache -output-file-map /Users/admin/builder/spi-builder-workspace/.derivedData/Build/Intermediates.noindex/Cassowary.build/Debug-watchos/Cassowary-t.build/Objects-normal/arm64_32/Cassowary-OutputFileMap.json -save-temps -no-color-diagnostics -emit-dependencies -emit-module -emit-module-path /Users/admin/builder/spi-builder-workspace/.derivedData/Build/Intermediates.noindex/Cassowary.build/Debug-watchos/Cassowary-t.build/Objects-normal/arm64_32/Cassowary.swiftmodule -serialize-diagnostics -validate-clang-modules-once -clang-build-session-file /Users/admin/builder/spi-builder-workspace/.derivedData/ModuleCache.noindex/Session.modulevalidation -Xcc -fmodules-prune-interval\=86400 -Xcc -fmodules-prune-after\=345600 -emit-const-values -const-gather-protocols-list /Users/admin/builder/spi-builder-workspace/.derivedData/Build/Intermediates.noindex/Cassowary.build/Debug-watchos/Cassowary-t.build/Objects-normal/arm64_32/Cassowary_const_extract_protocols.json -Xcc -I/Users/admin/builder/spi-builder-workspace/.derivedData/Build/Products/Debug-watchos/include -Xcc -I/Users/admin/builder/spi-builder-workspace/.derivedData/Build/Intermediates.noindex/Cassowary.build/Debug-watchos/Cassowary-t.build/DerivedSources-normal/arm64_32 -Xcc -I/Users/admin/builder/spi-builder-workspace/.derivedData/Build/Intermediates.noindex/Cassowary.build/Debug-watchos/Cassowary-t.build/DerivedSources/arm64_32 -Xcc -I/Users/admin/builder/spi-builder-workspace/.derivedData/Build/Intermediates.noindex/Cassowary.build/Debug-watchos/Cassowary-t.build/DerivedSources -Xcc -DSWIFT_PACKAGE -Xcc -DDEBUG\=1 -emit-objc-header -emit-objc-header-path /Users/admin/builder/spi-builder-workspace/.derivedData/Build/Intermediates.noindex/Cassowary.build/Debug-watchos/Cassowary-t.build/Objects-normal/arm64_32/Cassowary-Swift.h -working-directory /Users/admin/builder/spi-builder-workspace/.swiftpm/xcode -experimental-emit-module-separately -disable-cmo
SwiftDriverJobDiscovery normal arm64_32 Compiling Term.swift (in target 'Cassowary' from project 'Cassowary')
SwiftCompile normal arm64 Compiling\ Variable.swift /Users/admin/builder/spi-builder-workspace/.dependencies/checkouts/CassowarySwift/Sources/Cassowary/Variable.swift (in target 'Cassowary' from project 'Cassowary')
SwiftCompile normal arm64 /Users/admin/builder/spi-builder-workspace/.dependencies/checkouts/CassowarySwift/Sources/Cassowary/Variable.swift (in target 'Cassowary' from project 'Cassowary')
cd /Users/admin/builder/spi-builder-workspace/.swiftpm/xcode
builtin-SwiftPerFileCompile Variable.swift
SwiftMergeGeneratedHeaders /Users/admin/builder/spi-builder-workspace/.derivedData/Build/Intermediates.noindex/GeneratedModuleMaps-watchos/Cassowary-Swift.h /Users/admin/builder/spi-builder-workspace/.derivedData/Build/Intermediates.noindex/Cassowary.build/Debug-watchos/Cassowary-t.build/Objects-normal/arm64/Cassowary-Swift.h /Users/admin/builder/spi-builder-workspace/.derivedData/Build/Intermediates.noindex/Cassowary.build/Debug-watchos/Cassowary-t.build/Objects-normal/arm64_32/Cassowary-Swift.h (in target 'Cassowary' from project 'Cassowary')
cd /Users/admin/builder/spi-builder-workspace/.dependencies/checkouts/CassowarySwift
builtin-swiftHeaderTool -arch arm64 /Users/admin/builder/spi-builder-workspace/.derivedData/Build/Intermediates.noindex/Cassowary.build/Debug-watchos/Cassowary-t.build/Objects-normal/arm64/Cassowary-Swift.h -arch arm64_32 /Users/admin/builder/spi-builder-workspace/.derivedData/Build/Intermediates.noindex/Cassowary.build/Debug-watchos/Cassowary-t.build/Objects-normal/arm64_32/Cassowary-Swift.h -o /Users/admin/builder/spi-builder-workspace/.derivedData/Build/Intermediates.noindex/GeneratedModuleMaps-watchos/Cassowary-Swift.h
SwiftDriverJobDiscovery normal arm64_32 Compiling Errors.swift, Expression.swift (in target 'Cassowary' from project 'Cassowary')
Copy /Users/admin/builder/spi-builder-workspace/.derivedData/Build/Products/Debug-watchos/Cassowary.swiftmodule/arm64_32-apple-watchos.swiftmodule /Users/admin/builder/spi-builder-workspace/.derivedData/Build/Intermediates.noindex/Cassowary.build/Debug-watchos/Cassowary-t.build/Objects-normal/arm64_32/Cassowary.swiftmodule (in target 'Cassowary' from project 'Cassowary')
cd /Users/admin/builder/spi-builder-workspace/.dependencies/checkouts/CassowarySwift
builtin-copy -exclude .DS_Store -exclude CVS -exclude .svn -exclude .git -exclude .hg -resolve-src-symlinks -rename /Users/admin/builder/spi-builder-workspace/.derivedData/Build/Intermediates.noindex/Cassowary.build/Debug-watchos/Cassowary-t.build/Objects-normal/arm64_32/Cassowary.swiftmodule /Users/admin/builder/spi-builder-workspace/.derivedData/Build/Products/Debug-watchos/Cassowary.swiftmodule/arm64_32-apple-watchos.swiftmodule
Copy /Users/admin/builder/spi-builder-workspace/.derivedData/Build/Products/Debug-watchos/Cassowary.swiftmodule/arm64_32-apple-watchos.swiftdoc /Users/admin/builder/spi-builder-workspace/.derivedData/Build/Intermediates.noindex/Cassowary.build/Debug-watchos/Cassowary-t.build/Objects-normal/arm64_32/Cassowary.swiftdoc (in target 'Cassowary' from project 'Cassowary')
cd /Users/admin/builder/spi-builder-workspace/.dependencies/checkouts/CassowarySwift
builtin-copy -exclude .DS_Store -exclude CVS -exclude .svn -exclude .git -exclude .hg -resolve-src-symlinks -rename /Users/admin/builder/spi-builder-workspace/.derivedData/Build/Intermediates.noindex/Cassowary.build/Debug-watchos/Cassowary-t.build/Objects-normal/arm64_32/Cassowary.swiftdoc /Users/admin/builder/spi-builder-workspace/.derivedData/Build/Products/Debug-watchos/Cassowary.swiftmodule/arm64_32-apple-watchos.swiftdoc
Copy /Users/admin/builder/spi-builder-workspace/.derivedData/Build/Products/Debug-watchos/Cassowary.swiftmodule/arm64_32-apple-watchos.abi.json /Users/admin/builder/spi-builder-workspace/.derivedData/Build/Intermediates.noindex/Cassowary.build/Debug-watchos/Cassowary-t.build/Objects-normal/arm64_32/Cassowary.abi.json (in target 'Cassowary' from project 'Cassowary')
cd /Users/admin/builder/spi-builder-workspace/.dependencies/checkouts/CassowarySwift
builtin-copy -exclude .DS_Store -exclude CVS -exclude .svn -exclude .git -exclude .hg -resolve-src-symlinks -rename /Users/admin/builder/spi-builder-workspace/.derivedData/Build/Intermediates.noindex/Cassowary.build/Debug-watchos/Cassowary-t.build/Objects-normal/arm64_32/Cassowary.abi.json /Users/admin/builder/spi-builder-workspace/.derivedData/Build/Products/Debug-watchos/Cassowary.swiftmodule/arm64_32-apple-watchos.abi.json
Copy /Users/admin/builder/spi-builder-workspace/.derivedData/Build/Products/Debug-watchos/Cassowary.swiftmodule/Project/arm64_32-apple-watchos.swiftsourceinfo /Users/admin/builder/spi-builder-workspace/.derivedData/Build/Intermediates.noindex/Cassowary.build/Debug-watchos/Cassowary-t.build/Objects-normal/arm64_32/Cassowary.swiftsourceinfo (in target 'Cassowary' from project 'Cassowary')
cd /Users/admin/builder/spi-builder-workspace/.dependencies/checkouts/CassowarySwift
builtin-copy -exclude .DS_Store -exclude CVS -exclude .svn -exclude .git -exclude .hg -resolve-src-symlinks -rename /Users/admin/builder/spi-builder-workspace/.derivedData/Build/Intermediates.noindex/Cassowary.build/Debug-watchos/Cassowary-t.build/Objects-normal/arm64_32/Cassowary.swiftsourceinfo /Users/admin/builder/spi-builder-workspace/.derivedData/Build/Products/Debug-watchos/Cassowary.swiftmodule/Project/arm64_32-apple-watchos.swiftsourceinfo
SwiftDriver PDFAuthor normal arm64_32 com.apple.xcode.tools.swift.compiler (in target 'PDFAuthor' from project 'PDFAuthor')
cd /Users/admin/builder/spi-builder-workspace/.swiftpm/xcode
builtin-SwiftDriver -- /Applications/Xcode-27.0.0-Release.Candidate.app/Contents/Developer/Toolchains/XcodeDefault.xctoolchain/usr/bin/swiftc -parse-as-library -module-name PDFAuthor -Onone @/Users/admin/builder/spi-builder-workspace/.derivedData/Build/Intermediates.noindex/PDFAuthor.build/Debug-watchos/PDFAuthor-t.build/Objects-normal/arm64_32/PDFAuthor.SwiftFileList -DSWIFT_PACKAGE -DDEBUG -DSWIFT_MODULE_RESOURCE_BUNDLE_UNAVAILABLE -DXcode -plugin-path /Applications/Xcode-27.0.0-Release.Candidate.app/Contents/Developer/Toolchains/XcodeDefault.xctoolchain/usr/lib/swift/host/plugins/testing -enable-experimental-feature DebugDescriptionMacro -sdk /Applications/Xcode-27.0.0-Release.Candidate.app/Contents/Developer/Platforms/WatchOS.platform/Developer/SDKs/WatchOS27.0.sdk -target arm64_32-apple-watchos9.0 -g -module-cache-path /Users/admin/builder/spi-builder-workspace/.derivedData/ModuleCache.noindex -Xfrontend -serialize-debugging-options -profile-coverage-mapping -profile-generate -enable-testing -index-store-path /Users/admin/builder/spi-builder-workspace/.derivedData/Index.noindex/DataStore -Xcc -D_LIBCPP_HARDENING_MODE\=_LIBCPP_HARDENING_MODE_DEBUG -swift-version 4 -I /Users/admin/builder/spi-builder-workspace/.derivedData/Build/Products/Debug-watchos -Isystem /Applications/Xcode-27.0.0-Release.Candidate.app/Contents/Developer/Platforms/WatchOS.platform/Developer/usr/lib -F /Users/admin/builder/spi-builder-workspace/.derivedData/Build/Products/Debug-watchos/PackageFrameworks -F /Users/admin/builder/spi-builder-workspace/.derivedData/Build/Products/Debug-watchos -F /Applications/Xcode-27.0.0-Release.Candidate.app/Contents/Developer/Platforms/WatchOS.platform/Developer/Library/Frameworks -F /Applications/Xcode-27.0.0-Release.Candidate.app/Contents/Developer/Platforms/WatchOS.platform/Developer/SDKs/WatchOS27.0.sdk/Developer/Library/Frameworks -c -j10 -enable-batch-mode -incremental -Xcc -ivfsstatcache -Xcc /Users/admin/builder/spi-builder-workspace/.derivedData/SDKStatCaches.noindex/watchos27.0-24R360-e829b21a6f8c9b70876ba0858053c04477534ef55a1706bf4c1112bbb242f0a2.sdkstatcache -output-file-map /Users/admin/builder/spi-builder-workspace/.derivedData/Build/Intermediates.noindex/PDFAuthor.build/Debug-watchos/PDFAuthor-t.build/Objects-normal/arm64_32/PDFAuthor-OutputFileMap.json -save-temps -no-color-diagnostics -emit-dependencies -emit-module -emit-module-path /Users/admin/builder/spi-builder-workspace/.derivedData/Build/Intermediates.noindex/PDFAuthor.build/Debug-watchos/PDFAuthor-t.build/Objects-normal/arm64_32/PDFAuthor.swiftmodule -serialize-diagnostics -validate-clang-modules-once -clang-build-session-file /Users/admin/builder/spi-builder-workspace/.derivedData/ModuleCache.noindex/Session.modulevalidation -Xcc -fmodules-prune-interval\=86400 -Xcc -fmodules-prune-after\=345600 -emit-const-values -const-gather-protocols-list /Users/admin/builder/spi-builder-workspace/.derivedData/Build/Intermediates.noindex/PDFAuthor.build/Debug-watchos/PDFAuthor-t.build/Objects-normal/arm64_32/PDFAuthor_const_extract_protocols.json -Xcc -I/Users/admin/builder/spi-builder-workspace/.derivedData/Build/Products/Debug-watchos/include -Xcc -I/Users/admin/builder/spi-builder-workspace/.derivedData/Build/Intermediates.noindex/PDFAuthor.build/Debug-watchos/PDFAuthor-t.build/DerivedSources-normal/arm64_32 -Xcc -I/Users/admin/builder/spi-builder-workspace/.derivedData/Build/Intermediates.noindex/PDFAuthor.build/Debug-watchos/PDFAuthor-t.build/DerivedSources/arm64_32 -Xcc -I/Users/admin/builder/spi-builder-workspace/.derivedData/Build/Intermediates.noindex/PDFAuthor.build/Debug-watchos/PDFAuthor-t.build/DerivedSources -Xcc -DSWIFT_PACKAGE -Xcc -DDEBUG\=1 -emit-objc-header -emit-objc-header-path /Users/admin/builder/spi-builder-workspace/.derivedData/Build/Intermediates.noindex/PDFAuthor.build/Debug-watchos/PDFAuthor-t.build/Objects-normal/arm64_32/PDFAuthor-Swift.h -working-directory /Users/admin/builder/spi-builder-workspace/.swiftpm/xcode -experimental-emit-module-separately -disable-cmo
SwiftDriver PDFAuthor normal arm64 com.apple.xcode.tools.swift.compiler (in target 'PDFAuthor' from project 'PDFAuthor')
cd /Users/admin/builder/spi-builder-workspace/.swiftpm/xcode
builtin-SwiftDriver -- /Applications/Xcode-27.0.0-Release.Candidate.app/Contents/Developer/Toolchains/XcodeDefault.xctoolchain/usr/bin/swiftc -parse-as-library -module-name PDFAuthor -Onone @/Users/admin/builder/spi-builder-workspace/.derivedData/Build/Intermediates.noindex/PDFAuthor.build/Debug-watchos/PDFAuthor-t.build/Objects-normal/arm64/PDFAuthor.SwiftFileList -DSWIFT_PACKAGE -DDEBUG -DSWIFT_MODULE_RESOURCE_BUNDLE_UNAVAILABLE -DXcode -plugin-path /Applications/Xcode-27.0.0-Release.Candidate.app/Contents/Developer/Toolchains/XcodeDefault.xctoolchain/usr/lib/swift/host/plugins/testing -enable-experimental-feature DebugDescriptionMacro -sdk /Applications/Xcode-27.0.0-Release.Candidate.app/Contents/Developer/Platforms/WatchOS.platform/Developer/SDKs/WatchOS27.0.sdk -target arm64-apple-watchos9.0 -g -module-cache-path /Users/admin/builder/spi-builder-workspace/.derivedData/ModuleCache.noindex -Xfrontend -serialize-debugging-options -profile-coverage-mapping -profile-generate -enable-testing -index-store-path /Users/admin/builder/spi-builder-workspace/.derivedData/Index.noindex/DataStore -Xcc -D_LIBCPP_HARDENING_MODE\=_LIBCPP_HARDENING_MODE_DEBUG -swift-version 4 -I /Users/admin/builder/spi-builder-workspace/.derivedData/Build/Products/Debug-watchos -Isystem /Applications/Xcode-27.0.0-Release.Candidate.app/Contents/Developer/Platforms/WatchOS.platform/Developer/usr/lib -F /Users/admin/builder/spi-builder-workspace/.derivedData/Build/Products/Debug-watchos/PackageFrameworks -F /Users/admin/builder/spi-builder-workspace/.derivedData/Build/Products/Debug-watchos -F /Applications/Xcode-27.0.0-Release.Candidate.app/Contents/Developer/Platforms/WatchOS.platform/Developer/Library/Frameworks -F /Applications/Xcode-27.0.0-Release.Candidate.app/Contents/Developer/Platforms/WatchOS.platform/Developer/SDKs/WatchOS27.0.sdk/Developer/Library/Frameworks -c -j10 -enable-batch-mode -incremental -Xcc -ivfsstatcache -Xcc /Users/admin/builder/spi-builder-workspace/.derivedData/SDKStatCaches.noindex/watchos27.0-24R360-e829b21a6f8c9b70876ba0858053c04477534ef55a1706bf4c1112bbb242f0a2.sdkstatcache -output-file-map /Users/admin/builder/spi-builder-workspace/.derivedData/Build/Intermediates.noindex/PDFAuthor.build/Debug-watchos/PDFAuthor-t.build/Objects-normal/arm64/PDFAuthor-OutputFileMap.json -save-temps -no-color-diagnostics -emit-dependencies -emit-module -emit-module-path /Users/admin/builder/spi-builder-workspace/.derivedData/Build/Intermediates.noindex/PDFAuthor.build/Debug-watchos/PDFAuthor-t.build/Objects-normal/arm64/PDFAuthor.swiftmodule -serialize-diagnostics -validate-clang-modules-once -clang-build-session-file /Users/admin/builder/spi-builder-workspace/.derivedData/ModuleCache.noindex/Session.modulevalidation -Xcc -fmodules-prune-interval\=86400 -Xcc -fmodules-prune-after\=345600 -emit-const-values -const-gather-protocols-list /Users/admin/builder/spi-builder-workspace/.derivedData/Build/Intermediates.noindex/PDFAuthor.build/Debug-watchos/PDFAuthor-t.build/Objects-normal/arm64/PDFAuthor_const_extract_protocols.json -Xcc -I/Users/admin/builder/spi-builder-workspace/.derivedData/Build/Products/Debug-watchos/include -Xcc -I/Users/admin/builder/spi-builder-workspace/.derivedData/Build/Intermediates.noindex/PDFAuthor.build/Debug-watchos/PDFAuthor-t.build/DerivedSources-normal/arm64 -Xcc -I/Users/admin/builder/spi-builder-workspace/.derivedData/Build/Intermediates.noindex/PDFAuthor.build/Debug-watchos/PDFAuthor-t.build/DerivedSources/arm64 -Xcc -I/Users/admin/builder/spi-builder-workspace/.derivedData/Build/Intermediates.noindex/PDFAuthor.build/Debug-watchos/PDFAuthor-t.build/DerivedSources -Xcc -DSWIFT_PACKAGE -Xcc -DDEBUG\=1 -emit-objc-header -emit-objc-header-path /Users/admin/builder/spi-builder-workspace/.derivedData/Build/Intermediates.noindex/PDFAuthor.build/Debug-watchos/PDFAuthor-t.build/Objects-normal/arm64/PDFAuthor-Swift.h -working-directory /Users/admin/builder/spi-builder-workspace/.swiftpm/xcode -experimental-emit-module-separately -disable-cmo
SwiftDriverJobDiscovery normal arm64_32 Compiling Variable.swift (in target 'Cassowary' from project 'Cassowary')
SwiftEmitModule normal arm64_32 Emitting\ module\ for\ PDFAuthor (in target 'PDFAuthor' from project 'PDFAuthor')
/Users/admin/builder/spi-builder-workspace/Sources/PDFAuthor/PDFAuthor.swift:234:75: error: cannot find type 'PDFOutline' in scope
232 | @available(iOS 11, *)
233 | @available(OSX 10.4, *)
234 | private func generateOutlineObject(forDocument document: PDFDocument) -> PDFOutline? {
| `- error: cannot find type 'PDFOutline' in scope
235 | let outlineDict = generateDocumentOutline()
236 |
/Users/admin/builder/spi-builder-workspace/Sources/PDFAuthor/PDFAuthor.swift:234:59: error: cannot find type 'PDFDocument' in scope
232 | @available(iOS 11, *)
233 | @available(OSX 10.4, *)
234 | private func generateOutlineObject(forDocument document: PDFDocument) -> PDFOutline? {
| `- error: cannot find type 'PDFDocument' in scope
235 | let outlineDict = generateDocumentOutline()
236 |
/Users/admin/builder/spi-builder-workspace/Sources/PDFAuthor/PDFAuthor.swift:242:98: error: cannot find type 'PDFOutline' in scope
240 | @available(iOS 11, *)
241 | @available(OSX 10.4, *)
242 | private final func recursiveOutlineObject(outlineDict: [String: Any], document: PDFDocument) -> PDFOutline? {
| `- error: cannot find type 'PDFOutline' in scope
243 | let o = PDFOutline()
244 |
/Users/admin/builder/spi-builder-workspace/Sources/PDFAuthor/PDFAuthor.swift:242:82: error: cannot find type 'PDFDocument' in scope
240 | @available(iOS 11, *)
241 | @available(OSX 10.4, *)
242 | private final func recursiveOutlineObject(outlineDict: [String: Any], document: PDFDocument) -> PDFOutline? {
| `- error: cannot find type 'PDFDocument' in scope
243 | let o = PDFOutline()
244 |
/Users/admin/builder/spi-builder-workspace/Sources/PDFAuthor/Renderable/ImageRegion.swift:36:13: error: cannot find type 'PDFImage' in scope
34 |
35 | public enum PDFImageType {
36 | case image(PDFImage)
| `- error: cannot find type 'PDFImage' in scope
37 | case imageBlock(() -> PDFImage?)
38 | case cgImage(CGImage)
/Users/admin/builder/spi-builder-workspace/Sources/PDFAuthor/Renderable/ImageRegion.swift:37:24: error: cannot find type 'PDFImage' in scope
35 | public enum PDFImageType {
36 | case image(PDFImage)
37 | case imageBlock(() -> PDFImage?)
| `- error: cannot find type 'PDFImage' in scope
38 | case cgImage(CGImage)
39 |
/Users/admin/builder/spi-builder-workspace/Sources/PDFAuthor/Renderable/ImageRegion.swift:38:15: error: cannot find type 'CGImage' in scope
36 | case image(PDFImage)
37 | case imageBlock(() -> PDFImage?)
38 | case cgImage(CGImage)
| `- error: cannot find type 'CGImage' in scope
39 |
40 | func getCGImage() -> CGImage? {
/Users/admin/builder/spi-builder-workspace/Sources/PDFAuthor/Renderable/ImageRegion.swift:40:23: error: cannot find type 'CGImage' in scope
38 | case cgImage(CGImage)
39 |
40 | func getCGImage() -> CGImage? {
| `- error: cannot find type 'CGImage' in scope
41 | switch self {
42 | case .image(let image):
/Users/admin/builder/spi-builder-workspace/Sources/PDFAuthor/Renderable/ImageRegion.swift:110:26: error: cannot find type 'CGBlendMode' in scope
108 |
109 | /// The blend mode to use when rendering the image
110 | public var blendMode: CGBlendMode?
| `- error: cannot find type 'CGBlendMode' in scope
111 |
112 | /// :nodoc:
/Users/admin/builder/spi-builder-workspace/Sources/PDFAuthor/Renderable/ImageRegion.swift:113:47: error: cannot find type 'CGContext' in scope
111 |
112 | /// :nodoc:
113 | override open func draw(withContext context: CGContext, inRect rect: CGRect) {
| `- error: cannot find type 'CGContext' in scope
114 | guard bounds.width > 0, bounds.height > 0 else {
115 | return
/Users/admin/builder/spi-builder-workspace/Sources/PDFAuthor/Renderable/ImageRegion.swift:113:71: error: cannot find type 'CGRect' in scope
111 |
112 | /// :nodoc:
113 | override open func draw(withContext context: CGContext, inRect rect: CGRect) {
| `- error: cannot find type 'CGRect' in scope
114 | guard bounds.width > 0, bounds.height > 0 else {
115 | return
/Users/admin/builder/spi-builder-workspace/Sources/PDFAuthor/Renderable/ImageRegion.swift:113:21: warning: members of 'final' classes are implicitly 'final'; use 'public' instead of 'open'
111 |
112 | /// :nodoc:
113 | override open func draw(withContext context: CGContext, inRect rect: CGRect) {
| `- warning: members of 'final' classes are implicitly 'final'; use 'public' instead of 'open'
114 | guard bounds.width > 0, bounds.height > 0 else {
115 | return
/Users/admin/builder/spi-builder-workspace/Sources/PDFAuthor/Renderable/ImageRegion.swift:149:35: error: cannot find type 'CGRect' in scope
147 | internal static func frameForContentMode(_ contentMode: ImageContentMode,
148 | bounds: CGRect,
149 | imageSize: CGSize) -> CGRect {
| `- error: cannot find type 'CGRect' in scope
150 | switch contentMode {
151 | case .scaleToFill:
/Users/admin/builder/spi-builder-workspace/Sources/PDFAuthor/Renderable/ImageRegion.swift:148:21: error: cannot find type 'CGRect' in scope
146 |
147 | internal static func frameForContentMode(_ contentMode: ImageContentMode,
148 | bounds: CGRect,
| `- error: cannot find type 'CGRect' in scope
149 | imageSize: CGSize) -> CGRect {
150 | switch contentMode {
/Users/admin/builder/spi-builder-workspace/Sources/PDFAuthor/Renderable/ImageRegion.swift:149:24: error: cannot find type 'CGSize' in scope
147 | internal static func frameForContentMode(_ contentMode: ImageContentMode,
148 | bounds: CGRect,
149 | imageSize: CGSize) -> CGRect {
| `- error: cannot find type 'CGSize' in scope
150 | switch contentMode {
151 | case .scaleToFill:
/Users/admin/builder/spi-builder-workspace/Sources/PDFAuthor/Renderable/ImageRegion.swift:205:76: error: cannot find type 'CGRect' in scope
203 | }
204 |
205 | internal static func aspectFitFrame(bounds: CGRect, imageSize: CGSize) -> CGRect {
| `- error: cannot find type 'CGRect' in scope
206 | assert(bounds.width > 0 && bounds.height > 0, "Cannot create frame with zero width/height!")
207 |
/Users/admin/builder/spi-builder-workspace/Sources/PDFAuthor/Renderable/ImageRegion.swift:205:46: error: cannot find type 'CGRect' in scope
203 | }
204 |
205 | internal static func aspectFitFrame(bounds: CGRect, imageSize: CGSize) -> CGRect {
| `- error: cannot find type 'CGRect' in scope
206 | assert(bounds.width > 0 && bounds.height > 0, "Cannot create frame with zero width/height!")
207 |
/Users/admin/builder/spi-builder-workspace/Sources/PDFAuthor/Renderable/ImageRegion.swift:205:65: error: cannot find type 'CGSize' in scope
203 | }
204 |
205 | internal static func aspectFitFrame(bounds: CGRect, imageSize: CGSize) -> CGRect {
| `- error: cannot find type 'CGSize' in scope
206 | assert(bounds.width > 0 && bounds.height > 0, "Cannot create frame with zero width/height!")
207 |
/Users/admin/builder/spi-builder-workspace/Sources/PDFAuthor/Renderable/ImageRegion.swift:222:77: error: cannot find type 'CGRect' in scope
220 | }
221 |
222 | internal static func aspectFillFrame(bounds: CGRect, imageSize: CGSize) -> CGRect {
| `- error: cannot find type 'CGRect' in scope
223 | let aspect = imageSize.width / imageSize.height
224 |
/Users/admin/builder/spi-builder-workspace/Sources/PDFAuthor/Renderable/ImageRegion.swift:222:47: error: cannot find type 'CGRect' in scope
220 | }
221 |
222 | internal static func aspectFillFrame(bounds: CGRect, imageSize: CGSize) -> CGRect {
| `- error: cannot find type 'CGRect' in scope
223 | let aspect = imageSize.width / imageSize.height
224 |
/Users/admin/builder/spi-builder-workspace/Sources/PDFAuthor/Renderable/ImageRegion.swift:222:66: error: cannot find type 'CGSize' in scope
220 | }
221 |
222 | internal static func aspectFillFrame(bounds: CGRect, imageSize: CGSize) -> CGRect {
| `- error: cannot find type 'CGSize' in scope
223 | let aspect = imageSize.width / imageSize.height
224 |
/Users/admin/builder/spi-builder-workspace/Sources/PDFAuthor/Renderable/MultiColumnStringRegion.swift:117:11: error: cannot find type 'PDFFont' in scope
115 | /// Initialize with a string, font, text color, text alignment and number of columns
116 | public init(string: String,
117 | font: PDFFont = PDFFont.systemFont(ofSize: PDFFont.systemFontSize),
| `- error: cannot find type 'PDFFont' in scope
118 | color: PDFColor = .black,
119 | alignment: NSTextAlignment = .left,
/Users/admin/builder/spi-builder-workspace/Sources/PDFAuthor/Renderable/MultiColumnStringRegion.swift:118:12: error: cannot find type 'PDFColor' in scope
116 | public init(string: String,
117 | font: PDFFont = PDFFont.systemFont(ofSize: PDFFont.systemFontSize),
118 | color: PDFColor = .black,
| `- error: cannot find type 'PDFColor' in scope
119 | alignment: NSTextAlignment = .left,
120 | numColumns: UInt = 1) {
/Users/admin/builder/spi-builder-workspace/Sources/PDFAuthor/Renderable/MultiColumnStringRegion.swift:119:16: error: cannot find type 'NSTextAlignment' in scope
117 | font: PDFFont = PDFFont.systemFont(ofSize: PDFFont.systemFontSize),
118 | color: PDFColor = .black,
119 | alignment: NSTextAlignment = .left,
| `- error: cannot find type 'NSTextAlignment' in scope
120 | numColumns: UInt = 1) {
121 |
/Users/admin/builder/spi-builder-workspace/Sources/PDFAuthor/Renderable/MultiColumnStringRegion.swift:41:32: error: cannot find type 'PDFFont' in scope
39 |
40 | /// The font that this region will use
41 | public var font: PDFFont?
| `- error: cannot find type 'PDFFont' in scope
42 |
43 | /// The color of the text
/Users/admin/builder/spi-builder-workspace/Sources/PDFAuthor/Renderable/MultiColumnStringRegion.swift:44:32: error: cannot find type 'PDFColor' in scope
42 |
43 | /// The color of the text
44 | public var textColor: PDFColor?
| `- error: cannot find type 'PDFColor' in scope
45 |
46 | /// The alignment of the text
/Users/admin/builder/spi-builder-workspace/Sources/PDFAuthor/Renderable/MultiColumnStringRegion.swift:47:32: error: cannot find type 'NSTextAlignment' in scope
45 |
46 | /// The alignment of the text
47 | public var textAlignment: NSTextAlignment?
| `- error: cannot find type 'NSTextAlignment' in scope
48 |
49 | /// The number of columns to use
/Users/admin/builder/spi-builder-workspace/Sources/PDFAuthor/Renderable/MultiColumnStringRegion.swift:89:52: error: cannot find type 'NSStringDrawingOptions' in scope
87 | public typealias PDFAuthorStringDrawingOptions = NSString.DrawingOptions
88 | #else
89 | public typealias PDFAuthorStringDrawingOptions = NSStringDrawingOptions
| `- error: cannot find type 'NSStringDrawingOptions' in scope
90 | #endif
91 |
/Users/admin/builder/spi-builder-workspace/Sources/PDFAuthor/Renderable/PDFPage.swift:59:42: error: cannot find type 'CGContext' in scope
57 | // MARK: Drawing
58 |
59 | internal func render(toContext context: CGContext) {
| `- error: cannot find type 'CGContext' in scope
60 | // This is the root, so we need to constrain the edges
61 | self.addConstraints(self.left == Double(frame.origin.x),
/Users/admin/builder/spi-builder-workspace/Sources/PDFAuthor/Renderable/PDFPage.swift:107:59: error: cannot find type 'CGContext' in scope
105 | - rect: A rect providing bounds in which to draw
106 | */
107 | override internal func drawInternal(withContext context: CGContext, inRect rect: CGRect) {
| `- error: cannot find type 'CGContext' in scope
108 | // Draw background color
109 | if !rect.isEmpty {
/Users/admin/builder/spi-builder-workspace/Sources/PDFAuthor/Renderable/PDFPage.swift:152:34: error: 'Expression' is ambiguous for type lookup in this context
150 | }
151 |
152 | public var leftBackgroundInset: Expression {
| `- error: 'Expression' is ambiguous for type lookup in this context
153 | return (left + backgroundInsetLeft).setAlias("leftBackgroundInset", owner: self)
154 | }
Foundation.Expression:2:15: note: found this candidate
1 | @available(macOS 15, iOS 18, tvOS 18, watchOS 11, *)
2 | public struct Expression<each Input, Output> : Sendable {
| `- note: found this candidate
3 | public let expression: any StandardPredicateExpression<Output>
4 | public let variable: (repeat PredicateExpressions.Variable<each Input>)
/Users/admin/builder/spi-builder-workspace/.dependencies/checkouts/CassowarySwift/Sources/Cassowary/Expression.swift:34:20: note: found this candidate
32 | */
33 |
34 | public final class Expression: CustomStringConvertible, CassowaryDebugDescription {
| `- note: found this candidate
35 | private weak var _owner: AnyObject?
36 |
/Users/admin/builder/spi-builder-workspace/Sources/PDFAuthor/Renderable/PDFPage.swift:156:35: error: 'Expression' is ambiguous for type lookup in this context
154 | }
155 |
156 | public var rightBackgroundInset: Expression {
| `- error: 'Expression' is ambiguous for type lookup in this context
157 | return (right - backgroundInsetRight).setAlias("rightBackgroundInset", owner: self)
158 | }
Foundation.Expression:2:15: note: found this candidate
1 | @available(macOS 15, iOS 18, tvOS 18, watchOS 11, *)
2 | public struct Expression<each Input, Output> : Sendable {
| `- note: found this candidate
3 | public let expression: any StandardPredicateExpression<Output>
4 | public let variable: (repeat PredicateExpressions.Variable<each Input>)
/Users/admin/builder/spi-builder-workspace/.dependencies/checkouts/CassowarySwift/Sources/Cassowary/Expression.swift:34:20: note: found this candidate
32 | */
33 |
34 | public final class Expression: CustomStringConvertible, CassowaryDebugDescription {
| `- note: found this candidate
35 | private weak var _owner: AnyObject?
36 |
/Users/admin/builder/spi-builder-workspace/Sources/PDFAuthor/Renderable/PDFPage.swift:160:33: error: 'Expression' is ambiguous for type lookup in this context
158 | }
159 |
160 | public var topBackgroundInset: Expression {
| `- error: 'Expression' is ambiguous for type lookup in this context
161 | return (top + backgroundInsetTop).setAlias("topBackgroundInset", owner: self)
162 | }
Foundation.Expression:2:15: note: found this candidate
1 | @available(macOS 15, iOS 18, tvOS 18, watchOS 11, *)
2 | public struct Expression<each Input, Output> : Sendable {
| `- note: found this candidate
3 | public let expression: any StandardPredicateExpression<Output>
4 | public let variable: (repeat PredicateExpressions.Variable<each Input>)
/Users/admin/builder/spi-builder-workspace/.dependencies/checkouts/CassowarySwift/Sources/Cassowary/Expression.swift:34:20: note: found this candidate
32 | */
33 |
34 | public final class Expression: CustomStringConvertible, CassowaryDebugDescription {
| `- note: found this candidate
35 | private weak var _owner: AnyObject?
36 |
/Users/admin/builder/spi-builder-workspace/Sources/PDFAuthor/Renderable/PDFPage.swift:164:36: error: 'Expression' is ambiguous for type lookup in this context
162 | }
163 |
164 | public var bottomBackgroundInset: Expression {
| `- error: 'Expression' is ambiguous for type lookup in this context
165 | return (bottom - backgroundInsetBottom).setAlias("bottomBackgroundInset", owner: self)
166 | }
Foundation.Expression:2:15: note: found this candidate
1 | @available(macOS 15, iOS 18, tvOS 18, watchOS 11, *)
2 | public struct Expression<each Input, Output> : Sendable {
| `- note: found this candidate
3 | public let expression: any StandardPredicateExpression<Output>
4 | public let variable: (repeat PredicateExpressions.Variable<each Input>)
/Users/admin/builder/spi-builder-workspace/.dependencies/checkouts/CassowarySwift/Sources/Cassowary/Expression.swift:34:20: note: found this candidate
32 | */
33 |
34 | public final class Expression: CustomStringConvertible, CassowaryDebugDescription {
| `- note: found this candidate
35 | private weak var _owner: AnyObject?
36 |
/Users/admin/builder/spi-builder-workspace/Sources/PDFAuthor/Renderable/PDFRegion.swift:44:30: error: cannot find type 'PDFColor' in scope
42 |
43 | /// The background color of the region. Defaults to .clear
44 | public var backgroundColor: PDFColor = .clear
| `- error: cannot find type 'PDFColor' in scope
45 |
46 | public var urlLink: URL? = nil
/Users/admin/builder/spi-builder-workspace/Sources/PDFAuthor/Renderable/PDFRegion.swift:55:37: error: cannot find type 'PDFColor' in scope
53 |
54 | /// A solid border
55 | case solid(width: CGFloat, color: PDFColor)
| `- error: cannot find type 'PDFColor' in scope
56 |
57 | /// A dashed border
/Users/admin/builder/spi-builder-workspace/Sources/PDFAuthor/Renderable/PDFRegion.swift:58:38: error: cannot find type 'PDFColor' in scope
56 |
57 | /// A dashed border
58 | case dashed(width: CGFloat, color: PDFColor, phase: CGFloat, lengths: [CGFloat])
| `- error: cannot find type 'PDFColor' in scope
59 | }
60 |
/Users/admin/builder/spi-builder-workspace/Sources/PDFAuthor/Renderable/StringRegion.swift:82:48: error: cannot find type 'PDFFont' in scope
80 |
81 | /// Initialize with a string, font, text color and text alignment
82 | public convenience init(string: String, font: PDFFont, color: PDFColor, alignment: NSTextAlignment) {
| `- error: cannot find type 'PDFFont' in scope
83 | let paragraphStyle = NSMutableParagraphStyle()
84 | paragraphStyle.alignment = alignment
/Users/admin/builder/spi-builder-workspace/Sources/PDFAuthor/Renderable/StringRegion.swift:82:64: error: cannot find type 'PDFColor' in scope
80 |
81 | /// Initialize with a string, font, text color and text alignment
82 | public convenience init(string: String, font: PDFFont, color: PDFColor, alignment: NSTextAlignment) {
| `- error: cannot find type 'PDFColor' in scope
83 | let paragraphStyle = NSMutableParagraphStyle()
84 | paragraphStyle.alignment = alignment
/Users/admin/builder/spi-builder-workspace/Sources/PDFAuthor/Renderable/StringRegion.swift:82:85: error: cannot find type 'NSTextAlignment' in scope
80 |
81 | /// Initialize with a string, font, text color and text alignment
82 | public convenience init(string: String, font: PDFFont, color: PDFColor, alignment: NSTextAlignment) {
| `- error: cannot find type 'NSTextAlignment' in scope
83 | let paragraphStyle = NSMutableParagraphStyle()
84 | paragraphStyle.alignment = alignment
/Users/admin/builder/spi-builder-workspace/Sources/PDFAuthor/Renderable/StringRegion.swift:96:48: error: cannot find type 'PDFFont' in scope
94 |
95 | /// Initialize with a string, font and text color
96 | public convenience init(string: String, font: PDFFont, color: PDFColor) {
| `- error: cannot find type 'PDFFont' in scope
97 | let attributes: [NSAttributedString.Key: Any] = [
98 | .font: font as CTFont,
/Users/admin/builder/spi-builder-workspace/Sources/PDFAuthor/Renderable/StringRegion.swift:96:64: error: cannot find type 'PDFColor' in scope
94 |
95 | /// Initialize with a string, font and text color
96 | public convenience init(string: String, font: PDFFont, color: PDFColor) {
| `- error: cannot find type 'PDFColor' in scope
97 | let attributes: [NSAttributedString.Key: Any] = [
98 | .font: font as CTFont,
/Users/admin/builder/spi-builder-workspace/Sources/PDFAuthor/Renderable/StringRegion.swift:106:49: error: cannot find type 'PDFColor' in scope
104 |
105 | /// Initialize with a string and text color
106 | public convenience init(string: String, color: PDFColor) {
| `- error: cannot find type 'PDFColor' in scope
107 | let attributes: [NSAttributedString.Key: Any] = [
108 | .foregroundColor: color.cgColor
/Users/admin/builder/spi-builder-workspace/Sources/PDFAuthor/Renderable/StringRegion.swift:115:48: error: cannot find type 'PDFFont' in scope
113 |
114 | /// Initialize with a string and font
115 | public convenience init(string: String, font: PDFFont) {
| `- error: cannot find type 'PDFFont' in scope
116 | let attributes: [NSAttributedString.Key: Any] = [
117 | .font: font as CTFont
/Users/admin/builder/spi-builder-workspace/Sources/PDFAuthor/Renderable/StringRegion.swift:45:52: error: cannot find type 'NSStringDrawingOptions' in scope
43 | public typealias PDFAuthorStringDrawingOptions = NSString.DrawingOptions
44 | #else
45 | public typealias PDFAuthorStringDrawingOptions = NSStringDrawingOptions
| `- error: cannot find type 'NSStringDrawingOptions' in scope
46 | #endif
47 |
/Users/admin/builder/spi-builder-workspace/Sources/PDFAuthor/Renderable/TableChapter/TableChapterDataSource.swift:51:111: error: cannot find type 'PDFColor' in scope
49 |
50 | /// Asks the data source for the background color of a row in the table
51 | func tableChapter(_ tableChapter: TableChapter, backgroundColorForRowAtIndexPath indexPath: PDFIndexPath) -> PDFColor?
| `- error: cannot find type 'PDFColor' in scope
52 |
53 | /**
/Users/admin/builder/spi-builder-workspace/Sources/PDFAuthor/Renderable/TableChapter/TableChapterDataSource.swift:57:87: error: cannot find type 'PDFColor' in scope
55 | When not nil, this overrides the global page color.
56 | */
57 | func tableChapter(_ tableChapter: TableChapter, backgroundColorForPage page: Int) -> PDFColor?
| `- error: cannot find type 'PDFColor' in scope
58 |
59 | /**
/Users/admin/builder/spi-builder-workspace/Sources/PDFAuthor/Renderable/TableChapter/TableChapter.swift:74:35: error: cannot find type 'PDFColor' in scope
72 |
73 | /// Default background color for pages. Can be overridden by the delegate method
74 | public var pageBackgroundColor: PDFColor?
| `- error: cannot find type 'PDFColor' in scope
75 |
76 | public var contentWidth: CGFloat {
/Users/admin/builder/spi-builder-workspace/Sources/PDFAuthor/Renderable/TableChapter/TableChapterDataSource.swift:114:111: error: cannot find type 'PDFColor' in scope
112 | public extension TableChapterDataSource {
113 |
114 | func tableChapter(_ tableChapter: TableChapter, backgroundColorForRowAtIndexPath indexPath: PDFIndexPath) -> PDFColor? {
| `- error: cannot find type 'PDFColor' in scope
115 | return nil
116 | }
/Users/admin/builder/spi-builder-workspace/Sources/PDFAuthor/Renderable/TableChapter/TableChapterDataSource.swift:118:87: error: cannot find type 'PDFColor' in scope
116 | }
117 |
118 | func tableChapter(_ tableChapter: TableChapter, backgroundColorForPage page: Int) -> PDFColor? {
| `- error: cannot find type 'PDFColor' in scope
119 | return nil
120 | }
/Users/admin/builder/spi-builder-workspace/Sources/PDFAuthor/Types/Types.swift:247:13: error: cannot find type 'PDFImage' in scope
245 |
246 | /// A mask using an image, using coordinates specified by the rect, relative to the region's coordinate space.
247 | case image(PDFImage, CGRect)
| `- error: cannot find type 'PDFImage' in scope
248 |
249 | /// A mask using a CGPath
/Users/admin/builder/spi-builder-workspace/Sources/PDFAuthor/Types/Types.swift:250:12: error: cannot find type 'CGPath' in scope
248 |
249 | /// A mask using a CGPath
250 | case path(CGPath)
| `- error: cannot find type 'CGPath' in scope
251 |
252 | /// A circular mask to the region's bounds
Failed frontend command:
/Applications/Xcode-27.0.0-Release.Candidate.app/Contents/Developer/Toolchains/XcodeDefault.xctoolchain/usr/bin/swift-frontend -frontend -emit-module -experimental-skip-non-inlinable-function-bodies-without-types /Users/admin/builder/spi-builder-workspace/Sources/PDFAuthor/PDFAuthor.swift /Users/admin/builder/spi-builder-workspace/Sources/PDFAuthor/Renderable/ImageRegion.swift /Users/admin/builder/spi-builder-workspace/Sources/PDFAuthor/Renderable/MultiColumnStringRegion.swift /Users/admin/builder/spi-builder-workspace/Sources/PDFAuthor/Renderable/PDFChapter.swift /Users/admin/builder/spi-builder-workspace/Sources/PDFAuthor/Renderable/PDFPage.swift /Users/admin/builder/spi-builder-workspace/Sources/PDFAuthor/Renderable/PDFRegion.swift /Users/admin/builder/spi-builder-workspace/Sources/PDFAuthor/Renderable/PDFRegionConstraints.swift /Users/admin/builder/spi-builder-workspace/Sources/PDFAuthor/Renderable/StackRegion/StackRegion.swift /Users/admin/builder/spi-builder-workspace/Sources/PDFAuthor/Renderable/StackRegion/StackRegionTypes.swift /Users/admin/builder/spi-builder-workspace/Sources/PDFAuthor/Renderable/StringRegion.swift /Users/admin/builder/spi-builder-workspace/Sources/PDFAuthor/Renderable/TableChapter/TableChapter.swift /Users/admin/builder/spi-builder-workspace/Sources/PDFAuthor/Renderable/TableChapter/TableChapterDataSource.swift /Users/admin/builder/spi-builder-workspace/Sources/PDFAuthor/Types/PDFError.swift /Users/admin/builder/spi-builder-workspace/Sources/PDFAuthor/Types/Types.swift -target arm64_32-apple-watchos9.0 -enable-objc-interop -sdk /Applications/Xcode-27.0.0-Release.Candidate.app/Contents/Developer/Platforms/WatchOS.platform/Developer/SDKs/WatchOS27.0.sdk -I /Users/admin/builder/spi-builder-workspace/.derivedData/Build/Products/Debug-watchos -Isystem /Applications/Xcode-27.0.0-Release.Candidate.app/Contents/Developer/Platforms/WatchOS.platform/Developer/usr/lib -F /Users/admin/builder/spi-builder-workspace/.derivedData/Build/Products/Debug-watchos/PackageFrameworks -F /Users/admin/builder/spi-builder-workspace/.derivedData/Build/Products/Debug-watchos -F /Applications/Xcode-27.0.0-Release.Candidate.app/Contents/Developer/Platforms/WatchOS.platform/Developer/Library/Frameworks -F /Applications/Xcode-27.0.0-Release.Candidate.app/Contents/Developer/Platforms/WatchOS.platform/Developer/SDKs/WatchOS27.0.sdk/Developer/Library/Frameworks -module-cache-path /Users/admin/builder/spi-builder-workspace/.derivedData/ModuleCache.noindex -no-color-diagnostics -Xcc -fno-color-diagnostics -enable-testing -g -debug-info-format\=dwarf -dwarf-version\=4 -profile-generate -profile-coverage-mapping -swift-version 4 -Onone -D SWIFT_PACKAGE -D DEBUG -D SWIFT_MODULE_RESOURCE_BUNDLE_UNAVAILABLE -D Xcode -serialize-debugging-options -enable-experimental-feature DebugDescriptionMacro -empty-abi-descriptor -plugin-path /Applications/Xcode-27.0.0-Release.Candidate.app/Contents/Developer/Toolchains/XcodeDefault.xctoolchain/usr/lib/swift/host/plugins/testing -validate-clang-modules-once -clang-build-session-file /Users/admin/builder/spi-builder-workspace/.derivedData/ModuleCache.noindex/Session.modulevalidation -Xcc -working-directory -Xcc /Users/admin/builder/spi-builder-workspace/.swiftpm/xcode -enable-anonymous-context-mangled-names -file-compilation-dir /Users/admin/builder/spi-builder-workspace/.swiftpm/xcode -Xcc -D_LIBCPP_HARDENING_MODE\=_LIBCPP_HARDENING_MODE_DEBUG -Xcc -ivfsstatcache -Xcc /Users/admin/builder/spi-builder-workspace/.derivedData/SDKStatCaches.noindex/watchos27.0-24R360-e829b21a6f8c9b70876ba0858053c04477534ef55a1706bf4c1112bbb242f0a2.sdkstatcache -Xcc -fmodules-prune-interval\=86400 -Xcc -fmodules-prune-after\=345600 -Xcc -I/Users/admin/builder/spi-builder-workspace/.derivedData/Build/Products/Debug-watchos/include -Xcc -I/Users/admin/builder/spi-builder-workspace/.derivedData/Build/Intermediates.noindex/PDFAuthor.build/Debug-watchos/PDFAuthor-t.build/DerivedSources-normal/arm64_32 -Xcc -I/Users/admin/builder/spi-builder-workspace/.derivedData/Build/Intermediates.noindex/PDFAuthor.build/Debug-watchos/PDFAuthor-t.build/DerivedSources/arm64_32 -Xcc -I/Users/admin/builder/spi-builder-workspace/.derivedData/Build/Intermediates.noindex/PDFAuthor.build/Debug-watchos/PDFAuthor-t.build/DerivedSources -Xcc -DSWIFT_PACKAGE -Xcc -DDEBUG\=1 -no-auto-bridging-header-chaining -module-name PDFAuthor -const-gather-protocols-file /Users/admin/builder/spi-builder-workspace/.derivedData/Build/Intermediates.noindex/PDFAuthor.build/Debug-watchos/PDFAuthor-t.build/Objects-normal/arm64_32/PDFAuthor_const_extract_protocols.json -disable-clang-spi -target-sdk-version 27.0 -target-sdk-name watchos27.0 -external-plugin-path /Applications/Xcode-27.0.0-Release.Candidate.app/Contents/Developer/Platforms/WatchOS.platform/Developer/usr/lib/swift/host/plugins\#/Applications/Xcode-27.0.0-Release.Candidate.app/Contents/Developer/Platforms/WatchOS.platform/Developer/usr/bin/swift-plugin-server -external-plugin-path /Applications/Xcode-27.0.0-Release.Candidate.app/Contents/Developer/Platforms/WatchOS.platform/Developer/usr/local/lib/swift/host/plugins\#/Applications/Xcode-27.0.0-Release.Candidate.app/Contents/Developer/Platforms/WatchOS.platform/Developer/usr/bin/swift-plugin-server -in-process-plugin-server-path /Applications/Xcode-27.0.0-Release.Candidate.app/Contents/Developer/Toolchains/XcodeDefault.xctoolchain/usr/lib/swift/host/libSwiftInProcPluginServer.dylib -plugin-path /Applications/Xcode-27.0.0-Release.Candidate.app/Contents/Developer/Toolchains/XcodeDefault.xctoolchain/usr/lib/swift/host/plugins -plugin-path /Applications/Xcode-27.0.0-Release.Candidate.app/Contents/Developer/Toolchains/XcodeDefault.xctoolchain/usr/local/lib/swift/host/plugins -emit-module-doc-path /Users/admin/builder/spi-builder-workspace/.derivedData/Build/Intermediates.noindex/PDFAuthor.build/Debug-watchos/PDFAuthor-t.build/Objects-normal/arm64_32/PDFAuthor.swiftdoc -emit-module-source-info-path /Users/admin/builder/spi-builder-workspace/.derivedData/Build/Intermediates.noindex/PDFAuthor.build/Debug-watchos/PDFAuthor-t.build/Objects-normal/arm64_32/PDFAuthor.swiftsourceinfo -emit-objc-header-path /Users/admin/builder/spi-builder-workspace/.derivedData/Build/Intermediates.noindex/PDFAuthor.build/Debug-watchos/PDFAuthor-t.build/Objects-normal/arm64_32/PDFAuthor-Swift.h -serialize-diagnostics-path /Users/admin/builder/spi-builder-workspace/.derivedData/Build/Intermediates.noindex/PDFAuthor.build/Debug-watchos/PDFAuthor-t.build/Objects-normal/arm64_32/PDFAuthor-primary-emit-module.dia -emit-dependencies-path /Users/admin/builder/spi-builder-workspace/.derivedData/Build/Intermediates.noindex/PDFAuthor.build/Debug-watchos/PDFAuthor-t.build/Objects-normal/arm64_32/PDFAuthor-primary-emit-module.d -parse-as-library -o /Users/admin/builder/spi-builder-workspace/.derivedData/Build/Intermediates.noindex/PDFAuthor.build/Debug-watchos/PDFAuthor-t.build/Objects-normal/arm64_32/PDFAuthor.swiftmodule -emit-abi-descriptor-path /Users/admin/builder/spi-builder-workspace/.derivedData/Build/Intermediates.noindex/PDFAuthor.build/Debug-watchos/PDFAuthor-t.build/Objects-normal/arm64_32/PDFAuthor.abi.json
SwiftCompile normal arm64_32 (in target 'PDFAuthor' from project 'PDFAuthor')
cd /Users/admin/builder/spi-builder-workspace/.swiftpm/xcode
SwiftCompile normal arm64_32 Compiling\ StringRegion.swift /Users/admin/builder/spi-builder-workspace/Sources/PDFAuthor/Renderable/StringRegion.swift (in target 'PDFAuthor' from project 'PDFAuthor')
/Users/admin/builder/spi-builder-workspace/Sources/PDFAuthor/Renderable/StringRegion.swift:82:48: error: cannot find type 'PDFFont' in scope
80 |
81 | /// Initialize with a string, font, text color and text alignment
82 | public convenience init(string: String, font: PDFFont, color: PDFColor, alignment: NSTextAlignment) {
| `- error: cannot find type 'PDFFont' in scope
83 | let paragraphStyle = NSMutableParagraphStyle()
84 | paragraphStyle.alignment = alignment
/Users/admin/builder/spi-builder-workspace/Sources/PDFAuthor/Renderable/StringRegion.swift:82:64: error: cannot find type 'PDFColor' in scope
80 |
81 | /// Initialize with a string, font, text color and text alignment
82 | public convenience init(string: String, font: PDFFont, color: PDFColor, alignment: NSTextAlignment) {
| `- error: cannot find type 'PDFColor' in scope
83 | let paragraphStyle = NSMutableParagraphStyle()
84 | paragraphStyle.alignment = alignment
/Users/admin/builder/spi-builder-workspace/Sources/PDFAuthor/Renderable/StringRegion.swift:82:85: error: cannot find type 'NSTextAlignment' in scope
80 |
81 | /// Initialize with a string, font, text color and text alignment
82 | public convenience init(string: String, font: PDFFont, color: PDFColor, alignment: NSTextAlignment) {
| `- error: cannot find type 'NSTextAlignment' in scope
83 | let paragraphStyle = NSMutableParagraphStyle()
84 | paragraphStyle.alignment = alignment
/Users/admin/builder/spi-builder-workspace/Sources/PDFAuthor/Renderable/StringRegion.swift:96:48: error: cannot find type 'PDFFont' in scope
94 |
95 | /// Initialize with a string, font and text color
96 | public convenience init(string: String, font: PDFFont, color: PDFColor) {
| `- error: cannot find type 'PDFFont' in scope
97 | let attributes: [NSAttributedString.Key: Any] = [
98 | .font: font as CTFont,
/Users/admin/builder/spi-builder-workspace/Sources/PDFAuthor/Renderable/StringRegion.swift:96:64: error: cannot find type 'PDFColor' in scope
94 |
95 | /// Initialize with a string, font and text color
96 | public convenience init(string: String, font: PDFFont, color: PDFColor) {
| `- error: cannot find type 'PDFColor' in scope
97 | let attributes: [NSAttributedString.Key: Any] = [
98 | .font: font as CTFont,
/Users/admin/builder/spi-builder-workspace/Sources/PDFAuthor/Renderable/StringRegion.swift:106:49: error: cannot find type 'PDFColor' in scope
104 |
105 | /// Initialize with a string and text color
106 | public convenience init(string: String, color: PDFColor) {
| `- error: cannot find type 'PDFColor' in scope
107 | let attributes: [NSAttributedString.Key: Any] = [
108 | .foregroundColor: color.cgColor
/Users/admin/builder/spi-builder-workspace/Sources/PDFAuthor/Renderable/StringRegion.swift:115:48: error: cannot find type 'PDFFont' in scope
113 |
114 | /// Initialize with a string and font
115 | public convenience init(string: String, font: PDFFont) {
| `- error: cannot find type 'PDFFont' in scope
116 | let attributes: [NSAttributedString.Key: Any] = [
117 | .font: font as CTFont
/Users/admin/builder/spi-builder-workspace/Sources/PDFAuthor/Renderable/StringRegion.swift:45:52: error: cannot find type 'NSStringDrawingOptions' in scope
43 | public typealias PDFAuthorStringDrawingOptions = NSString.DrawingOptions
44 | #else
45 | public typealias PDFAuthorStringDrawingOptions = NSStringDrawingOptions
| `- error: cannot find type 'NSStringDrawingOptions' in scope
46 | #endif
47 |
/Users/admin/builder/spi-builder-workspace/Sources/PDFAuthor/Renderable/StringRegion.swift:83:24: error: cannot find 'NSMutableParagraphStyle' in scope
81 | /// Initialize with a string, font, text color and text alignment
82 | public convenience init(string: String, font: PDFFont, color: PDFColor, alignment: NSTextAlignment) {
83 | let paragraphStyle = NSMutableParagraphStyle()
| `- error: cannot find 'NSMutableParagraphStyle' in scope
84 | paragraphStyle.alignment = alignment
85 |
/Users/admin/builder/spi-builder-workspace/Sources/PDFAuthor/Renderable/StringRegion.swift:87:5: error: type 'NSAttributedString.Key' has no member 'font'
85 |
86 | let attributes: [NSAttributedString.Key: Any] = [
87 | .font: font as CTFont,
| `- error: type 'NSAttributedString.Key' has no member 'font'
88 | .foregroundColor: color.cgColor,
89 | .paragraphStyle: paragraphStyle
/Users/admin/builder/spi-builder-workspace/Sources/PDFAuthor/Renderable/StringRegion.swift:88:5: error: type 'NSAttributedString.Key' has no member 'foregroundColor'
86 | let attributes: [NSAttributedString.Key: Any] = [
87 | .font: font as CTFont,
88 | .foregroundColor: color.cgColor,
| `- error: type 'NSAttributedString.Key' has no member 'foregroundColor'
89 | .paragraphStyle: paragraphStyle
90 | ]
/Users/admin/builder/spi-builder-workspace/Sources/PDFAuthor/Renderable/StringRegion.swift:89:5: error: type 'NSAttributedString.Key' has no member 'paragraphStyle'
87 | .font: font as CTFont,
88 | .foregroundColor: color.cgColor,
89 | .paragraphStyle: paragraphStyle
| `- error: type 'NSAttributedString.Key' has no member 'paragraphStyle'
90 | ]
91 |
/Users/admin/builder/spi-builder-workspace/Sources/PDFAuthor/Renderable/StringRegion.swift:98:5: error: type 'NSAttributedString.Key' has no member 'font'
96 | public convenience init(string: String, font: PDFFont, color: PDFColor) {
97 | let attributes: [NSAttributedString.Key: Any] = [
98 | .font: font as CTFont,
| `- error: type 'NSAttributedString.Key' has no member 'font'
99 | .foregroundColor: color.cgColor
100 | ]
/Users/admin/builder/spi-builder-workspace/Sources/PDFAuthor/Renderable/StringRegion.swift:99:5: error: type 'NSAttributedString.Key' has no member 'foregroundColor'
97 | let attributes: [NSAttributedString.Key: Any] = [
98 | .font: font as CTFont,
99 | .foregroundColor: color.cgColor
| `- error: type 'NSAttributedString.Key' has no member 'foregroundColor'
100 | ]
101 |
/Users/admin/builder/spi-builder-workspace/Sources/PDFAuthor/Renderable/StringRegion.swift:108:5: error: type 'NSAttributedString.Key' has no member 'foregroundColor'
106 | public convenience init(string: String, color: PDFColor) {
107 | let attributes: [NSAttributedString.Key: Any] = [
108 | .foregroundColor: color.cgColor
| `- error: type 'NSAttributedString.Key' has no member 'foregroundColor'
109 | ]
110 |
SwiftCompile normal arm64_32 /Users/admin/builder/spi-builder-workspace/Sources/PDFAuthor/Renderable/StringRegion.swift (in target 'PDFAuthor' from project 'PDFAuthor')
cd /Users/admin/builder/spi-builder-workspace/.swiftpm/xcode
builtin-SwiftPerFileCompile StringRegion.swift
SwiftDriverJobDiscovery normal arm64_32 Compiling Symbol.swift (in target 'Cassowary' from project 'Cassowary')
SwiftCompile normal arm64_32 Compiling\ StackRegionTypes.swift /Users/admin/builder/spi-builder-workspace/Sources/PDFAuthor/Renderable/StackRegion/StackRegionTypes.swift (in target 'PDFAuthor' from project 'PDFAuthor')
SwiftCompile normal arm64_32 /Users/admin/builder/spi-builder-workspace/Sources/PDFAuthor/Renderable/StackRegion/StackRegionTypes.swift (in target 'PDFAuthor' from project 'PDFAuthor')
cd /Users/admin/builder/spi-builder-workspace/.swiftpm/xcode
builtin-SwiftPerFileCompile StackRegionTypes.swift
SwiftEmitModule normal arm64 Emitting\ module\ for\ PDFAuthor (in target 'PDFAuthor' from project 'PDFAuthor')
/Users/admin/builder/spi-builder-workspace/Sources/PDFAuthor/PDFAuthor.swift:234:75: error: cannot find type 'PDFOutline' in scope
232 | @available(iOS 11, *)
233 | @available(OSX 10.4, *)
234 | private func generateOutlineObject(forDocument document: PDFDocument) -> PDFOutline? {
| `- error: cannot find type 'PDFOutline' in scope
235 | let outlineDict = generateDocumentOutline()
236 |
/Users/admin/builder/spi-builder-workspace/Sources/PDFAuthor/PDFAuthor.swift:234:59: error: cannot find type 'PDFDocument' in scope
232 | @available(iOS 11, *)
233 | @available(OSX 10.4, *)
234 | private func generateOutlineObject(forDocument document: PDFDocument) -> PDFOutline? {
| `- error: cannot find type 'PDFDocument' in scope
235 | let outlineDict = generateDocumentOutline()
236 |
/Users/admin/builder/spi-builder-workspace/Sources/PDFAuthor/PDFAuthor.swift:242:98: error: cannot find type 'PDFOutline' in scope
240 | @available(iOS 11, *)
241 | @available(OSX 10.4, *)
242 | private final func recursiveOutlineObject(outlineDict: [String: Any], document: PDFDocument) -> PDFOutline? {
| `- error: cannot find type 'PDFOutline' in scope
243 | let o = PDFOutline()
244 |
/Users/admin/builder/spi-builder-workspace/Sources/PDFAuthor/PDFAuthor.swift:242:82: error: cannot find type 'PDFDocument' in scope
240 | @available(iOS 11, *)
241 | @available(OSX 10.4, *)
242 | private final func recursiveOutlineObject(outlineDict: [String: Any], document: PDFDocument) -> PDFOutline? {
| `- error: cannot find type 'PDFDocument' in scope
243 | let o = PDFOutline()
244 |
/Users/admin/builder/spi-builder-workspace/Sources/PDFAuthor/Renderable/ImageRegion.swift:36:13: error: cannot find type 'PDFImage' in scope
34 |
35 | public enum PDFImageType {
36 | case image(PDFImage)
| `- error: cannot find type 'PDFImage' in scope
37 | case imageBlock(() -> PDFImage?)
38 | case cgImage(CGImage)
/Users/admin/builder/spi-builder-workspace/Sources/PDFAuthor/Renderable/ImageRegion.swift:37:24: error: cannot find type 'PDFImage' in scope
35 | public enum PDFImageType {
36 | case image(PDFImage)
37 | case imageBlock(() -> PDFImage?)
| `- error: cannot find type 'PDFImage' in scope
38 | case cgImage(CGImage)
39 |
/Users/admin/builder/spi-builder-workspace/Sources/PDFAuthor/Renderable/ImageRegion.swift:38:15: error: cannot find type 'CGImage' in scope
36 | case image(PDFImage)
37 | case imageBlock(() -> PDFImage?)
38 | case cgImage(CGImage)
| `- error: cannot find type 'CGImage' in scope
39 |
40 | func getCGImage() -> CGImage? {
/Users/admin/builder/spi-builder-workspace/Sources/PDFAuthor/Renderable/ImageRegion.swift:40:23: error: cannot find type 'CGImage' in scope
38 | case cgImage(CGImage)
39 |
40 | func getCGImage() -> CGImage? {
| `- error: cannot find type 'CGImage' in scope
41 | switch self {
42 | case .image(let image):
/Users/admin/builder/spi-builder-workspace/Sources/PDFAuthor/Renderable/ImageRegion.swift:110:26: error: cannot find type 'CGBlendMode' in scope
108 |
109 | /// The blend mode to use when rendering the image
110 | public var blendMode: CGBlendMode?
| `- error: cannot find type 'CGBlendMode' in scope
111 |
112 | /// :nodoc:
/Users/admin/builder/spi-builder-workspace/Sources/PDFAuthor/Renderable/ImageRegion.swift:113:47: error: cannot find type 'CGContext' in scope
111 |
112 | /// :nodoc:
113 | override open func draw(withContext context: CGContext, inRect rect: CGRect) {
| `- error: cannot find type 'CGContext' in scope
114 | guard bounds.width > 0, bounds.height > 0 else {
115 | return
/Users/admin/builder/spi-builder-workspace/Sources/PDFAuthor/Renderable/ImageRegion.swift:113:71: error: cannot find type 'CGRect' in scope
111 |
112 | /// :nodoc:
113 | override open func draw(withContext context: CGContext, inRect rect: CGRect) {
| `- error: cannot find type 'CGRect' in scope
114 | guard bounds.width > 0, bounds.height > 0 else {
115 | return
/Users/admin/builder/spi-builder-workspace/Sources/PDFAuthor/Renderable/ImageRegion.swift:113:21: warning: members of 'final' classes are implicitly 'final'; use 'public' instead of 'open'
111 |
112 | /// :nodoc:
113 | override open func draw(withContext context: CGContext, inRect rect: CGRect) {
| `- warning: members of 'final' classes are implicitly 'final'; use 'public' instead of 'open'
114 | guard bounds.width > 0, bounds.height > 0 else {
115 | return
/Users/admin/builder/spi-builder-workspace/Sources/PDFAuthor/Renderable/ImageRegion.swift:149:35: error: cannot find type 'CGRect' in scope
147 | internal static func frameForContentMode(_ contentMode: ImageContentMode,
148 | bounds: CGRect,
149 | imageSize: CGSize) -> CGRect {
| `- error: cannot find type 'CGRect' in scope
150 | switch contentMode {
151 | case .scaleToFill:
/Users/admin/builder/spi-builder-workspace/Sources/PDFAuthor/Renderable/ImageRegion.swift:148:21: error: cannot find type 'CGRect' in scope
146 |
147 | internal static func frameForContentMode(_ contentMode: ImageContentMode,
148 | bounds: CGRect,
| `- error: cannot find type 'CGRect' in scope
149 | imageSize: CGSize) -> CGRect {
150 | switch contentMode {
/Users/admin/builder/spi-builder-workspace/Sources/PDFAuthor/Renderable/ImageRegion.swift:149:24: error: cannot find type 'CGSize' in scope
147 | internal static func frameForContentMode(_ contentMode: ImageContentMode,
148 | bounds: CGRect,
149 | imageSize: CGSize) -> CGRect {
| `- error: cannot find type 'CGSize' in scope
150 | switch contentMode {
151 | case .scaleToFill:
/Users/admin/builder/spi-builder-workspace/Sources/PDFAuthor/Renderable/ImageRegion.swift:205:76: error: cannot find type 'CGRect' in scope
203 | }
204 |
205 | internal static func aspectFitFrame(bounds: CGRect, imageSize: CGSize) -> CGRect {
| `- error: cannot find type 'CGRect' in scope
206 | assert(bounds.width > 0 && bounds.height > 0, "Cannot create frame with zero width/height!")
207 |
/Users/admin/builder/spi-builder-workspace/Sources/PDFAuthor/Renderable/ImageRegion.swift:205:46: error: cannot find type 'CGRect' in scope
203 | }
204 |
205 | internal static func aspectFitFrame(bounds: CGRect, imageSize: CGSize) -> CGRect {
| `- error: cannot find type 'CGRect' in scope
206 | assert(bounds.width > 0 && bounds.height > 0, "Cannot create frame with zero width/height!")
207 |
/Users/admin/builder/spi-builder-workspace/Sources/PDFAuthor/Renderable/ImageRegion.swift:205:65: error: cannot find type 'CGSize' in scope
203 | }
204 |
205 | internal static func aspectFitFrame(bounds: CGRect, imageSize: CGSize) -> CGRect {
| `- error: cannot find type 'CGSize' in scope
206 | assert(bounds.width > 0 && bounds.height > 0, "Cannot create frame with zero width/height!")
207 |
/Users/admin/builder/spi-builder-workspace/Sources/PDFAuthor/Renderable/ImageRegion.swift:222:77: error: cannot find type 'CGRect' in scope
220 | }
221 |
222 | internal static func aspectFillFrame(bounds: CGRect, imageSize: CGSize) -> CGRect {
| `- error: cannot find type 'CGRect' in scope
223 | let aspect = imageSize.width / imageSize.height
224 |
/Users/admin/builder/spi-builder-workspace/Sources/PDFAuthor/Renderable/ImageRegion.swift:222:47: error: cannot find type 'CGRect' in scope
220 | }
221 |
222 | internal static func aspectFillFrame(bounds: CGRect, imageSize: CGSize) -> CGRect {
| `- error: cannot find type 'CGRect' in scope
223 | let aspect = imageSize.width / imageSize.height
224 |
/Users/admin/builder/spi-builder-workspace/Sources/PDFAuthor/Renderable/ImageRegion.swift:222:66: error: cannot find type 'CGSize' in scope
220 | }
221 |
222 | internal static func aspectFillFrame(bounds: CGRect, imageSize: CGSize) -> CGRect {
| `- error: cannot find type 'CGSize' in scope
223 | let aspect = imageSize.width / imageSize.height
224 |
/Users/admin/builder/spi-builder-workspace/Sources/PDFAuthor/Renderable/MultiColumnStringRegion.swift:117:11: error: cannot find type 'PDFFont' in scope
115 | /// Initialize with a string, font, text color, text alignment and number of columns
116 | public init(string: String,
117 | font: PDFFont = PDFFont.systemFont(ofSize: PDFFont.systemFontSize),
| `- error: cannot find type 'PDFFont' in scope
118 | color: PDFColor = .black,
119 | alignment: NSTextAlignment = .left,
/Users/admin/builder/spi-builder-workspace/Sources/PDFAuthor/Renderable/MultiColumnStringRegion.swift:118:12: error: cannot find type 'PDFColor' in scope
116 | public init(string: String,
117 | font: PDFFont = PDFFont.systemFont(ofSize: PDFFont.systemFontSize),
118 | color: PDFColor = .black,
| `- error: cannot find type 'PDFColor' in scope
119 | alignment: NSTextAlignment = .left,
120 | numColumns: UInt = 1) {
/Users/admin/builder/spi-builder-workspace/Sources/PDFAuthor/Renderable/MultiColumnStringRegion.swift:119:16: error: cannot find type 'NSTextAlignment' in scope
117 | font: PDFFont = PDFFont.systemFont(ofSize: PDFFont.systemFontSize),
118 | color: PDFColor = .black,
119 | alignment: NSTextAlignment = .left,
| `- error: cannot find type 'NSTextAlignment' in scope
120 | numColumns: UInt = 1) {
121 |
/Users/admin/builder/spi-builder-workspace/Sources/PDFAuthor/Renderable/MultiColumnStringRegion.swift:41:32: error: cannot find type 'PDFFont' in scope
39 |
40 | /// The font that this region will use
41 | public var font: PDFFont?
| `- error: cannot find type 'PDFFont' in scope
42 |
43 | /// The color of the text
/Users/admin/builder/spi-builder-workspace/Sources/PDFAuthor/Renderable/MultiColumnStringRegion.swift:44:32: error: cannot find type 'PDFColor' in scope
42 |
43 | /// The color of the text
44 | public var textColor: PDFColor?
| `- error: cannot find type 'PDFColor' in scope
45 |
46 | /// The alignment of the text
/Users/admin/builder/spi-builder-workspace/Sources/PDFAuthor/Renderable/MultiColumnStringRegion.swift:47:32: error: cannot find type 'NSTextAlignment' in scope
45 |
46 | /// The alignment of the text
47 | public var textAlignment: NSTextAlignment?
| `- error: cannot find type 'NSTextAlignment' in scope
48 |
49 | /// The number of columns to use
/Users/admin/builder/spi-builder-workspace/Sources/PDFAuthor/Renderable/MultiColumnStringRegion.swift:89:52: error: cannot find type 'NSStringDrawingOptions' in scope
87 | public typealias PDFAuthorStringDrawingOptions = NSString.DrawingOptions
88 | #else
89 | public typealias PDFAuthorStringDrawingOptions = NSStringDrawingOptions
| `- error: cannot find type 'NSStringDrawingOptions' in scope
90 | #endif
91 |
/Users/admin/builder/spi-builder-workspace/Sources/PDFAuthor/Renderable/PDFPage.swift:59:42: error: cannot find type 'CGContext' in scope
57 | // MARK: Drawing
58 |
59 | internal func render(toContext context: CGContext) {
| `- error: cannot find type 'CGContext' in scope
60 | // This is the root, so we need to constrain the edges
61 | self.addConstraints(self.left == Double(frame.origin.x),
/Users/admin/builder/spi-builder-workspace/Sources/PDFAuthor/Renderable/PDFPage.swift:107:59: error: cannot find type 'CGContext' in scope
105 | - rect: A rect providing bounds in which to draw
106 | */
107 | override internal func drawInternal(withContext context: CGContext, inRect rect: CGRect) {
| `- error: cannot find type 'CGContext' in scope
108 | // Draw background color
109 | if !rect.isEmpty {
/Users/admin/builder/spi-builder-workspace/Sources/PDFAuthor/Renderable/PDFPage.swift:152:34: error: 'Expression' is ambiguous for type lookup in this context
150 | }
151 |
152 | public var leftBackgroundInset: Expression {
| `- error: 'Expression' is ambiguous for type lookup in this context
153 | return (left + backgroundInsetLeft).setAlias("leftBackgroundInset", owner: self)
154 | }
Foundation.Expression:2:15: note: found this candidate
1 | @available(macOS 15, iOS 18, tvOS 18, watchOS 11, *)
2 | public struct Expression<each Input, Output> : Sendable {
| `- note: found this candidate
3 | public let expression: any StandardPredicateExpression<Output>
4 | public let variable: (repeat PredicateExpressions.Variable<each Input>)
/Users/admin/builder/spi-builder-workspace/.dependencies/checkouts/CassowarySwift/Sources/Cassowary/Expression.swift:34:20: note: found this candidate
32 | */
33 |
34 | public final class Expression: CustomStringConvertible, CassowaryDebugDescription {
| `- note: found this candidate
35 | private weak var _owner: AnyObject?
36 |
/Users/admin/builder/spi-builder-workspace/Sources/PDFAuthor/Renderable/PDFPage.swift:156:35: error: 'Expression' is ambiguous for type lookup in this context
154 | }
155 |
156 | public var rightBackgroundInset: Expression {
| `- error: 'Expression' is ambiguous for type lookup in this context
157 | return (right - backgroundInsetRight).setAlias("rightBackgroundInset", owner: self)
158 | }
Foundation.Expression:2:15: note: found this candidate
1 | @available(macOS 15, iOS 18, tvOS 18, watchOS 11, *)
2 | public struct Expression<each Input, Output> : Sendable {
| `- note: found this candidate
3 | public let expression: any StandardPredicateExpression<Output>
4 | public let variable: (repeat PredicateExpressions.Variable<each Input>)
/Users/admin/builder/spi-builder-workspace/.dependencies/checkouts/CassowarySwift/Sources/Cassowary/Expression.swift:34:20: note: found this candidate
32 | */
33 |
34 | public final class Expression: CustomStringConvertible, CassowaryDebugDescription {
| `- note: found this candidate
35 | private weak var _owner: AnyObject?
36 |
/Users/admin/builder/spi-builder-workspace/Sources/PDFAuthor/Renderable/PDFPage.swift:160:33: error: 'Expression' is ambiguous for type lookup in this context
158 | }
159 |
160 | public var topBackgroundInset: Expression {
| `- error: 'Expression' is ambiguous for type lookup in this context
161 | return (top + backgroundInsetTop).setAlias("topBackgroundInset", owner: self)
162 | }
Foundation.Expression:2:15: note: found this candidate
1 | @available(macOS 15, iOS 18, tvOS 18, watchOS 11, *)
2 | public struct Expression<each Input, Output> : Sendable {
| `- note: found this candidate
3 | public let expression: any StandardPredicateExpression<Output>
4 | public let variable: (repeat PredicateExpressions.Variable<each Input>)
/Users/admin/builder/spi-builder-workspace/.dependencies/checkouts/CassowarySwift/Sources/Cassowary/Expression.swift:34:20: note: found this candidate
32 | */
33 |
34 | public final class Expression: CustomStringConvertible, CassowaryDebugDescription {
| `- note: found this candidate
35 | private weak var _owner: AnyObject?
36 |
/Users/admin/builder/spi-builder-workspace/Sources/PDFAuthor/Renderable/PDFPage.swift:164:36: error: 'Expression' is ambiguous for type lookup in this context
162 | }
163 |
164 | public var bottomBackgroundInset: Expression {
| `- error: 'Expression' is ambiguous for type lookup in this context
165 | return (bottom - backgroundInsetBottom).setAlias("bottomBackgroundInset", owner: self)
166 | }
Foundation.Expression:2:15: note: found this candidate
1 | @available(macOS 15, iOS 18, tvOS 18, watchOS 11, *)
2 | public struct Expression<each Input, Output> : Sendable {
| `- note: found this candidate
3 | public let expression: any StandardPredicateExpression<Output>
4 | public let variable: (repeat PredicateExpressions.Variable<each Input>)
/Users/admin/builder/spi-builder-workspace/.dependencies/checkouts/CassowarySwift/Sources/Cassowary/Expression.swift:34:20: note: found this candidate
32 | */
33 |
34 | public final class Expression: CustomStringConvertible, CassowaryDebugDescription {
| `- note: found this candidate
35 | private weak var _owner: AnyObject?
36 |
/Users/admin/builder/spi-builder-workspace/Sources/PDFAuthor/Renderable/PDFRegion.swift:44:30: error: cannot find type 'PDFColor' in scope
42 |
43 | /// The background color of the region. Defaults to .clear
44 | public var backgroundColor: PDFColor = .clear
| `- error: cannot find type 'PDFColor' in scope
45 |
46 | public var urlLink: URL? = nil
/Users/admin/builder/spi-builder-workspace/Sources/PDFAuthor/Renderable/PDFRegion.swift:55:37: error: cannot find type 'PDFColor' in scope
53 |
54 | /// A solid border
55 | case solid(width: CGFloat, color: PDFColor)
| `- error: cannot find type 'PDFColor' in scope
56 |
57 | /// A dashed border
/Users/admin/builder/spi-builder-workspace/Sources/PDFAuthor/Renderable/PDFRegion.swift:58:38: error: cannot find type 'PDFColor' in scope
56 |
57 | /// A dashed border
58 | case dashed(width: CGFloat, color: PDFColor, phase: CGFloat, lengths: [CGFloat])
| `- error: cannot find type 'PDFColor' in scope
59 | }
60 |
/Users/admin/builder/spi-builder-workspace/Sources/PDFAuthor/Renderable/StringRegion.swift:82:48: error: cannot find type 'PDFFont' in scope
80 |
81 | /// Initialize with a string, font, text color and text alignment
82 | public convenience init(string: String, font: PDFFont, color: PDFColor, alignment: NSTextAlignment) {
| `- error: cannot find type 'PDFFont' in scope
83 | let paragraphStyle = NSMutableParagraphStyle()
84 | paragraphStyle.alignment = alignment
/Users/admin/builder/spi-builder-workspace/Sources/PDFAuthor/Renderable/StringRegion.swift:82:64: error: cannot find type 'PDFColor' in scope
80 |
81 | /// Initialize with a string, font, text color and text alignment
82 | public convenience init(string: String, font: PDFFont, color: PDFColor, alignment: NSTextAlignment) {
| `- error: cannot find type 'PDFColor' in scope
83 | let paragraphStyle = NSMutableParagraphStyle()
84 | paragraphStyle.alignment = alignment
/Users/admin/builder/spi-builder-workspace/Sources/PDFAuthor/Renderable/StringRegion.swift:82:85: error: cannot find type 'NSTextAlignment' in scope
80 |
81 | /// Initialize with a string, font, text color and text alignment
82 | public convenience init(string: String, font: PDFFont, color: PDFColor, alignment: NSTextAlignment) {
| `- error: cannot find type 'NSTextAlignment' in scope
83 | let paragraphStyle = NSMutableParagraphStyle()
84 | paragraphStyle.alignment = alignment
/Users/admin/builder/spi-builder-workspace/Sources/PDFAuthor/Renderable/StringRegion.swift:96:48: error: cannot find type 'PDFFont' in scope
94 |
95 | /// Initialize with a string, font and text color
96 | public convenience init(string: String, font: PDFFont, color: PDFColor) {
| `- error: cannot find type 'PDFFont' in scope
97 | let attributes: [NSAttributedString.Key: Any] = [
98 | .font: font as CTFont,
/Users/admin/builder/spi-builder-workspace/Sources/PDFAuthor/Renderable/StringRegion.swift:96:64: error: cannot find type 'PDFColor' in scope
94 |
95 | /// Initialize with a string, font and text color
96 | public convenience init(string: String, font: PDFFont, color: PDFColor) {
| `- error: cannot find type 'PDFColor' in scope
97 | let attributes: [NSAttributedString.Key: Any] = [
98 | .font: font as CTFont,
/Users/admin/builder/spi-builder-workspace/Sources/PDFAuthor/Renderable/StringRegion.swift:106:49: error: cannot find type 'PDFColor' in scope
104 |
105 | /// Initialize with a string and text color
106 | public convenience init(string: String, color: PDFColor) {
| `- error: cannot find type 'PDFColor' in scope
107 | let attributes: [NSAttributedString.Key: Any] = [
108 | .foregroundColor: color.cgColor
/Users/admin/builder/spi-builder-workspace/Sources/PDFAuthor/Renderable/StringRegion.swift:115:48: error: cannot find type 'PDFFont' in scope
113 |
114 | /// Initialize with a string and font
115 | public convenience init(string: String, font: PDFFont) {
| `- error: cannot find type 'PDFFont' in scope
116 | let attributes: [NSAttributedString.Key: Any] = [
117 | .font: font as CTFont
/Users/admin/builder/spi-builder-workspace/Sources/PDFAuthor/Renderable/StringRegion.swift:45:52: error: cannot find type 'NSStringDrawingOptions' in scope
43 | public typealias PDFAuthorStringDrawingOptions = NSString.DrawingOptions
44 | #else
45 | public typealias PDFAuthorStringDrawingOptions = NSStringDrawingOptions
| `- error: cannot find type 'NSStringDrawingOptions' in scope
46 | #endif
47 |
/Users/admin/builder/spi-builder-workspace/Sources/PDFAuthor/Renderable/TableChapter/TableChapterDataSource.swift:51:111: error: cannot find type 'PDFColor' in scope
49 |
50 | /// Asks the data source for the background color of a row in the table
51 | func tableChapter(_ tableChapter: TableChapter, backgroundColorForRowAtIndexPath indexPath: PDFIndexPath) -> PDFColor?
| `- error: cannot find type 'PDFColor' in scope
52 |
53 | /**
/Users/admin/builder/spi-builder-workspace/Sources/PDFAuthor/Renderable/TableChapter/TableChapterDataSource.swift:57:87: error: cannot find type 'PDFColor' in scope
55 | When not nil, this overrides the global page color.
56 | */
57 | func tableChapter(_ tableChapter: TableChapter, backgroundColorForPage page: Int) -> PDFColor?
| `- error: cannot find type 'PDFColor' in scope
58 |
59 | /**
/Users/admin/builder/spi-builder-workspace/Sources/PDFAuthor/Renderable/TableChapter/TableChapter.swift:74:35: error: cannot find type 'PDFColor' in scope
72 |
73 | /// Default background color for pages. Can be overridden by the delegate method
74 | public var pageBackgroundColor: PDFColor?
| `- error: cannot find type 'PDFColor' in scope
75 |
76 | public var contentWidth: CGFloat {
/Users/admin/builder/spi-builder-workspace/Sources/PDFAuthor/Renderable/TableChapter/TableChapterDataSource.swift:114:111: error: cannot find type 'PDFColor' in scope
112 | public extension TableChapterDataSource {
113 |
114 | func tableChapter(_ tableChapter: TableChapter, backgroundColorForRowAtIndexPath indexPath: PDFIndexPath) -> PDFColor? {
| `- error: cannot find type 'PDFColor' in scope
115 | return nil
116 | }
/Users/admin/builder/spi-builder-workspace/Sources/PDFAuthor/Renderable/TableChapter/TableChapterDataSource.swift:118:87: error: cannot find type 'PDFColor' in scope
116 | }
117 |
118 | func tableChapter(_ tableChapter: TableChapter, backgroundColorForPage page: Int) -> PDFColor? {
| `- error: cannot find type 'PDFColor' in scope
119 | return nil
120 | }
/Users/admin/builder/spi-builder-workspace/Sources/PDFAuthor/Types/Types.swift:247:13: error: cannot find type 'PDFImage' in scope
245 |
246 | /// A mask using an image, using coordinates specified by the rect, relative to the region's coordinate space.
247 | case image(PDFImage, CGRect)
| `- error: cannot find type 'PDFImage' in scope
248 |
249 | /// A mask using a CGPath
/Users/admin/builder/spi-builder-workspace/Sources/PDFAuthor/Types/Types.swift:250:12: error: cannot find type 'CGPath' in scope
248 |
249 | /// A mask using a CGPath
250 | case path(CGPath)
| `- error: cannot find type 'CGPath' in scope
251 |
252 | /// A circular mask to the region's bounds
Failed frontend command:
/Applications/Xcode-27.0.0-Release.Candidate.app/Contents/Developer/Toolchains/XcodeDefault.xctoolchain/usr/bin/swift-frontend -frontend -emit-module -experimental-skip-non-inlinable-function-bodies-without-types /Users/admin/builder/spi-builder-workspace/Sources/PDFAuthor/PDFAuthor.swift /Users/admin/builder/spi-builder-workspace/Sources/PDFAuthor/Renderable/ImageRegion.swift /Users/admin/builder/spi-builder-workspace/Sources/PDFAuthor/Renderable/MultiColumnStringRegion.swift /Users/admin/builder/spi-builder-workspace/Sources/PDFAuthor/Renderable/PDFChapter.swift /Users/admin/builder/spi-builder-workspace/Sources/PDFAuthor/Renderable/PDFPage.swift /Users/admin/builder/spi-builder-workspace/Sources/PDFAuthor/Renderable/PDFRegion.swift /Users/admin/builder/spi-builder-workspace/Sources/PDFAuthor/Renderable/PDFRegionConstraints.swift /Users/admin/builder/spi-builder-workspace/Sources/PDFAuthor/Renderable/StackRegion/StackRegion.swift /Users/admin/builder/spi-builder-workspace/Sources/PDFAuthor/Renderable/StackRegion/StackRegionTypes.swift /Users/admin/builder/spi-builder-workspace/Sources/PDFAuthor/Renderable/StringRegion.swift /Users/admin/builder/spi-builder-workspace/Sources/PDFAuthor/Renderable/TableChapter/TableChapter.swift /Users/admin/builder/spi-builder-workspace/Sources/PDFAuthor/Renderable/TableChapter/TableChapterDataSource.swift /Users/admin/builder/spi-builder-workspace/Sources/PDFAuthor/Types/PDFError.swift /Users/admin/builder/spi-builder-workspace/Sources/PDFAuthor/Types/Types.swift -target arm64-apple-watchos9.0 -Xllvm -aarch64-use-tbi -enable-objc-interop -stack-check -sdk /Applications/Xcode-27.0.0-Release.Candidate.app/Contents/Developer/Platforms/WatchOS.platform/Developer/SDKs/WatchOS27.0.sdk -I /Users/admin/builder/spi-builder-workspace/.derivedData/Build/Products/Debug-watchos -Isystem /Applications/Xcode-27.0.0-Release.Candidate.app/Contents/Developer/Platforms/WatchOS.platform/Developer/usr/lib -F /Users/admin/builder/spi-builder-workspace/.derivedData/Build/Products/Debug-watchos/PackageFrameworks -F /Users/admin/builder/spi-builder-workspace/.derivedData/Build/Products/Debug-watchos -F /Applications/Xcode-27.0.0-Release.Candidate.app/Contents/Developer/Platforms/WatchOS.platform/Developer/Library/Frameworks -F /Applications/Xcode-27.0.0-Release.Candidate.app/Contents/Developer/Platforms/WatchOS.platform/Developer/SDKs/WatchOS27.0.sdk/Developer/Library/Frameworks -module-cache-path /Users/admin/builder/spi-builder-workspace/.derivedData/ModuleCache.noindex -no-color-diagnostics -Xcc -fno-color-diagnostics -enable-testing -g -debug-info-format\=dwarf -dwarf-version\=4 -profile-generate -profile-coverage-mapping -swift-version 4 -Onone -D SWIFT_PACKAGE -D DEBUG -D SWIFT_MODULE_RESOURCE_BUNDLE_UNAVAILABLE -D Xcode -serialize-debugging-options -enable-experimental-feature DebugDescriptionMacro -empty-abi-descriptor -plugin-path /Applications/Xcode-27.0.0-Release.Candidate.app/Contents/Developer/Toolchains/XcodeDefault.xctoolchain/usr/lib/swift/host/plugins/testing -validate-clang-modules-once -clang-build-session-file /Users/admin/builder/spi-builder-workspace/.derivedData/ModuleCache.noindex/Session.modulevalidation -Xcc -working-directory -Xcc /Users/admin/builder/spi-builder-workspace/.swiftpm/xcode -enable-anonymous-context-mangled-names -file-compilation-dir /Users/admin/builder/spi-builder-workspace/.swiftpm/xcode -Xcc -D_LIBCPP_HARDENING_MODE\=_LIBCPP_HARDENING_MODE_DEBUG -Xcc -ivfsstatcache -Xcc /Users/admin/builder/spi-builder-workspace/.derivedData/SDKStatCaches.noindex/watchos27.0-24R360-e829b21a6f8c9b70876ba0858053c04477534ef55a1706bf4c1112bbb242f0a2.sdkstatcache -Xcc -fmodules-prune-interval\=86400 -Xcc -fmodules-prune-after\=345600 -Xcc -I/Users/admin/builder/spi-builder-workspace/.derivedData/Build/Products/Debug-watchos/include -Xcc -I/Users/admin/builder/spi-builder-workspace/.derivedData/Build/Intermediates.noindex/PDFAuthor.build/Debug-watchos/PDFAuthor-t.build/DerivedSources-normal/arm64 -Xcc -I/Users/admin/builder/spi-builder-workspace/.derivedData/Build/Intermediates.noindex/PDFAuthor.build/Debug-watchos/PDFAuthor-t.build/DerivedSources/arm64 -Xcc -I/Users/admin/builder/spi-builder-workspace/.derivedData/Build/Intermediates.noindex/PDFAuthor.build/Debug-watchos/PDFAuthor-t.build/DerivedSources -Xcc -DSWIFT_PACKAGE -Xcc -DDEBUG\=1 -no-auto-bridging-header-chaining -module-name PDFAuthor -const-gather-protocols-file /Users/admin/builder/spi-builder-workspace/.derivedData/Build/Intermediates.noindex/PDFAuthor.build/Debug-watchos/PDFAuthor-t.build/Objects-normal/arm64/PDFAuthor_const_extract_protocols.json -disable-clang-spi -target-sdk-version 27.0 -target-sdk-name watchos27.0 -external-plugin-path /Applications/Xcode-27.0.0-Release.Candidate.app/Contents/Developer/Platforms/WatchOS.platform/Developer/usr/lib/swift/host/plugins\#/Applications/Xcode-27.0.0-Release.Candidate.app/Contents/Developer/Platforms/WatchOS.platform/Developer/usr/bin/swift-plugin-server -external-plugin-path /Applications/Xcode-27.0.0-Release.Candidate.app/Contents/Developer/Platforms/WatchOS.platform/Developer/usr/local/lib/swift/host/plugins\#/Applications/Xcode-27.0.0-Release.Candidate.app/Contents/Developer/Platforms/WatchOS.platform/Developer/usr/bin/swift-plugin-server -in-process-plugin-server-path /Applications/Xcode-27.0.0-Release.Candidate.app/Contents/Developer/Toolchains/XcodeDefault.xctoolchain/usr/lib/swift/host/libSwiftInProcPluginServer.dylib -plugin-path /Applications/Xcode-27.0.0-Release.Candidate.app/Contents/Developer/Toolchains/XcodeDefault.xctoolchain/usr/lib/swift/host/plugins -plugin-path /Applications/Xcode-27.0.0-Release.Candidate.app/Contents/Developer/Toolchains/XcodeDefault.xctoolchain/usr/local/lib/swift/host/plugins -emit-module-doc-path /Users/admin/builder/spi-builder-workspace/.derivedData/Build/Intermediates.noindex/PDFAuthor.build/Debug-watchos/PDFAuthor-t.build/Objects-normal/arm64/PDFAuthor.swiftdoc -emit-module-source-info-path /Users/admin/builder/spi-builder-workspace/.derivedData/Build/Intermediates.noindex/PDFAuthor.build/Debug-watchos/PDFAuthor-t.build/Objects-normal/arm64/PDFAuthor.swiftsourceinfo -emit-objc-header-path /Users/admin/builder/spi-builder-workspace/.derivedData/Build/Intermediates.noindex/PDFAuthor.build/Debug-watchos/PDFAuthor-t.build/Objects-normal/arm64/PDFAuthor-Swift.h -serialize-diagnostics-path /Users/admin/builder/spi-builder-workspace/.derivedData/Build/Intermediates.noindex/PDFAuthor.build/Debug-watchos/PDFAuthor-t.build/Objects-normal/arm64/PDFAuthor-primary-emit-module.dia -emit-dependencies-path /Users/admin/builder/spi-builder-workspace/.derivedData/Build/Intermediates.noindex/PDFAuthor.build/Debug-watchos/PDFAuthor-t.build/Objects-normal/arm64/PDFAuthor-primary-emit-module.d -parse-as-library -o /Users/admin/builder/spi-builder-workspace/.derivedData/Build/Intermediates.noindex/PDFAuthor.build/Debug-watchos/PDFAuthor-t.build/Objects-normal/arm64/PDFAuthor.swiftmodule -emit-abi-descriptor-path /Users/admin/builder/spi-builder-workspace/.derivedData/Build/Intermediates.noindex/PDFAuthor.build/Debug-watchos/PDFAuthor-t.build/Objects-normal/arm64/PDFAuthor.abi.json
SwiftCompile normal arm64 (in target 'PDFAuthor' from project 'PDFAuthor')
cd /Users/admin/builder/spi-builder-workspace/.swiftpm/xcode
SwiftDriverJobDiscovery normal arm64_32 Compiling Strength.swift (in target 'Cassowary' from project 'Cassowary')
SwiftCompile normal arm64_32 Compiling\ TableChapter.swift /Users/admin/builder/spi-builder-workspace/Sources/PDFAuthor/Renderable/TableChapter/TableChapter.swift (in target 'PDFAuthor' from project 'PDFAuthor')
/Users/admin/builder/spi-builder-workspace/Sources/PDFAuthor/Renderable/TableChapter/TableChapterDataSource.swift:51:111: error: cannot find type 'PDFColor' in scope
49 |
50 | /// Asks the data source for the background color of a row in the table
51 | func tableChapter(_ tableChapter: TableChapter, backgroundColorForRowAtIndexPath indexPath: PDFIndexPath) -> PDFColor?
| `- error: cannot find type 'PDFColor' in scope
52 |
53 | /**
/Users/admin/builder/spi-builder-workspace/Sources/PDFAuthor/Renderable/TableChapter/TableChapterDataSource.swift:57:87: error: cannot find type 'PDFColor' in scope
55 | When not nil, this overrides the global page color.
56 | */
57 | func tableChapter(_ tableChapter: TableChapter, backgroundColorForPage page: Int) -> PDFColor?
| `- error: cannot find type 'PDFColor' in scope
58 |
59 | /**
/Users/admin/builder/spi-builder-workspace/Sources/PDFAuthor/Renderable/TableChapter/TableChapter.swift:74:35: error: cannot find type 'PDFColor' in scope
72 |
73 | /// Default background color for pages. Can be overridden by the delegate method
74 | public var pageBackgroundColor: PDFColor?
| `- error: cannot find type 'PDFColor' in scope
75 |
76 | public var contentWidth: CGFloat {
/Users/admin/builder/spi-builder-workspace/Sources/PDFAuthor/Renderable/TableChapter/TableChapterDataSource.swift:114:111: error: cannot find type 'PDFColor' in scope
112 | public extension TableChapterDataSource {
113 |
114 | func tableChapter(_ tableChapter: TableChapter, backgroundColorForRowAtIndexPath indexPath: PDFIndexPath) -> PDFColor? {
| `- error: cannot find type 'PDFColor' in scope
115 | return nil
116 | }
/Users/admin/builder/spi-builder-workspace/Sources/PDFAuthor/Renderable/TableChapter/TableChapterDataSource.swift:118:87: error: cannot find type 'PDFColor' in scope
116 | }
117 |
118 | func tableChapter(_ tableChapter: TableChapter, backgroundColorForPage page: Int) -> PDFColor? {
| `- error: cannot find type 'PDFColor' in scope
119 | return nil
120 | }
/Users/admin/builder/spi-builder-workspace/Sources/PDFAuthor/Renderable/PDFPage.swift:160:33: error: 'Expression' is ambiguous for type lookup in this context
158 | }
159 |
160 | public var topBackgroundInset: Expression {
| `- error: 'Expression' is ambiguous for type lookup in this context
161 | return (top + backgroundInsetTop).setAlias("topBackgroundInset", owner: self)
162 | }
Foundation.Expression:2:15: note: found this candidate
1 | @available(macOS 15, iOS 18, tvOS 18, watchOS 11, *)
2 | public struct Expression<each Input, Output> : Sendable {
| `- note: found this candidate
3 | public let expression: any StandardPredicateExpression<Output>
4 | public let variable: (repeat PredicateExpressions.Variable<each Input>)
/Users/admin/builder/spi-builder-workspace/.dependencies/checkouts/CassowarySwift/Sources/Cassowary/Expression.swift:34:20: note: found this candidate
32 | */
33 |
34 | public final class Expression: CustomStringConvertible, CassowaryDebugDescription {
| `- note: found this candidate
35 | private weak var _owner: AnyObject?
36 |
/Users/admin/builder/spi-builder-workspace/Sources/PDFAuthor/Renderable/PDFPage.swift:164:36: error: 'Expression' is ambiguous for type lookup in this context
162 | }
163 |
164 | public var bottomBackgroundInset: Expression {
| `- error: 'Expression' is ambiguous for type lookup in this context
165 | return (bottom - backgroundInsetBottom).setAlias("bottomBackgroundInset", owner: self)
166 | }
Foundation.Expression:2:15: note: found this candidate
1 | @available(macOS 15, iOS 18, tvOS 18, watchOS 11, *)
2 | public struct Expression<each Input, Output> : Sendable {
| `- note: found this candidate
3 | public let expression: any StandardPredicateExpression<Output>
4 | public let variable: (repeat PredicateExpressions.Variable<each Input>)
/Users/admin/builder/spi-builder-workspace/.dependencies/checkouts/CassowarySwift/Sources/Cassowary/Expression.swift:34:20: note: found this candidate
32 | */
33 |
34 | public final class Expression: CustomStringConvertible, CassowaryDebugDescription {
| `- note: found this candidate
35 | private weak var _owner: AnyObject?
36 |
/Users/admin/builder/spi-builder-workspace/Sources/PDFAuthor/Renderable/PDFPage.swift:152:34: error: 'Expression' is ambiguous for type lookup in this context
150 | }
151 |
152 | public var leftBackgroundInset: Expression {
| `- error: 'Expression' is ambiguous for type lookup in this context
153 | return (left + backgroundInsetLeft).setAlias("leftBackgroundInset", owner: self)
154 | }
Foundation.Expression:2:15: note: found this candidate
1 | @available(macOS 15, iOS 18, tvOS 18, watchOS 11, *)
2 | public struct Expression<each Input, Output> : Sendable {
| `- note: found this candidate
3 | public let expression: any StandardPredicateExpression<Output>
4 | public let variable: (repeat PredicateExpressions.Variable<each Input>)
/Users/admin/builder/spi-builder-workspace/.dependencies/checkouts/CassowarySwift/Sources/Cassowary/Expression.swift:34:20: note: found this candidate
32 | */
33 |
34 | public final class Expression: CustomStringConvertible, CassowaryDebugDescription {
| `- note: found this candidate
35 | private weak var _owner: AnyObject?
36 |
SwiftCompile normal arm64_32 /Users/admin/builder/spi-builder-workspace/Sources/PDFAuthor/Renderable/TableChapter/TableChapter.swift (in target 'PDFAuthor' from project 'PDFAuthor')
cd /Users/admin/builder/spi-builder-workspace/.swiftpm/xcode
builtin-SwiftPerFileCompile TableChapter.swift
SwiftDriverJobDiscovery normal arm64 Compiling Variable.swift (in target 'Cassowary' from project 'Cassowary')
SwiftCompile normal arm64 Compiling\ PDFAuthor.swift,\ ImageRegion.swift /Users/admin/builder/spi-builder-workspace/Sources/PDFAuthor/PDFAuthor.swift /Users/admin/builder/spi-builder-workspace/Sources/PDFAuthor/Renderable/ImageRegion.swift (in target 'PDFAuthor' from project 'PDFAuthor')
SwiftCompile normal arm64 /Users/admin/builder/spi-builder-workspace/Sources/PDFAuthor/PDFAuthor.swift (in target 'PDFAuthor' from project 'PDFAuthor')
cd /Users/admin/builder/spi-builder-workspace/.swiftpm/xcode
builtin-SwiftPerFileCompile PDFAuthor.swift
SwiftCompile normal arm64 /Users/admin/builder/spi-builder-workspace/Sources/PDFAuthor/Renderable/ImageRegion.swift (in target 'PDFAuthor' from project 'PDFAuthor')
cd /Users/admin/builder/spi-builder-workspace/.swiftpm/xcode
builtin-SwiftPerFileCompile ImageRegion.swift
PruneExplicitPrecompiledModules /Users/admin/builder/spi-builder-workspace/.derivedData/Build/Intermediates.noindex/ExplicitPrecompiledModules
PruneExplicitPrecompiledModules /Users/admin/builder/spi-builder-workspace/.derivedData/Build/Intermediates.noindex/SwiftExplicitPrecompiledModules
PruneExplicitPrecompiledModules /Users/admin/builder/spi-builder-workspace/.derivedData/SDKExplicitPrecompiledModules
2026-09-20 18:32:35.207 xcodebuild[759:4689] [MT] IDERunDestination: Supported platforms for the buildables in the current scheme is empty.
** BUILD FAILED **
The following build commands failed:
SwiftEmitModule normal arm64_32 Emitting\ module\ for\ PDFAuthor (in target 'PDFAuthor' from project 'PDFAuthor')
SwiftCompile normal arm64_32 (in target 'PDFAuthor' from project 'PDFAuthor')
SwiftEmitModule normal arm64 Emitting\ module\ for\ PDFAuthor (in target 'PDFAuthor' from project 'PDFAuthor')
SwiftCompile normal arm64 (in target 'PDFAuthor' from project 'PDFAuthor')
Building workspace PDFAuthor with scheme PDFAuthor-Package
(5 failures)
Command line invocation:
/Applications/Xcode-27.0.0-Release.Candidate.app/Contents/Developer/usr/bin/xcodebuild -IDEClonedSourcePackagesDirPathOverride=/Users/admin/builder/spi-builder-workspace/.dependencies -resolvePackageDependencies
Resolve Package Graph
Resolved source packages:
CwlPreconditionTesting: https://github.com/mattgallagher/CwlPreconditionTesting.git @ 1.2.0
PDFAuthor: /Users/admin/builder/spi-builder-workspace
CwlCatchException: https://github.com/mattgallagher/CwlCatchException.git @ 1.2.0
Cassowary: https://github.com/tribalworldwidelondon/CassowarySwift.git @ 2.0.1
resolved source packages: CwlPreconditionTesting, PDFAuthor, CwlCatchException, Cassowary
2026-09-20 18:32:41.602 xcodebuild[825:5109] [MT] IDERunDestination: Supported platforms for the buildables in the current scheme is empty.
{
"dependencies" : [
{
"identity" : "cwlpreconditiontesting",
"requirement" : {
"range" : [
{
"lower_bound" : "1.0.0",
"upper_bound" : "2.0.0"
}
]
},
"type" : "sourceControl",
"url" : "https://github.com/mattgallagher/CwlPreconditionTesting.git"
},
{
"identity" : "cassowaryswift",
"requirement" : {
"range" : [
{
"lower_bound" : "2.0.0",
"upper_bound" : "3.0.0"
}
]
},
"type" : "sourceControl",
"url" : "https://github.com/tribalworldwidelondon/CassowarySwift.git"
}
],
"manifest_display_name" : "PDFAuthor",
"name" : "PDFAuthor",
"path" : "/Users/admin/builder/spi-builder-workspace",
"platforms" : [
],
"products" : [
{
"name" : "PDFAuthor",
"targets" : [
"PDFAuthor"
],
"type" : {
"library" : [
"automatic"
]
}
},
{
"name" : "PDFAuthorDemo",
"targets" : [
"PDFAuthorDemo"
],
"type" : {
"executable" : null
}
},
{
"name" : "StackRegionDemo",
"targets" : [
"StackRegionDemo"
],
"type" : {
"executable" : null
}
}
],
"targets" : [
{
"c99name" : "StackRegionDemo",
"module_type" : "SwiftTarget",
"name" : "StackRegionDemo",
"path" : "Sources/StackRegionDemo",
"product_memberships" : [
"StackRegionDemo"
],
"sources" : [
"main.swift"
],
"target_dependencies" : [
"PDFAuthor"
],
"type" : "executable"
},
{
"c99name" : "PDFAuthorTests",
"module_type" : "SwiftTarget",
"name" : "PDFAuthorTests",
"path" : "Tests/PDFAuthorTests",
"product_dependencies" : [
"CwlPreconditionTesting"
],
"sources" : [
"AssertionHelpers.swift",
"ImageRegionTests.swift",
"PDFAuthorTests.swift",
"PDFDocumentTests.swift",
"PDFRegionConstraintsTest.swift",
"PDFRegionTests.swift",
"TypesTests.swift"
],
"target_dependencies" : [
"PDFAuthor"
],
"type" : "test"
},
{
"c99name" : "PDFAuthorDemo",
"module_type" : "SwiftTarget",
"name" : "PDFAuthorDemo",
"path" : "Sources/PDFAuthorDemo",
"product_memberships" : [
"PDFAuthorDemo"
],
"sources" : [
"Invoice.swift",
"Masks.swift",
"TextColumns.swift",
"TitlePage.swift",
"main.swift"
],
"target_dependencies" : [
"PDFAuthor"
],
"type" : "executable"
},
{
"c99name" : "PDFAuthor",
"module_type" : "SwiftTarget",
"name" : "PDFAuthor",
"path" : "Sources/PDFAuthor",
"product_dependencies" : [
"Cassowary"
],
"product_memberships" : [
"PDFAuthor",
"PDFAuthorDemo",
"StackRegionDemo"
],
"sources" : [
"PDFAuthor.swift",
"Renderable/ImageRegion.swift",
"Renderable/MultiColumnStringRegion.swift",
"Renderable/PDFChapter.swift",
"Renderable/PDFPage.swift",
"Renderable/PDFRegion.swift",
"Renderable/PDFRegionConstraints.swift",
"Renderable/StackRegion/StackRegion.swift",
"Renderable/StackRegion/StackRegionTypes.swift",
"Renderable/StringRegion.swift",
"Renderable/TableChapter/TableChapter.swift",
"Renderable/TableChapter/TableChapterDataSource.swift",
"Types/PDFError.swift",
"Types/Types.swift"
],
"type" : "library"
}
],
"tools_version" : "4.0"
}
{
"workspace" : {
"name" : "PDFAuthor",
"schemes" : [
"PDFAuthor",
"PDFAuthor-Package",
"PDFAuthorDemo",
"StackRegionDemo"
]
}
}
2026-09-20 18:32:42.867 xcodebuild[833:5173] [MT] IDERunDestination: Supported platforms for the buildables in the current scheme is empty.
Running build ...
env DEVELOPER_DIR=/Applications/Xcode-27.0.0-Release.Candidate.app xcrun xcodebuild -IDEClonedSourcePackagesDirPathOverride=$PWD/.dependencies -skipMacroValidation -skipPackagePluginValidation -derivedDataPath $PWD/.derivedData build -scheme PDFAuthor-Package -destination generic/platform=watchOS
Command line invocation:
/Applications/Xcode-27.0.0-Release.Candidate.app/Contents/Developer/usr/bin/xcodebuild -IDEClonedSourcePackagesDirPathOverride=/Users/admin/builder/spi-builder-workspace/.dependencies -skipMacroValidation -skipPackagePluginValidation -derivedDataPath /Users/admin/builder/spi-builder-workspace/.derivedData build -scheme PDFAuthor-Package -destination generic/platform=watchOS
Resolve Package Graph
Resolved source packages:
CwlCatchException: https://github.com/mattgallagher/CwlCatchException.git @ 1.2.0
PDFAuthor: /Users/admin/builder/spi-builder-workspace
CwlPreconditionTesting: https://github.com/mattgallagher/CwlPreconditionTesting.git @ 1.2.0
Cassowary: https://github.com/tribalworldwidelondon/CassowarySwift.git @ 2.0.1
ComputePackagePrebuildTargetDependencyGraph
Prepare packages
CreateBuildRequest
SendProjectDescription
CreateBuildOperation
ComputeTargetDependencyGraph
note: Building targets in dependency order
note: Target dependency graph (6 targets)
Target 'StackRegionDemo-product' in project 'PDFAuthor'
➜ Explicit dependency on target 'PDFAuthor' in project 'PDFAuthor'
➜ Explicit dependency on target 'Cassowary-product' in project 'Cassowary'
Target 'PDFAuthorDemo-product' in project 'PDFAuthor'
➜ Explicit dependency on target 'PDFAuthor' in project 'PDFAuthor'
➜ Explicit dependency on target 'Cassowary-product' in project 'Cassowary'
Target 'PDFAuthor-product' in project 'PDFAuthor'
➜ Explicit dependency on target 'PDFAuthor' in project 'PDFAuthor'
➜ Explicit dependency on target 'Cassowary-product' in project 'Cassowary'
Target 'PDFAuthor' in project 'PDFAuthor'
➜ Explicit dependency on target 'Cassowary-product' in project 'Cassowary'
Target 'Cassowary-product' in project 'Cassowary'
➜ Explicit dependency on target 'Cassowary' in project 'Cassowary'
Target 'Cassowary' in project 'Cassowary' (no dependencies)
GatherProvisioningInputs
CreateBuildDescription
ClangStatCache /Applications/Xcode-27.0.0-Release.Candidate.app/Contents/Developer/Toolchains/XcodeDefault.xctoolchain/usr/bin/clang-stat-cache /Applications/Xcode-27.0.0-Release.Candidate.app/Contents/Developer/Platforms/WatchOS.platform/Developer/SDKs/WatchOS27.0.sdk /Users/admin/builder/spi-builder-workspace/.derivedData/SDKStatCaches.noindex/watchos27.0-24R360-e829b21a6f8c9b70876ba0858053c04477534ef55a1706bf4c1112bbb242f0a2.sdkstatcache
cd /Users/admin/builder/spi-builder-workspace/.swiftpm/xcode
/Applications/Xcode-27.0.0-Release.Candidate.app/Contents/Developer/Toolchains/XcodeDefault.xctoolchain/usr/bin/clang-stat-cache /Applications/Xcode-27.0.0-Release.Candidate.app/Contents/Developer/Platforms/WatchOS.platform/Developer/SDKs/WatchOS27.0.sdk -o /Users/admin/builder/spi-builder-workspace/.derivedData/SDKStatCaches.noindex/watchos27.0-24R360-e829b21a6f8c9b70876ba0858053c04477534ef55a1706bf4c1112bbb242f0a2.sdkstatcache
SwiftDriver PDFAuthor normal arm64_32 com.apple.xcode.tools.swift.compiler (in target 'PDFAuthor' from project 'PDFAuthor')
cd /Users/admin/builder/spi-builder-workspace/.swiftpm/xcode
builtin-SwiftDriver -- /Applications/Xcode-27.0.0-Release.Candidate.app/Contents/Developer/Toolchains/XcodeDefault.xctoolchain/usr/bin/swiftc -parse-as-library -module-name PDFAuthor -Onone @/Users/admin/builder/spi-builder-workspace/.derivedData/Build/Intermediates.noindex/PDFAuthor.build/Debug-watchos/PDFAuthor-t.build/Objects-normal/arm64_32/PDFAuthor.SwiftFileList -DSWIFT_PACKAGE -DDEBUG -DSWIFT_MODULE_RESOURCE_BUNDLE_UNAVAILABLE -DXcode -plugin-path /Applications/Xcode-27.0.0-Release.Candidate.app/Contents/Developer/Toolchains/XcodeDefault.xctoolchain/usr/lib/swift/host/plugins/testing -enable-experimental-feature DebugDescriptionMacro -sdk /Applications/Xcode-27.0.0-Release.Candidate.app/Contents/Developer/Platforms/WatchOS.platform/Developer/SDKs/WatchOS27.0.sdk -target arm64_32-apple-watchos9.0 -g -module-cache-path /Users/admin/builder/spi-builder-workspace/.derivedData/ModuleCache.noindex -Xfrontend -serialize-debugging-options -profile-coverage-mapping -profile-generate -enable-testing -index-store-path /Users/admin/builder/spi-builder-workspace/.derivedData/Index.noindex/DataStore -Xcc -D_LIBCPP_HARDENING_MODE\=_LIBCPP_HARDENING_MODE_DEBUG -swift-version 4 -I /Users/admin/builder/spi-builder-workspace/.derivedData/Build/Products/Debug-watchos -Isystem /Applications/Xcode-27.0.0-Release.Candidate.app/Contents/Developer/Platforms/WatchOS.platform/Developer/usr/lib -F /Users/admin/builder/spi-builder-workspace/.derivedData/Build/Products/Debug-watchos/PackageFrameworks -F /Users/admin/builder/spi-builder-workspace/.derivedData/Build/Products/Debug-watchos -F /Applications/Xcode-27.0.0-Release.Candidate.app/Contents/Developer/Platforms/WatchOS.platform/Developer/Library/Frameworks -F /Applications/Xcode-27.0.0-Release.Candidate.app/Contents/Developer/Platforms/WatchOS.platform/Developer/SDKs/WatchOS27.0.sdk/Developer/Library/Frameworks -c -j10 -enable-batch-mode -incremental -Xcc -ivfsstatcache -Xcc /Users/admin/builder/spi-builder-workspace/.derivedData/SDKStatCaches.noindex/watchos27.0-24R360-e829b21a6f8c9b70876ba0858053c04477534ef55a1706bf4c1112bbb242f0a2.sdkstatcache -output-file-map /Users/admin/builder/spi-builder-workspace/.derivedData/Build/Intermediates.noindex/PDFAuthor.build/Debug-watchos/PDFAuthor-t.build/Objects-normal/arm64_32/PDFAuthor-OutputFileMap.json -save-temps -no-color-diagnostics -emit-dependencies -emit-module -emit-module-path /Users/admin/builder/spi-builder-workspace/.derivedData/Build/Intermediates.noindex/PDFAuthor.build/Debug-watchos/PDFAuthor-t.build/Objects-normal/arm64_32/PDFAuthor.swiftmodule -serialize-diagnostics -validate-clang-modules-once -clang-build-session-file /Users/admin/builder/spi-builder-workspace/.derivedData/ModuleCache.noindex/Session.modulevalidation -Xcc -fmodules-prune-interval\=86400 -Xcc -fmodules-prune-after\=345600 -emit-const-values -const-gather-protocols-list /Users/admin/builder/spi-builder-workspace/.derivedData/Build/Intermediates.noindex/PDFAuthor.build/Debug-watchos/PDFAuthor-t.build/Objects-normal/arm64_32/PDFAuthor_const_extract_protocols.json -Xcc -I/Users/admin/builder/spi-builder-workspace/.derivedData/Build/Products/Debug-watchos/include -Xcc -I/Users/admin/builder/spi-builder-workspace/.derivedData/Build/Intermediates.noindex/PDFAuthor.build/Debug-watchos/PDFAuthor-t.build/DerivedSources-normal/arm64_32 -Xcc -I/Users/admin/builder/spi-builder-workspace/.derivedData/Build/Intermediates.noindex/PDFAuthor.build/Debug-watchos/PDFAuthor-t.build/DerivedSources/arm64_32 -Xcc -I/Users/admin/builder/spi-builder-workspace/.derivedData/Build/Intermediates.noindex/PDFAuthor.build/Debug-watchos/PDFAuthor-t.build/DerivedSources -Xcc -DSWIFT_PACKAGE -Xcc -DDEBUG\=1 -emit-objc-header -emit-objc-header-path /Users/admin/builder/spi-builder-workspace/.derivedData/Build/Intermediates.noindex/PDFAuthor.build/Debug-watchos/PDFAuthor-t.build/Objects-normal/arm64_32/PDFAuthor-Swift.h -working-directory /Users/admin/builder/spi-builder-workspace/.swiftpm/xcode -experimental-emit-module-separately -disable-cmo
SwiftDriver PDFAuthor normal arm64 com.apple.xcode.tools.swift.compiler (in target 'PDFAuthor' from project 'PDFAuthor')
cd /Users/admin/builder/spi-builder-workspace/.swiftpm/xcode
builtin-SwiftDriver -- /Applications/Xcode-27.0.0-Release.Candidate.app/Contents/Developer/Toolchains/XcodeDefault.xctoolchain/usr/bin/swiftc -parse-as-library -module-name PDFAuthor -Onone @/Users/admin/builder/spi-builder-workspace/.derivedData/Build/Intermediates.noindex/PDFAuthor.build/Debug-watchos/PDFAuthor-t.build/Objects-normal/arm64/PDFAuthor.SwiftFileList -DSWIFT_PACKAGE -DDEBUG -DSWIFT_MODULE_RESOURCE_BUNDLE_UNAVAILABLE -DXcode -plugin-path /Applications/Xcode-27.0.0-Release.Candidate.app/Contents/Developer/Toolchains/XcodeDefault.xctoolchain/usr/lib/swift/host/plugins/testing -enable-experimental-feature DebugDescriptionMacro -sdk /Applications/Xcode-27.0.0-Release.Candidate.app/Contents/Developer/Platforms/WatchOS.platform/Developer/SDKs/WatchOS27.0.sdk -target arm64-apple-watchos9.0 -g -module-cache-path /Users/admin/builder/spi-builder-workspace/.derivedData/ModuleCache.noindex -Xfrontend -serialize-debugging-options -profile-coverage-mapping -profile-generate -enable-testing -index-store-path /Users/admin/builder/spi-builder-workspace/.derivedData/Index.noindex/DataStore -Xcc -D_LIBCPP_HARDENING_MODE\=_LIBCPP_HARDENING_MODE_DEBUG -swift-version 4 -I /Users/admin/builder/spi-builder-workspace/.derivedData/Build/Products/Debug-watchos -Isystem /Applications/Xcode-27.0.0-Release.Candidate.app/Contents/Developer/Platforms/WatchOS.platform/Developer/usr/lib -F /Users/admin/builder/spi-builder-workspace/.derivedData/Build/Products/Debug-watchos/PackageFrameworks -F /Users/admin/builder/spi-builder-workspace/.derivedData/Build/Products/Debug-watchos -F /Applications/Xcode-27.0.0-Release.Candidate.app/Contents/Developer/Platforms/WatchOS.platform/Developer/Library/Frameworks -F /Applications/Xcode-27.0.0-Release.Candidate.app/Contents/Developer/Platforms/WatchOS.platform/Developer/SDKs/WatchOS27.0.sdk/Developer/Library/Frameworks -c -j10 -enable-batch-mode -incremental -Xcc -ivfsstatcache -Xcc /Users/admin/builder/spi-builder-workspace/.derivedData/SDKStatCaches.noindex/watchos27.0-24R360-e829b21a6f8c9b70876ba0858053c04477534ef55a1706bf4c1112bbb242f0a2.sdkstatcache -output-file-map /Users/admin/builder/spi-builder-workspace/.derivedData/Build/Intermediates.noindex/PDFAuthor.build/Debug-watchos/PDFAuthor-t.build/Objects-normal/arm64/PDFAuthor-OutputFileMap.json -save-temps -no-color-diagnostics -emit-dependencies -emit-module -emit-module-path /Users/admin/builder/spi-builder-workspace/.derivedData/Build/Intermediates.noindex/PDFAuthor.build/Debug-watchos/PDFAuthor-t.build/Objects-normal/arm64/PDFAuthor.swiftmodule -serialize-diagnostics -validate-clang-modules-once -clang-build-session-file /Users/admin/builder/spi-builder-workspace/.derivedData/ModuleCache.noindex/Session.modulevalidation -Xcc -fmodules-prune-interval\=86400 -Xcc -fmodules-prune-after\=345600 -emit-const-values -const-gather-protocols-list /Users/admin/builder/spi-builder-workspace/.derivedData/Build/Intermediates.noindex/PDFAuthor.build/Debug-watchos/PDFAuthor-t.build/Objects-normal/arm64/PDFAuthor_const_extract_protocols.json -Xcc -I/Users/admin/builder/spi-builder-workspace/.derivedData/Build/Products/Debug-watchos/include -Xcc -I/Users/admin/builder/spi-builder-workspace/.derivedData/Build/Intermediates.noindex/PDFAuthor.build/Debug-watchos/PDFAuthor-t.build/DerivedSources-normal/arm64 -Xcc -I/Users/admin/builder/spi-builder-workspace/.derivedData/Build/Intermediates.noindex/PDFAuthor.build/Debug-watchos/PDFAuthor-t.build/DerivedSources/arm64 -Xcc -I/Users/admin/builder/spi-builder-workspace/.derivedData/Build/Intermediates.noindex/PDFAuthor.build/Debug-watchos/PDFAuthor-t.build/DerivedSources -Xcc -DSWIFT_PACKAGE -Xcc -DDEBUG\=1 -emit-objc-header -emit-objc-header-path /Users/admin/builder/spi-builder-workspace/.derivedData/Build/Intermediates.noindex/PDFAuthor.build/Debug-watchos/PDFAuthor-t.build/Objects-normal/arm64/PDFAuthor-Swift.h -working-directory /Users/admin/builder/spi-builder-workspace/.swiftpm/xcode -experimental-emit-module-separately -disable-cmo
SwiftDriver Cassowary normal arm64 com.apple.xcode.tools.swift.compiler (in target 'Cassowary' from project 'Cassowary')
cd /Users/admin/builder/spi-builder-workspace/.swiftpm/xcode
builtin-SwiftDriver -- /Applications/Xcode-27.0.0-Release.Candidate.app/Contents/Developer/Toolchains/XcodeDefault.xctoolchain/usr/bin/swiftc -parse-as-library -module-name Cassowary -Onone @/Users/admin/builder/spi-builder-workspace/.derivedData/Build/Intermediates.noindex/Cassowary.build/Debug-watchos/Cassowary-t.build/Objects-normal/arm64/Cassowary.SwiftFileList -DSWIFT_PACKAGE -DDEBUG -DSWIFT_MODULE_RESOURCE_BUNDLE_UNAVAILABLE -DXcode -plugin-path /Applications/Xcode-27.0.0-Release.Candidate.app/Contents/Developer/Toolchains/XcodeDefault.xctoolchain/usr/lib/swift/host/plugins/testing -enable-experimental-feature DebugDescriptionMacro -sdk /Applications/Xcode-27.0.0-Release.Candidate.app/Contents/Developer/Platforms/WatchOS.platform/Developer/SDKs/WatchOS27.0.sdk -target arm64-apple-watchos9.0 -g -module-cache-path /Users/admin/builder/spi-builder-workspace/.derivedData/ModuleCache.noindex -Xfrontend -serialize-debugging-options -profile-coverage-mapping -profile-generate -enable-testing -suppress-warnings -index-store-path /Users/admin/builder/spi-builder-workspace/.derivedData/Index.noindex/DataStore -Xcc -D_LIBCPP_HARDENING_MODE\=_LIBCPP_HARDENING_MODE_DEBUG -swift-version 4 -I /Users/admin/builder/spi-builder-workspace/.derivedData/Build/Products/Debug-watchos -Isystem /Applications/Xcode-27.0.0-Release.Candidate.app/Contents/Developer/Platforms/WatchOS.platform/Developer/usr/lib -F /Users/admin/builder/spi-builder-workspace/.derivedData/Build/Products/Debug-watchos -F /Applications/Xcode-27.0.0-Release.Candidate.app/Contents/Developer/Platforms/WatchOS.platform/Developer/Library/Frameworks -F /Applications/Xcode-27.0.0-Release.Candidate.app/Contents/Developer/Platforms/WatchOS.platform/Developer/SDKs/WatchOS27.0.sdk/Developer/Library/Frameworks -c -j10 -enable-batch-mode -incremental -Xcc -ivfsstatcache -Xcc /Users/admin/builder/spi-builder-workspace/.derivedData/SDKStatCaches.noindex/watchos27.0-24R360-e829b21a6f8c9b70876ba0858053c04477534ef55a1706bf4c1112bbb242f0a2.sdkstatcache -output-file-map /Users/admin/builder/spi-builder-workspace/.derivedData/Build/Intermediates.noindex/Cassowary.build/Debug-watchos/Cassowary-t.build/Objects-normal/arm64/Cassowary-OutputFileMap.json -save-temps -no-color-diagnostics -emit-dependencies -emit-module -emit-module-path /Users/admin/builder/spi-builder-workspace/.derivedData/Build/Intermediates.noindex/Cassowary.build/Debug-watchos/Cassowary-t.build/Objects-normal/arm64/Cassowary.swiftmodule -serialize-diagnostics -validate-clang-modules-once -clang-build-session-file /Users/admin/builder/spi-builder-workspace/.derivedData/ModuleCache.noindex/Session.modulevalidation -Xcc -fmodules-prune-interval\=86400 -Xcc -fmodules-prune-after\=345600 -emit-const-values -const-gather-protocols-list /Users/admin/builder/spi-builder-workspace/.derivedData/Build/Intermediates.noindex/Cassowary.build/Debug-watchos/Cassowary-t.build/Objects-normal/arm64/Cassowary_const_extract_protocols.json -Xcc -I/Users/admin/builder/spi-builder-workspace/.derivedData/Build/Products/Debug-watchos/include -Xcc -I/Users/admin/builder/spi-builder-workspace/.derivedData/Build/Intermediates.noindex/Cassowary.build/Debug-watchos/Cassowary-t.build/DerivedSources-normal/arm64 -Xcc -I/Users/admin/builder/spi-builder-workspace/.derivedData/Build/Intermediates.noindex/Cassowary.build/Debug-watchos/Cassowary-t.build/DerivedSources/arm64 -Xcc -I/Users/admin/builder/spi-builder-workspace/.derivedData/Build/Intermediates.noindex/Cassowary.build/Debug-watchos/Cassowary-t.build/DerivedSources -Xcc -DSWIFT_PACKAGE -Xcc -DDEBUG\=1 -emit-objc-header -emit-objc-header-path /Users/admin/builder/spi-builder-workspace/.derivedData/Build/Intermediates.noindex/Cassowary.build/Debug-watchos/Cassowary-t.build/Objects-normal/arm64/Cassowary-Swift.h -working-directory /Users/admin/builder/spi-builder-workspace/.swiftpm/xcode -experimental-emit-module-separately -disable-cmo
SwiftDriver Cassowary normal arm64_32 com.apple.xcode.tools.swift.compiler (in target 'Cassowary' from project 'Cassowary')
cd /Users/admin/builder/spi-builder-workspace/.swiftpm/xcode
builtin-SwiftDriver -- /Applications/Xcode-27.0.0-Release.Candidate.app/Contents/Developer/Toolchains/XcodeDefault.xctoolchain/usr/bin/swiftc -parse-as-library -module-name Cassowary -Onone @/Users/admin/builder/spi-builder-workspace/.derivedData/Build/Intermediates.noindex/Cassowary.build/Debug-watchos/Cassowary-t.build/Objects-normal/arm64_32/Cassowary.SwiftFileList -DSWIFT_PACKAGE -DDEBUG -DSWIFT_MODULE_RESOURCE_BUNDLE_UNAVAILABLE -DXcode -plugin-path /Applications/Xcode-27.0.0-Release.Candidate.app/Contents/Developer/Toolchains/XcodeDefault.xctoolchain/usr/lib/swift/host/plugins/testing -enable-experimental-feature DebugDescriptionMacro -sdk /Applications/Xcode-27.0.0-Release.Candidate.app/Contents/Developer/Platforms/WatchOS.platform/Developer/SDKs/WatchOS27.0.sdk -target arm64_32-apple-watchos9.0 -g -module-cache-path /Users/admin/builder/spi-builder-workspace/.derivedData/ModuleCache.noindex -Xfrontend -serialize-debugging-options -profile-coverage-mapping -profile-generate -enable-testing -suppress-warnings -index-store-path /Users/admin/builder/spi-builder-workspace/.derivedData/Index.noindex/DataStore -Xcc -D_LIBCPP_HARDENING_MODE\=_LIBCPP_HARDENING_MODE_DEBUG -swift-version 4 -I /Users/admin/builder/spi-builder-workspace/.derivedData/Build/Products/Debug-watchos -Isystem /Applications/Xcode-27.0.0-Release.Candidate.app/Contents/Developer/Platforms/WatchOS.platform/Developer/usr/lib -F /Users/admin/builder/spi-builder-workspace/.derivedData/Build/Products/Debug-watchos -F /Applications/Xcode-27.0.0-Release.Candidate.app/Contents/Developer/Platforms/WatchOS.platform/Developer/Library/Frameworks -F /Applications/Xcode-27.0.0-Release.Candidate.app/Contents/Developer/Platforms/WatchOS.platform/Developer/SDKs/WatchOS27.0.sdk/Developer/Library/Frameworks -c -j10 -enable-batch-mode -incremental -Xcc -ivfsstatcache -Xcc /Users/admin/builder/spi-builder-workspace/.derivedData/SDKStatCaches.noindex/watchos27.0-24R360-e829b21a6f8c9b70876ba0858053c04477534ef55a1706bf4c1112bbb242f0a2.sdkstatcache -output-file-map /Users/admin/builder/spi-builder-workspace/.derivedData/Build/Intermediates.noindex/Cassowary.build/Debug-watchos/Cassowary-t.build/Objects-normal/arm64_32/Cassowary-OutputFileMap.json -save-temps -no-color-diagnostics -emit-dependencies -emit-module -emit-module-path /Users/admin/builder/spi-builder-workspace/.derivedData/Build/Intermediates.noindex/Cassowary.build/Debug-watchos/Cassowary-t.build/Objects-normal/arm64_32/Cassowary.swiftmodule -serialize-diagnostics -validate-clang-modules-once -clang-build-session-file /Users/admin/builder/spi-builder-workspace/.derivedData/ModuleCache.noindex/Session.modulevalidation -Xcc -fmodules-prune-interval\=86400 -Xcc -fmodules-prune-after\=345600 -emit-const-values -const-gather-protocols-list /Users/admin/builder/spi-builder-workspace/.derivedData/Build/Intermediates.noindex/Cassowary.build/Debug-watchos/Cassowary-t.build/Objects-normal/arm64_32/Cassowary_const_extract_protocols.json -Xcc -I/Users/admin/builder/spi-builder-workspace/.derivedData/Build/Products/Debug-watchos/include -Xcc -I/Users/admin/builder/spi-builder-workspace/.derivedData/Build/Intermediates.noindex/Cassowary.build/Debug-watchos/Cassowary-t.build/DerivedSources-normal/arm64_32 -Xcc -I/Users/admin/builder/spi-builder-workspace/.derivedData/Build/Intermediates.noindex/Cassowary.build/Debug-watchos/Cassowary-t.build/DerivedSources/arm64_32 -Xcc -I/Users/admin/builder/spi-builder-workspace/.derivedData/Build/Intermediates.noindex/Cassowary.build/Debug-watchos/Cassowary-t.build/DerivedSources -Xcc -DSWIFT_PACKAGE -Xcc -DDEBUG\=1 -emit-objc-header -emit-objc-header-path /Users/admin/builder/spi-builder-workspace/.derivedData/Build/Intermediates.noindex/Cassowary.build/Debug-watchos/Cassowary-t.build/Objects-normal/arm64_32/Cassowary-Swift.h -working-directory /Users/admin/builder/spi-builder-workspace/.swiftpm/xcode -experimental-emit-module-separately -disable-cmo
SwiftEmitModule normal arm64_32 Emitting\ module\ for\ PDFAuthor (in target 'PDFAuthor' from project 'PDFAuthor')
SwiftCompile normal arm64_32 (in target 'PDFAuthor' from project 'PDFAuthor')
cd /Users/admin/builder/spi-builder-workspace/.swiftpm/xcode
/Users/admin/builder/spi-builder-workspace/Sources/PDFAuthor/PDFAuthor.swift:234:75: error: cannot find type 'PDFOutline' in scope
232 | @available(iOS 11, *)
233 | @available(OSX 10.4, *)
234 | private func generateOutlineObject(forDocument document: PDFDocument) -> PDFOutline? {
| `- error: cannot find type 'PDFOutline' in scope
235 | let outlineDict = generateDocumentOutline()
236 |
/Users/admin/builder/spi-builder-workspace/Sources/PDFAuthor/PDFAuthor.swift:234:59: error: cannot find type 'PDFDocument' in scope
232 | @available(iOS 11, *)
233 | @available(OSX 10.4, *)
234 | private func generateOutlineObject(forDocument document: PDFDocument) -> PDFOutline? {
| `- error: cannot find type 'PDFDocument' in scope
235 | let outlineDict = generateDocumentOutline()
236 |
/Users/admin/builder/spi-builder-workspace/Sources/PDFAuthor/PDFAuthor.swift:242:98: error: cannot find type 'PDFOutline' in scope
240 | @available(iOS 11, *)
241 | @available(OSX 10.4, *)
242 | private final func recursiveOutlineObject(outlineDict: [String: Any], document: PDFDocument) -> PDFOutline? {
| `- error: cannot find type 'PDFOutline' in scope
243 | let o = PDFOutline()
244 |
/Users/admin/builder/spi-builder-workspace/Sources/PDFAuthor/PDFAuthor.swift:242:82: error: cannot find type 'PDFDocument' in scope
240 | @available(iOS 11, *)
241 | @available(OSX 10.4, *)
242 | private final func recursiveOutlineObject(outlineDict: [String: Any], document: PDFDocument) -> PDFOutline? {
| `- error: cannot find type 'PDFDocument' in scope
243 | let o = PDFOutline()
244 |
/Users/admin/builder/spi-builder-workspace/Sources/PDFAuthor/Renderable/ImageRegion.swift:36:13: error: cannot find type 'PDFImage' in scope
34 |
35 | public enum PDFImageType {
36 | case image(PDFImage)
| `- error: cannot find type 'PDFImage' in scope
37 | case imageBlock(() -> PDFImage?)
38 | case cgImage(CGImage)
/Users/admin/builder/spi-builder-workspace/Sources/PDFAuthor/Renderable/ImageRegion.swift:37:24: error: cannot find type 'PDFImage' in scope
35 | public enum PDFImageType {
36 | case image(PDFImage)
37 | case imageBlock(() -> PDFImage?)
| `- error: cannot find type 'PDFImage' in scope
38 | case cgImage(CGImage)
39 |
/Users/admin/builder/spi-builder-workspace/Sources/PDFAuthor/Renderable/ImageRegion.swift:38:15: error: cannot find type 'CGImage' in scope
36 | case image(PDFImage)
37 | case imageBlock(() -> PDFImage?)
38 | case cgImage(CGImage)
| `- error: cannot find type 'CGImage' in scope
39 |
40 | func getCGImage() -> CGImage? {
SwiftCompile normal arm64_32 Compiling\ PDFRegionConstraints.swift,\ StackRegion.swift /Users/admin/builder/spi-builder-workspace/Sources/PDFAuthor/Renderable/PDFRegionConstraints.swift /Users/admin/builder/spi-builder-workspace/Sources/PDFAuthor/Renderable/StackRegion/StackRegion.swift (in target 'PDFAuthor' from project 'PDFAuthor')
SwiftCompile normal arm64_32 /Users/admin/builder/spi-builder-workspace/Sources/PDFAuthor/Renderable/PDFRegionConstraints.swift (in target 'PDFAuthor' from project 'PDFAuthor')
cd /Users/admin/builder/spi-builder-workspace/.swiftpm/xcode
builtin-SwiftPerFileCompile PDFRegionConstraints.swift
SwiftCompile normal arm64_32 /Users/admin/builder/spi-builder-workspace/Sources/PDFAuthor/Renderable/StackRegion/StackRegion.swift (in target 'PDFAuthor' from project 'PDFAuthor')
cd /Users/admin/builder/spi-builder-workspace/.swiftpm/xcode
builtin-SwiftPerFileCompile StackRegion.swift
SwiftCompile normal arm64_32 Compiling\ MultiColumnStringRegion.swift,\ PDFChapter.swift /Users/admin/builder/spi-builder-workspace/Sources/PDFAuthor/Renderable/MultiColumnStringRegion.swift /Users/admin/builder/spi-builder-workspace/Sources/PDFAuthor/Renderable/PDFChapter.swift (in target 'PDFAuthor' from project 'PDFAuthor')
SwiftCompile normal arm64_32 /Users/admin/builder/spi-builder-workspace/Sources/PDFAuthor/Renderable/MultiColumnStringRegion.swift (in target 'PDFAuthor' from project 'PDFAuthor')
cd /Users/admin/builder/spi-builder-workspace/.swiftpm/xcode
builtin-SwiftPerFileCompile MultiColumnStringRegion.swift
SwiftCompile normal arm64_32 /Users/admin/builder/spi-builder-workspace/Sources/PDFAuthor/Renderable/PDFChapter.swift (in target 'PDFAuthor' from project 'PDFAuthor')
cd /Users/admin/builder/spi-builder-workspace/.swiftpm/xcode
builtin-SwiftPerFileCompile PDFChapter.swift
/Users/admin/builder/spi-builder-workspace/Sources/PDFAuthor/Renderable/MultiColumnStringRegion.swift:117:11: error: cannot find type 'PDFFont' in scope
115 | /// Initialize with a string, font, text color, text alignment and number of columns
116 | public init(string: String,
117 | font: PDFFont = PDFFont.systemFont(ofSize: PDFFont.systemFontSize),
| `- error: cannot find type 'PDFFont' in scope
118 | color: PDFColor = .black,
119 | alignment: NSTextAlignment = .left,
/Users/admin/builder/spi-builder-workspace/Sources/PDFAuthor/Renderable/MultiColumnStringRegion.swift:118:12: error: cannot find type 'PDFColor' in scope
116 | public init(string: String,
117 | font: PDFFont = PDFFont.systemFont(ofSize: PDFFont.systemFontSize),
118 | color: PDFColor = .black,
| `- error: cannot find type 'PDFColor' in scope
119 | alignment: NSTextAlignment = .left,
120 | numColumns: UInt = 1) {
/Users/admin/builder/spi-builder-workspace/Sources/PDFAuthor/Renderable/MultiColumnStringRegion.swift:119:16: error: cannot find type 'NSTextAlignment' in scope
117 | font: PDFFont = PDFFont.systemFont(ofSize: PDFFont.systemFontSize),
118 | color: PDFColor = .black,
119 | alignment: NSTextAlignment = .left,
| `- error: cannot find type 'NSTextAlignment' in scope
120 | numColumns: UInt = 1) {
121 |
/Users/admin/builder/spi-builder-workspace/Sources/PDFAuthor/Renderable/MultiColumnStringRegion.swift:41:32: error: cannot find type 'PDFFont' in scope
39 |
40 | /// The font that this region will use
41 | public var font: PDFFont?
| `- error: cannot find type 'PDFFont' in scope
42 |
43 | /// The color of the text
/Users/admin/builder/spi-builder-workspace/Sources/PDFAuthor/Renderable/MultiColumnStringRegion.swift:44:32: error: cannot find type 'PDFColor' in scope
42 |
43 | /// The color of the text
44 | public var textColor: PDFColor?
| `- error: cannot find type 'PDFColor' in scope
45 |
46 | /// The alignment of the text
/Users/admin/builder/spi-builder-workspace/Sources/PDFAuthor/Renderable/MultiColumnStringRegion.swift:47:32: error: cannot find type 'NSTextAlignment' in scope
45 |
46 | /// The alignment of the text
47 | public var textAlignment: NSTextAlignment?
| `- error: cannot find type 'NSTextAlignment' in scope
48 |
49 | /// The number of columns to use
SwiftCompile normal arm64_32 Compiling\ PDFAuthor.swift,\ ImageRegion.swift /Users/admin/builder/spi-builder-workspace/Sources/PDFAuthor/PDFAuthor.swift /Users/admin/builder/spi-builder-workspace/Sources/PDFAuthor/Renderable/ImageRegion.swift (in target 'PDFAuthor' from project 'PDFAuthor')
/Users/admin/builder/spi-builder-workspace/Sources/PDFAuthor/PDFAuthor.swift:234:75: error: cannot find type 'PDFOutline' in scope
232 | @available(iOS 11, *)
233 | @available(OSX 10.4, *)
234 | private func generateOutlineObject(forDocument document: PDFDocument) -> PDFOutline? {
| `- error: cannot find type 'PDFOutline' in scope
235 | let outlineDict = generateDocumentOutline()
236 |
/Users/admin/builder/spi-builder-workspace/Sources/PDFAuthor/PDFAuthor.swift:234:59: error: cannot find type 'PDFDocument' in scope
232 | @available(iOS 11, *)
233 | @available(OSX 10.4, *)
234 | private func generateOutlineObject(forDocument document: PDFDocument) -> PDFOutline? {
| `- error: cannot find type 'PDFDocument' in scope
235 | let outlineDict = generateDocumentOutline()
236 |
/Users/admin/builder/spi-builder-workspace/Sources/PDFAuthor/PDFAuthor.swift:242:98: error: cannot find type 'PDFOutline' in scope
240 | @available(iOS 11, *)
241 | @available(OSX 10.4, *)
242 | private final func recursiveOutlineObject(outlineDict: [String: Any], document: PDFDocument) -> PDFOutline? {
| `- error: cannot find type 'PDFOutline' in scope
243 | let o = PDFOutline()
244 |
SwiftCompile normal arm64_32 /Users/admin/builder/spi-builder-workspace/Sources/PDFAuthor/PDFAuthor.swift (in target 'PDFAuthor' from project 'PDFAuthor')
cd /Users/admin/builder/spi-builder-workspace/.swiftpm/xcode
builtin-SwiftPerFileCompile PDFAuthor.swift
SwiftCompile normal arm64_32 /Users/admin/builder/spi-builder-workspace/Sources/PDFAuthor/Renderable/ImageRegion.swift (in target 'PDFAuthor' from project 'PDFAuthor')
cd /Users/admin/builder/spi-builder-workspace/.swiftpm/xcode
builtin-SwiftPerFileCompile ImageRegion.swift
SwiftCompile normal arm64_32 Compiling\ PDFPage.swift,\ PDFRegion.swift /Users/admin/builder/spi-builder-workspace/Sources/PDFAuthor/Renderable/PDFPage.swift /Users/admin/builder/spi-builder-workspace/Sources/PDFAuthor/Renderable/PDFRegion.swift (in target 'PDFAuthor' from project 'PDFAuthor')
SwiftCompile normal arm64_32 /Users/admin/builder/spi-builder-workspace/Sources/PDFAuthor/Renderable/PDFPage.swift (in target 'PDFAuthor' from project 'PDFAuthor')
cd /Users/admin/builder/spi-builder-workspace/.swiftpm/xcode
builtin-SwiftPerFileCompile PDFPage.swift
SwiftCompile normal arm64_32 /Users/admin/builder/spi-builder-workspace/Sources/PDFAuthor/Renderable/PDFRegion.swift (in target 'PDFAuthor' from project 'PDFAuthor')
cd /Users/admin/builder/spi-builder-workspace/.swiftpm/xcode
builtin-SwiftPerFileCompile PDFRegion.swift
/Users/admin/builder/spi-builder-workspace/Sources/PDFAuthor/Renderable/PDFPage.swift:59:42: error: cannot find type 'CGContext' in scope
57 | // MARK: Drawing
58 |
59 | internal func render(toContext context: CGContext) {
| `- error: cannot find type 'CGContext' in scope
60 | // This is the root, so we need to constrain the edges
61 | self.addConstraints(self.left == Double(frame.origin.x),
/Users/admin/builder/spi-builder-workspace/Sources/PDFAuthor/Renderable/PDFPage.swift:107:59: error: cannot find type 'CGContext' in scope
105 | - rect: A rect providing bounds in which to draw
106 | */
107 | override internal func drawInternal(withContext context: CGContext, inRect rect: CGRect) {
| `- error: cannot find type 'CGContext' in scope
108 | // Draw background color
109 | if !rect.isEmpty {
/Users/admin/builder/spi-builder-workspace/Sources/PDFAuthor/Renderable/PDFPage.swift:152:34: error: 'Expression' is ambiguous for type lookup in this context
150 | }
151 |
152 | public var leftBackgroundInset: Expression {
| `- error: 'Expression' is ambiguous for type lookup in this context
153 | return (left + backgroundInsetLeft).setAlias("leftBackgroundInset", owner: self)
154 | }
Foundation.Expression:2:15: note: found this candidate
1 | @available(macOS 15, iOS 18, tvOS 18, watchOS 11, *)
2 | public struct Expression<each Input, Output> : Sendable {
| `- note: found this candidate
3 | public let expression: any StandardPredicateExpression<Output>
4 | public let variable: (repeat PredicateExpressions.Variable<each Input>)
/Users/admin/builder/spi-builder-workspace/.dependencies/checkouts/CassowarySwift/Sources/Cassowary/Expression.swift:34:20: note: found this candidate
32 | */
33 |
34 | public final class Expression: CustomStringConvertible, CassowaryDebugDescription {
| `- note: found this candidate
35 | private weak var _owner: AnyObject?
36 |
/Users/admin/builder/spi-builder-workspace/Sources/PDFAuthor/Renderable/PDFPage.swift:156:35: error: 'Expression' is ambiguous for type lookup in this context
154 | }
155 |
156 | public var rightBackgroundInset: Expression {
| `- error: 'Expression' is ambiguous for type lookup in this context
157 | return (right - backgroundInsetRight).setAlias("rightBackgroundInset", owner: self)
158 | }
Foundation.Expression:2:15: note: found this candidate
1 | @available(macOS 15, iOS 18, tvOS 18, watchOS 11, *)
2 | public struct Expression<each Input, Output> : Sendable {
| `- note: found this candidate
3 | public let expression: any StandardPredicateExpression<Output>
4 | public let variable: (repeat PredicateExpressions.Variable<each Input>)
/Users/admin/builder/spi-builder-workspace/.dependencies/checkouts/CassowarySwift/Sources/Cassowary/Expression.swift:34:20: note: found this candidate
32 | */
33 |
34 | public final class Expression: CustomStringConvertible, CassowaryDebugDescription {
| `- note: found this candidate
35 | private weak var _owner: AnyObject?
36 |
/Users/admin/builder/spi-builder-workspace/Sources/PDFAuthor/Renderable/PDFPage.swift:160:33: error: 'Expression' is ambiguous for type lookup in this context
158 | }
159 |
160 | public var topBackgroundInset: Expression {
| `- error: 'Expression' is ambiguous for type lookup in this context
161 | return (top + backgroundInsetTop).setAlias("topBackgroundInset", owner: self)
162 | }
Foundation.Expression:2:15: note: found this candidate
1 | @available(macOS 15, iOS 18, tvOS 18, watchOS 11, *)
2 | public struct Expression<each Input, Output> : Sendable {
| `- note: found this candidate
3 | public let expression: any StandardPredicateExpression<Output>
4 | public let variable: (repeat PredicateExpressions.Variable<each Input>)
/Users/admin/builder/spi-builder-workspace/.dependencies/checkouts/CassowarySwift/Sources/Cassowary/Expression.swift:34:20: note: found this candidate
32 | */
33 |
34 | public final class Expression: CustomStringConvertible, CassowaryDebugDescription {
| `- note: found this candidate
35 | private weak var _owner: AnyObject?
36 |
SwiftCompile normal arm64_32 Compiling\ StringRegion.swift /Users/admin/builder/spi-builder-workspace/Sources/PDFAuthor/Renderable/StringRegion.swift (in target 'PDFAuthor' from project 'PDFAuthor')
/Users/admin/builder/spi-builder-workspace/Sources/PDFAuthor/Renderable/StringRegion.swift:82:48: error: cannot find type 'PDFFont' in scope
80 |
81 | /// Initialize with a string, font, text color and text alignment
82 | public convenience init(string: String, font: PDFFont, color: PDFColor, alignment: NSTextAlignment) {
| `- error: cannot find type 'PDFFont' in scope
83 | let paragraphStyle = NSMutableParagraphStyle()
84 | paragraphStyle.alignment = alignment
/Users/admin/builder/spi-builder-workspace/Sources/PDFAuthor/Renderable/StringRegion.swift:82:64: error: cannot find type 'PDFColor' in scope
80 |
81 | /// Initialize with a string, font, text color and text alignment
82 | public convenience init(string: String, font: PDFFont, color: PDFColor, alignment: NSTextAlignment) {
| `- error: cannot find type 'PDFColor' in scope
83 | let paragraphStyle = NSMutableParagraphStyle()
84 | paragraphStyle.alignment = alignment
/Users/admin/builder/spi-builder-workspace/Sources/PDFAuthor/Renderable/StringRegion.swift:82:85: error: cannot find type 'NSTextAlignment' in scope
80 |
81 | /// Initialize with a string, font, text color and text alignment
82 | public convenience init(string: String, font: PDFFont, color: PDFColor, alignment: NSTextAlignment) {
| `- error: cannot find type 'NSTextAlignment' in scope
83 | let paragraphStyle = NSMutableParagraphStyle()
84 | paragraphStyle.alignment = alignment
/Users/admin/builder/spi-builder-workspace/Sources/PDFAuthor/Renderable/StringRegion.swift:96:48: error: cannot find type 'PDFFont' in scope
94 |
95 | /// Initialize with a string, font and text color
96 | public convenience init(string: String, font: PDFFont, color: PDFColor) {
| `- error: cannot find type 'PDFFont' in scope
97 | let attributes: [NSAttributedString.Key: Any] = [
98 | .font: font as CTFont,
/Users/admin/builder/spi-builder-workspace/Sources/PDFAuthor/Renderable/StringRegion.swift:96:64: error: cannot find type 'PDFColor' in scope
94 |
95 | /// Initialize with a string, font and text color
96 | public convenience init(string: String, font: PDFFont, color: PDFColor) {
| `- error: cannot find type 'PDFColor' in scope
97 | let attributes: [NSAttributedString.Key: Any] = [
98 | .font: font as CTFont,
/Users/admin/builder/spi-builder-workspace/Sources/PDFAuthor/Renderable/StringRegion.swift:106:49: error: cannot find type 'PDFColor' in scope
104 |
105 | /// Initialize with a string and text color
106 | public convenience init(string: String, color: PDFColor) {
| `- error: cannot find type 'PDFColor' in scope
107 | let attributes: [NSAttributedString.Key: Any] = [
108 | .foregroundColor: color.cgColor
/Users/admin/builder/spi-builder-workspace/Sources/PDFAuthor/Renderable/StringRegion.swift:115:48: error: cannot find type 'PDFFont' in scope
113 |
114 | /// Initialize with a string and font
115 | public convenience init(string: String, font: PDFFont) {
| `- error: cannot find type 'PDFFont' in scope
116 | let attributes: [NSAttributedString.Key: Any] = [
117 | .font: font as CTFont
SwiftCompile normal arm64_32 /Users/admin/builder/spi-builder-workspace/Sources/PDFAuthor/Renderable/StringRegion.swift (in target 'PDFAuthor' from project 'PDFAuthor')
cd /Users/admin/builder/spi-builder-workspace/.swiftpm/xcode
builtin-SwiftPerFileCompile StringRegion.swift
SwiftCompile normal arm64_32 Compiling\ StackRegionTypes.swift /Users/admin/builder/spi-builder-workspace/Sources/PDFAuthor/Renderable/StackRegion/StackRegionTypes.swift (in target 'PDFAuthor' from project 'PDFAuthor')
SwiftCompile normal arm64_32 /Users/admin/builder/spi-builder-workspace/Sources/PDFAuthor/Renderable/StackRegion/StackRegionTypes.swift (in target 'PDFAuthor' from project 'PDFAuthor')
cd /Users/admin/builder/spi-builder-workspace/.swiftpm/xcode
builtin-SwiftPerFileCompile StackRegionTypes.swift
SwiftEmitModule normal arm64 Emitting\ module\ for\ PDFAuthor (in target 'PDFAuthor' from project 'PDFAuthor')
SwiftCompile normal arm64 (in target 'PDFAuthor' from project 'PDFAuthor')
cd /Users/admin/builder/spi-builder-workspace/.swiftpm/xcode
SwiftCompile normal arm64 Compiling\ TableChapterDataSource.swift /Users/admin/builder/spi-builder-workspace/Sources/PDFAuthor/Renderable/TableChapter/TableChapterDataSource.swift (in target 'PDFAuthor' from project 'PDFAuthor')
/Users/admin/builder/spi-builder-workspace/Sources/PDFAuthor/Renderable/TableChapter/TableChapterDataSource.swift:51:111: error: cannot find type 'PDFColor' in scope
49 |
50 | /// Asks the data source for the background color of a row in the table
51 | func tableChapter(_ tableChapter: TableChapter, backgroundColorForRowAtIndexPath indexPath: PDFIndexPath) -> PDFColor?
| `- error: cannot find type 'PDFColor' in scope
52 |
53 | /**
/Users/admin/builder/spi-builder-workspace/Sources/PDFAuthor/Renderable/TableChapter/TableChapterDataSource.swift:57:87: error: cannot find type 'PDFColor' in scope
55 | When not nil, this overrides the global page color.
56 | */
57 | func tableChapter(_ tableChapter: TableChapter, backgroundColorForPage page: Int) -> PDFColor?
| `- error: cannot find type 'PDFColor' in scope
58 |
59 | /**
/Users/admin/builder/spi-builder-workspace/Sources/PDFAuthor/Renderable/TableChapter/TableChapterDataSource.swift:114:111: error: cannot find type 'PDFColor' in scope
112 | public extension TableChapterDataSource {
113 |
114 | func tableChapter(_ tableChapter: TableChapter, backgroundColorForRowAtIndexPath indexPath: PDFIndexPath) -> PDFColor? {
| `- error: cannot find type 'PDFColor' in scope
115 | return nil
116 | }
/Users/admin/builder/spi-builder-workspace/Sources/PDFAuthor/Renderable/TableChapter/TableChapterDataSource.swift:118:87: error: cannot find type 'PDFColor' in scope
116 | }
117 |
118 | func tableChapter(_ tableChapter: TableChapter, backgroundColorForPage page: Int) -> PDFColor? {
| `- error: cannot find type 'PDFColor' in scope
119 | return nil
120 | }
Failed frontend command:
/Applications/Xcode-27.0.0-Release.Candidate.app/Contents/Developer/Toolchains/XcodeDefault.xctoolchain/usr/bin/swift-frontend -frontend -c /Users/admin/builder/spi-builder-workspace/Sources/PDFAuthor/PDFAuthor.swift /Users/admin/builder/spi-builder-workspace/Sources/PDFAuthor/Renderable/ImageRegion.swift /Users/admin/builder/spi-builder-workspace/Sources/PDFAuthor/Renderable/MultiColumnStringRegion.swift /Users/admin/builder/spi-builder-workspace/Sources/PDFAuthor/Renderable/PDFChapter.swift /Users/admin/builder/spi-builder-workspace/Sources/PDFAuthor/Renderable/PDFPage.swift /Users/admin/builder/spi-builder-workspace/Sources/PDFAuthor/Renderable/PDFRegion.swift /Users/admin/builder/spi-builder-workspace/Sources/PDFAuthor/Renderable/PDFRegionConstraints.swift /Users/admin/builder/spi-builder-workspace/Sources/PDFAuthor/Renderable/StackRegion/StackRegion.swift /Users/admin/builder/spi-builder-workspace/Sources/PDFAuthor/Renderable/StackRegion/StackRegionTypes.swift /Users/admin/builder/spi-builder-workspace/Sources/PDFAuthor/Renderable/StringRegion.swift /Users/admin/builder/spi-builder-workspace/Sources/PDFAuthor/Renderable/TableChapter/TableChapter.swift -primary-file /Users/admin/builder/spi-builder-workspace/Sources/PDFAuthor/Renderable/TableChapter/TableChapterDataSource.swift /Users/admin/builder/spi-builder-workspace/Sources/PDFAuthor/Types/PDFError.swift /Users/admin/builder/spi-builder-workspace/Sources/PDFAuthor/Types/Types.swift -emit-dependencies-path /Users/admin/builder/spi-builder-workspace/.derivedData/Build/Intermediates.noindex/PDFAuthor.build/Debug-watchos/PDFAuthor-t.build/Objects-normal/arm64/TableChapterDataSource.d -emit-const-values-path /Users/admin/builder/spi-builder-workspace/.derivedData/Build/Intermediates.noindex/PDFAuthor.build/Debug-watchos/PDFAuthor-t.build/Objects-normal/arm64/TableChapterDataSource.swiftconstvalues -emit-reference-dependencies-path /Users/admin/builder/spi-builder-workspace/.derivedData/Build/Intermediates.noindex/PDFAuthor.build/Debug-watchos/PDFAuthor-t.build/Objects-normal/arm64/TableChapterDataSource.swiftdeps -serialize-diagnostics-path /Users/admin/builder/spi-builder-workspace/.derivedData/Build/Intermediates.noindex/PDFAuthor.build/Debug-watchos/PDFAuthor-t.build/Objects-normal/arm64/TableChapterDataSource.dia -target arm64-apple-watchos9.0 -Xllvm -aarch64-use-tbi -enable-objc-interop -stack-check -sdk /Applications/Xcode-27.0.0-Release.Candidate.app/Contents/Developer/Platforms/WatchOS.platform/Developer/SDKs/WatchOS27.0.sdk -I /Users/admin/builder/spi-builder-workspace/.derivedData/Build/Products/Debug-watchos -Isystem /Applications/Xcode-27.0.0-Release.Candidate.app/Contents/Developer/Platforms/WatchOS.platform/Developer/usr/lib -F /Users/admin/builder/spi-builder-workspace/.derivedData/Build/Products/Debug-watchos/PackageFrameworks -F /Users/admin/builder/spi-builder-workspace/.derivedData/Build/Products/Debug-watchos -F /Applications/Xcode-27.0.0-Release.Candidate.app/Contents/Developer/Platforms/WatchOS.platform/Developer/Library/Frameworks -F /Applications/Xcode-27.0.0-Release.Candidate.app/Contents/Developer/Platforms/WatchOS.platform/Developer/SDKs/WatchOS27.0.sdk/Developer/Library/Frameworks -module-cache-path /Users/admin/builder/spi-builder-workspace/.derivedData/ModuleCache.noindex -no-color-diagnostics -Xcc -fno-color-diagnostics -enable-testing -g -debug-info-format\=dwarf -dwarf-version\=4 -profile-generate -profile-coverage-mapping -swift-version 4 -Onone -D SWIFT_PACKAGE -D DEBUG -D SWIFT_MODULE_RESOURCE_BUNDLE_UNAVAILABLE -D Xcode -serialize-debugging-options -enable-experimental-feature DebugDescriptionMacro -empty-abi-descriptor -plugin-path /Applications/Xcode-27.0.0-Release.Candidate.app/Contents/Developer/Toolchains/XcodeDefault.xctoolchain/usr/lib/swift/host/plugins/testing -validate-clang-modules-once -clang-build-session-file /Users/admin/builder/spi-builder-workspace/.derivedData/ModuleCache.noindex/Session.modulevalidation -Xcc -working-directory -Xcc /Users/admin/builder/spi-builder-workspace/.swiftpm/xcode -enable-anonymous-context-mangled-names -file-compilation-dir /Users/admin/builder/spi-builder-workspace/.swiftpm/xcode -Xcc -D_LIBCPP_HARDENING_MODE\=_LIBCPP_HARDENING_MODE_DEBUG -Xcc -ivfsstatcache -Xcc /Users/admin/builder/spi-builder-workspace/.derivedData/SDKStatCaches.noindex/watchos27.0-24R360-e829b21a6f8c9b70876ba0858053c04477534ef55a1706bf4c1112bbb242f0a2.sdkstatcache -Xcc -fmodules-prune-interval\=86400 -Xcc -fmodules-prune-after\=345600 -Xcc -I/Users/admin/builder/spi-builder-workspace/.derivedData/Build/Products/Debug-watchos/include -Xcc -I/Users/admin/builder/spi-builder-workspace/.derivedData/Build/Intermediates.noindex/PDFAuthor.build/Debug-watchos/PDFAuthor-t.build/DerivedSources-normal/arm64 -Xcc -I/Users/admin/builder/spi-builder-workspace/.derivedData/Build/Intermediates.noindex/PDFAuthor.build/Debug-watchos/PDFAuthor-t.build/DerivedSources/arm64 -Xcc -I/Users/admin/builder/spi-builder-workspace/.derivedData/Build/Intermediates.noindex/PDFAuthor.build/Debug-watchos/PDFAuthor-t.build/DerivedSources -Xcc -DSWIFT_PACKAGE -Xcc -DDEBUG\=1 -no-auto-bridging-header-chaining -module-name PDFAuthor -const-gather-protocols-file /Users/admin/builder/spi-builder-workspace/.derivedData/Build/Intermediates.noindex/PDFAuthor.build/Debug-watchos/PDFAuthor-t.build/Objects-normal/arm64/PDFAuthor_const_extract_protocols.json -disable-clang-spi -target-sdk-version 27.0 -target-sdk-name watchos27.0 -external-plugin-path /Applications/Xcode-27.0.0-Release.Candidate.app/Contents/Developer/Platforms/WatchOS.platform/Developer/usr/lib/swift/host/plugins\#/Applications/Xcode-27.0.0-Release.Candidate.app/Contents/Developer/Platforms/WatchOS.platform/Developer/usr/bin/swift-plugin-server -external-plugin-path /Applications/Xcode-27.0.0-Release.Candidate.app/Contents/Developer/Platforms/WatchOS.platform/Developer/usr/local/lib/swift/host/plugins\#/Applications/Xcode-27.0.0-Release.Candidate.app/Contents/Developer/Platforms/WatchOS.platform/Developer/usr/bin/swift-plugin-server -in-process-plugin-server-path /Applications/Xcode-27.0.0-Release.Candidate.app/Contents/Developer/Toolchains/XcodeDefault.xctoolchain/usr/lib/swift/host/libSwiftInProcPluginServer.dylib -plugin-path /Applications/Xcode-27.0.0-Release.Candidate.app/Contents/Developer/Toolchains/XcodeDefault.xctoolchain/usr/lib/swift/host/plugins -plugin-path /Applications/Xcode-27.0.0-Release.Candidate.app/Contents/Developer/Toolchains/XcodeDefault.xctoolchain/usr/local/lib/swift/host/plugins -parse-as-library -o /Users/admin/builder/spi-builder-workspace/.derivedData/Build/Intermediates.noindex/PDFAuthor.build/Debug-watchos/PDFAuthor-t.build/Objects-normal/arm64/TableChapterDataSource.o -index-unit-output-path /PDFAuthor.build/Debug-watchos/PDFAuthor-t.build/Objects-normal/arm64/TableChapterDataSource.o -index-store-path /Users/admin/builder/spi-builder-workspace/.derivedData/Index.noindex/DataStore -index-system-modules
SwiftCompile normal arm64 /Users/admin/builder/spi-builder-workspace/Sources/PDFAuthor/Renderable/TableChapter/TableChapterDataSource.swift (in target 'PDFAuthor' from project 'PDFAuthor')
cd /Users/admin/builder/spi-builder-workspace/.swiftpm/xcode
builtin-SwiftPerFileCompile TableChapterDataSource.swift
SwiftCompile normal arm64 Compiling\ PDFPage.swift,\ PDFRegion.swift /Users/admin/builder/spi-builder-workspace/Sources/PDFAuthor/Renderable/PDFPage.swift /Users/admin/builder/spi-builder-workspace/Sources/PDFAuthor/Renderable/PDFRegion.swift (in target 'PDFAuthor' from project 'PDFAuthor')
/Users/admin/builder/spi-builder-workspace/Sources/PDFAuthor/Renderable/PDFPage.swift:59:42: error: cannot find type 'CGContext' in scope
57 | // MARK: Drawing
58 |
59 | internal func render(toContext context: CGContext) {
| `- error: cannot find type 'CGContext' in scope
60 | // This is the root, so we need to constrain the edges
61 | self.addConstraints(self.left == Double(frame.origin.x),
SwiftCompile normal arm64 /Users/admin/builder/spi-builder-workspace/Sources/PDFAuthor/Renderable/PDFPage.swift (in target 'PDFAuthor' from project 'PDFAuthor')
cd /Users/admin/builder/spi-builder-workspace/.swiftpm/xcode
builtin-SwiftPerFileCompile PDFPage.swift
SwiftCompile normal arm64 /Users/admin/builder/spi-builder-workspace/Sources/PDFAuthor/Renderable/PDFRegion.swift (in target 'PDFAuthor' from project 'PDFAuthor')
cd /Users/admin/builder/spi-builder-workspace/.swiftpm/xcode
builtin-SwiftPerFileCompile PDFRegion.swift
SwiftEmitModule normal arm64_32 Emitting\ module\ for\ Cassowary (in target 'Cassowary' from project 'Cassowary')
SwiftCompile normal arm64_32 (in target 'Cassowary' from project 'Cassowary')
cd /Users/admin/builder/spi-builder-workspace/.swiftpm/xcode
PruneExplicitPrecompiledModules /Users/admin/builder/spi-builder-workspace/.derivedData/SDKExplicitPrecompiledModules
PruneExplicitPrecompiledModules /Users/admin/builder/spi-builder-workspace/.derivedData/Build/Intermediates.noindex/ExplicitPrecompiledModules
PruneExplicitPrecompiledModules /Users/admin/builder/spi-builder-workspace/.derivedData/Build/Intermediates.noindex/SwiftExplicitPrecompiledModules
2026-09-20 18:32:43.898 xcodebuild[834:5198] [MT] IDERunDestination: Supported platforms for the buildables in the current scheme is empty.
** BUILD FAILED **
The following build commands failed:
SwiftCompile normal arm64 Compiling\ TableChapterDataSource.swift /Users/admin/builder/spi-builder-workspace/Sources/PDFAuthor/Renderable/TableChapter/TableChapterDataSource.swift (in target 'PDFAuthor' from project 'PDFAuthor')
SwiftCompile normal arm64 /Users/admin/builder/spi-builder-workspace/Sources/PDFAuthor/Renderable/TableChapter/TableChapterDataSource.swift (in target 'PDFAuthor' from project 'PDFAuthor')
Building workspace PDFAuthor with scheme PDFAuthor-Package
(3 failures)
BUILD FAILURE 6.4 watchOS