The Swift Package Index logo.Swift Package Index

Build Information

Failed to build SwiftEccodes, reference v1.1.1 (98b77f), with Swift 6.4 for watchOS using Xcode 27.0 on 24 Sep 2026 05:48:16 UTC.

Build Command

env DEVELOPER_DIR=/Applications/Xcode-27.0.0-Release.Candidate.app xcrun xcodebuild -IDEClonedSourcePackagesDirPathOverride=$PWD/.dependencies -skipMacroValidation -skipPackagePluginValidation -derivedDataPath $PWD/.derivedData build -scheme SwiftEccodes -destination generic/platform=watchOS

Build Log

========================================
RunAll
========================================
Builder version: 5.1.0
Interrupt handler set up.
========================================
Checkout
========================================
Clone URL: https://github.com/patrick-zippenfenig/SwiftEccodes.git
Reference: v1.1.1
Initialized empty Git repository in /Users/admin/builder/spi-builder-workspace/.git/
From https://github.com/patrick-zippenfenig/SwiftEccodes
 * tag               v1.1.1     -> FETCH_HEAD
HEAD is now at 98b77f8 fix: trigger release
Cloned https://github.com/patrick-zippenfenig/SwiftEccodes.git
Revision (git rev-parse @):
98b77f84a2f5a890eb9a7d0c584174decfd66ce7
SUCCESS checkout https://github.com/patrick-zippenfenig/SwiftEccodes.git at v1.1.1
========================================
Build
========================================
Selected platform:         watchOS
Swift version:             6.4
Building package at path:  $PWD
https://github.com/patrick-zippenfenig/SwiftEccodes.git
Command line invocation:
    /Applications/Xcode-27.0.0-Release.Candidate.app/Contents/Developer/usr/bin/xcodebuild -IDEClonedSourcePackagesDirPathOverride=/Users/admin/builder/spi-builder-workspace/.dependencies -resolvePackageDependencies
Resolve Package Graph
failed to retrieve search paths with pkg-config; maybe pkg-config is not installedyou may be able to install eccodes using your system-packager:
    brew install eccodes
Resolve Package Graph
you may be able to install eccodes using your system-packager:
    brew install eccodes
Resolve Package Graph
you may be able to install eccodes using your system-packager:
    brew install eccodes
Resolved source packages:
  SwiftEccodes: /Users/admin/builder/spi-builder-workspace
resolved source packages: SwiftEccodes
2026-09-24 01:47:27.518 xcodebuild[528:3014] [MT] IDERunDestination: Supported platforms for the buildables in the current scheme is empty.
{
  "dependencies" : [
  ],
  "manifest_display_name" : "SwiftEccodes",
  "name" : "SwiftEccodes",
  "path" : "/Users/admin/builder/spi-builder-workspace",
  "platforms" : [
    {
      "name" : "macos",
      "version" : "12.0"
    }
  ],
  "products" : [
    {
      "name" : "SwiftEccodes",
      "targets" : [
        "SwiftEccodes"
      ],
      "type" : {
        "library" : [
          "automatic"
        ]
      }
    }
  ],
  "targets" : [
    {
      "c99name" : "SwiftEccodesTests",
      "module_type" : "SwiftTarget",
      "name" : "SwiftEccodesTests",
      "path" : "Tests/SwiftEccodesTests",
      "sources" : [
        "SwiftEccodesTests.swift"
      ],
      "target_dependencies" : [
        "SwiftEccodes"
      ],
      "type" : "test"
    },
    {
      "c99name" : "SwiftEccodes",
      "module_type" : "SwiftTarget",
      "name" : "SwiftEccodes",
      "path" : "Sources/SwiftEccodes",
      "product_memberships" : [
        "SwiftEccodes"
      ],
      "sources" : [
        "Lock.swift",
        "SwiftEccodes.swift"
      ],
      "target_dependencies" : [
        "CEccodes"
      ],
      "type" : "library"
    },
    {
      "c99name" : "CEccodes",
      "module_type" : "SystemLibraryTarget",
      "name" : "CEccodes",
      "path" : "Sources/CEccodes",
      "product_memberships" : [
        "SwiftEccodes"
      ],
      "sources" : [
      ],
      "type" : "system-target"
    }
  ],
  "tools_version" : "5.6"
}
{
  "workspace" : {
    "name" : "SwiftEccodes",
    "schemes" : [
      "SwiftEccodes"
    ]
  }
}
2026-09-24 01:48:08.943 xcodebuild[654:4134] [MT] IDERunDestination: Supported platforms for the buildables in the current scheme is empty.
Running build ...
env DEVELOPER_DIR=/Applications/Xcode-27.0.0-Release.Candidate.app xcrun xcodebuild -IDEClonedSourcePackagesDirPathOverride=$PWD/.dependencies -skipMacroValidation -skipPackagePluginValidation -derivedDataPath $PWD/.derivedData build -scheme SwiftEccodes -destination generic/platform=watchOS
Command line invocation:
    /Applications/Xcode-27.0.0-Release.Candidate.app/Contents/Developer/usr/bin/xcodebuild -IDEClonedSourcePackagesDirPathOverride=/Users/admin/builder/spi-builder-workspace/.dependencies -skipMacroValidation -skipPackagePluginValidation -derivedDataPath /Users/admin/builder/spi-builder-workspace/.derivedData build -scheme SwiftEccodes -destination generic/platform=watchOS
Resolve Package Graph
failed to retrieve search paths with pkg-config; maybe pkg-config is not installedyou may be able to install eccodes using your system-packager:
    brew install eccodes
Resolved source packages:
  SwiftEccodes: /Users/admin/builder/spi-builder-workspace
ComputePackagePrebuildTargetDependencyGraph
Prepare packages
CreateBuildRequest
SendProjectDescription
CreateBuildOperation
ComputeTargetDependencyGraph
note: Building targets in dependency order
note: Target dependency graph (3 targets)
    Target 'SwiftEccodes-product' in project 'SwiftEccodes'
        ➜ Explicit dependency on target 'SwiftEccodes' in project 'SwiftEccodes'
    Target 'SwiftEccodes' in project 'SwiftEccodes'
        ➜ Explicit dependency on target 'CEccodes' in project 'SwiftEccodes'
    Target 'CEccodes' in project 'SwiftEccodes' (no dependencies)
GatherProvisioningInputs
CreateBuildDescription
ExecuteExternalTool /Applications/Xcode-27.0.0-Release.Candidate.app/Contents/Developer/Toolchains/XcodeDefault.xctoolchain/usr/bin/clang -v -E -dM -isysroot /Applications/Xcode-27.0.0-Release.Candidate.app/Contents/Developer/Platforms/WatchOS.platform/Developer/SDKs/WatchOS27.0.sdk -x c -c /dev/null
ExecuteExternalTool /Applications/Xcode-27.0.0-Release.Candidate.app/Contents/Developer/Toolchains/XcodeDefault.xctoolchain/usr/bin/swiftc --version
ExecuteExternalTool /Applications/Xcode-27.0.0-Release.Candidate.app/Contents/Developer/Toolchains/XcodeDefault.xctoolchain/usr/bin/ld -version_details
Build description signature: 4d3bc78f8c6b79548b54e046740b7754
Build description path: /Users/admin/builder/spi-builder-workspace/.derivedData/Build/Intermediates.noindex/XCBuildData/4d3bc78f8c6b79548b54e046740b7754.xcbuilddata
CreateBuildDirectory /Users/admin/builder/spi-builder-workspace/.derivedData/SDKExplicitPrecompiledModules
    cd /Users/admin/builder/spi-builder-workspace/.swiftpm/xcode
    builtin-create-build-directory /Users/admin/builder/spi-builder-workspace/.derivedData/SDKExplicitPrecompiledModules
CreateBuildDirectory /Users/admin/builder/spi-builder-workspace/.derivedData/ModuleCache.noindex
    cd /Users/admin/builder/spi-builder-workspace/.swiftpm/xcode
    builtin-create-build-directory /Users/admin/builder/spi-builder-workspace/.derivedData/ModuleCache.noindex
CreateBuildDirectory /Users/admin/builder/spi-builder-workspace/.derivedData/Build/Intermediates.noindex
    cd /Users/admin/builder/spi-builder-workspace/.swiftpm/xcode
    builtin-create-build-directory /Users/admin/builder/spi-builder-workspace/.derivedData/Build/Intermediates.noindex
CreateBuildDirectory /Users/admin/builder/spi-builder-workspace/.derivedData/CompilationCache.noindex
    cd /Users/admin/builder/spi-builder-workspace/.swiftpm/xcode
    builtin-create-build-directory /Users/admin/builder/spi-builder-workspace/.derivedData/CompilationCache.noindex
CreateBuildDirectory /Users/admin/builder/spi-builder-workspace/.derivedData/Build/Products
    cd /Users/admin/builder/spi-builder-workspace/.swiftpm/xcode
    builtin-create-build-directory /Users/admin/builder/spi-builder-workspace/.derivedData/Build/Products
ClangStatCache /Applications/Xcode-27.0.0-Release.Candidate.app/Contents/Developer/Toolchains/XcodeDefault.xctoolchain/usr/bin/clang-stat-cache /Applications/Xcode-27.0.0-Release.Candidate.app/Contents/Developer/Platforms/WatchOS.platform/Developer/SDKs/WatchOS27.0.sdk /Users/admin/builder/spi-builder-workspace/.derivedData/SDKStatCaches.noindex/watchos27.0-24R360-e829b21a6f8c9b70876ba0858053c04477534ef55a1706bf4c1112bbb242f0a2.sdkstatcache
    cd /Users/admin/builder/spi-builder-workspace/.swiftpm/xcode
    /Applications/Xcode-27.0.0-Release.Candidate.app/Contents/Developer/Toolchains/XcodeDefault.xctoolchain/usr/bin/clang-stat-cache /Applications/Xcode-27.0.0-Release.Candidate.app/Contents/Developer/Platforms/WatchOS.platform/Developer/SDKs/WatchOS27.0.sdk -o /Users/admin/builder/spi-builder-workspace/.derivedData/SDKStatCaches.noindex/watchos27.0-24R360-e829b21a6f8c9b70876ba0858053c04477534ef55a1706bf4c1112bbb242f0a2.sdkstatcache
CreateBuildDirectory /Users/admin/builder/spi-builder-workspace/.derivedData/Build/Intermediates.noindex/PrecompiledHeaders
    cd /Users/admin/builder/spi-builder-workspace/.swiftpm/xcode
    builtin-create-build-directory /Users/admin/builder/spi-builder-workspace/.derivedData/Build/Intermediates.noindex/PrecompiledHeaders
CreateBuildDirectory /Users/admin/builder/spi-builder-workspace/.derivedData/Build/Intermediates.noindex/SwiftExplicitPrecompiledModules
    cd /Users/admin/builder/spi-builder-workspace/.swiftpm/xcode
    builtin-create-build-directory /Users/admin/builder/spi-builder-workspace/.derivedData/Build/Intermediates.noindex/SwiftExplicitPrecompiledModules
CreateBuildDirectory /Users/admin/builder/spi-builder-workspace/.derivedData/Build/Products/Debug-watchos
    cd /Users/admin/builder/spi-builder-workspace/.swiftpm/xcode
    builtin-create-build-directory /Users/admin/builder/spi-builder-workspace/.derivedData/Build/Products/Debug-watchos
CreateBuildDirectory /Users/admin/builder/spi-builder-workspace/.derivedData/Build/Intermediates.noindex/ExplicitPrecompiledModules
    cd /Users/admin/builder/spi-builder-workspace/.swiftpm/xcode
    builtin-create-build-directory /Users/admin/builder/spi-builder-workspace/.derivedData/Build/Intermediates.noindex/ExplicitPrecompiledModules
CreateBuildDirectory /Users/admin/builder/spi-builder-workspace/.derivedData/Build/Intermediates.noindex/EagerLinkingTBDs/Debug-watchos
    cd /Users/admin/builder/spi-builder-workspace/.swiftpm/xcode
    builtin-create-build-directory /Users/admin/builder/spi-builder-workspace/.derivedData/Build/Intermediates.noindex/EagerLinkingTBDs/Debug-watchos
CreateBuildDirectory /Users/admin/builder/spi-builder-workspace/.derivedData/Build/Products/Debug-watchos/PackageFrameworks
    cd /Users/admin/builder/spi-builder-workspace/.swiftpm/xcode
    builtin-create-build-directory /Users/admin/builder/spi-builder-workspace/.derivedData/Build/Products/Debug-watchos/PackageFrameworks
WriteAuxiliaryFile /Users/admin/builder/spi-builder-workspace/.derivedData/Build/Intermediates.noindex/SwiftEccodes.build/Debug-watchos/SwiftEccodes-t.build/SwiftEccodes.modulemap (in target 'SwiftEccodes' from project 'SwiftEccodes')
    cd /Users/admin/builder/spi-builder-workspace
    write-file /Users/admin/builder/spi-builder-workspace/.derivedData/Build/Intermediates.noindex/SwiftEccodes.build/Debug-watchos/SwiftEccodes-t.build/SwiftEccodes.modulemap
WriteAuxiliaryFile /Users/admin/builder/spi-builder-workspace/.derivedData/Build/Intermediates.noindex/SwiftEccodes.build/Debug-watchos/SwiftEccodes-t.build/SwiftEccodes.DependencyMetadataFileList (in target 'SwiftEccodes' from project 'SwiftEccodes')
    cd /Users/admin/builder/spi-builder-workspace
    write-file /Users/admin/builder/spi-builder-workspace/.derivedData/Build/Intermediates.noindex/SwiftEccodes.build/Debug-watchos/SwiftEccodes-t.build/SwiftEccodes.DependencyMetadataFileList
WriteAuxiliaryFile /Users/admin/builder/spi-builder-workspace/.derivedData/Build/Intermediates.noindex/SwiftEccodes.build/Debug-watchos/SwiftEccodes-t.build/Objects-normal/arm64/SwiftEccodes_const_extract_protocols.json (in target 'SwiftEccodes' from project 'SwiftEccodes')
    cd /Users/admin/builder/spi-builder-workspace
    write-file /Users/admin/builder/spi-builder-workspace/.derivedData/Build/Intermediates.noindex/SwiftEccodes.build/Debug-watchos/SwiftEccodes-t.build/Objects-normal/arm64/SwiftEccodes_const_extract_protocols.json
WriteAuxiliaryFile /Users/admin/builder/spi-builder-workspace/.derivedData/Build/Intermediates.noindex/SwiftEccodes.build/Debug-watchos/SwiftEccodes-t.build/SwiftEccodes.DependencyStaticMetadataFileList (in target 'SwiftEccodes' from project 'SwiftEccodes')
    cd /Users/admin/builder/spi-builder-workspace
    write-file /Users/admin/builder/spi-builder-workspace/.derivedData/Build/Intermediates.noindex/SwiftEccodes.build/Debug-watchos/SwiftEccodes-t.build/SwiftEccodes.DependencyStaticMetadataFileList
WriteAuxiliaryFile /Users/admin/builder/spi-builder-workspace/.derivedData/Build/Intermediates.noindex/SwiftEccodes.build/Debug-watchos/SwiftEccodes-t.build/Objects-normal/arm64/SwiftEccodes-OutputFileMap.json (in target 'SwiftEccodes' from project 'SwiftEccodes')
    cd /Users/admin/builder/spi-builder-workspace
    write-file /Users/admin/builder/spi-builder-workspace/.derivedData/Build/Intermediates.noindex/SwiftEccodes.build/Debug-watchos/SwiftEccodes-t.build/Objects-normal/arm64/SwiftEccodes-OutputFileMap.json
WriteAuxiliaryFile /Users/admin/builder/spi-builder-workspace/.derivedData/Build/Intermediates.noindex/SwiftEccodes.build/Debug-watchos/SwiftEccodes-t.build/Objects-normal/arm64_32/SwiftEccodes-OutputFileMap.json (in target 'SwiftEccodes' from project 'SwiftEccodes')
    cd /Users/admin/builder/spi-builder-workspace
    write-file /Users/admin/builder/spi-builder-workspace/.derivedData/Build/Intermediates.noindex/SwiftEccodes.build/Debug-watchos/SwiftEccodes-t.build/Objects-normal/arm64_32/SwiftEccodes-OutputFileMap.json
WriteAuxiliaryFile /Users/admin/builder/spi-builder-workspace/.derivedData/Build/Intermediates.noindex/SwiftEccodes.build/Debug-watchos/SwiftEccodes-t.build/Objects-normal/arm64_32/SwiftEccodes_const_extract_protocols.json (in target 'SwiftEccodes' from project 'SwiftEccodes')
    cd /Users/admin/builder/spi-builder-workspace
    write-file /Users/admin/builder/spi-builder-workspace/.derivedData/Build/Intermediates.noindex/SwiftEccodes.build/Debug-watchos/SwiftEccodes-t.build/Objects-normal/arm64_32/SwiftEccodes_const_extract_protocols.json
WriteAuxiliaryFile /Users/admin/builder/spi-builder-workspace/.derivedData/Build/Intermediates.noindex/SwiftEccodes.build/Debug-watchos/SwiftEccodes-t.build/Objects-normal/arm64_32/SwiftEccodes.LinkFileList (in target 'SwiftEccodes' from project 'SwiftEccodes')
    cd /Users/admin/builder/spi-builder-workspace
    write-file /Users/admin/builder/spi-builder-workspace/.derivedData/Build/Intermediates.noindex/SwiftEccodes.build/Debug-watchos/SwiftEccodes-t.build/Objects-normal/arm64_32/SwiftEccodes.LinkFileList
WriteAuxiliaryFile /Users/admin/builder/spi-builder-workspace/.derivedData/Build/Intermediates.noindex/SwiftEccodes.build/Debug-watchos/SwiftEccodes-t.build/Objects-normal/arm64_32/SwiftEccodes.SwiftFileList (in target 'SwiftEccodes' from project 'SwiftEccodes')
    cd /Users/admin/builder/spi-builder-workspace
    write-file /Users/admin/builder/spi-builder-workspace/.derivedData/Build/Intermediates.noindex/SwiftEccodes.build/Debug-watchos/SwiftEccodes-t.build/Objects-normal/arm64_32/SwiftEccodes.SwiftFileList
WriteAuxiliaryFile /Users/admin/builder/spi-builder-workspace/.derivedData/Build/Intermediates.noindex/SwiftEccodes.build/Debug-watchos/SwiftEccodes-t.build/Objects-normal/arm64/SwiftEccodes.SwiftFileList (in target 'SwiftEccodes' from project 'SwiftEccodes')
    cd /Users/admin/builder/spi-builder-workspace
    write-file /Users/admin/builder/spi-builder-workspace/.derivedData/Build/Intermediates.noindex/SwiftEccodes.build/Debug-watchos/SwiftEccodes-t.build/Objects-normal/arm64/SwiftEccodes.SwiftFileList
WriteAuxiliaryFile /Users/admin/builder/spi-builder-workspace/.derivedData/Build/Intermediates.noindex/SwiftEccodes.build/Debug-watchos/SwiftEccodes-t.build/Objects-normal/arm64_32/SwiftEccodes.SwiftConstValuesFileList (in target 'SwiftEccodes' from project 'SwiftEccodes')
    cd /Users/admin/builder/spi-builder-workspace
    write-file /Users/admin/builder/spi-builder-workspace/.derivedData/Build/Intermediates.noindex/SwiftEccodes.build/Debug-watchos/SwiftEccodes-t.build/Objects-normal/arm64_32/SwiftEccodes.SwiftConstValuesFileList
WriteAuxiliaryFile /Users/admin/builder/spi-builder-workspace/.derivedData/Build/Intermediates.noindex/SwiftEccodes.build/Debug-watchos/SwiftEccodes-t.build/Objects-normal/arm64/SwiftEccodes.SwiftConstValuesFileList (in target 'SwiftEccodes' from project 'SwiftEccodes')
    cd /Users/admin/builder/spi-builder-workspace
    write-file /Users/admin/builder/spi-builder-workspace/.derivedData/Build/Intermediates.noindex/SwiftEccodes.build/Debug-watchos/SwiftEccodes-t.build/Objects-normal/arm64/SwiftEccodes.SwiftConstValuesFileList
WriteAuxiliaryFile /Users/admin/builder/spi-builder-workspace/.derivedData/Build/Intermediates.noindex/SwiftEccodes.build/Debug-watchos/SwiftEccodes-t.build/Objects-normal/arm64/SwiftEccodes.LinkFileList (in target 'SwiftEccodes' from project 'SwiftEccodes')
    cd /Users/admin/builder/spi-builder-workspace
    write-file /Users/admin/builder/spi-builder-workspace/.derivedData/Build/Intermediates.noindex/SwiftEccodes.build/Debug-watchos/SwiftEccodes-t.build/Objects-normal/arm64/SwiftEccodes.LinkFileList
Copy /Users/admin/builder/spi-builder-workspace/.derivedData/Build/Intermediates.noindex/GeneratedModuleMaps-watchos/SwiftEccodes.modulemap /Users/admin/builder/spi-builder-workspace/.derivedData/Build/Intermediates.noindex/SwiftEccodes.build/Debug-watchos/SwiftEccodes-t.build/SwiftEccodes.modulemap (in target 'SwiftEccodes' from project 'SwiftEccodes')
    cd /Users/admin/builder/spi-builder-workspace
    builtin-copy -exclude .DS_Store -exclude CVS -exclude .svn -exclude .git -exclude .hg -resolve-src-symlinks /Users/admin/builder/spi-builder-workspace/.derivedData/Build/Intermediates.noindex/SwiftEccodes.build/Debug-watchos/SwiftEccodes-t.build/SwiftEccodes.modulemap /Users/admin/builder/spi-builder-workspace/.derivedData/Build/Intermediates.noindex/GeneratedModuleMaps-watchos
SwiftDriver SwiftEccodes normal arm64_32 com.apple.xcode.tools.swift.compiler (in target 'SwiftEccodes' from project 'SwiftEccodes')
    cd /Users/admin/builder/spi-builder-workspace/.swiftpm/xcode
    builtin-SwiftDriver -- /Applications/Xcode-27.0.0-Release.Candidate.app/Contents/Developer/Toolchains/XcodeDefault.xctoolchain/usr/bin/swiftc -parse-as-library -module-name SwiftEccodes -Onone @/Users/admin/builder/spi-builder-workspace/.derivedData/Build/Intermediates.noindex/SwiftEccodes.build/Debug-watchos/SwiftEccodes-t.build/Objects-normal/arm64_32/SwiftEccodes.SwiftFileList -DSWIFT_PACKAGE -DDEBUG -DSWIFT_MODULE_RESOURCE_BUNDLE_UNAVAILABLE -Xcc -fmodule-map-file\=/Users/admin/builder/spi-builder-workspace/Sources/CEccodes/module.modulemap -DXcode -plugin-path /Applications/Xcode-27.0.0-Release.Candidate.app/Contents/Developer/Toolchains/XcodeDefault.xctoolchain/usr/lib/swift/host/plugins/testing -enable-experimental-feature DebugDescriptionMacro -sdk /Applications/Xcode-27.0.0-Release.Candidate.app/Contents/Developer/Platforms/WatchOS.platform/Developer/SDKs/WatchOS27.0.sdk -target arm64_32-apple-watchos9.0 -g -module-cache-path /Users/admin/builder/spi-builder-workspace/.derivedData/ModuleCache.noindex -Xfrontend -serialize-debugging-options -profile-coverage-mapping -profile-generate -enable-testing -index-store-path /Users/admin/builder/spi-builder-workspace/.derivedData/Index.noindex/DataStore -Xcc -D_LIBCPP_HARDENING_MODE\=_LIBCPP_HARDENING_MODE_DEBUG -swift-version 5 -I /Users/admin/builder/spi-builder-workspace/.derivedData/Build/Products/Debug-watchos -Isystem /Applications/Xcode-27.0.0-Release.Candidate.app/Contents/Developer/Platforms/WatchOS.platform/Developer/usr/lib -F /Users/admin/builder/spi-builder-workspace/.derivedData/Build/Products/Debug-watchos -F /Applications/Xcode-27.0.0-Release.Candidate.app/Contents/Developer/Platforms/WatchOS.platform/Developer/Library/Frameworks -F /Applications/Xcode-27.0.0-Release.Candidate.app/Contents/Developer/Platforms/WatchOS.platform/Developer/SDKs/WatchOS27.0.sdk/Developer/Library/Frameworks -c -j10 -enable-batch-mode -incremental -Xcc -ivfsstatcache -Xcc /Users/admin/builder/spi-builder-workspace/.derivedData/SDKStatCaches.noindex/watchos27.0-24R360-e829b21a6f8c9b70876ba0858053c04477534ef55a1706bf4c1112bbb242f0a2.sdkstatcache -output-file-map /Users/admin/builder/spi-builder-workspace/.derivedData/Build/Intermediates.noindex/SwiftEccodes.build/Debug-watchos/SwiftEccodes-t.build/Objects-normal/arm64_32/SwiftEccodes-OutputFileMap.json -save-temps -no-color-diagnostics -explicit-module-build -module-cache-path /Users/admin/builder/spi-builder-workspace/.derivedData/Build/Intermediates.noindex/SwiftExplicitPrecompiledModules -clang-scanner-module-cache-path /Users/admin/builder/spi-builder-workspace/.derivedData/ModuleCache.noindex -sdk-module-cache-path /Users/admin/builder/spi-builder-workspace/.derivedData/SDKExplicitPrecompiledModules -emit-dependencies -emit-module -emit-module-path /Users/admin/builder/spi-builder-workspace/.derivedData/Build/Intermediates.noindex/SwiftEccodes.build/Debug-watchos/SwiftEccodes-t.build/Objects-normal/arm64_32/SwiftEccodes.swiftmodule -serialize-diagnostics -dependency-scan-serialize-diagnostics-path /Users/admin/builder/spi-builder-workspace/.derivedData/Build/Intermediates.noindex/SwiftEccodes.build/Debug-watchos/SwiftEccodes-t.build/Objects-normal/arm64_32/SwiftEccodes-dependency-scan.dia -validate-clang-modules-once -clang-build-session-file /Users/admin/builder/spi-builder-workspace/.derivedData/ModuleCache.noindex/Session.modulevalidation -Xcc -fmodules-prune-interval\=86400 -Xcc -fmodules-prune-after\=345600 -emit-const-values -const-gather-protocols-list /Users/admin/builder/spi-builder-workspace/.derivedData/Build/Intermediates.noindex/SwiftEccodes.build/Debug-watchos/SwiftEccodes-t.build/Objects-normal/arm64_32/SwiftEccodes_const_extract_protocols.json -Xcc -I/Users/admin/builder/spi-builder-workspace/.derivedData/Build/Products/Debug-watchos/include -Xcc -I/Users/admin/builder/spi-builder-workspace/.derivedData/Build/Intermediates.noindex/SwiftEccodes.build/Debug-watchos/SwiftEccodes-t.build/DerivedSources-normal/arm64_32 -Xcc -I/Users/admin/builder/spi-builder-workspace/.derivedData/Build/Intermediates.noindex/SwiftEccodes.build/Debug-watchos/SwiftEccodes-t.build/DerivedSources/arm64_32 -Xcc -I/Users/admin/builder/spi-builder-workspace/.derivedData/Build/Intermediates.noindex/SwiftEccodes.build/Debug-watchos/SwiftEccodes-t.build/DerivedSources -Xcc -DSWIFT_PACKAGE -Xcc -DDEBUG\=1 -emit-objc-header -emit-objc-header-path /Users/admin/builder/spi-builder-workspace/.derivedData/Build/Intermediates.noindex/SwiftEccodes.build/Debug-watchos/SwiftEccodes-t.build/Objects-normal/arm64_32/SwiftEccodes-Swift.h -working-directory /Users/admin/builder/spi-builder-workspace/.swiftpm/xcode -experimental-emit-module-separately -disable-cmo
error: Clang dependency scanning failure: While building module 'CEccodes' imported from module-include.input:1:
In file included from <module-includes>:1:
/Users/admin/builder/spi-builder-workspace/Sources/CEccodes/shim.h:1:10: fatal error: 'eccodes.h' file not found
module-include.input:1:2: fatal error: could not build module 'CEccodes'
 (in target 'SwiftEccodes' from project 'SwiftEccodes')
/Users/admin/builder/spi-builder-workspace/Sources/SwiftEccodes/SwiftEccodes.swift:1:8: error: Unable to resolve module dependency: 'CEccodes' (in target 'SwiftEccodes' from project 'SwiftEccodes')
    note: A dependency of main module 'SwiftEccodes'
error: Clang dependency scanning failure: While building module 'CEccodes' imported from module-include.input:1:
In file included from <module-includes>:1:
/Users/admin/builder/spi-builder-workspace/Sources/CEccodes/shim.h:1:10: fatal error: 'eccodes.h' file not found
module-include.input:1:2: fatal error: could not build module 'CEccodes'
 (in target 'SwiftEccodes' from project 'SwiftEccodes')
/Users/admin/builder/spi-builder-workspace/Sources/SwiftEccodes/SwiftEccodes.swift:1:8: note: A dependency of main module 'SwiftEccodes'
import CEccodes
       ^ (in target 'SwiftEccodes' from project 'SwiftEccodes')
SwiftDriver SwiftEccodes normal arm64 com.apple.xcode.tools.swift.compiler (in target 'SwiftEccodes' from project 'SwiftEccodes')
    cd /Users/admin/builder/spi-builder-workspace/.swiftpm/xcode
    builtin-SwiftDriver -- /Applications/Xcode-27.0.0-Release.Candidate.app/Contents/Developer/Toolchains/XcodeDefault.xctoolchain/usr/bin/swiftc -parse-as-library -module-name SwiftEccodes -Onone @/Users/admin/builder/spi-builder-workspace/.derivedData/Build/Intermediates.noindex/SwiftEccodes.build/Debug-watchos/SwiftEccodes-t.build/Objects-normal/arm64/SwiftEccodes.SwiftFileList -DSWIFT_PACKAGE -DDEBUG -DSWIFT_MODULE_RESOURCE_BUNDLE_UNAVAILABLE -Xcc -fmodule-map-file\=/Users/admin/builder/spi-builder-workspace/Sources/CEccodes/module.modulemap -DXcode -plugin-path /Applications/Xcode-27.0.0-Release.Candidate.app/Contents/Developer/Toolchains/XcodeDefault.xctoolchain/usr/lib/swift/host/plugins/testing -enable-experimental-feature DebugDescriptionMacro -sdk /Applications/Xcode-27.0.0-Release.Candidate.app/Contents/Developer/Platforms/WatchOS.platform/Developer/SDKs/WatchOS27.0.sdk -target arm64-apple-watchos9.0 -g -module-cache-path /Users/admin/builder/spi-builder-workspace/.derivedData/ModuleCache.noindex -Xfrontend -serialize-debugging-options -profile-coverage-mapping -profile-generate -enable-testing -index-store-path /Users/admin/builder/spi-builder-workspace/.derivedData/Index.noindex/DataStore -Xcc -D_LIBCPP_HARDENING_MODE\=_LIBCPP_HARDENING_MODE_DEBUG -swift-version 5 -I /Users/admin/builder/spi-builder-workspace/.derivedData/Build/Products/Debug-watchos -Isystem /Applications/Xcode-27.0.0-Release.Candidate.app/Contents/Developer/Platforms/WatchOS.platform/Developer/usr/lib -F /Users/admin/builder/spi-builder-workspace/.derivedData/Build/Products/Debug-watchos -F /Applications/Xcode-27.0.0-Release.Candidate.app/Contents/Developer/Platforms/WatchOS.platform/Developer/Library/Frameworks -F /Applications/Xcode-27.0.0-Release.Candidate.app/Contents/Developer/Platforms/WatchOS.platform/Developer/SDKs/WatchOS27.0.sdk/Developer/Library/Frameworks -c -j10 -enable-batch-mode -incremental -Xcc -ivfsstatcache -Xcc /Users/admin/builder/spi-builder-workspace/.derivedData/SDKStatCaches.noindex/watchos27.0-24R360-e829b21a6f8c9b70876ba0858053c04477534ef55a1706bf4c1112bbb242f0a2.sdkstatcache -output-file-map /Users/admin/builder/spi-builder-workspace/.derivedData/Build/Intermediates.noindex/SwiftEccodes.build/Debug-watchos/SwiftEccodes-t.build/Objects-normal/arm64/SwiftEccodes-OutputFileMap.json -save-temps -no-color-diagnostics -explicit-module-build -module-cache-path /Users/admin/builder/spi-builder-workspace/.derivedData/Build/Intermediates.noindex/SwiftExplicitPrecompiledModules -clang-scanner-module-cache-path /Users/admin/builder/spi-builder-workspace/.derivedData/ModuleCache.noindex -sdk-module-cache-path /Users/admin/builder/spi-builder-workspace/.derivedData/SDKExplicitPrecompiledModules -emit-dependencies -emit-module -emit-module-path /Users/admin/builder/spi-builder-workspace/.derivedData/Build/Intermediates.noindex/SwiftEccodes.build/Debug-watchos/SwiftEccodes-t.build/Objects-normal/arm64/SwiftEccodes.swiftmodule -serialize-diagnostics -dependency-scan-serialize-diagnostics-path /Users/admin/builder/spi-builder-workspace/.derivedData/Build/Intermediates.noindex/SwiftEccodes.build/Debug-watchos/SwiftEccodes-t.build/Objects-normal/arm64/SwiftEccodes-dependency-scan.dia -validate-clang-modules-once -clang-build-session-file /Users/admin/builder/spi-builder-workspace/.derivedData/ModuleCache.noindex/Session.modulevalidation -Xcc -fmodules-prune-interval\=86400 -Xcc -fmodules-prune-after\=345600 -emit-const-values -const-gather-protocols-list /Users/admin/builder/spi-builder-workspace/.derivedData/Build/Intermediates.noindex/SwiftEccodes.build/Debug-watchos/SwiftEccodes-t.build/Objects-normal/arm64/SwiftEccodes_const_extract_protocols.json -Xcc -I/Users/admin/builder/spi-builder-workspace/.derivedData/Build/Products/Debug-watchos/include -Xcc -I/Users/admin/builder/spi-builder-workspace/.derivedData/Build/Intermediates.noindex/SwiftEccodes.build/Debug-watchos/SwiftEccodes-t.build/DerivedSources-normal/arm64 -Xcc -I/Users/admin/builder/spi-builder-workspace/.derivedData/Build/Intermediates.noindex/SwiftEccodes.build/Debug-watchos/SwiftEccodes-t.build/DerivedSources/arm64 -Xcc -I/Users/admin/builder/spi-builder-workspace/.derivedData/Build/Intermediates.noindex/SwiftEccodes.build/Debug-watchos/SwiftEccodes-t.build/DerivedSources -Xcc -DSWIFT_PACKAGE -Xcc -DDEBUG\=1 -emit-objc-header -emit-objc-header-path /Users/admin/builder/spi-builder-workspace/.derivedData/Build/Intermediates.noindex/SwiftEccodes.build/Debug-watchos/SwiftEccodes-t.build/Objects-normal/arm64/SwiftEccodes-Swift.h -working-directory /Users/admin/builder/spi-builder-workspace/.swiftpm/xcode -experimental-emit-module-separately -disable-cmo
error: Clang dependency scanning failure: While building module 'CEccodes' imported from module-include.input:1:
In file included from <module-includes>:1:
/Users/admin/builder/spi-builder-workspace/Sources/CEccodes/shim.h:1:10: fatal error: 'eccodes.h' file not found
module-include.input:1:2: fatal error: could not build module 'CEccodes'
 (in target 'SwiftEccodes' from project 'SwiftEccodes')
/Users/admin/builder/spi-builder-workspace/Sources/SwiftEccodes/SwiftEccodes.swift:1:8: error: Unable to resolve module dependency: 'CEccodes' (in target 'SwiftEccodes' from project 'SwiftEccodes')
    note: A dependency of main module 'SwiftEccodes'
error: Clang dependency scanning failure: While building module 'CEccodes' imported from module-include.input:1:
In file included from <module-includes>:1:
/Users/admin/builder/spi-builder-workspace/Sources/CEccodes/shim.h:1:10: fatal error: 'eccodes.h' file not found
module-include.input:1:2: fatal error: could not build module 'CEccodes'
 (in target 'SwiftEccodes' from project 'SwiftEccodes')
/Users/admin/builder/spi-builder-workspace/Sources/SwiftEccodes/SwiftEccodes.swift:1:8: note: A dependency of main module 'SwiftEccodes'
import CEccodes
       ^ (in target 'SwiftEccodes' from project 'SwiftEccodes')
PruneExplicitPrecompiledModules /Users/admin/builder/spi-builder-workspace/.derivedData/SDKExplicitPrecompiledModules
PruneExplicitPrecompiledModules /Users/admin/builder/spi-builder-workspace/.derivedData/Build/Intermediates.noindex/SwiftExplicitPrecompiledModules
PruneExplicitPrecompiledModules /Users/admin/builder/spi-builder-workspace/.derivedData/Build/Intermediates.noindex/ExplicitPrecompiledModules
2026-09-24 01:48:10.491 xcodebuild[662:4185] [MT] IDERunDestination: Supported platforms for the buildables in the current scheme is empty.
** BUILD FAILED **
The following build commands failed:
	SwiftDriver SwiftEccodes normal arm64_32 com.apple.xcode.tools.swift.compiler (in target 'SwiftEccodes' from project 'SwiftEccodes')
	SwiftDriver SwiftEccodes normal arm64 com.apple.xcode.tools.swift.compiler (in target 'SwiftEccodes' from project 'SwiftEccodes')
	Building workspace SwiftEccodes with scheme SwiftEccodes
(3 failures)
Command line invocation:
    /Applications/Xcode-27.0.0-Release.Candidate.app/Contents/Developer/usr/bin/xcodebuild -IDEClonedSourcePackagesDirPathOverride=/Users/admin/builder/spi-builder-workspace/.dependencies -resolvePackageDependencies
Resolve Package Graph
failed to retrieve search paths with pkg-config; maybe pkg-config is not installedyou may be able to install eccodes using your system-packager:
    brew install eccodes
Resolved source packages:
  SwiftEccodes: /Users/admin/builder/spi-builder-workspace
resolved source packages: SwiftEccodes
2026-09-24 01:48:13.359 xcodebuild[684:4388] [MT] IDERunDestination: Supported platforms for the buildables in the current scheme is empty.
{
  "dependencies" : [
  ],
  "manifest_display_name" : "SwiftEccodes",
  "name" : "SwiftEccodes",
  "path" : "/Users/admin/builder/spi-builder-workspace",
  "platforms" : [
    {
      "name" : "macos",
      "version" : "12.0"
    }
  ],
  "products" : [
    {
      "name" : "SwiftEccodes",
      "targets" : [
        "SwiftEccodes"
      ],
      "type" : {
        "library" : [
          "automatic"
        ]
      }
    }
  ],
  "targets" : [
    {
      "c99name" : "SwiftEccodesTests",
      "module_type" : "SwiftTarget",
      "name" : "SwiftEccodesTests",
      "path" : "Tests/SwiftEccodesTests",
      "sources" : [
        "SwiftEccodesTests.swift"
      ],
      "target_dependencies" : [
        "SwiftEccodes"
      ],
      "type" : "test"
    },
    {
      "c99name" : "SwiftEccodes",
      "module_type" : "SwiftTarget",
      "name" : "SwiftEccodes",
      "path" : "Sources/SwiftEccodes",
      "product_memberships" : [
        "SwiftEccodes"
      ],
      "sources" : [
        "Lock.swift",
        "SwiftEccodes.swift"
      ],
      "target_dependencies" : [
        "CEccodes"
      ],
      "type" : "library"
    },
    {
      "c99name" : "CEccodes",
      "module_type" : "SystemLibraryTarget",
      "name" : "CEccodes",
      "path" : "Sources/CEccodes",
      "product_memberships" : [
        "SwiftEccodes"
      ],
      "sources" : [
      ],
      "type" : "system-target"
    }
  ],
  "tools_version" : "5.6"
}
{
  "workspace" : {
    "name" : "SwiftEccodes",
    "schemes" : [
      "SwiftEccodes"
    ]
  }
}
2026-09-24 01:48:14.573 xcodebuild[699:4460] [MT] IDERunDestination: Supported platforms for the buildables in the current scheme is empty.
Running build ...
env DEVELOPER_DIR=/Applications/Xcode-27.0.0-Release.Candidate.app xcrun xcodebuild -IDEClonedSourcePackagesDirPathOverride=$PWD/.dependencies -skipMacroValidation -skipPackagePluginValidation -derivedDataPath $PWD/.derivedData build -scheme SwiftEccodes -destination generic/platform=watchOS
Command line invocation:
    /Applications/Xcode-27.0.0-Release.Candidate.app/Contents/Developer/usr/bin/xcodebuild -IDEClonedSourcePackagesDirPathOverride=/Users/admin/builder/spi-builder-workspace/.dependencies -skipMacroValidation -skipPackagePluginValidation -derivedDataPath /Users/admin/builder/spi-builder-workspace/.derivedData build -scheme SwiftEccodes -destination generic/platform=watchOS
Resolve Package Graph
failed to retrieve search paths with pkg-config; maybe pkg-config is not installedyou may be able to install eccodes using your system-packager:
    brew install eccodes
Resolved source packages:
  SwiftEccodes: /Users/admin/builder/spi-builder-workspace
ComputePackagePrebuildTargetDependencyGraph
Prepare packages
CreateBuildRequest
SendProjectDescription
CreateBuildOperation
ComputeTargetDependencyGraph
note: Building targets in dependency order
note: Target dependency graph (3 targets)
    Target 'SwiftEccodes-product' in project 'SwiftEccodes'
        ➜ Explicit dependency on target 'SwiftEccodes' in project 'SwiftEccodes'
    Target 'SwiftEccodes' in project 'SwiftEccodes'
        ➜ Explicit dependency on target 'CEccodes' in project 'SwiftEccodes'
    Target 'CEccodes' in project 'SwiftEccodes' (no dependencies)
GatherProvisioningInputs
CreateBuildDescription
ClangStatCache /Applications/Xcode-27.0.0-Release.Candidate.app/Contents/Developer/Toolchains/XcodeDefault.xctoolchain/usr/bin/clang-stat-cache /Applications/Xcode-27.0.0-Release.Candidate.app/Contents/Developer/Platforms/WatchOS.platform/Developer/SDKs/WatchOS27.0.sdk /Users/admin/builder/spi-builder-workspace/.derivedData/SDKStatCaches.noindex/watchos27.0-24R360-e829b21a6f8c9b70876ba0858053c04477534ef55a1706bf4c1112bbb242f0a2.sdkstatcache
    cd /Users/admin/builder/spi-builder-workspace/.swiftpm/xcode
    /Applications/Xcode-27.0.0-Release.Candidate.app/Contents/Developer/Toolchains/XcodeDefault.xctoolchain/usr/bin/clang-stat-cache /Applications/Xcode-27.0.0-Release.Candidate.app/Contents/Developer/Platforms/WatchOS.platform/Developer/SDKs/WatchOS27.0.sdk -o /Users/admin/builder/spi-builder-workspace/.derivedData/SDKStatCaches.noindex/watchos27.0-24R360-e829b21a6f8c9b70876ba0858053c04477534ef55a1706bf4c1112bbb242f0a2.sdkstatcache
SwiftDriver SwiftEccodes normal arm64_32 com.apple.xcode.tools.swift.compiler (in target 'SwiftEccodes' from project 'SwiftEccodes')
    cd /Users/admin/builder/spi-builder-workspace/.swiftpm/xcode
    builtin-SwiftDriver -- /Applications/Xcode-27.0.0-Release.Candidate.app/Contents/Developer/Toolchains/XcodeDefault.xctoolchain/usr/bin/swiftc -parse-as-library -module-name SwiftEccodes -Onone @/Users/admin/builder/spi-builder-workspace/.derivedData/Build/Intermediates.noindex/SwiftEccodes.build/Debug-watchos/SwiftEccodes-t.build/Objects-normal/arm64_32/SwiftEccodes.SwiftFileList -DSWIFT_PACKAGE -DDEBUG -DSWIFT_MODULE_RESOURCE_BUNDLE_UNAVAILABLE -Xcc -fmodule-map-file\=/Users/admin/builder/spi-builder-workspace/Sources/CEccodes/module.modulemap -DXcode -plugin-path /Applications/Xcode-27.0.0-Release.Candidate.app/Contents/Developer/Toolchains/XcodeDefault.xctoolchain/usr/lib/swift/host/plugins/testing -enable-experimental-feature DebugDescriptionMacro -sdk /Applications/Xcode-27.0.0-Release.Candidate.app/Contents/Developer/Platforms/WatchOS.platform/Developer/SDKs/WatchOS27.0.sdk -target arm64_32-apple-watchos9.0 -g -module-cache-path /Users/admin/builder/spi-builder-workspace/.derivedData/ModuleCache.noindex -Xfrontend -serialize-debugging-options -profile-coverage-mapping -profile-generate -enable-testing -index-store-path /Users/admin/builder/spi-builder-workspace/.derivedData/Index.noindex/DataStore -Xcc -D_LIBCPP_HARDENING_MODE\=_LIBCPP_HARDENING_MODE_DEBUG -swift-version 5 -I /Users/admin/builder/spi-builder-workspace/.derivedData/Build/Products/Debug-watchos -Isystem /Applications/Xcode-27.0.0-Release.Candidate.app/Contents/Developer/Platforms/WatchOS.platform/Developer/usr/lib -F /Users/admin/builder/spi-builder-workspace/.derivedData/Build/Products/Debug-watchos -F /Applications/Xcode-27.0.0-Release.Candidate.app/Contents/Developer/Platforms/WatchOS.platform/Developer/Library/Frameworks -F /Applications/Xcode-27.0.0-Release.Candidate.app/Contents/Developer/Platforms/WatchOS.platform/Developer/SDKs/WatchOS27.0.sdk/Developer/Library/Frameworks -c -j10 -enable-batch-mode -incremental -Xcc -ivfsstatcache -Xcc /Users/admin/builder/spi-builder-workspace/.derivedData/SDKStatCaches.noindex/watchos27.0-24R360-e829b21a6f8c9b70876ba0858053c04477534ef55a1706bf4c1112bbb242f0a2.sdkstatcache -output-file-map /Users/admin/builder/spi-builder-workspace/.derivedData/Build/Intermediates.noindex/SwiftEccodes.build/Debug-watchos/SwiftEccodes-t.build/Objects-normal/arm64_32/SwiftEccodes-OutputFileMap.json -save-temps -no-color-diagnostics -explicit-module-build -module-cache-path /Users/admin/builder/spi-builder-workspace/.derivedData/Build/Intermediates.noindex/SwiftExplicitPrecompiledModules -clang-scanner-module-cache-path /Users/admin/builder/spi-builder-workspace/.derivedData/ModuleCache.noindex -sdk-module-cache-path /Users/admin/builder/spi-builder-workspace/.derivedData/SDKExplicitPrecompiledModules -emit-dependencies -emit-module -emit-module-path /Users/admin/builder/spi-builder-workspace/.derivedData/Build/Intermediates.noindex/SwiftEccodes.build/Debug-watchos/SwiftEccodes-t.build/Objects-normal/arm64_32/SwiftEccodes.swiftmodule -serialize-diagnostics -dependency-scan-serialize-diagnostics-path /Users/admin/builder/spi-builder-workspace/.derivedData/Build/Intermediates.noindex/SwiftEccodes.build/Debug-watchos/SwiftEccodes-t.build/Objects-normal/arm64_32/SwiftEccodes-dependency-scan.dia -validate-clang-modules-once -clang-build-session-file /Users/admin/builder/spi-builder-workspace/.derivedData/ModuleCache.noindex/Session.modulevalidation -Xcc -fmodules-prune-interval\=86400 -Xcc -fmodules-prune-after\=345600 -emit-const-values -const-gather-protocols-list /Users/admin/builder/spi-builder-workspace/.derivedData/Build/Intermediates.noindex/SwiftEccodes.build/Debug-watchos/SwiftEccodes-t.build/Objects-normal/arm64_32/SwiftEccodes_const_extract_protocols.json -Xcc -I/Users/admin/builder/spi-builder-workspace/.derivedData/Build/Products/Debug-watchos/include -Xcc -I/Users/admin/builder/spi-builder-workspace/.derivedData/Build/Intermediates.noindex/SwiftEccodes.build/Debug-watchos/SwiftEccodes-t.build/DerivedSources-normal/arm64_32 -Xcc -I/Users/admin/builder/spi-builder-workspace/.derivedData/Build/Intermediates.noindex/SwiftEccodes.build/Debug-watchos/SwiftEccodes-t.build/DerivedSources/arm64_32 -Xcc -I/Users/admin/builder/spi-builder-workspace/.derivedData/Build/Intermediates.noindex/SwiftEccodes.build/Debug-watchos/SwiftEccodes-t.build/DerivedSources -Xcc -DSWIFT_PACKAGE -Xcc -DDEBUG\=1 -emit-objc-header -emit-objc-header-path /Users/admin/builder/spi-builder-workspace/.derivedData/Build/Intermediates.noindex/SwiftEccodes.build/Debug-watchos/SwiftEccodes-t.build/Objects-normal/arm64_32/SwiftEccodes-Swift.h -working-directory /Users/admin/builder/spi-builder-workspace/.swiftpm/xcode -experimental-emit-module-separately -disable-cmo
error: Clang dependency scanning failure: While building module 'CEccodes' imported from module-include.input:1:
In file included from <module-includes>:1:
/Users/admin/builder/spi-builder-workspace/Sources/CEccodes/shim.h:1:10: fatal error: 'eccodes.h' file not found
module-include.input:1:2: fatal error: could not build module 'CEccodes'
 (in target 'SwiftEccodes' from project 'SwiftEccodes')
/Users/admin/builder/spi-builder-workspace/Sources/SwiftEccodes/SwiftEccodes.swift:1:8: error: Unable to resolve module dependency: 'CEccodes' (in target 'SwiftEccodes' from project 'SwiftEccodes')
    note: A dependency of main module 'SwiftEccodes'
error: Clang dependency scanning failure: While building module 'CEccodes' imported from module-include.input:1:
In file included from <module-includes>:1:
/Users/admin/builder/spi-builder-workspace/Sources/CEccodes/shim.h:1:10: fatal error: 'eccodes.h' file not found
module-include.input:1:2: fatal error: could not build module 'CEccodes'
 (in target 'SwiftEccodes' from project 'SwiftEccodes')
/Users/admin/builder/spi-builder-workspace/Sources/SwiftEccodes/SwiftEccodes.swift:1:8: note: A dependency of main module 'SwiftEccodes'
import CEccodes
       ^ (in target 'SwiftEccodes' from project 'SwiftEccodes')
SwiftDriver SwiftEccodes normal arm64 com.apple.xcode.tools.swift.compiler (in target 'SwiftEccodes' from project 'SwiftEccodes')
    cd /Users/admin/builder/spi-builder-workspace/.swiftpm/xcode
    builtin-SwiftDriver -- /Applications/Xcode-27.0.0-Release.Candidate.app/Contents/Developer/Toolchains/XcodeDefault.xctoolchain/usr/bin/swiftc -parse-as-library -module-name SwiftEccodes -Onone @/Users/admin/builder/spi-builder-workspace/.derivedData/Build/Intermediates.noindex/SwiftEccodes.build/Debug-watchos/SwiftEccodes-t.build/Objects-normal/arm64/SwiftEccodes.SwiftFileList -DSWIFT_PACKAGE -DDEBUG -DSWIFT_MODULE_RESOURCE_BUNDLE_UNAVAILABLE -Xcc -fmodule-map-file\=/Users/admin/builder/spi-builder-workspace/Sources/CEccodes/module.modulemap -DXcode -plugin-path /Applications/Xcode-27.0.0-Release.Candidate.app/Contents/Developer/Toolchains/XcodeDefault.xctoolchain/usr/lib/swift/host/plugins/testing -enable-experimental-feature DebugDescriptionMacro -sdk /Applications/Xcode-27.0.0-Release.Candidate.app/Contents/Developer/Platforms/WatchOS.platform/Developer/SDKs/WatchOS27.0.sdk -target arm64-apple-watchos9.0 -g -module-cache-path /Users/admin/builder/spi-builder-workspace/.derivedData/ModuleCache.noindex -Xfrontend -serialize-debugging-options -profile-coverage-mapping -profile-generate -enable-testing -index-store-path /Users/admin/builder/spi-builder-workspace/.derivedData/Index.noindex/DataStore -Xcc -D_LIBCPP_HARDENING_MODE\=_LIBCPP_HARDENING_MODE_DEBUG -swift-version 5 -I /Users/admin/builder/spi-builder-workspace/.derivedData/Build/Products/Debug-watchos -Isystem /Applications/Xcode-27.0.0-Release.Candidate.app/Contents/Developer/Platforms/WatchOS.platform/Developer/usr/lib -F /Users/admin/builder/spi-builder-workspace/.derivedData/Build/Products/Debug-watchos -F /Applications/Xcode-27.0.0-Release.Candidate.app/Contents/Developer/Platforms/WatchOS.platform/Developer/Library/Frameworks -F /Applications/Xcode-27.0.0-Release.Candidate.app/Contents/Developer/Platforms/WatchOS.platform/Developer/SDKs/WatchOS27.0.sdk/Developer/Library/Frameworks -c -j10 -enable-batch-mode -incremental -Xcc -ivfsstatcache -Xcc /Users/admin/builder/spi-builder-workspace/.derivedData/SDKStatCaches.noindex/watchos27.0-24R360-e829b21a6f8c9b70876ba0858053c04477534ef55a1706bf4c1112bbb242f0a2.sdkstatcache -output-file-map /Users/admin/builder/spi-builder-workspace/.derivedData/Build/Intermediates.noindex/SwiftEccodes.build/Debug-watchos/SwiftEccodes-t.build/Objects-normal/arm64/SwiftEccodes-OutputFileMap.json -save-temps -no-color-diagnostics -explicit-module-build -module-cache-path /Users/admin/builder/spi-builder-workspace/.derivedData/Build/Intermediates.noindex/SwiftExplicitPrecompiledModules -clang-scanner-module-cache-path /Users/admin/builder/spi-builder-workspace/.derivedData/ModuleCache.noindex -sdk-module-cache-path /Users/admin/builder/spi-builder-workspace/.derivedData/SDKExplicitPrecompiledModules -emit-dependencies -emit-module -emit-module-path /Users/admin/builder/spi-builder-workspace/.derivedData/Build/Intermediates.noindex/SwiftEccodes.build/Debug-watchos/SwiftEccodes-t.build/Objects-normal/arm64/SwiftEccodes.swiftmodule -serialize-diagnostics -dependency-scan-serialize-diagnostics-path /Users/admin/builder/spi-builder-workspace/.derivedData/Build/Intermediates.noindex/SwiftEccodes.build/Debug-watchos/SwiftEccodes-t.build/Objects-normal/arm64/SwiftEccodes-dependency-scan.dia -validate-clang-modules-once -clang-build-session-file /Users/admin/builder/spi-builder-workspace/.derivedData/ModuleCache.noindex/Session.modulevalidation -Xcc -fmodules-prune-interval\=86400 -Xcc -fmodules-prune-after\=345600 -emit-const-values -const-gather-protocols-list /Users/admin/builder/spi-builder-workspace/.derivedData/Build/Intermediates.noindex/SwiftEccodes.build/Debug-watchos/SwiftEccodes-t.build/Objects-normal/arm64/SwiftEccodes_const_extract_protocols.json -Xcc -I/Users/admin/builder/spi-builder-workspace/.derivedData/Build/Products/Debug-watchos/include -Xcc -I/Users/admin/builder/spi-builder-workspace/.derivedData/Build/Intermediates.noindex/SwiftEccodes.build/Debug-watchos/SwiftEccodes-t.build/DerivedSources-normal/arm64 -Xcc -I/Users/admin/builder/spi-builder-workspace/.derivedData/Build/Intermediates.noindex/SwiftEccodes.build/Debug-watchos/SwiftEccodes-t.build/DerivedSources/arm64 -Xcc -I/Users/admin/builder/spi-builder-workspace/.derivedData/Build/Intermediates.noindex/SwiftEccodes.build/Debug-watchos/SwiftEccodes-t.build/DerivedSources -Xcc -DSWIFT_PACKAGE -Xcc -DDEBUG\=1 -emit-objc-header -emit-objc-header-path /Users/admin/builder/spi-builder-workspace/.derivedData/Build/Intermediates.noindex/SwiftEccodes.build/Debug-watchos/SwiftEccodes-t.build/Objects-normal/arm64/SwiftEccodes-Swift.h -working-directory /Users/admin/builder/spi-builder-workspace/.swiftpm/xcode -experimental-emit-module-separately -disable-cmo
error: Clang dependency scanning failure: While building module 'CEccodes' imported from module-include.input:1:
In file included from <module-includes>:1:
/Users/admin/builder/spi-builder-workspace/Sources/CEccodes/shim.h:1:10: fatal error: 'eccodes.h' file not found
module-include.input:1:2: fatal error: could not build module 'CEccodes'
 (in target 'SwiftEccodes' from project 'SwiftEccodes')
/Users/admin/builder/spi-builder-workspace/Sources/SwiftEccodes/SwiftEccodes.swift:1:8: error: Unable to resolve module dependency: 'CEccodes' (in target 'SwiftEccodes' from project 'SwiftEccodes')
    note: A dependency of main module 'SwiftEccodes'
error: Clang dependency scanning failure: While building module 'CEccodes' imported from module-include.input:1:
In file included from <module-includes>:1:
/Users/admin/builder/spi-builder-workspace/Sources/CEccodes/shim.h:1:10: fatal error: 'eccodes.h' file not found
module-include.input:1:2: fatal error: could not build module 'CEccodes'
 (in target 'SwiftEccodes' from project 'SwiftEccodes')
/Users/admin/builder/spi-builder-workspace/Sources/SwiftEccodes/SwiftEccodes.swift:1:8: note: A dependency of main module 'SwiftEccodes'
import CEccodes
       ^ (in target 'SwiftEccodes' from project 'SwiftEccodes')
PruneExplicitPrecompiledModules /Users/admin/builder/spi-builder-workspace/.derivedData/SDKExplicitPrecompiledModules
PruneExplicitPrecompiledModules /Users/admin/builder/spi-builder-workspace/.derivedData/Build/Intermediates.noindex/SwiftExplicitPrecompiledModules
PruneExplicitPrecompiledModules /Users/admin/builder/spi-builder-workspace/.derivedData/Build/Intermediates.noindex/ExplicitPrecompiledModules
2026-09-24 01:48:15.530 xcodebuild[707:4498] [MT] IDERunDestination: Supported platforms for the buildables in the current scheme is empty.
** BUILD FAILED **
The following build commands failed:
	SwiftDriver SwiftEccodes normal arm64_32 com.apple.xcode.tools.swift.compiler (in target 'SwiftEccodes' from project 'SwiftEccodes')
	SwiftDriver SwiftEccodes normal arm64 com.apple.xcode.tools.swift.compiler (in target 'SwiftEccodes' from project 'SwiftEccodes')
	Building workspace SwiftEccodes with scheme SwiftEccodes
(3 failures)
BUILD FAILURE 6.4 watchOS