Build Information
Failed to build swift-html-to-pdf, reference 1.0.5 (c6cf43), with Swift 6.4 for watchOS using Xcode 27.0 on 27 Sep 2026 18:36:30 UTC.
Build Command
env DEVELOPER_DIR=/Applications/Xcode-27.0.0-Release.Candidate.app xcrun xcodebuild -IDEClonedSourcePackagesDirPathOverride=$PWD/.dependencies -skipMacroValidation -skipPackagePluginValidation -derivedDataPath $PWD/.derivedData build -scheme swift-html-to-pdf-Package -destination generic/platform=watchOSBuild Log
2026-09-27 14:36:01.439 appintentsmetadataprocessor[1892:10427] Starting appintentsmetadataprocessor export
2026-09-27 14:36:01.639 appintentsmetadataprocessor[1892:10427] Extracted no relevant App Intents symbols, skipping writing output
SwiftDriverJobDiscovery normal arm64 Compiling TestTrait.swift, WithDependencies.swift (in target 'Dependencies' from project 'swift-dependencies')
SwiftDriver\ Compilation Dependencies normal arm64 com.apple.xcode.tools.swift.compiler (in target 'Dependencies' from project 'swift-dependencies')
cd /Users/admin/builder/spi-builder-workspace/.swiftpm/xcode
builtin-Swift-Compilation -- /Applications/Xcode-27.0.0-Release.Candidate.app/Contents/Developer/Toolchains/XcodeDefault.xctoolchain/usr/bin/swiftc -parse-as-library -module-name Dependencies -Onone @/Users/admin/builder/spi-builder-workspace/.derivedData/Build/Intermediates.noindex/swift-dependencies.build/Debug-watchos/Dependencies-t.build/Objects-normal/arm64/Dependencies.SwiftFileList -DSWIFT_PACKAGE -DDEBUG -DSWIFT_MODULE_RESOURCE_BUNDLE_UNAVAILABLE -DClocks -DCombineSchedulers -DFoundation -DFoundationNetworking -DXcode -enable-upcoming-feature MemberImportVisibility -enable-upcoming-feature ExistentialAny -enable-upcoming-feature ImmutableWeakCaptures -enable-upcoming-feature InferIsolatedConformances -enable-upcoming-feature InternalImportsByDefault -enable-upcoming-feature MemberImportVisibility -enable-upcoming-feature NonisolatedNonsendingByDefault -plugin-path /Applications/Xcode-27.0.0-Release.Candidate.app/Contents/Developer/Toolchains/XcodeDefault.xctoolchain/usr/lib/swift/host/plugins/testing -enable-experimental-feature DebugDescriptionMacro -sdk /Applications/Xcode-27.0.0-Release.Candidate.app/Contents/Developer/Platforms/WatchOS.platform/Developer/SDKs/WatchOS27.0.sdk -target arm64-apple-watchos9.0 -g -module-cache-path /Users/admin/builder/spi-builder-workspace/.derivedData/ModuleCache.noindex -Xfrontend -serialize-debugging-options -profile-coverage-mapping -profile-generate -enable-testing -suppress-warnings -index-store-path /Users/admin/builder/spi-builder-workspace/.derivedData/Index.noindex/DataStore -Xcc -D_LIBCPP_HARDENING_MODE\=_LIBCPP_HARDENING_MODE_DEBUG -swift-version 6 -I /Users/admin/builder/spi-builder-workspace/.derivedData/Build/Products/Debug-watchos -Isystem /Applications/Xcode-27.0.0-Release.Candidate.app/Contents/Developer/Platforms/WatchOS.platform/Developer/usr/lib -F /Users/admin/builder/spi-builder-workspace/.derivedData/Build/Products/Debug-watchos/PackageFrameworks -F /Users/admin/builder/spi-builder-workspace/.derivedData/Build/Products/Debug-watchos -F /Applications/Xcode-27.0.0-Release.Candidate.app/Contents/Developer/Platforms/WatchOS.platform/Developer/Library/Frameworks -F /Applications/Xcode-27.0.0-Release.Candidate.app/Contents/Developer/Platforms/WatchOS.platform/Developer/SDKs/WatchOS27.0.sdk/Developer/Library/Frameworks -c -j10 -enable-batch-mode -incremental -Xcc -ivfsstatcache -Xcc /Users/admin/builder/spi-builder-workspace/.derivedData/SDKStatCaches.noindex/watchos27.0-24R360-e829b21a6f8c9b70876ba0858053c04477534ef55a1706bf4c1112bbb242f0a2.sdkstatcache -output-file-map /Users/admin/builder/spi-builder-workspace/.derivedData/Build/Intermediates.noindex/swift-dependencies.build/Debug-watchos/Dependencies-t.build/Objects-normal/arm64/Dependencies-OutputFileMap.json -save-temps -no-color-diagnostics -explicit-module-build -module-cache-path /Users/admin/builder/spi-builder-workspace/.derivedData/Build/Intermediates.noindex/SwiftExplicitPrecompiledModules -clang-scanner-module-cache-path /Users/admin/builder/spi-builder-workspace/.derivedData/ModuleCache.noindex -sdk-module-cache-path /Users/admin/builder/spi-builder-workspace/.derivedData/SDKExplicitPrecompiledModules -emit-dependencies -emit-module -emit-module-path /Users/admin/builder/spi-builder-workspace/.derivedData/Build/Intermediates.noindex/swift-dependencies.build/Debug-watchos/Dependencies-t.build/Objects-normal/arm64/Dependencies.swiftmodule -serialize-diagnostics -dependency-scan-serialize-diagnostics-path /Users/admin/builder/spi-builder-workspace/.derivedData/Build/Intermediates.noindex/swift-dependencies.build/Debug-watchos/Dependencies-t.build/Objects-normal/arm64/Dependencies-dependency-scan.dia -user-module-version 1.17.1 -validate-clang-modules-once -clang-build-session-file /Users/admin/builder/spi-builder-workspace/.derivedData/ModuleCache.noindex/Session.modulevalidation -Xcc -fmodules-prune-interval\=86400 -Xcc -fmodules-prune-after\=345600 -package-name swift_dependencies -emit-const-values -const-gather-protocols-list /Users/admin/builder/spi-builder-workspace/.derivedData/Build/Intermediates.noindex/swift-dependencies.build/Debug-watchos/Dependencies-t.build/Objects-normal/arm64/Dependencies_const_extract_protocols.json -Xcc -I/Users/admin/builder/spi-builder-workspace/.derivedData/Build/Products/Debug-watchos/include -Xcc -I/Users/admin/builder/spi-builder-workspace/.derivedData/Build/Intermediates.noindex/swift-dependencies.build/Debug-watchos/Dependencies-t.build/DerivedSources-normal/arm64 -Xcc -I/Users/admin/builder/spi-builder-workspace/.derivedData/Build/Intermediates.noindex/swift-dependencies.build/Debug-watchos/Dependencies-t.build/DerivedSources/arm64 -Xcc -I/Users/admin/builder/spi-builder-workspace/.derivedData/Build/Intermediates.noindex/swift-dependencies.build/Debug-watchos/Dependencies-t.build/DerivedSources -Xcc -DSWIFT_PACKAGE -Xcc -DDEBUG\=1 -emit-objc-header -emit-objc-header-path /Users/admin/builder/spi-builder-workspace/.derivedData/Build/Intermediates.noindex/swift-dependencies.build/Debug-watchos/Dependencies-t.build/Objects-normal/arm64/Dependencies-Swift.h -working-directory /Users/admin/builder/spi-builder-workspace/.swiftpm/xcode -experimental-emit-module-separately -disable-cmo
SwiftDriverJobDiscovery normal arm64_32 Compiling Clocks.swift, Context.swift, Date.swift (in target 'Dependencies' from project 'swift-dependencies')
Ld /Users/admin/builder/spi-builder-workspace/.derivedData/Build/Intermediates.noindex/swift-dependencies.build/Debug-watchos/Dependencies-t.build/Objects-normal/arm64/Binary/Dependencies.o normal arm64 (in target 'Dependencies' from project 'swift-dependencies')
cd /Users/admin/builder/spi-builder-workspace/.dependencies/checkouts/swift-dependencies
/Applications/Xcode-27.0.0-Release.Candidate.app/Contents/Developer/Toolchains/XcodeDefault.xctoolchain/usr/bin/clang -Xlinker -reproducible -target arm64-apple-watchos9.0 -r -isysroot /Applications/Xcode-27.0.0-Release.Candidate.app/Contents/Developer/Platforms/WatchOS.platform/Developer/SDKs/WatchOS27.0.sdk -O0 -w -Xlinker -no_warn_duplicate_libraries -F/Users/admin/builder/spi-builder-workspace/.derivedData/Build/Intermediates.noindex/EagerLinkingTBDs/Debug-watchos -F/Users/admin/builder/spi-builder-workspace/.derivedData/Build/Products/Debug-watchos/PackageFrameworks -F/Users/admin/builder/spi-builder-workspace/.derivedData/Build/Products/Debug-watchos -iframework /Applications/Xcode-27.0.0-Release.Candidate.app/Contents/Developer/Platforms/WatchOS.platform/Developer/Library/Frameworks -iframework /Applications/Xcode-27.0.0-Release.Candidate.app/Contents/Developer/Platforms/WatchOS.platform/Developer/SDKs/WatchOS27.0.sdk/Developer/Library/Frameworks -filelist /Users/admin/builder/spi-builder-workspace/.derivedData/Build/Intermediates.noindex/swift-dependencies.build/Debug-watchos/Dependencies-t.build/Objects-normal/arm64/Dependencies.LinkFileList -nostdlib -Xlinker -object_path_lto -Xlinker /Users/admin/builder/spi-builder-workspace/.derivedData/Build/Intermediates.noindex/swift-dependencies.build/Debug-watchos/Dependencies-t.build/Objects-normal/arm64/Dependencies_lto.o -Xlinker -no_deduplicate -Xlinker -debug_variant -Xlinker -dependency_info -Xlinker /Users/admin/builder/spi-builder-workspace/.derivedData/Build/Intermediates.noindex/swift-dependencies.build/Debug-watchos/Dependencies-t.build/Objects-normal/arm64/Dependencies_dependency_info.dat -fobjc-link-runtime -L/Applications/Xcode-27.0.0-Release.Candidate.app/Contents/Developer/Toolchains/XcodeDefault.xctoolchain/usr/lib/swift/watchos -L/usr/lib/swift -Xlinker -add_ast_path -Xlinker /Users/admin/builder/spi-builder-workspace/.derivedData/Build/Intermediates.noindex/swift-dependencies.build/Debug-watchos/Dependencies-t.build/Objects-normal/arm64/Dependencies.swiftmodule -o /Users/admin/builder/spi-builder-workspace/.derivedData/Build/Intermediates.noindex/swift-dependencies.build/Debug-watchos/Dependencies-t.build/Objects-normal/arm64/Binary/Dependencies.o
SwiftDriverJobDiscovery normal arm64_32 Compiling TestTrait.swift, WithDependencies.swift (in target 'Dependencies' from project 'swift-dependencies')
SwiftEmitModule normal arm64_32 Emitting\ module\ for\ LoggingExtras (in target 'LoggingExtras' from project 'swift-logging-extras')
SwiftCompile normal arm64_32 (in target 'LoggingExtras' from project 'swift-logging-extras')
cd /Users/admin/builder/spi-builder-workspace/.swiftpm/xcode
SwiftCompile normal arm64_32 Compiling\ Logger.swift /Users/admin/builder/spi-builder-workspace/.dependencies/checkouts/swift-logging-extras/Sources/LoggingExtras/Logger.swift (in target 'LoggingExtras' from project 'swift-logging-extras')
SwiftCompile normal arm64_32 /Users/admin/builder/spi-builder-workspace/.dependencies/checkouts/swift-logging-extras/Sources/LoggingExtras/Logger.swift (in target 'LoggingExtras' from project 'swift-logging-extras')
cd /Users/admin/builder/spi-builder-workspace/.swiftpm/xcode
builtin-SwiftPerFileCompile Logger.swift
SwiftCompile normal arm64_32 Compiling\ FileLogHandler.swift /Users/admin/builder/spi-builder-workspace/.dependencies/checkouts/swift-logging-extras/Sources/LoggingExtras/FileLogHandler.swift (in target 'LoggingExtras' from project 'swift-logging-extras')
SwiftCompile normal arm64_32 /Users/admin/builder/spi-builder-workspace/.dependencies/checkouts/swift-logging-extras/Sources/LoggingExtras/FileLogHandler.swift (in target 'LoggingExtras' from project 'swift-logging-extras')
cd /Users/admin/builder/spi-builder-workspace/.swiftpm/xcode
builtin-SwiftPerFileCompile FileLogHandler.swift
SwiftCompile normal arm64_32 Compiling\ exports.swift /Users/admin/builder/spi-builder-workspace/.dependencies/checkouts/swift-logging-extras/Sources/LoggingExtras/exports.swift (in target 'LoggingExtras' from project 'swift-logging-extras')
SwiftCompile normal arm64_32 /Users/admin/builder/spi-builder-workspace/.dependencies/checkouts/swift-logging-extras/Sources/LoggingExtras/exports.swift (in target 'LoggingExtras' from project 'swift-logging-extras')
cd /Users/admin/builder/spi-builder-workspace/.swiftpm/xcode
builtin-SwiftPerFileCompile exports.swift
SwiftCompile normal arm64_32 Compiling\ LogHandler+Composability.swift /Users/admin/builder/spi-builder-workspace/.dependencies/checkouts/swift-logging-extras/Sources/LoggingExtras/LogHandler+Composability.swift (in target 'LoggingExtras' from project 'swift-logging-extras')
SwiftCompile normal arm64_32 /Users/admin/builder/spi-builder-workspace/.dependencies/checkouts/swift-logging-extras/Sources/LoggingExtras/LogHandler+Composability.swift (in target 'LoggingExtras' from project 'swift-logging-extras')
cd /Users/admin/builder/spi-builder-workspace/.swiftpm/xcode
builtin-SwiftPerFileCompile LogHandler+Composability.swift
SwiftDriverJobDiscovery normal arm64_32 Compiling Dependency.swift, DependencyContext.swift, DependencyKey.swift (in target 'Dependencies' from project 'swift-dependencies')
SwiftCompile normal arm64 Compiling\ FileLogHandler.swift /Users/admin/builder/spi-builder-workspace/.dependencies/checkouts/swift-logging-extras/Sources/LoggingExtras/FileLogHandler.swift (in target 'LoggingExtras' from project 'swift-logging-extras')
SwiftCompile normal arm64 /Users/admin/builder/spi-builder-workspace/.dependencies/checkouts/swift-logging-extras/Sources/LoggingExtras/FileLogHandler.swift (in target 'LoggingExtras' from project 'swift-logging-extras')
cd /Users/admin/builder/spi-builder-workspace/.swiftpm/xcode
builtin-SwiftPerFileCompile FileLogHandler.swift
SwiftCompile normal arm64 Compiling\ Logger.swift /Users/admin/builder/spi-builder-workspace/.dependencies/checkouts/swift-logging-extras/Sources/LoggingExtras/Logger.swift (in target 'LoggingExtras' from project 'swift-logging-extras')
SwiftCompile normal arm64 /Users/admin/builder/spi-builder-workspace/.dependencies/checkouts/swift-logging-extras/Sources/LoggingExtras/Logger.swift (in target 'LoggingExtras' from project 'swift-logging-extras')
cd /Users/admin/builder/spi-builder-workspace/.swiftpm/xcode
builtin-SwiftPerFileCompile Logger.swift
SwiftEmitModule normal arm64 Emitting\ module\ for\ LoggingExtras (in target 'LoggingExtras' from project 'swift-logging-extras')
SwiftCompile normal arm64 (in target 'LoggingExtras' from project 'swift-logging-extras')
cd /Users/admin/builder/spi-builder-workspace/.swiftpm/xcode
SwiftDriverJobDiscovery normal arm64_32 Compiling TypeName.swift, PreviewTrait.swift (in target 'Dependencies' from project 'swift-dependencies')
SwiftCompile normal arm64 Compiling\ exports.swift /Users/admin/builder/spi-builder-workspace/.dependencies/checkouts/swift-logging-extras/Sources/LoggingExtras/exports.swift (in target 'LoggingExtras' from project 'swift-logging-extras')
SwiftCompile normal arm64 /Users/admin/builder/spi-builder-workspace/.dependencies/checkouts/swift-logging-extras/Sources/LoggingExtras/exports.swift (in target 'LoggingExtras' from project 'swift-logging-extras')
cd /Users/admin/builder/spi-builder-workspace/.swiftpm/xcode
builtin-SwiftPerFileCompile exports.swift
SwiftDriverJobDiscovery normal arm64_32 Compiling exports.swift (in target 'LoggingExtras' from project 'swift-logging-extras')
SwiftCompile normal arm64 Compiling\ LogHandler+Composability.swift /Users/admin/builder/spi-builder-workspace/.dependencies/checkouts/swift-logging-extras/Sources/LoggingExtras/LogHandler+Composability.swift (in target 'LoggingExtras' from project 'swift-logging-extras')
SwiftCompile normal arm64 /Users/admin/builder/spi-builder-workspace/.dependencies/checkouts/swift-logging-extras/Sources/LoggingExtras/LogHandler+Composability.swift (in target 'LoggingExtras' from project 'swift-logging-extras')
cd /Users/admin/builder/spi-builder-workspace/.swiftpm/xcode
builtin-SwiftPerFileCompile LogHandler+Composability.swift
SwiftDriverJobDiscovery normal arm64_32 Compiling LogHandler+Composability.swift (in target 'LoggingExtras' from project 'swift-logging-extras')
SwiftDriver\ Compilation Dependencies normal arm64_32 com.apple.xcode.tools.swift.compiler (in target 'Dependencies' from project 'swift-dependencies')
cd /Users/admin/builder/spi-builder-workspace/.swiftpm/xcode
builtin-Swift-Compilation -- /Applications/Xcode-27.0.0-Release.Candidate.app/Contents/Developer/Toolchains/XcodeDefault.xctoolchain/usr/bin/swiftc -parse-as-library -module-name Dependencies -Onone @/Users/admin/builder/spi-builder-workspace/.derivedData/Build/Intermediates.noindex/swift-dependencies.build/Debug-watchos/Dependencies-t.build/Objects-normal/arm64_32/Dependencies.SwiftFileList -DSWIFT_PACKAGE -DDEBUG -DSWIFT_MODULE_RESOURCE_BUNDLE_UNAVAILABLE -DClocks -DCombineSchedulers -DFoundation -DFoundationNetworking -DXcode -enable-upcoming-feature MemberImportVisibility -enable-upcoming-feature ExistentialAny -enable-upcoming-feature ImmutableWeakCaptures -enable-upcoming-feature InferIsolatedConformances -enable-upcoming-feature InternalImportsByDefault -enable-upcoming-feature MemberImportVisibility -enable-upcoming-feature NonisolatedNonsendingByDefault -plugin-path /Applications/Xcode-27.0.0-Release.Candidate.app/Contents/Developer/Toolchains/XcodeDefault.xctoolchain/usr/lib/swift/host/plugins/testing -enable-experimental-feature DebugDescriptionMacro -sdk /Applications/Xcode-27.0.0-Release.Candidate.app/Contents/Developer/Platforms/WatchOS.platform/Developer/SDKs/WatchOS27.0.sdk -target arm64_32-apple-watchos9.0 -g -module-cache-path /Users/admin/builder/spi-builder-workspace/.derivedData/ModuleCache.noindex -Xfrontend -serialize-debugging-options -profile-coverage-mapping -profile-generate -enable-testing -suppress-warnings -index-store-path /Users/admin/builder/spi-builder-workspace/.derivedData/Index.noindex/DataStore -Xcc -D_LIBCPP_HARDENING_MODE\=_LIBCPP_HARDENING_MODE_DEBUG -swift-version 6 -I /Users/admin/builder/spi-builder-workspace/.derivedData/Build/Products/Debug-watchos -Isystem /Applications/Xcode-27.0.0-Release.Candidate.app/Contents/Developer/Platforms/WatchOS.platform/Developer/usr/lib -F /Users/admin/builder/spi-builder-workspace/.derivedData/Build/Products/Debug-watchos/PackageFrameworks -F /Users/admin/builder/spi-builder-workspace/.derivedData/Build/Products/Debug-watchos -F /Applications/Xcode-27.0.0-Release.Candidate.app/Contents/Developer/Platforms/WatchOS.platform/Developer/Library/Frameworks -F /Applications/Xcode-27.0.0-Release.Candidate.app/Contents/Developer/Platforms/WatchOS.platform/Developer/SDKs/WatchOS27.0.sdk/Developer/Library/Frameworks -c -j10 -enable-batch-mode -incremental -Xcc -ivfsstatcache -Xcc /Users/admin/builder/spi-builder-workspace/.derivedData/SDKStatCaches.noindex/watchos27.0-24R360-e829b21a6f8c9b70876ba0858053c04477534ef55a1706bf4c1112bbb242f0a2.sdkstatcache -output-file-map /Users/admin/builder/spi-builder-workspace/.derivedData/Build/Intermediates.noindex/swift-dependencies.build/Debug-watchos/Dependencies-t.build/Objects-normal/arm64_32/Dependencies-OutputFileMap.json -save-temps -no-color-diagnostics -explicit-module-build -module-cache-path /Users/admin/builder/spi-builder-workspace/.derivedData/Build/Intermediates.noindex/SwiftExplicitPrecompiledModules -clang-scanner-module-cache-path /Users/admin/builder/spi-builder-workspace/.derivedData/ModuleCache.noindex -sdk-module-cache-path /Users/admin/builder/spi-builder-workspace/.derivedData/SDKExplicitPrecompiledModules -emit-dependencies -emit-module -emit-module-path /Users/admin/builder/spi-builder-workspace/.derivedData/Build/Intermediates.noindex/swift-dependencies.build/Debug-watchos/Dependencies-t.build/Objects-normal/arm64_32/Dependencies.swiftmodule -serialize-diagnostics -dependency-scan-serialize-diagnostics-path /Users/admin/builder/spi-builder-workspace/.derivedData/Build/Intermediates.noindex/swift-dependencies.build/Debug-watchos/Dependencies-t.build/Objects-normal/arm64_32/Dependencies-dependency-scan.dia -user-module-version 1.17.1 -validate-clang-modules-once -clang-build-session-file /Users/admin/builder/spi-builder-workspace/.derivedData/ModuleCache.noindex/Session.modulevalidation -Xcc -fmodules-prune-interval\=86400 -Xcc -fmodules-prune-after\=345600 -package-name swift_dependencies -emit-const-values -const-gather-protocols-list /Users/admin/builder/spi-builder-workspace/.derivedData/Build/Intermediates.noindex/swift-dependencies.build/Debug-watchos/Dependencies-t.build/Objects-normal/arm64_32/Dependencies_const_extract_protocols.json -Xcc -I/Users/admin/builder/spi-builder-workspace/.derivedData/Build/Products/Debug-watchos/include -Xcc -I/Users/admin/builder/spi-builder-workspace/.derivedData/Build/Intermediates.noindex/swift-dependencies.build/Debug-watchos/Dependencies-t.build/DerivedSources-normal/arm64_32 -Xcc -I/Users/admin/builder/spi-builder-workspace/.derivedData/Build/Intermediates.noindex/swift-dependencies.build/Debug-watchos/Dependencies-t.build/DerivedSources/arm64_32 -Xcc -I/Users/admin/builder/spi-builder-workspace/.derivedData/Build/Intermediates.noindex/swift-dependencies.build/Debug-watchos/Dependencies-t.build/DerivedSources -Xcc -DSWIFT_PACKAGE -Xcc -DDEBUG\=1 -emit-objc-header -emit-objc-header-path /Users/admin/builder/spi-builder-workspace/.derivedData/Build/Intermediates.noindex/swift-dependencies.build/Debug-watchos/Dependencies-t.build/Objects-normal/arm64_32/Dependencies-Swift.h -working-directory /Users/admin/builder/spi-builder-workspace/.swiftpm/xcode -experimental-emit-module-separately -disable-cmo
SwiftDriverJobDiscovery normal arm64_32 Emitting module for LoggingExtras (in target 'LoggingExtras' from project 'swift-logging-extras')
SwiftDriver\ Compilation\ Requirements LoggingExtras normal arm64_32 com.apple.xcode.tools.swift.compiler (in target 'LoggingExtras' from project 'swift-logging-extras')
cd /Users/admin/builder/spi-builder-workspace/.swiftpm/xcode
builtin-Swift-Compilation-Requirements -- /Applications/Xcode-27.0.0-Release.Candidate.app/Contents/Developer/Toolchains/XcodeDefault.xctoolchain/usr/bin/swiftc -parse-as-library -module-name LoggingExtras -Onone @/Users/admin/builder/spi-builder-workspace/.derivedData/Build/Intermediates.noindex/swift-logging-extras.build/Debug-watchos/LoggingExtras-t.build/Objects-normal/arm64_32/LoggingExtras.SwiftFileList -DSWIFT_PACKAGE -DDEBUG -DSWIFT_MODULE_RESOURCE_BUNDLE_UNAVAILABLE -DXcode -plugin-path /Applications/Xcode-27.0.0-Release.Candidate.app/Contents/Developer/Toolchains/XcodeDefault.xctoolchain/usr/lib/swift/host/plugins/testing -enable-experimental-feature DebugDescriptionMacro -sdk /Applications/Xcode-27.0.0-Release.Candidate.app/Contents/Developer/Platforms/WatchOS.platform/Developer/SDKs/WatchOS27.0.sdk -target arm64_32-apple-watchos9.0 -g -module-cache-path /Users/admin/builder/spi-builder-workspace/.derivedData/ModuleCache.noindex -Xfrontend -serialize-debugging-options -profile-coverage-mapping -profile-generate -enable-testing -suppress-warnings -index-store-path /Users/admin/builder/spi-builder-workspace/.derivedData/Index.noindex/DataStore -Xcc -D_LIBCPP_HARDENING_MODE\=_LIBCPP_HARDENING_MODE_DEBUG -swift-version 6 -I /Users/admin/builder/spi-builder-workspace/.derivedData/Build/Products/Debug-watchos -Isystem /Applications/Xcode-27.0.0-Release.Candidate.app/Contents/Developer/Platforms/WatchOS.platform/Developer/usr/lib -F /Users/admin/builder/spi-builder-workspace/.derivedData/Build/Products/Debug-watchos/PackageFrameworks -F /Users/admin/builder/spi-builder-workspace/.derivedData/Build/Products/Debug-watchos -F /Applications/Xcode-27.0.0-Release.Candidate.app/Contents/Developer/Platforms/WatchOS.platform/Developer/Library/Frameworks -F /Applications/Xcode-27.0.0-Release.Candidate.app/Contents/Developer/Platforms/WatchOS.platform/Developer/SDKs/WatchOS27.0.sdk/Developer/Library/Frameworks -c -j10 -enable-batch-mode -incremental -Xcc -ivfsstatcache -Xcc /Users/admin/builder/spi-builder-workspace/.derivedData/SDKStatCaches.noindex/watchos27.0-24R360-e829b21a6f8c9b70876ba0858053c04477534ef55a1706bf4c1112bbb242f0a2.sdkstatcache -output-file-map /Users/admin/builder/spi-builder-workspace/.derivedData/Build/Intermediates.noindex/swift-logging-extras.build/Debug-watchos/LoggingExtras-t.build/Objects-normal/arm64_32/LoggingExtras-OutputFileMap.json -save-temps -no-color-diagnostics -explicit-module-build -module-cache-path /Users/admin/builder/spi-builder-workspace/.derivedData/Build/Intermediates.noindex/SwiftExplicitPrecompiledModules -clang-scanner-module-cache-path /Users/admin/builder/spi-builder-workspace/.derivedData/ModuleCache.noindex -sdk-module-cache-path /Users/admin/builder/spi-builder-workspace/.derivedData/SDKExplicitPrecompiledModules -emit-dependencies -emit-module -emit-module-path /Users/admin/builder/spi-builder-workspace/.derivedData/Build/Intermediates.noindex/swift-logging-extras.build/Debug-watchos/LoggingExtras-t.build/Objects-normal/arm64_32/LoggingExtras.swiftmodule -serialize-diagnostics -dependency-scan-serialize-diagnostics-path /Users/admin/builder/spi-builder-workspace/.derivedData/Build/Intermediates.noindex/swift-logging-extras.build/Debug-watchos/LoggingExtras-t.build/Objects-normal/arm64_32/LoggingExtras-dependency-scan.dia -user-module-version 0.1.1 -validate-clang-modules-once -clang-build-session-file /Users/admin/builder/spi-builder-workspace/.derivedData/ModuleCache.noindex/Session.modulevalidation -Xcc -fmodules-prune-interval\=86400 -Xcc -fmodules-prune-after\=345600 -package-name swift_logging_extras -emit-const-values -const-gather-protocols-list /Users/admin/builder/spi-builder-workspace/.derivedData/Build/Intermediates.noindex/swift-logging-extras.build/Debug-watchos/LoggingExtras-t.build/Objects-normal/arm64_32/LoggingExtras_const_extract_protocols.json -Xcc -I/Users/admin/builder/spi-builder-workspace/.derivedData/Build/Products/Debug-watchos/include -Xcc -I/Users/admin/builder/spi-builder-workspace/.derivedData/Build/Intermediates.noindex/swift-logging-extras.build/Debug-watchos/LoggingExtras-t.build/DerivedSources-normal/arm64_32 -Xcc -I/Users/admin/builder/spi-builder-workspace/.derivedData/Build/Intermediates.noindex/swift-logging-extras.build/Debug-watchos/LoggingExtras-t.build/DerivedSources/arm64_32 -Xcc -I/Users/admin/builder/spi-builder-workspace/.derivedData/Build/Intermediates.noindex/swift-logging-extras.build/Debug-watchos/LoggingExtras-t.build/DerivedSources -Xcc -DSWIFT_PACKAGE -Xcc -DDEBUG\=1 -emit-objc-header -emit-objc-header-path /Users/admin/builder/spi-builder-workspace/.derivedData/Build/Intermediates.noindex/swift-logging-extras.build/Debug-watchos/LoggingExtras-t.build/Objects-normal/arm64_32/LoggingExtras-Swift.h -working-directory /Users/admin/builder/spi-builder-workspace/.swiftpm/xcode -experimental-emit-module-separately -disable-cmo
Ld /Users/admin/builder/spi-builder-workspace/.derivedData/Build/Intermediates.noindex/swift-dependencies.build/Debug-watchos/Dependencies-t.build/Objects-normal/arm64_32/Binary/Dependencies.o normal arm64_32 (in target 'Dependencies' from project 'swift-dependencies')
cd /Users/admin/builder/spi-builder-workspace/.dependencies/checkouts/swift-dependencies
/Applications/Xcode-27.0.0-Release.Candidate.app/Contents/Developer/Toolchains/XcodeDefault.xctoolchain/usr/bin/clang -Xlinker -reproducible -target arm64_32-apple-watchos9.0 -r -isysroot /Applications/Xcode-27.0.0-Release.Candidate.app/Contents/Developer/Platforms/WatchOS.platform/Developer/SDKs/WatchOS27.0.sdk -O0 -w -Xlinker -no_warn_duplicate_libraries -F/Users/admin/builder/spi-builder-workspace/.derivedData/Build/Intermediates.noindex/EagerLinkingTBDs/Debug-watchos -F/Users/admin/builder/spi-builder-workspace/.derivedData/Build/Products/Debug-watchos/PackageFrameworks -F/Users/admin/builder/spi-builder-workspace/.derivedData/Build/Products/Debug-watchos -iframework /Applications/Xcode-27.0.0-Release.Candidate.app/Contents/Developer/Platforms/WatchOS.platform/Developer/Library/Frameworks -iframework /Applications/Xcode-27.0.0-Release.Candidate.app/Contents/Developer/Platforms/WatchOS.platform/Developer/SDKs/WatchOS27.0.sdk/Developer/Library/Frameworks -filelist /Users/admin/builder/spi-builder-workspace/.derivedData/Build/Intermediates.noindex/swift-dependencies.build/Debug-watchos/Dependencies-t.build/Objects-normal/arm64_32/Dependencies.LinkFileList -nostdlib -Xlinker -object_path_lto -Xlinker /Users/admin/builder/spi-builder-workspace/.derivedData/Build/Intermediates.noindex/swift-dependencies.build/Debug-watchos/Dependencies-t.build/Objects-normal/arm64_32/Dependencies_lto.o -Xlinker -no_deduplicate -Xlinker -debug_variant -Xlinker -dependency_info -Xlinker /Users/admin/builder/spi-builder-workspace/.derivedData/Build/Intermediates.noindex/swift-dependencies.build/Debug-watchos/Dependencies-t.build/Objects-normal/arm64_32/Dependencies_dependency_info.dat -fobjc-link-runtime -L/Applications/Xcode-27.0.0-Release.Candidate.app/Contents/Developer/Toolchains/XcodeDefault.xctoolchain/usr/lib/swift/watchos -L/usr/lib/swift -Xlinker -add_ast_path -Xlinker /Users/admin/builder/spi-builder-workspace/.derivedData/Build/Intermediates.noindex/swift-dependencies.build/Debug-watchos/Dependencies-t.build/Objects-normal/arm64_32/Dependencies.swiftmodule -o /Users/admin/builder/spi-builder-workspace/.derivedData/Build/Intermediates.noindex/swift-dependencies.build/Debug-watchos/Dependencies-t.build/Objects-normal/arm64_32/Binary/Dependencies.o
Copy /Users/admin/builder/spi-builder-workspace/.derivedData/Build/Products/Debug-watchos/LoggingExtras.swiftmodule/arm64_32-apple-watchos.swiftmodule /Users/admin/builder/spi-builder-workspace/.derivedData/Build/Intermediates.noindex/swift-logging-extras.build/Debug-watchos/LoggingExtras-t.build/Objects-normal/arm64_32/LoggingExtras.swiftmodule (in target 'LoggingExtras' from project 'swift-logging-extras')
cd /Users/admin/builder/spi-builder-workspace/.dependencies/checkouts/swift-logging-extras
builtin-copy -exclude .DS_Store -exclude CVS -exclude .svn -exclude .git -exclude .hg -resolve-src-symlinks -rename /Users/admin/builder/spi-builder-workspace/.derivedData/Build/Intermediates.noindex/swift-logging-extras.build/Debug-watchos/LoggingExtras-t.build/Objects-normal/arm64_32/LoggingExtras.swiftmodule /Users/admin/builder/spi-builder-workspace/.derivedData/Build/Products/Debug-watchos/LoggingExtras.swiftmodule/arm64_32-apple-watchos.swiftmodule
Copy /Users/admin/builder/spi-builder-workspace/.derivedData/Build/Products/Debug-watchos/LoggingExtras.swiftmodule/arm64_32-apple-watchos.swiftdoc /Users/admin/builder/spi-builder-workspace/.derivedData/Build/Intermediates.noindex/swift-logging-extras.build/Debug-watchos/LoggingExtras-t.build/Objects-normal/arm64_32/LoggingExtras.swiftdoc (in target 'LoggingExtras' from project 'swift-logging-extras')
cd /Users/admin/builder/spi-builder-workspace/.dependencies/checkouts/swift-logging-extras
builtin-copy -exclude .DS_Store -exclude CVS -exclude .svn -exclude .git -exclude .hg -resolve-src-symlinks -rename /Users/admin/builder/spi-builder-workspace/.derivedData/Build/Intermediates.noindex/swift-logging-extras.build/Debug-watchos/LoggingExtras-t.build/Objects-normal/arm64_32/LoggingExtras.swiftdoc /Users/admin/builder/spi-builder-workspace/.derivedData/Build/Products/Debug-watchos/LoggingExtras.swiftmodule/arm64_32-apple-watchos.swiftdoc
Copy /Users/admin/builder/spi-builder-workspace/.derivedData/Build/Products/Debug-watchos/LoggingExtras.swiftmodule/arm64_32-apple-watchos.abi.json /Users/admin/builder/spi-builder-workspace/.derivedData/Build/Intermediates.noindex/swift-logging-extras.build/Debug-watchos/LoggingExtras-t.build/Objects-normal/arm64_32/LoggingExtras.abi.json (in target 'LoggingExtras' from project 'swift-logging-extras')
cd /Users/admin/builder/spi-builder-workspace/.dependencies/checkouts/swift-logging-extras
builtin-copy -exclude .DS_Store -exclude CVS -exclude .svn -exclude .git -exclude .hg -resolve-src-symlinks -rename /Users/admin/builder/spi-builder-workspace/.derivedData/Build/Intermediates.noindex/swift-logging-extras.build/Debug-watchos/LoggingExtras-t.build/Objects-normal/arm64_32/LoggingExtras.abi.json /Users/admin/builder/spi-builder-workspace/.derivedData/Build/Products/Debug-watchos/LoggingExtras.swiftmodule/arm64_32-apple-watchos.abi.json
Copy /Users/admin/builder/spi-builder-workspace/.derivedData/Build/Products/Debug-watchos/LoggingExtras.swiftmodule/Project/arm64_32-apple-watchos.swiftsourceinfo /Users/admin/builder/spi-builder-workspace/.derivedData/Build/Intermediates.noindex/swift-logging-extras.build/Debug-watchos/LoggingExtras-t.build/Objects-normal/arm64_32/LoggingExtras.swiftsourceinfo (in target 'LoggingExtras' from project 'swift-logging-extras')
cd /Users/admin/builder/spi-builder-workspace/.dependencies/checkouts/swift-logging-extras
builtin-copy -exclude .DS_Store -exclude CVS -exclude .svn -exclude .git -exclude .hg -resolve-src-symlinks -rename /Users/admin/builder/spi-builder-workspace/.derivedData/Build/Intermediates.noindex/swift-logging-extras.build/Debug-watchos/LoggingExtras-t.build/Objects-normal/arm64_32/LoggingExtras.swiftsourceinfo /Users/admin/builder/spi-builder-workspace/.derivedData/Build/Products/Debug-watchos/LoggingExtras.swiftmodule/Project/arm64_32-apple-watchos.swiftsourceinfo
CreateUniversalBinary /Users/admin/builder/spi-builder-workspace/.derivedData/Build/Products/Debug-watchos/Dependencies.o normal arm64\ arm64_32 (in target 'Dependencies' from project 'swift-dependencies')
cd /Users/admin/builder/spi-builder-workspace/.dependencies/checkouts/swift-dependencies
/Applications/Xcode-27.0.0-Release.Candidate.app/Contents/Developer/Toolchains/XcodeDefault.xctoolchain/usr/bin/lipo -create /Users/admin/builder/spi-builder-workspace/.derivedData/Build/Intermediates.noindex/swift-dependencies.build/Debug-watchos/Dependencies-t.build/Objects-normal/arm64/Binary/Dependencies.o /Users/admin/builder/spi-builder-workspace/.derivedData/Build/Intermediates.noindex/swift-dependencies.build/Debug-watchos/Dependencies-t.build/Objects-normal/arm64_32/Binary/Dependencies.o -output /Users/admin/builder/spi-builder-workspace/.derivedData/Build/Products/Debug-watchos/Dependencies.o
SwiftDriverJobDiscovery normal arm64_32 Compiling Logger.swift (in target 'LoggingExtras' from project 'swift-logging-extras')
ExtractAppIntentsMetadata (in target 'Dependencies' from project 'swift-dependencies')
cd /Users/admin/builder/spi-builder-workspace/.dependencies/checkouts/swift-dependencies
/Applications/Xcode-27.0.0-Release.Candidate.app/Contents/Developer/Toolchains/XcodeDefault.xctoolchain/usr/bin/appintentsmetadataprocessor --toolchain-dir /var/run/com.apple.security.cryptexd/mnt/com.apple.MobileAsset.MetalToolchain-v27.1.266.1.dgkyAA/Metal.xctoolchain --module-name Dependencies --sdk-root /Applications/Xcode-27.0.0-Release.Candidate.app/Contents/Developer/Platforms/WatchOS.platform/Developer/SDKs/WatchOS27.0.sdk --xcode-version 27A266a --platform-family watchOS --deployment-target 9.0 --bundle-identifier swift-dependencies.Dependencies --output /Users/admin/builder/spi-builder-workspace/.derivedData/Build/Products/Debug-watchos/Dependencies.appintents --target-triple arm64-apple-watchos9.0 --target-triple arm64_32-apple-watchos9.0 --binary-file /Users/admin/builder/spi-builder-workspace/.derivedData/Build/Products/Debug-watchos/Dependencies.o --dependency-file /Users/admin/builder/spi-builder-workspace/.derivedData/Build/Intermediates.noindex/swift-dependencies.build/Debug-watchos/Dependencies-t.build/Objects-normal/arm64/Dependencies_dependency_info.dat --dependency-file /Users/admin/builder/spi-builder-workspace/.derivedData/Build/Intermediates.noindex/swift-dependencies.build/Debug-watchos/Dependencies-t.build/Objects-normal/arm64_32/Dependencies_dependency_info.dat --stringsdata-file /Users/admin/builder/spi-builder-workspace/.derivedData/Build/Intermediates.noindex/swift-dependencies.build/Debug-watchos/Dependencies-t.build/Objects-normal/arm64/ExtractedAppShortcutsMetadata.stringsdata --stringsdata-file /Users/admin/builder/spi-builder-workspace/.derivedData/Build/Intermediates.noindex/swift-dependencies.build/Debug-watchos/Dependencies-t.build/Objects-normal/arm64_32/ExtractedAppShortcutsMetadata.stringsdata --source-file-list /Users/admin/builder/spi-builder-workspace/.derivedData/Build/Intermediates.noindex/swift-dependencies.build/Debug-watchos/Dependencies-t.build/Objects-normal/arm64/Dependencies.SwiftFileList --source-file-list /Users/admin/builder/spi-builder-workspace/.derivedData/Build/Intermediates.noindex/swift-dependencies.build/Debug-watchos/Dependencies-t.build/Objects-normal/arm64_32/Dependencies.SwiftFileList --metadata-file-list /Users/admin/builder/spi-builder-workspace/.derivedData/Build/Intermediates.noindex/swift-dependencies.build/Debug-watchos/Dependencies-t.build/Dependencies.DependencyMetadataFileList --static-metadata-file-list /Users/admin/builder/spi-builder-workspace/.derivedData/Build/Intermediates.noindex/swift-dependencies.build/Debug-watchos/Dependencies-t.build/Dependencies.DependencyStaticMetadataFileList --swift-const-vals-list /Users/admin/builder/spi-builder-workspace/.derivedData/Build/Intermediates.noindex/swift-dependencies.build/Debug-watchos/Dependencies-t.build/Objects-normal/arm64/Dependencies.SwiftConstValuesFileList --swift-const-vals-list /Users/admin/builder/spi-builder-workspace/.derivedData/Build/Intermediates.noindex/swift-dependencies.build/Debug-watchos/Dependencies-t.build/Objects-normal/arm64_32/Dependencies.SwiftConstValuesFileList --force --compile-time-extraction --deployment-aware-processing --no-app-shortcuts-localization
2026-09-27 14:36:02.041 appintentsmetadataprocessor[1908:10674] Starting appintentsmetadataprocessor export
2026-09-27 14:36:02.137 appintentsmetadataprocessor[1908:10674] Extracted no relevant App Intents symbols, skipping writing output
SwiftDriverJobDiscovery normal arm64 Emitting module for LoggingExtras (in target 'LoggingExtras' from project 'swift-logging-extras')
SwiftDriver\ Compilation\ Requirements LoggingExtras normal arm64 com.apple.xcode.tools.swift.compiler (in target 'LoggingExtras' from project 'swift-logging-extras')
cd /Users/admin/builder/spi-builder-workspace/.swiftpm/xcode
builtin-Swift-Compilation-Requirements -- /Applications/Xcode-27.0.0-Release.Candidate.app/Contents/Developer/Toolchains/XcodeDefault.xctoolchain/usr/bin/swiftc -parse-as-library -module-name LoggingExtras -Onone @/Users/admin/builder/spi-builder-workspace/.derivedData/Build/Intermediates.noindex/swift-logging-extras.build/Debug-watchos/LoggingExtras-t.build/Objects-normal/arm64/LoggingExtras.SwiftFileList -DSWIFT_PACKAGE -DDEBUG -DSWIFT_MODULE_RESOURCE_BUNDLE_UNAVAILABLE -DXcode -plugin-path /Applications/Xcode-27.0.0-Release.Candidate.app/Contents/Developer/Toolchains/XcodeDefault.xctoolchain/usr/lib/swift/host/plugins/testing -enable-experimental-feature DebugDescriptionMacro -sdk /Applications/Xcode-27.0.0-Release.Candidate.app/Contents/Developer/Platforms/WatchOS.platform/Developer/SDKs/WatchOS27.0.sdk -target arm64-apple-watchos9.0 -g -module-cache-path /Users/admin/builder/spi-builder-workspace/.derivedData/ModuleCache.noindex -Xfrontend -serialize-debugging-options -profile-coverage-mapping -profile-generate -enable-testing -suppress-warnings -index-store-path /Users/admin/builder/spi-builder-workspace/.derivedData/Index.noindex/DataStore -Xcc -D_LIBCPP_HARDENING_MODE\=_LIBCPP_HARDENING_MODE_DEBUG -swift-version 6 -I /Users/admin/builder/spi-builder-workspace/.derivedData/Build/Products/Debug-watchos -Isystem /Applications/Xcode-27.0.0-Release.Candidate.app/Contents/Developer/Platforms/WatchOS.platform/Developer/usr/lib -F /Users/admin/builder/spi-builder-workspace/.derivedData/Build/Products/Debug-watchos/PackageFrameworks -F /Users/admin/builder/spi-builder-workspace/.derivedData/Build/Products/Debug-watchos -F /Applications/Xcode-27.0.0-Release.Candidate.app/Contents/Developer/Platforms/WatchOS.platform/Developer/Library/Frameworks -F /Applications/Xcode-27.0.0-Release.Candidate.app/Contents/Developer/Platforms/WatchOS.platform/Developer/SDKs/WatchOS27.0.sdk/Developer/Library/Frameworks -c -j10 -enable-batch-mode -incremental -Xcc -ivfsstatcache -Xcc /Users/admin/builder/spi-builder-workspace/.derivedData/SDKStatCaches.noindex/watchos27.0-24R360-e829b21a6f8c9b70876ba0858053c04477534ef55a1706bf4c1112bbb242f0a2.sdkstatcache -output-file-map /Users/admin/builder/spi-builder-workspace/.derivedData/Build/Intermediates.noindex/swift-logging-extras.build/Debug-watchos/LoggingExtras-t.build/Objects-normal/arm64/LoggingExtras-OutputFileMap.json -save-temps -no-color-diagnostics -explicit-module-build -module-cache-path /Users/admin/builder/spi-builder-workspace/.derivedData/Build/Intermediates.noindex/SwiftExplicitPrecompiledModules -clang-scanner-module-cache-path /Users/admin/builder/spi-builder-workspace/.derivedData/ModuleCache.noindex -sdk-module-cache-path /Users/admin/builder/spi-builder-workspace/.derivedData/SDKExplicitPrecompiledModules -emit-dependencies -emit-module -emit-module-path /Users/admin/builder/spi-builder-workspace/.derivedData/Build/Intermediates.noindex/swift-logging-extras.build/Debug-watchos/LoggingExtras-t.build/Objects-normal/arm64/LoggingExtras.swiftmodule -serialize-diagnostics -dependency-scan-serialize-diagnostics-path /Users/admin/builder/spi-builder-workspace/.derivedData/Build/Intermediates.noindex/swift-logging-extras.build/Debug-watchos/LoggingExtras-t.build/Objects-normal/arm64/LoggingExtras-dependency-scan.dia -user-module-version 0.1.1 -validate-clang-modules-once -clang-build-session-file /Users/admin/builder/spi-builder-workspace/.derivedData/ModuleCache.noindex/Session.modulevalidation -Xcc -fmodules-prune-interval\=86400 -Xcc -fmodules-prune-after\=345600 -package-name swift_logging_extras -emit-const-values -const-gather-protocols-list /Users/admin/builder/spi-builder-workspace/.derivedData/Build/Intermediates.noindex/swift-logging-extras.build/Debug-watchos/LoggingExtras-t.build/Objects-normal/arm64/LoggingExtras_const_extract_protocols.json -Xcc -I/Users/admin/builder/spi-builder-workspace/.derivedData/Build/Products/Debug-watchos/include -Xcc -I/Users/admin/builder/spi-builder-workspace/.derivedData/Build/Intermediates.noindex/swift-logging-extras.build/Debug-watchos/LoggingExtras-t.build/DerivedSources-normal/arm64 -Xcc -I/Users/admin/builder/spi-builder-workspace/.derivedData/Build/Intermediates.noindex/swift-logging-extras.build/Debug-watchos/LoggingExtras-t.build/DerivedSources/arm64 -Xcc -I/Users/admin/builder/spi-builder-workspace/.derivedData/Build/Intermediates.noindex/swift-logging-extras.build/Debug-watchos/LoggingExtras-t.build/DerivedSources -Xcc -DSWIFT_PACKAGE -Xcc -DDEBUG\=1 -emit-objc-header -emit-objc-header-path /Users/admin/builder/spi-builder-workspace/.derivedData/Build/Intermediates.noindex/swift-logging-extras.build/Debug-watchos/LoggingExtras-t.build/Objects-normal/arm64/LoggingExtras-Swift.h -working-directory /Users/admin/builder/spi-builder-workspace/.swiftpm/xcode -experimental-emit-module-separately -disable-cmo
SwiftMergeGeneratedHeaders /Users/admin/builder/spi-builder-workspace/.derivedData/Build/Intermediates.noindex/GeneratedModuleMaps-watchos/LoggingExtras-Swift.h /Users/admin/builder/spi-builder-workspace/.derivedData/Build/Intermediates.noindex/swift-logging-extras.build/Debug-watchos/LoggingExtras-t.build/Objects-normal/arm64/LoggingExtras-Swift.h /Users/admin/builder/spi-builder-workspace/.derivedData/Build/Intermediates.noindex/swift-logging-extras.build/Debug-watchos/LoggingExtras-t.build/Objects-normal/arm64_32/LoggingExtras-Swift.h (in target 'LoggingExtras' from project 'swift-logging-extras')
cd /Users/admin/builder/spi-builder-workspace/.dependencies/checkouts/swift-logging-extras
builtin-swiftHeaderTool -arch arm64 /Users/admin/builder/spi-builder-workspace/.derivedData/Build/Intermediates.noindex/swift-logging-extras.build/Debug-watchos/LoggingExtras-t.build/Objects-normal/arm64/LoggingExtras-Swift.h -arch arm64_32 /Users/admin/builder/spi-builder-workspace/.derivedData/Build/Intermediates.noindex/swift-logging-extras.build/Debug-watchos/LoggingExtras-t.build/Objects-normal/arm64_32/LoggingExtras-Swift.h -o /Users/admin/builder/spi-builder-workspace/.derivedData/Build/Intermediates.noindex/GeneratedModuleMaps-watchos/LoggingExtras-Swift.h
Copy /Users/admin/builder/spi-builder-workspace/.derivedData/Build/Products/Debug-watchos/LoggingExtras.swiftmodule/arm64-apple-watchos.swiftmodule /Users/admin/builder/spi-builder-workspace/.derivedData/Build/Intermediates.noindex/swift-logging-extras.build/Debug-watchos/LoggingExtras-t.build/Objects-normal/arm64/LoggingExtras.swiftmodule (in target 'LoggingExtras' from project 'swift-logging-extras')
cd /Users/admin/builder/spi-builder-workspace/.dependencies/checkouts/swift-logging-extras
builtin-copy -exclude .DS_Store -exclude CVS -exclude .svn -exclude .git -exclude .hg -resolve-src-symlinks -rename /Users/admin/builder/spi-builder-workspace/.derivedData/Build/Intermediates.noindex/swift-logging-extras.build/Debug-watchos/LoggingExtras-t.build/Objects-normal/arm64/LoggingExtras.swiftmodule /Users/admin/builder/spi-builder-workspace/.derivedData/Build/Products/Debug-watchos/LoggingExtras.swiftmodule/arm64-apple-watchos.swiftmodule
Copy /Users/admin/builder/spi-builder-workspace/.derivedData/Build/Products/Debug-watchos/LoggingExtras.swiftmodule/arm64-apple-watchos.swiftdoc /Users/admin/builder/spi-builder-workspace/.derivedData/Build/Intermediates.noindex/swift-logging-extras.build/Debug-watchos/LoggingExtras-t.build/Objects-normal/arm64/LoggingExtras.swiftdoc (in target 'LoggingExtras' from project 'swift-logging-extras')
cd /Users/admin/builder/spi-builder-workspace/.dependencies/checkouts/swift-logging-extras
builtin-copy -exclude .DS_Store -exclude CVS -exclude .svn -exclude .git -exclude .hg -resolve-src-symlinks -rename /Users/admin/builder/spi-builder-workspace/.derivedData/Build/Intermediates.noindex/swift-logging-extras.build/Debug-watchos/LoggingExtras-t.build/Objects-normal/arm64/LoggingExtras.swiftdoc /Users/admin/builder/spi-builder-workspace/.derivedData/Build/Products/Debug-watchos/LoggingExtras.swiftmodule/arm64-apple-watchos.swiftdoc
Copy /Users/admin/builder/spi-builder-workspace/.derivedData/Build/Products/Debug-watchos/LoggingExtras.swiftmodule/arm64-apple-watchos.abi.json /Users/admin/builder/spi-builder-workspace/.derivedData/Build/Intermediates.noindex/swift-logging-extras.build/Debug-watchos/LoggingExtras-t.build/Objects-normal/arm64/LoggingExtras.abi.json (in target 'LoggingExtras' from project 'swift-logging-extras')
cd /Users/admin/builder/spi-builder-workspace/.dependencies/checkouts/swift-logging-extras
builtin-copy -exclude .DS_Store -exclude CVS -exclude .svn -exclude .git -exclude .hg -resolve-src-symlinks -rename /Users/admin/builder/spi-builder-workspace/.derivedData/Build/Intermediates.noindex/swift-logging-extras.build/Debug-watchos/LoggingExtras-t.build/Objects-normal/arm64/LoggingExtras.abi.json /Users/admin/builder/spi-builder-workspace/.derivedData/Build/Products/Debug-watchos/LoggingExtras.swiftmodule/arm64-apple-watchos.abi.json
Copy /Users/admin/builder/spi-builder-workspace/.derivedData/Build/Products/Debug-watchos/LoggingExtras.swiftmodule/Project/arm64-apple-watchos.swiftsourceinfo /Users/admin/builder/spi-builder-workspace/.derivedData/Build/Intermediates.noindex/swift-logging-extras.build/Debug-watchos/LoggingExtras-t.build/Objects-normal/arm64/LoggingExtras.swiftsourceinfo (in target 'LoggingExtras' from project 'swift-logging-extras')
cd /Users/admin/builder/spi-builder-workspace/.dependencies/checkouts/swift-logging-extras
builtin-copy -exclude .DS_Store -exclude CVS -exclude .svn -exclude .git -exclude .hg -resolve-src-symlinks -rename /Users/admin/builder/spi-builder-workspace/.derivedData/Build/Intermediates.noindex/swift-logging-extras.build/Debug-watchos/LoggingExtras-t.build/Objects-normal/arm64/LoggingExtras.swiftsourceinfo /Users/admin/builder/spi-builder-workspace/.derivedData/Build/Products/Debug-watchos/LoggingExtras.swiftmodule/Project/arm64-apple-watchos.swiftsourceinfo
SwiftEmitModule normal arm64 Emitting\ module\ for\ HtmlToPdfTypes (in target 'HtmlToPdfTypes' from project 'swift-html-to-pdf')
SwiftCompile normal arm64 (in target 'HtmlToPdfTypes' from project 'swift-html-to-pdf')
cd /Users/admin/builder/spi-builder-workspace/.swiftpm/xcode
SwiftCompile normal arm64 Compiling\ PDF.Render.swift /Users/admin/builder/spi-builder-workspace/Sources/HtmlToPdfTypes/PDF.Render.swift (in target 'HtmlToPdfTypes' from project 'swift-html-to-pdf')
SwiftCompile normal arm64 /Users/admin/builder/spi-builder-workspace/Sources/HtmlToPdfTypes/PDF.Render.swift (in target 'HtmlToPdfTypes' from project 'swift-html-to-pdf')
cd /Users/admin/builder/spi-builder-workspace/.swiftpm/xcode
builtin-SwiftPerFileCompile PDF.Render.swift
SwiftCompile normal arm64 Compiling\ PDF.Render.Metrics.swift,\ PDF.Render.Result.swift /Users/admin/builder/spi-builder-workspace/Sources/HtmlToPdfTypes/PDF.Render.Metrics.swift /Users/admin/builder/spi-builder-workspace/Sources/HtmlToPdfTypes/PDF.Render.Result.swift (in target 'HtmlToPdfTypes' from project 'swift-html-to-pdf')
SwiftCompile normal arm64 /Users/admin/builder/spi-builder-workspace/Sources/HtmlToPdfTypes/PDF.Render.Metrics.swift (in target 'HtmlToPdfTypes' from project 'swift-html-to-pdf')
cd /Users/admin/builder/spi-builder-workspace/.swiftpm/xcode
builtin-SwiftPerFileCompile PDF.Render.Metrics.swift
SwiftCompile normal arm64 /Users/admin/builder/spi-builder-workspace/Sources/HtmlToPdfTypes/PDF.Render.Result.swift (in target 'HtmlToPdfTypes' from project 'swift-html-to-pdf')
cd /Users/admin/builder/spi-builder-workspace/.swiftpm/xcode
builtin-SwiftPerFileCompile PDF.Render.Result.swift
SwiftCompile normal arm64 Compiling\ PDF.swift /Users/admin/builder/spi-builder-workspace/Sources/HtmlToPdfTypes/PDF.swift (in target 'HtmlToPdfTypes' from project 'swift-html-to-pdf')
SwiftCompile normal arm64 /Users/admin/builder/spi-builder-workspace/Sources/HtmlToPdfTypes/PDF.swift (in target 'HtmlToPdfTypes' from project 'swift-html-to-pdf')
cd /Users/admin/builder/spi-builder-workspace/.swiftpm/xcode
builtin-SwiftPerFileCompile PDF.swift
SwiftEmitModule normal arm64_32 Emitting\ module\ for\ HtmlToPdfTypes (in target 'HtmlToPdfTypes' from project 'swift-html-to-pdf')
SwiftCompile normal arm64_32 (in target 'HtmlToPdfTypes' from project 'swift-html-to-pdf')
cd /Users/admin/builder/spi-builder-workspace/.swiftpm/xcode
SwiftDriverJobDiscovery normal arm64 Compiling exports.swift (in target 'LoggingExtras' from project 'swift-logging-extras')
SwiftCompile normal arm64_32 Compiling\ PDF.Render.ConcurrencyStrategy.swift,\ PDF.Render.FailedDocument.swift /Users/admin/builder/spi-builder-workspace/Sources/HtmlToPdfTypes/PDF.Render.ConcurrencyStrategy.swift /Users/admin/builder/spi-builder-workspace/Sources/HtmlToPdfTypes/PDF.Render.FailedDocument.swift (in target 'HtmlToPdfTypes' from project 'swift-html-to-pdf')
SwiftCompile normal arm64_32 /Users/admin/builder/spi-builder-workspace/Sources/HtmlToPdfTypes/PDF.Render.ConcurrencyStrategy.swift (in target 'HtmlToPdfTypes' from project 'swift-html-to-pdf')
cd /Users/admin/builder/spi-builder-workspace/.swiftpm/xcode
builtin-SwiftPerFileCompile PDF.Render.ConcurrencyStrategy.swift
SwiftCompile normal arm64_32 /Users/admin/builder/spi-builder-workspace/Sources/HtmlToPdfTypes/PDF.Render.FailedDocument.swift (in target 'HtmlToPdfTypes' from project 'swift-html-to-pdf')
cd /Users/admin/builder/spi-builder-workspace/.swiftpm/xcode
builtin-SwiftPerFileCompile PDF.Render.FailedDocument.swift
SwiftDriverJobDiscovery normal arm64 Compiling Logger.swift (in target 'LoggingExtras' from project 'swift-logging-extras')
SwiftCompile normal arm64_32 Compiling\ PDF.NamingStrategy.swift,\ PDF.PaginationMode.swift /Users/admin/builder/spi-builder-workspace/Sources/HtmlToPdfTypes/PDF.NamingStrategy.swift /Users/admin/builder/spi-builder-workspace/Sources/HtmlToPdfTypes/PDF.PaginationMode.swift (in target 'HtmlToPdfTypes' from project 'swift-html-to-pdf')
SwiftCompile normal arm64_32 /Users/admin/builder/spi-builder-workspace/Sources/HtmlToPdfTypes/PDF.NamingStrategy.swift (in target 'HtmlToPdfTypes' from project 'swift-html-to-pdf')
cd /Users/admin/builder/spi-builder-workspace/.swiftpm/xcode
builtin-SwiftPerFileCompile PDF.NamingStrategy.swift
SwiftCompile normal arm64_32 /Users/admin/builder/spi-builder-workspace/Sources/HtmlToPdfTypes/PDF.PaginationMode.swift (in target 'HtmlToPdfTypes' from project 'swift-html-to-pdf')
cd /Users/admin/builder/spi-builder-workspace/.swiftpm/xcode
builtin-SwiftPerFileCompile PDF.PaginationMode.swift
SwiftDriverJobDiscovery normal arm64 Compiling LogHandler+Composability.swift (in target 'LoggingExtras' from project 'swift-logging-extras')
SwiftCompile normal arm64_32 Compiling\ PDF.Render.swift /Users/admin/builder/spi-builder-workspace/Sources/HtmlToPdfTypes/PDF.Render.swift (in target 'HtmlToPdfTypes' from project 'swift-html-to-pdf')
SwiftCompile normal arm64_32 /Users/admin/builder/spi-builder-workspace/Sources/HtmlToPdfTypes/PDF.Render.swift (in target 'HtmlToPdfTypes' from project 'swift-html-to-pdf')
cd /Users/admin/builder/spi-builder-workspace/.swiftpm/xcode
builtin-SwiftPerFileCompile PDF.Render.swift
SwiftDriverJobDiscovery normal arm64_32 Compiling FileLogHandler.swift (in target 'LoggingExtras' from project 'swift-logging-extras')
SwiftDriver\ Compilation LoggingExtras normal arm64_32 com.apple.xcode.tools.swift.compiler (in target 'LoggingExtras' from project 'swift-logging-extras')
cd /Users/admin/builder/spi-builder-workspace/.swiftpm/xcode
builtin-Swift-Compilation -- /Applications/Xcode-27.0.0-Release.Candidate.app/Contents/Developer/Toolchains/XcodeDefault.xctoolchain/usr/bin/swiftc -parse-as-library -module-name LoggingExtras -Onone @/Users/admin/builder/spi-builder-workspace/.derivedData/Build/Intermediates.noindex/swift-logging-extras.build/Debug-watchos/LoggingExtras-t.build/Objects-normal/arm64_32/LoggingExtras.SwiftFileList -DSWIFT_PACKAGE -DDEBUG -DSWIFT_MODULE_RESOURCE_BUNDLE_UNAVAILABLE -DXcode -plugin-path /Applications/Xcode-27.0.0-Release.Candidate.app/Contents/Developer/Toolchains/XcodeDefault.xctoolchain/usr/lib/swift/host/plugins/testing -enable-experimental-feature DebugDescriptionMacro -sdk /Applications/Xcode-27.0.0-Release.Candidate.app/Contents/Developer/Platforms/WatchOS.platform/Developer/SDKs/WatchOS27.0.sdk -target arm64_32-apple-watchos9.0 -g -module-cache-path /Users/admin/builder/spi-builder-workspace/.derivedData/ModuleCache.noindex -Xfrontend -serialize-debugging-options -profile-coverage-mapping -profile-generate -enable-testing -suppress-warnings -index-store-path /Users/admin/builder/spi-builder-workspace/.derivedData/Index.noindex/DataStore -Xcc -D_LIBCPP_HARDENING_MODE\=_LIBCPP_HARDENING_MODE_DEBUG -swift-version 6 -I /Users/admin/builder/spi-builder-workspace/.derivedData/Build/Products/Debug-watchos -Isystem /Applications/Xcode-27.0.0-Release.Candidate.app/Contents/Developer/Platforms/WatchOS.platform/Developer/usr/lib -F /Users/admin/builder/spi-builder-workspace/.derivedData/Build/Products/Debug-watchos/PackageFrameworks -F /Users/admin/builder/spi-builder-workspace/.derivedData/Build/Products/Debug-watchos -F /Applications/Xcode-27.0.0-Release.Candidate.app/Contents/Developer/Platforms/WatchOS.platform/Developer/Library/Frameworks -F /Applications/Xcode-27.0.0-Release.Candidate.app/Contents/Developer/Platforms/WatchOS.platform/Developer/SDKs/WatchOS27.0.sdk/Developer/Library/Frameworks -c -j10 -enable-batch-mode -incremental -Xcc -ivfsstatcache -Xcc /Users/admin/builder/spi-builder-workspace/.derivedData/SDKStatCaches.noindex/watchos27.0-24R360-e829b21a6f8c9b70876ba0858053c04477534ef55a1706bf4c1112bbb242f0a2.sdkstatcache -output-file-map /Users/admin/builder/spi-builder-workspace/.derivedData/Build/Intermediates.noindex/swift-logging-extras.build/Debug-watchos/LoggingExtras-t.build/Objects-normal/arm64_32/LoggingExtras-OutputFileMap.json -save-temps -no-color-diagnostics -explicit-module-build -module-cache-path /Users/admin/builder/spi-builder-workspace/.derivedData/Build/Intermediates.noindex/SwiftExplicitPrecompiledModules -clang-scanner-module-cache-path /Users/admin/builder/spi-builder-workspace/.derivedData/ModuleCache.noindex -sdk-module-cache-path /Users/admin/builder/spi-builder-workspace/.derivedData/SDKExplicitPrecompiledModules -emit-dependencies -emit-module -emit-module-path /Users/admin/builder/spi-builder-workspace/.derivedData/Build/Intermediates.noindex/swift-logging-extras.build/Debug-watchos/LoggingExtras-t.build/Objects-normal/arm64_32/LoggingExtras.swiftmodule -serialize-diagnostics -dependency-scan-serialize-diagnostics-path /Users/admin/builder/spi-builder-workspace/.derivedData/Build/Intermediates.noindex/swift-logging-extras.build/Debug-watchos/LoggingExtras-t.build/Objects-normal/arm64_32/LoggingExtras-dependency-scan.dia -user-module-version 0.1.1 -validate-clang-modules-once -clang-build-session-file /Users/admin/builder/spi-builder-workspace/.derivedData/ModuleCache.noindex/Session.modulevalidation -Xcc -fmodules-prune-interval\=86400 -Xcc -fmodules-prune-after\=345600 -package-name swift_logging_extras -emit-const-values -const-gather-protocols-list /Users/admin/builder/spi-builder-workspace/.derivedData/Build/Intermediates.noindex/swift-logging-extras.build/Debug-watchos/LoggingExtras-t.build/Objects-normal/arm64_32/LoggingExtras_const_extract_protocols.json -Xcc -I/Users/admin/builder/spi-builder-workspace/.derivedData/Build/Products/Debug-watchos/include -Xcc -I/Users/admin/builder/spi-builder-workspace/.derivedData/Build/Intermediates.noindex/swift-logging-extras.build/Debug-watchos/LoggingExtras-t.build/DerivedSources-normal/arm64_32 -Xcc -I/Users/admin/builder/spi-builder-workspace/.derivedData/Build/Intermediates.noindex/swift-logging-extras.build/Debug-watchos/LoggingExtras-t.build/DerivedSources/arm64_32 -Xcc -I/Users/admin/builder/spi-builder-workspace/.derivedData/Build/Intermediates.noindex/swift-logging-extras.build/Debug-watchos/LoggingExtras-t.build/DerivedSources -Xcc -DSWIFT_PACKAGE -Xcc -DDEBUG\=1 -emit-objc-header -emit-objc-header-path /Users/admin/builder/spi-builder-workspace/.derivedData/Build/Intermediates.noindex/swift-logging-extras.build/Debug-watchos/LoggingExtras-t.build/Objects-normal/arm64_32/LoggingExtras-Swift.h -working-directory /Users/admin/builder/spi-builder-workspace/.swiftpm/xcode -experimental-emit-module-separately -disable-cmo
SwiftCompile normal arm64_32 Compiling\ PDF.Appearance.swift,\ PDF.Configuration.swift /Users/admin/builder/spi-builder-workspace/Sources/HtmlToPdfTypes/PDF.Appearance.swift /Users/admin/builder/spi-builder-workspace/Sources/HtmlToPdfTypes/PDF.Configuration.swift (in target 'HtmlToPdfTypes' from project 'swift-html-to-pdf')
SwiftCompile normal arm64_32 /Users/admin/builder/spi-builder-workspace/Sources/HtmlToPdfTypes/PDF.Appearance.swift (in target 'HtmlToPdfTypes' from project 'swift-html-to-pdf')
cd /Users/admin/builder/spi-builder-workspace/.swiftpm/xcode
builtin-SwiftPerFileCompile PDF.Appearance.swift
SwiftCompile normal arm64_32 /Users/admin/builder/spi-builder-workspace/Sources/HtmlToPdfTypes/PDF.Configuration.swift (in target 'HtmlToPdfTypes' from project 'swift-html-to-pdf')
cd /Users/admin/builder/spi-builder-workspace/.swiftpm/xcode
builtin-SwiftPerFileCompile PDF.Configuration.swift
SwiftCompile normal arm64 Compiling\ exports.swift /Users/admin/builder/spi-builder-workspace/Sources/HtmlToPdfTypes/exports.swift (in target 'HtmlToPdfTypes' from project 'swift-html-to-pdf')
SwiftCompile normal arm64 /Users/admin/builder/spi-builder-workspace/Sources/HtmlToPdfTypes/exports.swift (in target 'HtmlToPdfTypes' from project 'swift-html-to-pdf')
cd /Users/admin/builder/spi-builder-workspace/.swiftpm/xcode
builtin-SwiftPerFileCompile exports.swift
SwiftDriverJobDiscovery normal arm64 Compiling FileLogHandler.swift (in target 'LoggingExtras' from project 'swift-logging-extras')
SwiftDriver\ Compilation LoggingExtras normal arm64 com.apple.xcode.tools.swift.compiler (in target 'LoggingExtras' from project 'swift-logging-extras')
cd /Users/admin/builder/spi-builder-workspace/.swiftpm/xcode
builtin-Swift-Compilation -- /Applications/Xcode-27.0.0-Release.Candidate.app/Contents/Developer/Toolchains/XcodeDefault.xctoolchain/usr/bin/swiftc -parse-as-library -module-name LoggingExtras -Onone @/Users/admin/builder/spi-builder-workspace/.derivedData/Build/Intermediates.noindex/swift-logging-extras.build/Debug-watchos/LoggingExtras-t.build/Objects-normal/arm64/LoggingExtras.SwiftFileList -DSWIFT_PACKAGE -DDEBUG -DSWIFT_MODULE_RESOURCE_BUNDLE_UNAVAILABLE -DXcode -plugin-path /Applications/Xcode-27.0.0-Release.Candidate.app/Contents/Developer/Toolchains/XcodeDefault.xctoolchain/usr/lib/swift/host/plugins/testing -enable-experimental-feature DebugDescriptionMacro -sdk /Applications/Xcode-27.0.0-Release.Candidate.app/Contents/Developer/Platforms/WatchOS.platform/Developer/SDKs/WatchOS27.0.sdk -target arm64-apple-watchos9.0 -g -module-cache-path /Users/admin/builder/spi-builder-workspace/.derivedData/ModuleCache.noindex -Xfrontend -serialize-debugging-options -profile-coverage-mapping -profile-generate -enable-testing -suppress-warnings -index-store-path /Users/admin/builder/spi-builder-workspace/.derivedData/Index.noindex/DataStore -Xcc -D_LIBCPP_HARDENING_MODE\=_LIBCPP_HARDENING_MODE_DEBUG -swift-version 6 -I /Users/admin/builder/spi-builder-workspace/.derivedData/Build/Products/Debug-watchos -Isystem /Applications/Xcode-27.0.0-Release.Candidate.app/Contents/Developer/Platforms/WatchOS.platform/Developer/usr/lib -F /Users/admin/builder/spi-builder-workspace/.derivedData/Build/Products/Debug-watchos/PackageFrameworks -F /Users/admin/builder/spi-builder-workspace/.derivedData/Build/Products/Debug-watchos -F /Applications/Xcode-27.0.0-Release.Candidate.app/Contents/Developer/Platforms/WatchOS.platform/Developer/Library/Frameworks -F /Applications/Xcode-27.0.0-Release.Candidate.app/Contents/Developer/Platforms/WatchOS.platform/Developer/SDKs/WatchOS27.0.sdk/Developer/Library/Frameworks -c -j10 -enable-batch-mode -incremental -Xcc -ivfsstatcache -Xcc /Users/admin/builder/spi-builder-workspace/.derivedData/SDKStatCaches.noindex/watchos27.0-24R360-e829b21a6f8c9b70876ba0858053c04477534ef55a1706bf4c1112bbb242f0a2.sdkstatcache -output-file-map /Users/admin/builder/spi-builder-workspace/.derivedData/Build/Intermediates.noindex/swift-logging-extras.build/Debug-watchos/LoggingExtras-t.build/Objects-normal/arm64/LoggingExtras-OutputFileMap.json -save-temps -no-color-diagnostics -explicit-module-build -module-cache-path /Users/admin/builder/spi-builder-workspace/.derivedData/Build/Intermediates.noindex/SwiftExplicitPrecompiledModules -clang-scanner-module-cache-path /Users/admin/builder/spi-builder-workspace/.derivedData/ModuleCache.noindex -sdk-module-cache-path /Users/admin/builder/spi-builder-workspace/.derivedData/SDKExplicitPrecompiledModules -emit-dependencies -emit-module -emit-module-path /Users/admin/builder/spi-builder-workspace/.derivedData/Build/Intermediates.noindex/swift-logging-extras.build/Debug-watchos/LoggingExtras-t.build/Objects-normal/arm64/LoggingExtras.swiftmodule -serialize-diagnostics -dependency-scan-serialize-diagnostics-path /Users/admin/builder/spi-builder-workspace/.derivedData/Build/Intermediates.noindex/swift-logging-extras.build/Debug-watchos/LoggingExtras-t.build/Objects-normal/arm64/LoggingExtras-dependency-scan.dia -user-module-version 0.1.1 -validate-clang-modules-once -clang-build-session-file /Users/admin/builder/spi-builder-workspace/.derivedData/ModuleCache.noindex/Session.modulevalidation -Xcc -fmodules-prune-interval\=86400 -Xcc -fmodules-prune-after\=345600 -package-name swift_logging_extras -emit-const-values -const-gather-protocols-list /Users/admin/builder/spi-builder-workspace/.derivedData/Build/Intermediates.noindex/swift-logging-extras.build/Debug-watchos/LoggingExtras-t.build/Objects-normal/arm64/LoggingExtras_const_extract_protocols.json -Xcc -I/Users/admin/builder/spi-builder-workspace/.derivedData/Build/Products/Debug-watchos/include -Xcc -I/Users/admin/builder/spi-builder-workspace/.derivedData/Build/Intermediates.noindex/swift-logging-extras.build/Debug-watchos/LoggingExtras-t.build/DerivedSources-normal/arm64 -Xcc -I/Users/admin/builder/spi-builder-workspace/.derivedData/Build/Intermediates.noindex/swift-logging-extras.build/Debug-watchos/LoggingExtras-t.build/DerivedSources/arm64 -Xcc -I/Users/admin/builder/spi-builder-workspace/.derivedData/Build/Intermediates.noindex/swift-logging-extras.build/Debug-watchos/LoggingExtras-t.build/DerivedSources -Xcc -DSWIFT_PACKAGE -Xcc -DDEBUG\=1 -emit-objc-header -emit-objc-header-path /Users/admin/builder/spi-builder-workspace/.derivedData/Build/Intermediates.noindex/swift-logging-extras.build/Debug-watchos/LoggingExtras-t.build/Objects-normal/arm64/LoggingExtras-Swift.h -working-directory /Users/admin/builder/spi-builder-workspace/.swiftpm/xcode -experimental-emit-module-separately -disable-cmo
SwiftDriverJobDiscovery normal arm64 Compiling exports.swift (in target 'HtmlToPdfTypes' from project 'swift-html-to-pdf')
SwiftCompile normal arm64 Compiling\ PDF.Appearance.swift,\ PDF.Configuration.swift /Users/admin/builder/spi-builder-workspace/Sources/HtmlToPdfTypes/PDF.Appearance.swift /Users/admin/builder/spi-builder-workspace/Sources/HtmlToPdfTypes/PDF.Configuration.swift (in target 'HtmlToPdfTypes' from project 'swift-html-to-pdf')
SwiftCompile normal arm64 /Users/admin/builder/spi-builder-workspace/Sources/HtmlToPdfTypes/PDF.Appearance.swift (in target 'HtmlToPdfTypes' from project 'swift-html-to-pdf')
cd /Users/admin/builder/spi-builder-workspace/.swiftpm/xcode
builtin-SwiftPerFileCompile PDF.Appearance.swift
SwiftCompile normal arm64 /Users/admin/builder/spi-builder-workspace/Sources/HtmlToPdfTypes/PDF.Configuration.swift (in target 'HtmlToPdfTypes' from project 'swift-html-to-pdf')
cd /Users/admin/builder/spi-builder-workspace/.swiftpm/xcode
builtin-SwiftPerFileCompile PDF.Configuration.swift
SwiftCompile normal arm64_32 Compiling\ PDF.swift /Users/admin/builder/spi-builder-workspace/Sources/HtmlToPdfTypes/PDF.swift (in target 'HtmlToPdfTypes' from project 'swift-html-to-pdf')
SwiftCompile normal arm64_32 /Users/admin/builder/spi-builder-workspace/Sources/HtmlToPdfTypes/PDF.swift (in target 'HtmlToPdfTypes' from project 'swift-html-to-pdf')
cd /Users/admin/builder/spi-builder-workspace/.swiftpm/xcode
builtin-SwiftPerFileCompile PDF.swift
SwiftDriverJobDiscovery normal arm64 Compiling PDF.Render.swift (in target 'HtmlToPdfTypes' from project 'swift-html-to-pdf')
SwiftCompile normal arm64 Compiling\ PDF.Document.swift,\ PDF.EdgeInsets.swift /Users/admin/builder/spi-builder-workspace/Sources/HtmlToPdfTypes/PDF.Document.swift /Users/admin/builder/spi-builder-workspace/Sources/HtmlToPdfTypes/PDF.EdgeInsets.swift (in target 'HtmlToPdfTypes' from project 'swift-html-to-pdf')
SwiftCompile normal arm64 /Users/admin/builder/spi-builder-workspace/Sources/HtmlToPdfTypes/PDF.Document.swift (in target 'HtmlToPdfTypes' from project 'swift-html-to-pdf')
cd /Users/admin/builder/spi-builder-workspace/.swiftpm/xcode
builtin-SwiftPerFileCompile PDF.Document.swift
SwiftCompile normal arm64 /Users/admin/builder/spi-builder-workspace/Sources/HtmlToPdfTypes/PDF.EdgeInsets.swift (in target 'HtmlToPdfTypes' from project 'swift-html-to-pdf')
cd /Users/admin/builder/spi-builder-workspace/.swiftpm/xcode
builtin-SwiftPerFileCompile PDF.EdgeInsets.swift
SwiftDriverJobDiscovery normal arm64 Compiling PDF.swift (in target 'HtmlToPdfTypes' from project 'swift-html-to-pdf')
SwiftCompile normal arm64_32 Compiling\ PDF.Render.Metrics.swift,\ PDF.Render.Result.swift /Users/admin/builder/spi-builder-workspace/Sources/HtmlToPdfTypes/PDF.Render.Metrics.swift /Users/admin/builder/spi-builder-workspace/Sources/HtmlToPdfTypes/PDF.Render.Result.swift (in target 'HtmlToPdfTypes' from project 'swift-html-to-pdf')
SwiftCompile normal arm64_32 /Users/admin/builder/spi-builder-workspace/Sources/HtmlToPdfTypes/PDF.Render.Metrics.swift (in target 'HtmlToPdfTypes' from project 'swift-html-to-pdf')
cd /Users/admin/builder/spi-builder-workspace/.swiftpm/xcode
builtin-SwiftPerFileCompile PDF.Render.Metrics.swift
SwiftCompile normal arm64_32 /Users/admin/builder/spi-builder-workspace/Sources/HtmlToPdfTypes/PDF.Render.Result.swift (in target 'HtmlToPdfTypes' from project 'swift-html-to-pdf')
cd /Users/admin/builder/spi-builder-workspace/.swiftpm/xcode
builtin-SwiftPerFileCompile PDF.Render.Result.swift
SwiftDriverJobDiscovery normal arm64_32 Compiling PDF.Render.ConcurrencyStrategy.swift, PDF.Render.FailedDocument.swift (in target 'HtmlToPdfTypes' from project 'swift-html-to-pdf')
SwiftCompile normal arm64 Compiling\ PDF.Render.ConcurrencyStrategy.swift,\ PDF.Render.FailedDocument.swift /Users/admin/builder/spi-builder-workspace/Sources/HtmlToPdfTypes/PDF.Render.ConcurrencyStrategy.swift /Users/admin/builder/spi-builder-workspace/Sources/HtmlToPdfTypes/PDF.Render.FailedDocument.swift (in target 'HtmlToPdfTypes' from project 'swift-html-to-pdf')
SwiftCompile normal arm64 /Users/admin/builder/spi-builder-workspace/Sources/HtmlToPdfTypes/PDF.Render.ConcurrencyStrategy.swift (in target 'HtmlToPdfTypes' from project 'swift-html-to-pdf')
cd /Users/admin/builder/spi-builder-workspace/.swiftpm/xcode
builtin-SwiftPerFileCompile PDF.Render.ConcurrencyStrategy.swift
SwiftCompile normal arm64 /Users/admin/builder/spi-builder-workspace/Sources/HtmlToPdfTypes/PDF.Render.FailedDocument.swift (in target 'HtmlToPdfTypes' from project 'swift-html-to-pdf')
cd /Users/admin/builder/spi-builder-workspace/.swiftpm/xcode
builtin-SwiftPerFileCompile PDF.Render.FailedDocument.swift
SwiftDriverJobDiscovery normal arm64_32 Compiling PDF.NamingStrategy.swift, PDF.PaginationMode.swift (in target 'HtmlToPdfTypes' from project 'swift-html-to-pdf')
SwiftCompile normal arm64_32 Compiling\ PrintingError.swift /Users/admin/builder/spi-builder-workspace/Sources/HtmlToPdfTypes/PrintingError.swift (in target 'HtmlToPdfTypes' from project 'swift-html-to-pdf')
SwiftCompile normal arm64_32 /Users/admin/builder/spi-builder-workspace/Sources/HtmlToPdfTypes/PrintingError.swift (in target 'HtmlToPdfTypes' from project 'swift-html-to-pdf')
cd /Users/admin/builder/spi-builder-workspace/.swiftpm/xcode
builtin-SwiftPerFileCompile PrintingError.swift
SwiftDriverJobDiscovery normal arm64_32 Compiling PDF.Render.swift (in target 'HtmlToPdfTypes' from project 'swift-html-to-pdf')
SwiftCompile normal arm64 Compiling\ PDF.NamingStrategy.swift,\ PDF.PaginationMode.swift /Users/admin/builder/spi-builder-workspace/Sources/HtmlToPdfTypes/PDF.NamingStrategy.swift /Users/admin/builder/spi-builder-workspace/Sources/HtmlToPdfTypes/PDF.PaginationMode.swift (in target 'HtmlToPdfTypes' from project 'swift-html-to-pdf')
SwiftCompile normal arm64 /Users/admin/builder/spi-builder-workspace/Sources/HtmlToPdfTypes/PDF.NamingStrategy.swift (in target 'HtmlToPdfTypes' from project 'swift-html-to-pdf')
cd /Users/admin/builder/spi-builder-workspace/.swiftpm/xcode
builtin-SwiftPerFileCompile PDF.NamingStrategy.swift
SwiftCompile normal arm64 /Users/admin/builder/spi-builder-workspace/Sources/HtmlToPdfTypes/PDF.PaginationMode.swift (in target 'HtmlToPdfTypes' from project 'swift-html-to-pdf')
cd /Users/admin/builder/spi-builder-workspace/.swiftpm/xcode
builtin-SwiftPerFileCompile PDF.PaginationMode.swift
SwiftDriverJobDiscovery normal arm64 Emitting module for HtmlToPdfTypes (in target 'HtmlToPdfTypes' from project 'swift-html-to-pdf')
SwiftDriver\ Compilation\ Requirements HtmlToPdfTypes normal arm64 com.apple.xcode.tools.swift.compiler (in target 'HtmlToPdfTypes' from project 'swift-html-to-pdf')
cd /Users/admin/builder/spi-builder-workspace/.swiftpm/xcode
builtin-Swift-Compilation-Requirements -- /Applications/Xcode-27.0.0-Release.Candidate.app/Contents/Developer/Toolchains/XcodeDefault.xctoolchain/usr/bin/swiftc -parse-as-library -module-name HtmlToPdfTypes -Onone @/Users/admin/builder/spi-builder-workspace/.derivedData/Build/Intermediates.noindex/swift-html-to-pdf.build/Debug-watchos/HtmlToPdfTypes-t.build/Objects-normal/arm64/HtmlToPdfTypes.SwiftFileList -DSWIFT_PACKAGE -DDEBUG -DSWIFT_MODULE_RESOURCE_BUNDLE_UNAVAILABLE -DXcode -plugin-path /Applications/Xcode-27.0.0-Release.Candidate.app/Contents/Developer/Toolchains/XcodeDefault.xctoolchain/usr/lib/swift/host/plugins/testing -enable-experimental-feature DebugDescriptionMacro -sdk /Applications/Xcode-27.0.0-Release.Candidate.app/Contents/Developer/Platforms/WatchOS.platform/Developer/SDKs/WatchOS27.0.sdk -target arm64-apple-watchos9.0 -g -module-cache-path /Users/admin/builder/spi-builder-workspace/.derivedData/ModuleCache.noindex -Xfrontend -serialize-debugging-options -profile-coverage-mapping -profile-generate -enable-testing -index-store-path /Users/admin/builder/spi-builder-workspace/.derivedData/Index.noindex/DataStore -Xcc -D_LIBCPP_HARDENING_MODE\=_LIBCPP_HARDENING_MODE_DEBUG -swift-version 6 -I /Users/admin/builder/spi-builder-workspace/.derivedData/Build/Products/Debug-watchos -Isystem /Applications/Xcode-27.0.0-Release.Candidate.app/Contents/Developer/Platforms/WatchOS.platform/Developer/usr/lib -F /Users/admin/builder/spi-builder-workspace/.derivedData/Build/Products/Debug-watchos/PackageFrameworks -F /Users/admin/builder/spi-builder-workspace/.derivedData/Build/Products/Debug-watchos -F /Applications/Xcode-27.0.0-Release.Candidate.app/Contents/Developer/Platforms/WatchOS.platform/Developer/Library/Frameworks -F /Applications/Xcode-27.0.0-Release.Candidate.app/Contents/Developer/Platforms/WatchOS.platform/Developer/SDKs/WatchOS27.0.sdk/Developer/Library/Frameworks -Xfrontend -load-plugin-executable -Xfrontend /Users/admin/builder/spi-builder-workspace/.derivedData/Build/Products/Debug/DependenciesMacrosPlugin\#DependenciesMacrosPlugin -c -j10 -enable-batch-mode -incremental -Xcc -ivfsstatcache -Xcc /Users/admin/builder/spi-builder-workspace/.derivedData/SDKStatCaches.noindex/watchos27.0-24R360-e829b21a6f8c9b70876ba0858053c04477534ef55a1706bf4c1112bbb242f0a2.sdkstatcache -output-file-map /Users/admin/builder/spi-builder-workspace/.derivedData/Build/Intermediates.noindex/swift-html-to-pdf.build/Debug-watchos/HtmlToPdfTypes-t.build/Objects-normal/arm64/HtmlToPdfTypes-OutputFileMap.json -save-temps -no-color-diagnostics -explicit-module-build -module-cache-path /Users/admin/builder/spi-builder-workspace/.derivedData/Build/Intermediates.noindex/SwiftExplicitPrecompiledModules -clang-scanner-module-cache-path /Users/admin/builder/spi-builder-workspace/.derivedData/ModuleCache.noindex -sdk-module-cache-path /Users/admin/builder/spi-builder-workspace/.derivedData/SDKExplicitPrecompiledModules -emit-dependencies -emit-module -emit-module-path /Users/admin/builder/spi-builder-workspace/.derivedData/Build/Intermediates.noindex/swift-html-to-pdf.build/Debug-watchos/HtmlToPdfTypes-t.build/Objects-normal/arm64/HtmlToPdfTypes.swiftmodule -serialize-diagnostics -dependency-scan-serialize-diagnostics-path /Users/admin/builder/spi-builder-workspace/.derivedData/Build/Intermediates.noindex/swift-html-to-pdf.build/Debug-watchos/HtmlToPdfTypes-t.build/Objects-normal/arm64/HtmlToPdfTypes-dependency-scan.dia -validate-clang-modules-once -clang-build-session-file /Users/admin/builder/spi-builder-workspace/.derivedData/ModuleCache.noindex/Session.modulevalidation -Xcc -fmodules-prune-interval\=86400 -Xcc -fmodules-prune-after\=345600 -package-name spi_builder_workspace -emit-const-values -const-gather-protocols-list /Users/admin/builder/spi-builder-workspace/.derivedData/Build/Intermediates.noindex/swift-html-to-pdf.build/Debug-watchos/HtmlToPdfTypes-t.build/Objects-normal/arm64/HtmlToPdfTypes_const_extract_protocols.json -Xcc -I/Users/admin/builder/spi-builder-workspace/.derivedData/Build/Products/Debug-watchos/include -Xcc -I/Users/admin/builder/spi-builder-workspace/.derivedData/Build/Intermediates.noindex/swift-html-to-pdf.build/Debug-watchos/HtmlToPdfTypes-t.build/DerivedSources-normal/arm64 -Xcc -I/Users/admin/builder/spi-builder-workspace/.derivedData/Build/Intermediates.noindex/swift-html-to-pdf.build/Debug-watchos/HtmlToPdfTypes-t.build/DerivedSources/arm64 -Xcc -I/Users/admin/builder/spi-builder-workspace/.derivedData/Build/Intermediates.noindex/swift-html-to-pdf.build/Debug-watchos/HtmlToPdfTypes-t.build/DerivedSources -Xcc -DSWIFT_PACKAGE -Xcc -DDEBUG\=1 -emit-objc-header -emit-objc-header-path /Users/admin/builder/spi-builder-workspace/.derivedData/Build/Intermediates.noindex/swift-html-to-pdf.build/Debug-watchos/HtmlToPdfTypes-t.build/Objects-normal/arm64/HtmlToPdfTypes-Swift.h -working-directory /Users/admin/builder/spi-builder-workspace/.swiftpm/xcode -experimental-emit-module-separately -disable-cmo
SwiftDriverJobDiscovery normal arm64_32 Compiling PDF.Appearance.swift, PDF.Configuration.swift (in target 'HtmlToPdfTypes' from project 'swift-html-to-pdf')
SwiftCompile normal arm64_32 Compiling\ PDF.Document.swift,\ PDF.EdgeInsets.swift /Users/admin/builder/spi-builder-workspace/Sources/HtmlToPdfTypes/PDF.Document.swift /Users/admin/builder/spi-builder-workspace/Sources/HtmlToPdfTypes/PDF.EdgeInsets.swift (in target 'HtmlToPdfTypes' from project 'swift-html-to-pdf')
SwiftCompile normal arm64_32 /Users/admin/builder/spi-builder-workspace/Sources/HtmlToPdfTypes/PDF.Document.swift (in target 'HtmlToPdfTypes' from project 'swift-html-to-pdf')
cd /Users/admin/builder/spi-builder-workspace/.swiftpm/xcode
builtin-SwiftPerFileCompile PDF.Document.swift
SwiftCompile normal arm64_32 /Users/admin/builder/spi-builder-workspace/Sources/HtmlToPdfTypes/PDF.EdgeInsets.swift (in target 'HtmlToPdfTypes' from project 'swift-html-to-pdf')
cd /Users/admin/builder/spi-builder-workspace/.swiftpm/xcode
builtin-SwiftPerFileCompile PDF.EdgeInsets.swift
SwiftCompile normal arm64 Compiling\ PrintingError.swift /Users/admin/builder/spi-builder-workspace/Sources/HtmlToPdfTypes/PrintingError.swift (in target 'HtmlToPdfTypes' from project 'swift-html-to-pdf')
SwiftCompile normal arm64 /Users/admin/builder/spi-builder-workspace/Sources/HtmlToPdfTypes/PrintingError.swift (in target 'HtmlToPdfTypes' from project 'swift-html-to-pdf')
cd /Users/admin/builder/spi-builder-workspace/.swiftpm/xcode
builtin-SwiftPerFileCompile PrintingError.swift
SwiftDriverJobDiscovery normal arm64 Compiling PDF.Render.Metrics.swift, PDF.Render.Result.swift (in target 'HtmlToPdfTypes' from project 'swift-html-to-pdf')
Copy /Users/admin/builder/spi-builder-workspace/.derivedData/Build/Products/Debug-watchos/HtmlToPdfTypes.swiftmodule/arm64-apple-watchos.swiftmodule /Users/admin/builder/spi-builder-workspace/.derivedData/Build/Intermediates.noindex/swift-html-to-pdf.build/Debug-watchos/HtmlToPdfTypes-t.build/Objects-normal/arm64/HtmlToPdfTypes.swiftmodule (in target 'HtmlToPdfTypes' from project 'swift-html-to-pdf')
cd /Users/admin/builder/spi-builder-workspace
builtin-copy -exclude .DS_Store -exclude CVS -exclude .svn -exclude .git -exclude .hg -resolve-src-symlinks -rename /Users/admin/builder/spi-builder-workspace/.derivedData/Build/Intermediates.noindex/swift-html-to-pdf.build/Debug-watchos/HtmlToPdfTypes-t.build/Objects-normal/arm64/HtmlToPdfTypes.swiftmodule /Users/admin/builder/spi-builder-workspace/.derivedData/Build/Products/Debug-watchos/HtmlToPdfTypes.swiftmodule/arm64-apple-watchos.swiftmodule
SwiftDriverJobDiscovery normal arm64_32 Emitting module for HtmlToPdfTypes (in target 'HtmlToPdfTypes' from project 'swift-html-to-pdf')
SwiftDriver\ Compilation\ Requirements HtmlToPdfTypes normal arm64_32 com.apple.xcode.tools.swift.compiler (in target 'HtmlToPdfTypes' from project 'swift-html-to-pdf')
cd /Users/admin/builder/spi-builder-workspace/.swiftpm/xcode
builtin-Swift-Compilation-Requirements -- /Applications/Xcode-27.0.0-Release.Candidate.app/Contents/Developer/Toolchains/XcodeDefault.xctoolchain/usr/bin/swiftc -parse-as-library -module-name HtmlToPdfTypes -Onone @/Users/admin/builder/spi-builder-workspace/.derivedData/Build/Intermediates.noindex/swift-html-to-pdf.build/Debug-watchos/HtmlToPdfTypes-t.build/Objects-normal/arm64_32/HtmlToPdfTypes.SwiftFileList -DSWIFT_PACKAGE -DDEBUG -DSWIFT_MODULE_RESOURCE_BUNDLE_UNAVAILABLE -DXcode -plugin-path /Applications/Xcode-27.0.0-Release.Candidate.app/Contents/Developer/Toolchains/XcodeDefault.xctoolchain/usr/lib/swift/host/plugins/testing -enable-experimental-feature DebugDescriptionMacro -sdk /Applications/Xcode-27.0.0-Release.Candidate.app/Contents/Developer/Platforms/WatchOS.platform/Developer/SDKs/WatchOS27.0.sdk -target arm64_32-apple-watchos9.0 -g -module-cache-path /Users/admin/builder/spi-builder-workspace/.derivedData/ModuleCache.noindex -Xfrontend -serialize-debugging-options -profile-coverage-mapping -profile-generate -enable-testing -index-store-path /Users/admin/builder/spi-builder-workspace/.derivedData/Index.noindex/DataStore -Xcc -D_LIBCPP_HARDENING_MODE\=_LIBCPP_HARDENING_MODE_DEBUG -swift-version 6 -I /Users/admin/builder/spi-builder-workspace/.derivedData/Build/Products/Debug-watchos -Isystem /Applications/Xcode-27.0.0-Release.Candidate.app/Contents/Developer/Platforms/WatchOS.platform/Developer/usr/lib -F /Users/admin/builder/spi-builder-workspace/.derivedData/Build/Products/Debug-watchos/PackageFrameworks -F /Users/admin/builder/spi-builder-workspace/.derivedData/Build/Products/Debug-watchos -F /Applications/Xcode-27.0.0-Release.Candidate.app/Contents/Developer/Platforms/WatchOS.platform/Developer/Library/Frameworks -F /Applications/Xcode-27.0.0-Release.Candidate.app/Contents/Developer/Platforms/WatchOS.platform/Developer/SDKs/WatchOS27.0.sdk/Developer/Library/Frameworks -Xfrontend -load-plugin-executable -Xfrontend /Users/admin/builder/spi-builder-workspace/.derivedData/Build/Products/Debug/DependenciesMacrosPlugin\#DependenciesMacrosPlugin -c -j10 -enable-batch-mode -incremental -Xcc -ivfsstatcache -Xcc /Users/admin/builder/spi-builder-workspace/.derivedData/SDKStatCaches.noindex/watchos27.0-24R360-e829b21a6f8c9b70876ba0858053c04477534ef55a1706bf4c1112bbb242f0a2.sdkstatcache -output-file-map /Users/admin/builder/spi-builder-workspace/.derivedData/Build/Intermediates.noindex/swift-html-to-pdf.build/Debug-watchos/HtmlToPdfTypes-t.build/Objects-normal/arm64_32/HtmlToPdfTypes-OutputFileMap.json -save-temps -no-color-diagnostics -explicit-module-build -module-cache-path /Users/admin/builder/spi-builder-workspace/.derivedData/Build/Intermediates.noindex/SwiftExplicitPrecompiledModules -clang-scanner-module-cache-path /Users/admin/builder/spi-builder-workspace/.derivedData/ModuleCache.noindex -sdk-module-cache-path /Users/admin/builder/spi-builder-workspace/.derivedData/SDKExplicitPrecompiledModules -emit-dependencies -emit-module -emit-module-path /Users/admin/builder/spi-builder-workspace/.derivedData/Build/Intermediates.noindex/swift-html-to-pdf.build/Debug-watchos/HtmlToPdfTypes-t.build/Objects-normal/arm64_32/HtmlToPdfTypes.swiftmodule -serialize-diagnostics -dependency-scan-serialize-diagnostics-path /Users/admin/builder/spi-builder-workspace/.derivedData/Build/Intermediates.noindex/swift-html-to-pdf.build/Debug-watchos/HtmlToPdfTypes-t.build/Objects-normal/arm64_32/HtmlToPdfTypes-dependency-scan.dia -validate-clang-modules-once -clang-build-session-file /Users/admin/builder/spi-builder-workspace/.derivedData/ModuleCache.noindex/Session.modulevalidation -Xcc -fmodules-prune-interval\=86400 -Xcc -fmodules-prune-after\=345600 -package-name spi_builder_workspace -emit-const-values -const-gather-protocols-list /Users/admin/builder/spi-builder-workspace/.derivedData/Build/Intermediates.noindex/swift-html-to-pdf.build/Debug-watchos/HtmlToPdfTypes-t.build/Objects-normal/arm64_32/HtmlToPdfTypes_const_extract_protocols.json -Xcc -I/Users/admin/builder/spi-builder-workspace/.derivedData/Build/Products/Debug-watchos/include -Xcc -I/Users/admin/builder/spi-builder-workspace/.derivedData/Build/Intermediates.noindex/swift-html-to-pdf.build/Debug-watchos/HtmlToPdfTypes-t.build/DerivedSources-normal/arm64_32 -Xcc -I/Users/admin/builder/spi-builder-workspace/.derivedData/Build/Intermediates.noindex/swift-html-to-pdf.build/Debug-watchos/HtmlToPdfTypes-t.build/DerivedSources/arm64_32 -Xcc -I/Users/admin/builder/spi-builder-workspace/.derivedData/Build/Intermediates.noindex/swift-html-to-pdf.build/Debug-watchos/HtmlToPdfTypes-t.build/DerivedSources -Xcc -DSWIFT_PACKAGE -Xcc -DDEBUG\=1 -emit-objc-header -emit-objc-header-path /Users/admin/builder/spi-builder-workspace/.derivedData/Build/Intermediates.noindex/swift-html-to-pdf.build/Debug-watchos/HtmlToPdfTypes-t.build/Objects-normal/arm64_32/HtmlToPdfTypes-Swift.h -working-directory /Users/admin/builder/spi-builder-workspace/.swiftpm/xcode -experimental-emit-module-separately -disable-cmo
Copy /Users/admin/builder/spi-builder-workspace/.derivedData/Build/Products/Debug-watchos/HtmlToPdfTypes.swiftmodule/arm64-apple-watchos.swiftdoc /Users/admin/builder/spi-builder-workspace/.derivedData/Build/Intermediates.noindex/swift-html-to-pdf.build/Debug-watchos/HtmlToPdfTypes-t.build/Objects-normal/arm64/HtmlToPdfTypes.swiftdoc (in target 'HtmlToPdfTypes' from project 'swift-html-to-pdf')
cd /Users/admin/builder/spi-builder-workspace
builtin-copy -exclude .DS_Store -exclude CVS -exclude .svn -exclude .git -exclude .hg -resolve-src-symlinks -rename /Users/admin/builder/spi-builder-workspace/.derivedData/Build/Intermediates.noindex/swift-html-to-pdf.build/Debug-watchos/HtmlToPdfTypes-t.build/Objects-normal/arm64/HtmlToPdfTypes.swiftdoc /Users/admin/builder/spi-builder-workspace/.derivedData/Build/Products/Debug-watchos/HtmlToPdfTypes.swiftmodule/arm64-apple-watchos.swiftdoc
SwiftMergeGeneratedHeaders /Users/admin/builder/spi-builder-workspace/.derivedData/Build/Intermediates.noindex/GeneratedModuleMaps-watchos/HtmlToPdfTypes-Swift.h /Users/admin/builder/spi-builder-workspace/.derivedData/Build/Intermediates.noindex/swift-html-to-pdf.build/Debug-watchos/HtmlToPdfTypes-t.build/Objects-normal/arm64/HtmlToPdfTypes-Swift.h /Users/admin/builder/spi-builder-workspace/.derivedData/Build/Intermediates.noindex/swift-html-to-pdf.build/Debug-watchos/HtmlToPdfTypes-t.build/Objects-normal/arm64_32/HtmlToPdfTypes-Swift.h (in target 'HtmlToPdfTypes' from project 'swift-html-to-pdf')
cd /Users/admin/builder/spi-builder-workspace
builtin-swiftHeaderTool -arch arm64 /Users/admin/builder/spi-builder-workspace/.derivedData/Build/Intermediates.noindex/swift-html-to-pdf.build/Debug-watchos/HtmlToPdfTypes-t.build/Objects-normal/arm64/HtmlToPdfTypes-Swift.h -arch arm64_32 /Users/admin/builder/spi-builder-workspace/.derivedData/Build/Intermediates.noindex/swift-html-to-pdf.build/Debug-watchos/HtmlToPdfTypes-t.build/Objects-normal/arm64_32/HtmlToPdfTypes-Swift.h -o /Users/admin/builder/spi-builder-workspace/.derivedData/Build/Intermediates.noindex/GeneratedModuleMaps-watchos/HtmlToPdfTypes-Swift.h
Copy /Users/admin/builder/spi-builder-workspace/.derivedData/Build/Products/Debug-watchos/HtmlToPdfTypes.swiftmodule/arm64_32-apple-watchos.swiftmodule /Users/admin/builder/spi-builder-workspace/.derivedData/Build/Intermediates.noindex/swift-html-to-pdf.build/Debug-watchos/HtmlToPdfTypes-t.build/Objects-normal/arm64_32/HtmlToPdfTypes.swiftmodule (in target 'HtmlToPdfTypes' from project 'swift-html-to-pdf')
cd /Users/admin/builder/spi-builder-workspace
builtin-copy -exclude .DS_Store -exclude CVS -exclude .svn -exclude .git -exclude .hg -resolve-src-symlinks -rename /Users/admin/builder/spi-builder-workspace/.derivedData/Build/Intermediates.noindex/swift-html-to-pdf.build/Debug-watchos/HtmlToPdfTypes-t.build/Objects-normal/arm64_32/HtmlToPdfTypes.swiftmodule /Users/admin/builder/spi-builder-workspace/.derivedData/Build/Products/Debug-watchos/HtmlToPdfTypes.swiftmodule/arm64_32-apple-watchos.swiftmodule
Copy /Users/admin/builder/spi-builder-workspace/.derivedData/Build/Products/Debug-watchos/HtmlToPdfTypes.swiftmodule/arm64_32-apple-watchos.swiftdoc /Users/admin/builder/spi-builder-workspace/.derivedData/Build/Intermediates.noindex/swift-html-to-pdf.build/Debug-watchos/HtmlToPdfTypes-t.build/Objects-normal/arm64_32/HtmlToPdfTypes.swiftdoc (in target 'HtmlToPdfTypes' from project 'swift-html-to-pdf')
cd /Users/admin/builder/spi-builder-workspace
builtin-copy -exclude .DS_Store -exclude CVS -exclude .svn -exclude .git -exclude .hg -resolve-src-symlinks -rename /Users/admin/builder/spi-builder-workspace/.derivedData/Build/Intermediates.noindex/swift-html-to-pdf.build/Debug-watchos/HtmlToPdfTypes-t.build/Objects-normal/arm64_32/HtmlToPdfTypes.swiftdoc /Users/admin/builder/spi-builder-workspace/.derivedData/Build/Products/Debug-watchos/HtmlToPdfTypes.swiftmodule/arm64_32-apple-watchos.swiftdoc
Copy /Users/admin/builder/spi-builder-workspace/.derivedData/Build/Products/Debug-watchos/HtmlToPdfTypes.swiftmodule/arm64_32-apple-watchos.abi.json /Users/admin/builder/spi-builder-workspace/.derivedData/Build/Intermediates.noindex/swift-html-to-pdf.build/Debug-watchos/HtmlToPdfTypes-t.build/Objects-normal/arm64_32/HtmlToPdfTypes.abi.json (in target 'HtmlToPdfTypes' from project 'swift-html-to-pdf')
cd /Users/admin/builder/spi-builder-workspace
builtin-copy -exclude .DS_Store -exclude CVS -exclude .svn -exclude .git -exclude .hg -resolve-src-symlinks -rename /Users/admin/builder/spi-builder-workspace/.derivedData/Build/Intermediates.noindex/swift-html-to-pdf.build/Debug-watchos/HtmlToPdfTypes-t.build/Objects-normal/arm64_32/HtmlToPdfTypes.abi.json /Users/admin/builder/spi-builder-workspace/.derivedData/Build/Products/Debug-watchos/HtmlToPdfTypes.swiftmodule/arm64_32-apple-watchos.abi.json
Copy /Users/admin/builder/spi-builder-workspace/.derivedData/Build/Products/Debug-watchos/HtmlToPdfTypes.swiftmodule/arm64-apple-watchos.abi.json /Users/admin/builder/spi-builder-workspace/.derivedData/Build/Intermediates.noindex/swift-html-to-pdf.build/Debug-watchos/HtmlToPdfTypes-t.build/Objects-normal/arm64/HtmlToPdfTypes.abi.json (in target 'HtmlToPdfTypes' from project 'swift-html-to-pdf')
cd /Users/admin/builder/spi-builder-workspace
builtin-copy -exclude .DS_Store -exclude CVS -exclude .svn -exclude .git -exclude .hg -resolve-src-symlinks -rename /Users/admin/builder/spi-builder-workspace/.derivedData/Build/Intermediates.noindex/swift-html-to-pdf.build/Debug-watchos/HtmlToPdfTypes-t.build/Objects-normal/arm64/HtmlToPdfTypes.abi.json /Users/admin/builder/spi-builder-workspace/.derivedData/Build/Products/Debug-watchos/HtmlToPdfTypes.swiftmodule/arm64-apple-watchos.abi.json
Copy /Users/admin/builder/spi-builder-workspace/.derivedData/Build/Products/Debug-watchos/HtmlToPdfTypes.swiftmodule/Project/arm64_32-apple-watchos.swiftsourceinfo /Users/admin/builder/spi-builder-workspace/.derivedData/Build/Intermediates.noindex/swift-html-to-pdf.build/Debug-watchos/HtmlToPdfTypes-t.build/Objects-normal/arm64_32/HtmlToPdfTypes.swiftsourceinfo (in target 'HtmlToPdfTypes' from project 'swift-html-to-pdf')
cd /Users/admin/builder/spi-builder-workspace
builtin-copy -exclude .DS_Store -exclude CVS -exclude .svn -exclude .git -exclude .hg -resolve-src-symlinks -rename /Users/admin/builder/spi-builder-workspace/.derivedData/Build/Intermediates.noindex/swift-html-to-pdf.build/Debug-watchos/HtmlToPdfTypes-t.build/Objects-normal/arm64_32/HtmlToPdfTypes.swiftsourceinfo /Users/admin/builder/spi-builder-workspace/.derivedData/Build/Products/Debug-watchos/HtmlToPdfTypes.swiftmodule/Project/arm64_32-apple-watchos.swiftsourceinfo
Copy /Users/admin/builder/spi-builder-workspace/.derivedData/Build/Products/Debug-watchos/HtmlToPdfTypes.swiftmodule/Project/arm64-apple-watchos.swiftsourceinfo /Users/admin/builder/spi-builder-workspace/.derivedData/Build/Intermediates.noindex/swift-html-to-pdf.build/Debug-watchos/HtmlToPdfTypes-t.build/Objects-normal/arm64/HtmlToPdfTypes.swiftsourceinfo (in target 'HtmlToPdfTypes' from project 'swift-html-to-pdf')
cd /Users/admin/builder/spi-builder-workspace
builtin-copy -exclude .DS_Store -exclude CVS -exclude .svn -exclude .git -exclude .hg -resolve-src-symlinks -rename /Users/admin/builder/spi-builder-workspace/.derivedData/Build/Intermediates.noindex/swift-html-to-pdf.build/Debug-watchos/HtmlToPdfTypes-t.build/Objects-normal/arm64/HtmlToPdfTypes.swiftsourceinfo /Users/admin/builder/spi-builder-workspace/.derivedData/Build/Products/Debug-watchos/HtmlToPdfTypes.swiftmodule/Project/arm64-apple-watchos.swiftsourceinfo
SwiftCompile normal arm64 Compiling\ PDF.PaperSize.swift,\ PDF.Render.Client.swift /Users/admin/builder/spi-builder-workspace/Sources/HtmlToPdfTypes/PDF.PaperSize.swift /Users/admin/builder/spi-builder-workspace/Sources/HtmlToPdfTypes/PDF.Render.Client.swift (in target 'HtmlToPdfTypes' from project 'swift-html-to-pdf')
SwiftCompile normal arm64 /Users/admin/builder/spi-builder-workspace/Sources/HtmlToPdfTypes/PDF.PaperSize.swift (in target 'HtmlToPdfTypes' from project 'swift-html-to-pdf')
cd /Users/admin/builder/spi-builder-workspace/.swiftpm/xcode
builtin-SwiftPerFileCompile PDF.PaperSize.swift
SwiftCompile normal arm64 /Users/admin/builder/spi-builder-workspace/Sources/HtmlToPdfTypes/PDF.Render.Client.swift (in target 'HtmlToPdfTypes' from project 'swift-html-to-pdf')
cd /Users/admin/builder/spi-builder-workspace/.swiftpm/xcode
builtin-SwiftPerFileCompile PDF.Render.Client.swift
SwiftDriverJobDiscovery normal arm64_32 Compiling PDF.swift (in target 'HtmlToPdfTypes' from project 'swift-html-to-pdf')
SwiftCompile normal arm64_32 Compiling\ exports.swift /Users/admin/builder/spi-builder-workspace/Sources/HtmlToPdfTypes/exports.swift (in target 'HtmlToPdfTypes' from project 'swift-html-to-pdf')
SwiftCompile normal arm64_32 /Users/admin/builder/spi-builder-workspace/Sources/HtmlToPdfTypes/exports.swift (in target 'HtmlToPdfTypes' from project 'swift-html-to-pdf')
cd /Users/admin/builder/spi-builder-workspace/.swiftpm/xcode
builtin-SwiftPerFileCompile exports.swift
SwiftDriverJobDiscovery normal arm64 Compiling PDF.Appearance.swift, PDF.Configuration.swift (in target 'HtmlToPdfTypes' from project 'swift-html-to-pdf')
SwiftCompile normal arm64_32 Compiling\ PDF.PaperSize.swift,\ PDF.Render.Client.swift /Users/admin/builder/spi-builder-workspace/Sources/HtmlToPdfTypes/PDF.PaperSize.swift /Users/admin/builder/spi-builder-workspace/Sources/HtmlToPdfTypes/PDF.Render.Client.swift (in target 'HtmlToPdfTypes' from project 'swift-html-to-pdf')
SwiftCompile normal arm64_32 /Users/admin/builder/spi-builder-workspace/Sources/HtmlToPdfTypes/PDF.PaperSize.swift (in target 'HtmlToPdfTypes' from project 'swift-html-to-pdf')
cd /Users/admin/builder/spi-builder-workspace/.swiftpm/xcode
builtin-SwiftPerFileCompile PDF.PaperSize.swift
SwiftCompile normal arm64_32 /Users/admin/builder/spi-builder-workspace/Sources/HtmlToPdfTypes/PDF.Render.Client.swift (in target 'HtmlToPdfTypes' from project 'swift-html-to-pdf')
cd /Users/admin/builder/spi-builder-workspace/.swiftpm/xcode
builtin-SwiftPerFileCompile PDF.Render.Client.swift
SwiftDriverJobDiscovery normal arm64 Compiling PDF.Render.ConcurrencyStrategy.swift, PDF.Render.FailedDocument.swift (in target 'HtmlToPdfTypes' from project 'swift-html-to-pdf')
SwiftDriver PDFTestSupport normal arm64_32 com.apple.xcode.tools.swift.compiler (in target 'PDFTestSupport' from project 'swift-html-to-pdf')
cd /Users/admin/builder/spi-builder-workspace/.swiftpm/xcode
builtin-SwiftDriver -- /Applications/Xcode-27.0.0-Release.Candidate.app/Contents/Developer/Toolchains/XcodeDefault.xctoolchain/usr/bin/swiftc -parse-as-library -module-name PDFTestSupport -Onone @/Users/admin/builder/spi-builder-workspace/.derivedData/Build/Intermediates.noindex/swift-html-to-pdf.build/Debug-watchos/PDFTestSupport-t.build/Objects-normal/arm64_32/PDFTestSupport.SwiftFileList -DSWIFT_PACKAGE -DDEBUG -DSWIFT_MODULE_RESOURCE_BUNDLE_UNAVAILABLE -DXcode -plugin-path /Applications/Xcode-27.0.0-Release.Candidate.app/Contents/Developer/Toolchains/XcodeDefault.xctoolchain/usr/lib/swift/host/plugins/testing -enable-experimental-feature DebugDescriptionMacro -sdk /Applications/Xcode-27.0.0-Release.Candidate.app/Contents/Developer/Platforms/WatchOS.platform/Developer/SDKs/WatchOS27.0.sdk -target arm64_32-apple-watchos9.0 -g -module-cache-path /Users/admin/builder/spi-builder-workspace/.derivedData/ModuleCache.noindex -Xfrontend -serialize-debugging-options -profile-coverage-mapping -profile-generate -enable-testing -index-store-path /Users/admin/builder/spi-builder-workspace/.derivedData/Index.noindex/DataStore -Xcc -D_LIBCPP_HARDENING_MODE\=_LIBCPP_HARDENING_MODE_DEBUG -swift-version 6 -I /Users/admin/builder/spi-builder-workspace/.derivedData/Build/Products/Debug-watchos -Isystem /Applications/Xcode-27.0.0-Release.Candidate.app/Contents/Developer/Platforms/WatchOS.platform/Developer/usr/lib -F /Users/admin/builder/spi-builder-workspace/.derivedData/Build/Products/Debug-watchos/PackageFrameworks -F /Users/admin/builder/spi-builder-workspace/.derivedData/Build/Products/Debug-watchos -F /Applications/Xcode-27.0.0-Release.Candidate.app/Contents/Developer/Platforms/WatchOS.platform/Developer/Library/Frameworks -F /Applications/Xcode-27.0.0-Release.Candidate.app/Contents/Developer/Platforms/WatchOS.platform/Developer/SDKs/WatchOS27.0.sdk/Developer/Library/Frameworks -Xfrontend -load-plugin-executable -Xfrontend /Users/admin/builder/spi-builder-workspace/.derivedData/Build/Products/Debug/DependenciesMacrosPlugin\#DependenciesMacrosPlugin -c -j10 -enable-batch-mode -incremental -Xcc -ivfsstatcache -Xcc /Users/admin/builder/spi-builder-workspace/.derivedData/SDKStatCaches.noindex/watchos27.0-24R360-e829b21a6f8c9b70876ba0858053c04477534ef55a1706bf4c1112bbb242f0a2.sdkstatcache -output-file-map /Users/admin/builder/spi-builder-workspace/.derivedData/Build/Intermediates.noindex/swift-html-to-pdf.build/Debug-watchos/PDFTestSupport-t.build/Objects-normal/arm64_32/PDFTestSupport-OutputFileMap.json -save-temps -no-color-diagnostics -explicit-module-build -module-cache-path /Users/admin/builder/spi-builder-workspace/.derivedData/Build/Intermediates.noindex/SwiftExplicitPrecompiledModules -clang-scanner-module-cache-path /Users/admin/builder/spi-builder-workspace/.derivedData/ModuleCache.noindex -sdk-module-cache-path /Users/admin/builder/spi-builder-workspace/.derivedData/SDKExplicitPrecompiledModules -emit-dependencies -emit-module -emit-module-path /Users/admin/builder/spi-builder-workspace/.derivedData/Build/Intermediates.noindex/swift-html-to-pdf.build/Debug-watchos/PDFTestSupport-t.build/Objects-normal/arm64_32/PDFTestSupport.swiftmodule -serialize-diagnostics -dependency-scan-serialize-diagnostics-path /Users/admin/builder/spi-builder-workspace/.derivedData/Build/Intermediates.noindex/swift-html-to-pdf.build/Debug-watchos/PDFTestSupport-t.build/Objects-normal/arm64_32/PDFTestSupport-dependency-scan.dia -validate-clang-modules-once -clang-build-session-file /Users/admin/builder/spi-builder-workspace/.derivedData/ModuleCache.noindex/Session.modulevalidation -Xcc -fmodules-prune-interval\=86400 -Xcc -fmodules-prune-after\=345600 -package-name spi_builder_workspace -emit-const-values -const-gather-protocols-list /Users/admin/builder/spi-builder-workspace/.derivedData/Build/Intermediates.noindex/swift-html-to-pdf.build/Debug-watchos/PDFTestSupport-t.build/Objects-normal/arm64_32/PDFTestSupport_const_extract_protocols.json -Xcc -I/Users/admin/builder/spi-builder-workspace/.derivedData/Build/Products/Debug-watchos/include -Xcc -I/Users/admin/builder/spi-builder-workspace/.derivedData/Build/Intermediates.noindex/swift-html-to-pdf.build/Debug-watchos/PDFTestSupport-t.build/DerivedSources-normal/arm64_32 -Xcc -I/Users/admin/builder/spi-builder-workspace/.derivedData/Build/Intermediates.noindex/swift-html-to-pdf.build/Debug-watchos/PDFTestSupport-t.build/DerivedSources/arm64_32 -Xcc -I/Users/admin/builder/spi-builder-workspace/.derivedData/Build/Intermediates.noindex/swift-html-to-pdf.build/Debug-watchos/PDFTestSupport-t.build/DerivedSources -Xcc -DSWIFT_PACKAGE -Xcc -DDEBUG\=1 -emit-objc-header -emit-objc-header-path /Users/admin/builder/spi-builder-workspace/.derivedData/Build/Intermediates.noindex/swift-html-to-pdf.build/Debug-watchos/PDFTestSupport-t.build/Objects-normal/arm64_32/PDFTestSupport-Swift.h -working-directory /Users/admin/builder/spi-builder-workspace/.swiftpm/xcode -experimental-emit-module-separately -disable-cmo
SwiftDriver PDFTestSupport normal arm64 com.apple.xcode.tools.swift.compiler (in target 'PDFTestSupport' from project 'swift-html-to-pdf')
cd /Users/admin/builder/spi-builder-workspace/.swiftpm/xcode
builtin-SwiftDriver -- /Applications/Xcode-27.0.0-Release.Candidate.app/Contents/Developer/Toolchains/XcodeDefault.xctoolchain/usr/bin/swiftc -parse-as-library -module-name PDFTestSupport -Onone @/Users/admin/builder/spi-builder-workspace/.derivedData/Build/Intermediates.noindex/swift-html-to-pdf.build/Debug-watchos/PDFTestSupport-t.build/Objects-normal/arm64/PDFTestSupport.SwiftFileList -DSWIFT_PACKAGE -DDEBUG -DSWIFT_MODULE_RESOURCE_BUNDLE_UNAVAILABLE -DXcode -plugin-path /Applications/Xcode-27.0.0-Release.Candidate.app/Contents/Developer/Toolchains/XcodeDefault.xctoolchain/usr/lib/swift/host/plugins/testing -enable-experimental-feature DebugDescriptionMacro -sdk /Applications/Xcode-27.0.0-Release.Candidate.app/Contents/Developer/Platforms/WatchOS.platform/Developer/SDKs/WatchOS27.0.sdk -target arm64-apple-watchos9.0 -g -module-cache-path /Users/admin/builder/spi-builder-workspace/.derivedData/ModuleCache.noindex -Xfrontend -serialize-debugging-options -profile-coverage-mapping -profile-generate -enable-testing -index-store-path /Users/admin/builder/spi-builder-workspace/.derivedData/Index.noindex/DataStore -Xcc -D_LIBCPP_HARDENING_MODE\=_LIBCPP_HARDENING_MODE_DEBUG -swift-version 6 -I /Users/admin/builder/spi-builder-workspace/.derivedData/Build/Products/Debug-watchos -Isystem /Applications/Xcode-27.0.0-Release.Candidate.app/Contents/Developer/Platforms/WatchOS.platform/Developer/usr/lib -F /Users/admin/builder/spi-builder-workspace/.derivedData/Build/Products/Debug-watchos/PackageFrameworks -F /Users/admin/builder/spi-builder-workspace/.derivedData/Build/Products/Debug-watchos -F /Applications/Xcode-27.0.0-Release.Candidate.app/Contents/Developer/Platforms/WatchOS.platform/Developer/Library/Frameworks -F /Applications/Xcode-27.0.0-Release.Candidate.app/Contents/Developer/Platforms/WatchOS.platform/Developer/SDKs/WatchOS27.0.sdk/Developer/Library/Frameworks -Xfrontend -load-plugin-executable -Xfrontend /Users/admin/builder/spi-builder-workspace/.derivedData/Build/Products/Debug/DependenciesMacrosPlugin\#DependenciesMacrosPlugin -c -j10 -enable-batch-mode -incremental -Xcc -ivfsstatcache -Xcc /Users/admin/builder/spi-builder-workspace/.derivedData/SDKStatCaches.noindex/watchos27.0-24R360-e829b21a6f8c9b70876ba0858053c04477534ef55a1706bf4c1112bbb242f0a2.sdkstatcache -output-file-map /Users/admin/builder/spi-builder-workspace/.derivedData/Build/Intermediates.noindex/swift-html-to-pdf.build/Debug-watchos/PDFTestSupport-t.build/Objects-normal/arm64/PDFTestSupport-OutputFileMap.json -save-temps -no-color-diagnostics -explicit-module-build -module-cache-path /Users/admin/builder/spi-builder-workspace/.derivedData/Build/Intermediates.noindex/SwiftExplicitPrecompiledModules -clang-scanner-module-cache-path /Users/admin/builder/spi-builder-workspace/.derivedData/ModuleCache.noindex -sdk-module-cache-path /Users/admin/builder/spi-builder-workspace/.derivedData/SDKExplicitPrecompiledModules -emit-dependencies -emit-module -emit-module-path /Users/admin/builder/spi-builder-workspace/.derivedData/Build/Intermediates.noindex/swift-html-to-pdf.build/Debug-watchos/PDFTestSupport-t.build/Objects-normal/arm64/PDFTestSupport.swiftmodule -serialize-diagnostics -dependency-scan-serialize-diagnostics-path /Users/admin/builder/spi-builder-workspace/.derivedData/Build/Intermediates.noindex/swift-html-to-pdf.build/Debug-watchos/PDFTestSupport-t.build/Objects-normal/arm64/PDFTestSupport-dependency-scan.dia -validate-clang-modules-once -clang-build-session-file /Users/admin/builder/spi-builder-workspace/.derivedData/ModuleCache.noindex/Session.modulevalidation -Xcc -fmodules-prune-interval\=86400 -Xcc -fmodules-prune-after\=345600 -package-name spi_builder_workspace -emit-const-values -const-gather-protocols-list /Users/admin/builder/spi-builder-workspace/.derivedData/Build/Intermediates.noindex/swift-html-to-pdf.build/Debug-watchos/PDFTestSupport-t.build/Objects-normal/arm64/PDFTestSupport_const_extract_protocols.json -Xcc -I/Users/admin/builder/spi-builder-workspace/.derivedData/Build/Products/Debug-watchos/include -Xcc -I/Users/admin/builder/spi-builder-workspace/.derivedData/Build/Intermediates.noindex/swift-html-to-pdf.build/Debug-watchos/PDFTestSupport-t.build/DerivedSources-normal/arm64 -Xcc -I/Users/admin/builder/spi-builder-workspace/.derivedData/Build/Intermediates.noindex/swift-html-to-pdf.build/Debug-watchos/PDFTestSupport-t.build/DerivedSources/arm64 -Xcc -I/Users/admin/builder/spi-builder-workspace/.derivedData/Build/Intermediates.noindex/swift-html-to-pdf.build/Debug-watchos/PDFTestSupport-t.build/DerivedSources -Xcc -DSWIFT_PACKAGE -Xcc -DDEBUG\=1 -emit-objc-header -emit-objc-header-path /Users/admin/builder/spi-builder-workspace/.derivedData/Build/Intermediates.noindex/swift-html-to-pdf.build/Debug-watchos/PDFTestSupport-t.build/Objects-normal/arm64/PDFTestSupport-Swift.h -working-directory /Users/admin/builder/spi-builder-workspace/.swiftpm/xcode -experimental-emit-module-separately -disable-cmo
SwiftDriverJobDiscovery normal arm64_32 Compiling PrintingError.swift (in target 'HtmlToPdfTypes' from project 'swift-html-to-pdf')
SwiftDriverJobDiscovery normal arm64_32 Compiling exports.swift (in target 'HtmlToPdfTypes' from project 'swift-html-to-pdf')
SwiftDriver HtmlToPdfLive normal arm64 com.apple.xcode.tools.swift.compiler (in target 'HtmlToPdfLive' from project 'swift-html-to-pdf')
cd /Users/admin/builder/spi-builder-workspace/.swiftpm/xcode
builtin-SwiftDriver -- /Applications/Xcode-27.0.0-Release.Candidate.app/Contents/Developer/Toolchains/XcodeDefault.xctoolchain/usr/bin/swiftc -parse-as-library -module-name HtmlToPdfLive -Onone @/Users/admin/builder/spi-builder-workspace/.derivedData/Build/Intermediates.noindex/swift-html-to-pdf.build/Debug-watchos/HtmlToPdfLive-t.build/Objects-normal/arm64/HtmlToPdfLive.SwiftFileList -DSWIFT_PACKAGE -DDEBUG -DSWIFT_MODULE_RESOURCE_BUNDLE_UNAVAILABLE -DXcode -enable-upcoming-feature StrictConcurrency -plugin-path /Applications/Xcode-27.0.0-Release.Candidate.app/Contents/Developer/Toolchains/XcodeDefault.xctoolchain/usr/lib/swift/host/plugins/testing -enable-experimental-feature DebugDescriptionMacro -sdk /Applications/Xcode-27.0.0-Release.Candidate.app/Contents/Developer/Platforms/WatchOS.platform/Developer/SDKs/WatchOS27.0.sdk -target arm64-apple-watchos9.0 -g -module-cache-path /Users/admin/builder/spi-builder-workspace/.derivedData/ModuleCache.noindex -Xfrontend -serialize-debugging-options -profile-coverage-mapping -profile-generate -enable-testing -index-store-path /Users/admin/builder/spi-builder-workspace/.derivedData/Index.noindex/DataStore -Xcc -D_LIBCPP_HARDENING_MODE\=_LIBCPP_HARDENING_MODE_DEBUG -swift-version 6 -I /Users/admin/builder/spi-builder-workspace/.derivedData/Build/Products/Debug-watchos -Isystem /Applications/Xcode-27.0.0-Release.Candidate.app/Contents/Developer/Platforms/WatchOS.platform/Developer/usr/lib -F /Users/admin/builder/spi-builder-workspace/.derivedData/Build/Products/Debug-watchos/PackageFrameworks -F /Users/admin/builder/spi-builder-workspace/.derivedData/Build/Products/Debug-watchos -F /Applications/Xcode-27.0.0-Release.Candidate.app/Contents/Developer/Platforms/WatchOS.platform/Developer/Library/Frameworks -F /Applications/Xcode-27.0.0-Release.Candidate.app/Contents/Developer/Platforms/WatchOS.platform/Developer/SDKs/WatchOS27.0.sdk/Developer/Library/Frameworks -Xfrontend -load-plugin-executable -Xfrontend /Users/admin/builder/spi-builder-workspace/.derivedData/Build/Products/Debug/DependenciesMacrosPlugin\#DependenciesMacrosPlugin -c -j10 -enable-batch-mode -incremental -Xcc -ivfsstatcache -Xcc /Users/admin/builder/spi-builder-workspace/.derivedData/SDKStatCaches.noindex/watchos27.0-24R360-e829b21a6f8c9b70876ba0858053c04477534ef55a1706bf4c1112bbb242f0a2.sdkstatcache -output-file-map /Users/admin/builder/spi-builder-workspace/.derivedData/Build/Intermediates.noindex/swift-html-to-pdf.build/Debug-watchos/HtmlToPdfLive-t.build/Objects-normal/arm64/HtmlToPdfLive-OutputFileMap.json -save-temps -no-color-diagnostics -explicit-module-build -module-cache-path /Users/admin/builder/spi-builder-workspace/.derivedData/Build/Intermediates.noindex/SwiftExplicitPrecompiledModules -clang-scanner-module-cache-path /Users/admin/builder/spi-builder-workspace/.derivedData/ModuleCache.noindex -sdk-module-cache-path /Users/admin/builder/spi-builder-workspace/.derivedData/SDKExplicitPrecompiledModules -emit-dependencies -emit-module -emit-module-path /Users/admin/builder/spi-builder-workspace/.derivedData/Build/Intermediates.noindex/swift-html-to-pdf.build/Debug-watchos/HtmlToPdfLive-t.build/Objects-normal/arm64/HtmlToPdfLive.swiftmodule -serialize-diagnostics -dependency-scan-serialize-diagnostics-path /Users/admin/builder/spi-builder-workspace/.derivedData/Build/Intermediates.noindex/swift-html-to-pdf.build/Debug-watchos/HtmlToPdfLive-t.build/Objects-normal/arm64/HtmlToPdfLive-dependency-scan.dia -validate-clang-modules-once -clang-build-session-file /Users/admin/builder/spi-builder-workspace/.derivedData/ModuleCache.noindex/Session.modulevalidation -Xcc -fmodules-prune-interval\=86400 -Xcc -fmodules-prune-after\=345600 -package-name spi_builder_workspace -emit-const-values -const-gather-protocols-list /Users/admin/builder/spi-builder-workspace/.derivedData/Build/Intermediates.noindex/swift-html-to-pdf.build/Debug-watchos/HtmlToPdfLive-t.build/Objects-normal/arm64/HtmlToPdfLive_const_extract_protocols.json -Xcc -I/Users/admin/builder/spi-builder-workspace/.derivedData/Build/Products/Debug-watchos/include -Xcc -I/Users/admin/builder/spi-builder-workspace/.derivedData/Build/Intermediates.noindex/swift-html-to-pdf.build/Debug-watchos/HtmlToPdfLive-t.build/DerivedSources-normal/arm64 -Xcc -I/Users/admin/builder/spi-builder-workspace/.derivedData/Build/Intermediates.noindex/swift-html-to-pdf.build/Debug-watchos/HtmlToPdfLive-t.build/DerivedSources/arm64 -Xcc -I/Users/admin/builder/spi-builder-workspace/.derivedData/Build/Intermediates.noindex/swift-html-to-pdf.build/Debug-watchos/HtmlToPdfLive-t.build/DerivedSources -Xcc -DSWIFT_PACKAGE -Xcc -DDEBUG\=1 -emit-objc-header -emit-objc-header-path /Users/admin/builder/spi-builder-workspace/.derivedData/Build/Intermediates.noindex/swift-html-to-pdf.build/Debug-watchos/HtmlToPdfLive-t.build/Objects-normal/arm64/HtmlToPdfLive-Swift.h -working-directory /Users/admin/builder/spi-builder-workspace/.swiftpm/xcode -experimental-emit-module-separately -disable-cmo
error: Clang dependency scanning failure: (in target 'HtmlToPdfLive' from project 'swift-html-to-pdf')
/Users/admin/builder/spi-builder-workspace/Sources/HtmlToPdfLive/PDF.Render.Client+iOS.swift:15:12: error: Unable to resolve module dependency: 'WebKit' (in target 'HtmlToPdfLive' from project 'swift-html-to-pdf')
note: A dependency of main module 'HtmlToPdfLive'
/Users/admin/builder/spi-builder-workspace/Sources/HtmlToPdfLive/PDF.Render.Client+iOS.swift:15:12: note: A dependency of main module 'HtmlToPdfLive'
import WebKit
^ (in target 'HtmlToPdfLive' from project 'swift-html-to-pdf')
SwiftDriver HtmlToPdfLive normal arm64_32 com.apple.xcode.tools.swift.compiler (in target 'HtmlToPdfLive' from project 'swift-html-to-pdf')
cd /Users/admin/builder/spi-builder-workspace/.swiftpm/xcode
builtin-SwiftDriver -- /Applications/Xcode-27.0.0-Release.Candidate.app/Contents/Developer/Toolchains/XcodeDefault.xctoolchain/usr/bin/swiftc -parse-as-library -module-name HtmlToPdfLive -Onone @/Users/admin/builder/spi-builder-workspace/.derivedData/Build/Intermediates.noindex/swift-html-to-pdf.build/Debug-watchos/HtmlToPdfLive-t.build/Objects-normal/arm64_32/HtmlToPdfLive.SwiftFileList -DSWIFT_PACKAGE -DDEBUG -DSWIFT_MODULE_RESOURCE_BUNDLE_UNAVAILABLE -DXcode -enable-upcoming-feature StrictConcurrency -plugin-path /Applications/Xcode-27.0.0-Release.Candidate.app/Contents/Developer/Toolchains/XcodeDefault.xctoolchain/usr/lib/swift/host/plugins/testing -enable-experimental-feature DebugDescriptionMacro -sdk /Applications/Xcode-27.0.0-Release.Candidate.app/Contents/Developer/Platforms/WatchOS.platform/Developer/SDKs/WatchOS27.0.sdk -target arm64_32-apple-watchos9.0 -g -module-cache-path /Users/admin/builder/spi-builder-workspace/.derivedData/ModuleCache.noindex -Xfrontend -serialize-debugging-options -profile-coverage-mapping -profile-generate -enable-testing -index-store-path /Users/admin/builder/spi-builder-workspace/.derivedData/Index.noindex/DataStore -Xcc -D_LIBCPP_HARDENING_MODE\=_LIBCPP_HARDENING_MODE_DEBUG -swift-version 6 -I /Users/admin/builder/spi-builder-workspace/.derivedData/Build/Products/Debug-watchos -Isystem /Applications/Xcode-27.0.0-Release.Candidate.app/Contents/Developer/Platforms/WatchOS.platform/Developer/usr/lib -F /Users/admin/builder/spi-builder-workspace/.derivedData/Build/Products/Debug-watchos/PackageFrameworks -F /Users/admin/builder/spi-builder-workspace/.derivedData/Build/Products/Debug-watchos -F /Applications/Xcode-27.0.0-Release.Candidate.app/Contents/Developer/Platforms/WatchOS.platform/Developer/Library/Frameworks -F /Applications/Xcode-27.0.0-Release.Candidate.app/Contents/Developer/Platforms/WatchOS.platform/Developer/SDKs/WatchOS27.0.sdk/Developer/Library/Frameworks -Xfrontend -load-plugin-executable -Xfrontend /Users/admin/builder/spi-builder-workspace/.derivedData/Build/Products/Debug/DependenciesMacrosPlugin\#DependenciesMacrosPlugin -c -j10 -enable-batch-mode -incremental -Xcc -ivfsstatcache -Xcc /Users/admin/builder/spi-builder-workspace/.derivedData/SDKStatCaches.noindex/watchos27.0-24R360-e829b21a6f8c9b70876ba0858053c04477534ef55a1706bf4c1112bbb242f0a2.sdkstatcache -output-file-map /Users/admin/builder/spi-builder-workspace/.derivedData/Build/Intermediates.noindex/swift-html-to-pdf.build/Debug-watchos/HtmlToPdfLive-t.build/Objects-normal/arm64_32/HtmlToPdfLive-OutputFileMap.json -save-temps -no-color-diagnostics -explicit-module-build -module-cache-path /Users/admin/builder/spi-builder-workspace/.derivedData/Build/Intermediates.noindex/SwiftExplicitPrecompiledModules -clang-scanner-module-cache-path /Users/admin/builder/spi-builder-workspace/.derivedData/ModuleCache.noindex -sdk-module-cache-path /Users/admin/builder/spi-builder-workspace/.derivedData/SDKExplicitPrecompiledModules -emit-dependencies -emit-module -emit-module-path /Users/admin/builder/spi-builder-workspace/.derivedData/Build/Intermediates.noindex/swift-html-to-pdf.build/Debug-watchos/HtmlToPdfLive-t.build/Objects-normal/arm64_32/HtmlToPdfLive.swiftmodule -serialize-diagnostics -dependency-scan-serialize-diagnostics-path /Users/admin/builder/spi-builder-workspace/.derivedData/Build/Intermediates.noindex/swift-html-to-pdf.build/Debug-watchos/HtmlToPdfLive-t.build/Objects-normal/arm64_32/HtmlToPdfLive-dependency-scan.dia -validate-clang-modules-once -clang-build-session-file /Users/admin/builder/spi-builder-workspace/.derivedData/ModuleCache.noindex/Session.modulevalidation -Xcc -fmodules-prune-interval\=86400 -Xcc -fmodules-prune-after\=345600 -package-name spi_builder_workspace -emit-const-values -const-gather-protocols-list /Users/admin/builder/spi-builder-workspace/.derivedData/Build/Intermediates.noindex/swift-html-to-pdf.build/Debug-watchos/HtmlToPdfLive-t.build/Objects-normal/arm64_32/HtmlToPdfLive_const_extract_protocols.json -Xcc -I/Users/admin/builder/spi-builder-workspace/.derivedData/Build/Products/Debug-watchos/include -Xcc -I/Users/admin/builder/spi-builder-workspace/.derivedData/Build/Intermediates.noindex/swift-html-to-pdf.build/Debug-watchos/HtmlToPdfLive-t.build/DerivedSources-normal/arm64_32 -Xcc -I/Users/admin/builder/spi-builder-workspace/.derivedData/Build/Intermediates.noindex/swift-html-to-pdf.build/Debug-watchos/HtmlToPdfLive-t.build/DerivedSources/arm64_32 -Xcc -I/Users/admin/builder/spi-builder-workspace/.derivedData/Build/Intermediates.noindex/swift-html-to-pdf.build/Debug-watchos/HtmlToPdfLive-t.build/DerivedSources -Xcc -DSWIFT_PACKAGE -Xcc -DDEBUG\=1 -emit-objc-header -emit-objc-header-path /Users/admin/builder/spi-builder-workspace/.derivedData/Build/Intermediates.noindex/swift-html-to-pdf.build/Debug-watchos/HtmlToPdfLive-t.build/Objects-normal/arm64_32/HtmlToPdfLive-Swift.h -working-directory /Users/admin/builder/spi-builder-workspace/.swiftpm/xcode -experimental-emit-module-separately -disable-cmo
error: Clang dependency scanning failure: (in target 'HtmlToPdfLive' from project 'swift-html-to-pdf')
/Users/admin/builder/spi-builder-workspace/Sources/HtmlToPdfLive/PDF.Render.Client+iOS.swift:15:12: error: Unable to resolve module dependency: 'WebKit' (in target 'HtmlToPdfLive' from project 'swift-html-to-pdf')
note: A dependency of main module 'HtmlToPdfLive'
/Users/admin/builder/spi-builder-workspace/Sources/HtmlToPdfLive/PDF.Render.Client+iOS.swift:15:12: note: A dependency of main module 'HtmlToPdfLive'
import WebKit
^ (in target 'HtmlToPdfLive' from project 'swift-html-to-pdf')
SwiftDriverJobDiscovery normal arm64 Compiling PDF.NamingStrategy.swift, PDF.PaginationMode.swift (in target 'HtmlToPdfTypes' from project 'swift-html-to-pdf')
SwiftDriverJobDiscovery normal arm64 Compiling PrintingError.swift (in target 'HtmlToPdfTypes' from project 'swift-html-to-pdf')
Ld /Users/admin/builder/spi-builder-workspace/.derivedData/Build/Intermediates.noindex/swift-logging-extras.build/Debug-watchos/LoggingExtras-t.build/Objects-normal/arm64_32/Binary/LoggingExtras.o normal arm64_32 (in target 'LoggingExtras' from project 'swift-logging-extras')
cd /Users/admin/builder/spi-builder-workspace/.dependencies/checkouts/swift-logging-extras
/Applications/Xcode-27.0.0-Release.Candidate.app/Contents/Developer/Toolchains/XcodeDefault.xctoolchain/usr/bin/clang -Xlinker -reproducible -target arm64_32-apple-watchos9.0 -r -isysroot /Applications/Xcode-27.0.0-Release.Candidate.app/Contents/Developer/Platforms/WatchOS.platform/Developer/SDKs/WatchOS27.0.sdk -O0 -w -Xlinker -no_warn_duplicate_libraries -F/Users/admin/builder/spi-builder-workspace/.derivedData/Build/Intermediates.noindex/EagerLinkingTBDs/Debug-watchos -F/Users/admin/builder/spi-builder-workspace/.derivedData/Build/Products/Debug-watchos/PackageFrameworks -F/Users/admin/builder/spi-builder-workspace/.derivedData/Build/Products/Debug-watchos -iframework /Applications/Xcode-27.0.0-Release.Candidate.app/Contents/Developer/Platforms/WatchOS.platform/Developer/Library/Frameworks -iframework /Applications/Xcode-27.0.0-Release.Candidate.app/Contents/Developer/Platforms/WatchOS.platform/Developer/SDKs/WatchOS27.0.sdk/Developer/Library/Frameworks -filelist /Users/admin/builder/spi-builder-workspace/.derivedData/Build/Intermediates.noindex/swift-logging-extras.build/Debug-watchos/LoggingExtras-t.build/Objects-normal/arm64_32/LoggingExtras.LinkFileList -nostdlib -Xlinker -object_path_lto -Xlinker /Users/admin/builder/spi-builder-workspace/.derivedData/Build/Intermediates.noindex/swift-logging-extras.build/Debug-watchos/LoggingExtras-t.build/Objects-normal/arm64_32/LoggingExtras_lto.o -Xlinker -no_deduplicate -Xlinker -debug_variant -Xlinker -dependency_info -Xlinker /Users/admin/builder/spi-builder-workspace/.derivedData/Build/Intermediates.noindex/swift-logging-extras.build/Debug-watchos/LoggingExtras-t.build/Objects-normal/arm64_32/LoggingExtras_dependency_info.dat -fobjc-link-runtime -L/Applications/Xcode-27.0.0-Release.Candidate.app/Contents/Developer/Toolchains/XcodeDefault.xctoolchain/usr/lib/swift/watchos -L/usr/lib/swift -Xlinker -add_ast_path -Xlinker /Users/admin/builder/spi-builder-workspace/.derivedData/Build/Intermediates.noindex/swift-logging-extras.build/Debug-watchos/LoggingExtras-t.build/Objects-normal/arm64_32/LoggingExtras.swiftmodule -o /Users/admin/builder/spi-builder-workspace/.derivedData/Build/Intermediates.noindex/swift-logging-extras.build/Debug-watchos/LoggingExtras-t.build/Objects-normal/arm64_32/Binary/LoggingExtras.o
Ld /Users/admin/builder/spi-builder-workspace/.derivedData/Build/Intermediates.noindex/swift-logging-extras.build/Debug-watchos/LoggingExtras-t.build/Objects-normal/arm64/Binary/LoggingExtras.o normal arm64 (in target 'LoggingExtras' from project 'swift-logging-extras')
cd /Users/admin/builder/spi-builder-workspace/.dependencies/checkouts/swift-logging-extras
/Applications/Xcode-27.0.0-Release.Candidate.app/Contents/Developer/Toolchains/XcodeDefault.xctoolchain/usr/bin/clang -Xlinker -reproducible -target arm64-apple-watchos9.0 -r -isysroot /Applications/Xcode-27.0.0-Release.Candidate.app/Contents/Developer/Platforms/WatchOS.platform/Developer/SDKs/WatchOS27.0.sdk -O0 -w -Xlinker -no_warn_duplicate_libraries -F/Users/admin/builder/spi-builder-workspace/.derivedData/Build/Intermediates.noindex/EagerLinkingTBDs/Debug-watchos -F/Users/admin/builder/spi-builder-workspace/.derivedData/Build/Products/Debug-watchos/PackageFrameworks -F/Users/admin/builder/spi-builder-workspace/.derivedData/Build/Products/Debug-watchos -iframework /Applications/Xcode-27.0.0-Release.Candidate.app/Contents/Developer/Platforms/WatchOS.platform/Developer/Library/Frameworks -iframework /Applications/Xcode-27.0.0-Release.Candidate.app/Contents/Developer/Platforms/WatchOS.platform/Developer/SDKs/WatchOS27.0.sdk/Developer/Library/Frameworks -filelist /Users/admin/builder/spi-builder-workspace/.derivedData/Build/Intermediates.noindex/swift-logging-extras.build/Debug-watchos/LoggingExtras-t.build/Objects-normal/arm64/LoggingExtras.LinkFileList -nostdlib -Xlinker -object_path_lto -Xlinker /Users/admin/builder/spi-builder-workspace/.derivedData/Build/Intermediates.noindex/swift-logging-extras.build/Debug-watchos/LoggingExtras-t.build/Objects-normal/arm64/LoggingExtras_lto.o -Xlinker -no_deduplicate -Xlinker -debug_variant -Xlinker -dependency_info -Xlinker /Users/admin/builder/spi-builder-workspace/.derivedData/Build/Intermediates.noindex/swift-logging-extras.build/Debug-watchos/LoggingExtras-t.build/Objects-normal/arm64/LoggingExtras_dependency_info.dat -fobjc-link-runtime -L/Applications/Xcode-27.0.0-Release.Candidate.app/Contents/Developer/Toolchains/XcodeDefault.xctoolchain/usr/lib/swift/watchos -L/usr/lib/swift -Xlinker -add_ast_path -Xlinker /Users/admin/builder/spi-builder-workspace/.derivedData/Build/Intermediates.noindex/swift-logging-extras.build/Debug-watchos/LoggingExtras-t.build/Objects-normal/arm64/LoggingExtras.swiftmodule -o /Users/admin/builder/spi-builder-workspace/.derivedData/Build/Intermediates.noindex/swift-logging-extras.build/Debug-watchos/LoggingExtras-t.build/Objects-normal/arm64/Binary/LoggingExtras.o
SwiftDriverJobDiscovery normal arm64_32 Compiling PDF.Render.Metrics.swift, PDF.Render.Result.swift (in target 'HtmlToPdfTypes' from project 'swift-html-to-pdf')
SwiftDriverJobDiscovery normal arm64 Compiling PDF.Document.swift, PDF.EdgeInsets.swift (in target 'HtmlToPdfTypes' from project 'swift-html-to-pdf')
CreateUniversalBinary /Users/admin/builder/spi-builder-workspace/.derivedData/Build/Products/Debug-watchos/LoggingExtras.o normal arm64\ arm64_32 (in target 'LoggingExtras' from project 'swift-logging-extras')
cd /Users/admin/builder/spi-builder-workspace/.dependencies/checkouts/swift-logging-extras
/Applications/Xcode-27.0.0-Release.Candidate.app/Contents/Developer/Toolchains/XcodeDefault.xctoolchain/usr/bin/lipo -create /Users/admin/builder/spi-builder-workspace/.derivedData/Build/Intermediates.noindex/swift-logging-extras.build/Debug-watchos/LoggingExtras-t.build/Objects-normal/arm64/Binary/LoggingExtras.o /Users/admin/builder/spi-builder-workspace/.derivedData/Build/Intermediates.noindex/swift-logging-extras.build/Debug-watchos/LoggingExtras-t.build/Objects-normal/arm64_32/Binary/LoggingExtras.o -output /Users/admin/builder/spi-builder-workspace/.derivedData/Build/Products/Debug-watchos/LoggingExtras.o
ExtractAppIntentsMetadata (in target 'LoggingExtras' from project 'swift-logging-extras')
cd /Users/admin/builder/spi-builder-workspace/.dependencies/checkouts/swift-logging-extras
/Applications/Xcode-27.0.0-Release.Candidate.app/Contents/Developer/Toolchains/XcodeDefault.xctoolchain/usr/bin/appintentsmetadataprocessor --toolchain-dir /var/run/com.apple.security.cryptexd/mnt/com.apple.MobileAsset.MetalToolchain-v27.1.266.1.dgkyAA/Metal.xctoolchain --module-name LoggingExtras --sdk-root /Applications/Xcode-27.0.0-Release.Candidate.app/Contents/Developer/Platforms/WatchOS.platform/Developer/SDKs/WatchOS27.0.sdk --xcode-version 27A266a --platform-family watchOS --deployment-target 9.0 --bundle-identifier swift-logging-extras.LoggingExtras --output /Users/admin/builder/spi-builder-workspace/.derivedData/Build/Products/Debug-watchos/LoggingExtras.appintents --target-triple arm64-apple-watchos9.0 --target-triple arm64_32-apple-watchos9.0 --binary-file /Users/admin/builder/spi-builder-workspace/.derivedData/Build/Products/Debug-watchos/LoggingExtras.o --dependency-file /Users/admin/builder/spi-builder-workspace/.derivedData/Build/Intermediates.noindex/swift-logging-extras.build/Debug-watchos/LoggingExtras-t.build/Objects-normal/arm64/LoggingExtras_dependency_info.dat --dependency-file /Users/admin/builder/spi-builder-workspace/.derivedData/Build/Intermediates.noindex/swift-logging-extras.build/Debug-watchos/LoggingExtras-t.build/Objects-normal/arm64_32/LoggingExtras_dependency_info.dat --stringsdata-file /Users/admin/builder/spi-builder-workspace/.derivedData/Build/Intermediates.noindex/swift-logging-extras.build/Debug-watchos/LoggingExtras-t.build/Objects-normal/arm64/ExtractedAppShortcutsMetadata.stringsdata --stringsdata-file /Users/admin/builder/spi-builder-workspace/.derivedData/Build/Intermediates.noindex/swift-logging-extras.build/Debug-watchos/LoggingExtras-t.build/Objects-normal/arm64_32/ExtractedAppShortcutsMetadata.stringsdata --source-file-list /Users/admin/builder/spi-builder-workspace/.derivedData/Build/Intermediates.noindex/swift-logging-extras.build/Debug-watchos/LoggingExtras-t.build/Objects-normal/arm64/LoggingExtras.SwiftFileList --source-file-list /Users/admin/builder/spi-builder-workspace/.derivedData/Build/Intermediates.noindex/swift-logging-extras.build/Debug-watchos/LoggingExtras-t.build/Objects-normal/arm64_32/LoggingExtras.SwiftFileList --metadata-file-list /Users/admin/builder/spi-builder-workspace/.derivedData/Build/Intermediates.noindex/swift-logging-extras.build/Debug-watchos/LoggingExtras-t.build/LoggingExtras.DependencyMetadataFileList --static-metadata-file-list /Users/admin/builder/spi-builder-workspace/.derivedData/Build/Intermediates.noindex/swift-logging-extras.build/Debug-watchos/LoggingExtras-t.build/LoggingExtras.DependencyStaticMetadataFileList --swift-const-vals-list /Users/admin/builder/spi-builder-workspace/.derivedData/Build/Intermediates.noindex/swift-logging-extras.build/Debug-watchos/LoggingExtras-t.build/Objects-normal/arm64/LoggingExtras.SwiftConstValuesFileList --swift-const-vals-list /Users/admin/builder/spi-builder-workspace/.derivedData/Build/Intermediates.noindex/swift-logging-extras.build/Debug-watchos/LoggingExtras-t.build/Objects-normal/arm64_32/LoggingExtras.SwiftConstValuesFileList --force --compile-time-extraction --deployment-aware-processing --no-app-shortcuts-localization
2026-09-27 14:36:02.880 appintentsmetadataprocessor[1946:10858] Starting appintentsmetadataprocessor export
2026-09-27 14:36:03.127 appintentsmetadataprocessor[1946:10858] Extracted no relevant App Intents symbols, skipping writing output
SwiftDriverJobDiscovery normal arm64 Compiling PDF.PaperSize.swift, PDF.Render.Client.swift (in target 'HtmlToPdfTypes' from project 'swift-html-to-pdf')
SwiftDriver\ Compilation HtmlToPdfTypes normal arm64 com.apple.xcode.tools.swift.compiler (in target 'HtmlToPdfTypes' from project 'swift-html-to-pdf')
cd /Users/admin/builder/spi-builder-workspace/.swiftpm/xcode
builtin-Swift-Compilation -- /Applications/Xcode-27.0.0-Release.Candidate.app/Contents/Developer/Toolchains/XcodeDefault.xctoolchain/usr/bin/swiftc -parse-as-library -module-name HtmlToPdfTypes -Onone @/Users/admin/builder/spi-builder-workspace/.derivedData/Build/Intermediates.noindex/swift-html-to-pdf.build/Debug-watchos/HtmlToPdfTypes-t.build/Objects-normal/arm64/HtmlToPdfTypes.SwiftFileList -DSWIFT_PACKAGE -DDEBUG -DSWIFT_MODULE_RESOURCE_BUNDLE_UNAVAILABLE -DXcode -plugin-path /Applications/Xcode-27.0.0-Release.Candidate.app/Contents/Developer/Toolchains/XcodeDefault.xctoolchain/usr/lib/swift/host/plugins/testing -enable-experimental-feature DebugDescriptionMacro -sdk /Applications/Xcode-27.0.0-Release.Candidate.app/Contents/Developer/Platforms/WatchOS.platform/Developer/SDKs/WatchOS27.0.sdk -target arm64-apple-watchos9.0 -g -module-cache-path /Users/admin/builder/spi-builder-workspace/.derivedData/ModuleCache.noindex -Xfrontend -serialize-debugging-options -profile-coverage-mapping -profile-generate -enable-testing -index-store-path /Users/admin/builder/spi-builder-workspace/.derivedData/Index.noindex/DataStore -Xcc -D_LIBCPP_HARDENING_MODE\=_LIBCPP_HARDENING_MODE_DEBUG -swift-version 6 -I /Users/admin/builder/spi-builder-workspace/.derivedData/Build/Products/Debug-watchos -Isystem /Applications/Xcode-27.0.0-Release.Candidate.app/Contents/Developer/Platforms/WatchOS.platform/Developer/usr/lib -F /Users/admin/builder/spi-builder-workspace/.derivedData/Build/Products/Debug-watchos/PackageFrameworks -F /Users/admin/builder/spi-builder-workspace/.derivedData/Build/Products/Debug-watchos -F /Applications/Xcode-27.0.0-Release.Candidate.app/Contents/Developer/Platforms/WatchOS.platform/Developer/Library/Frameworks -F /Applications/Xcode-27.0.0-Release.Candidate.app/Contents/Developer/Platforms/WatchOS.platform/Developer/SDKs/WatchOS27.0.sdk/Developer/Library/Frameworks -Xfrontend -load-plugin-executable -Xfrontend /Users/admin/builder/spi-builder-workspace/.derivedData/Build/Products/Debug/DependenciesMacrosPlugin\#DependenciesMacrosPlugin -c -j10 -enable-batch-mode -incremental -Xcc -ivfsstatcache -Xcc /Users/admin/builder/spi-builder-workspace/.derivedData/SDKStatCaches.noindex/watchos27.0-24R360-e829b21a6f8c9b70876ba0858053c04477534ef55a1706bf4c1112bbb242f0a2.sdkstatcache -output-file-map /Users/admin/builder/spi-builder-workspace/.derivedData/Build/Intermediates.noindex/swift-html-to-pdf.build/Debug-watchos/HtmlToPdfTypes-t.build/Objects-normal/arm64/HtmlToPdfTypes-OutputFileMap.json -save-temps -no-color-diagnostics -explicit-module-build -module-cache-path /Users/admin/builder/spi-builder-workspace/.derivedData/Build/Intermediates.noindex/SwiftExplicitPrecompiledModules -clang-scanner-module-cache-path /Users/admin/builder/spi-builder-workspace/.derivedData/ModuleCache.noindex -sdk-module-cache-path /Users/admin/builder/spi-builder-workspace/.derivedData/SDKExplicitPrecompiledModules -emit-dependencies -emit-module -emit-module-path /Users/admin/builder/spi-builder-workspace/.derivedData/Build/Intermediates.noindex/swift-html-to-pdf.build/Debug-watchos/HtmlToPdfTypes-t.build/Objects-normal/arm64/HtmlToPdfTypes.swiftmodule -serialize-diagnostics -dependency-scan-serialize-diagnostics-path /Users/admin/builder/spi-builder-workspace/.derivedData/Build/Intermediates.noindex/swift-html-to-pdf.build/Debug-watchos/HtmlToPdfTypes-t.build/Objects-normal/arm64/HtmlToPdfTypes-dependency-scan.dia -validate-clang-modules-once -clang-build-session-file /Users/admin/builder/spi-builder-workspace/.derivedData/ModuleCache.noindex/Session.modulevalidation -Xcc -fmodules-prune-interval\=86400 -Xcc -fmodules-prune-after\=345600 -package-name spi_builder_workspace -emit-const-values -const-gather-protocols-list /Users/admin/builder/spi-builder-workspace/.derivedData/Build/Intermediates.noindex/swift-html-to-pdf.build/Debug-watchos/HtmlToPdfTypes-t.build/Objects-normal/arm64/HtmlToPdfTypes_const_extract_protocols.json -Xcc -I/Users/admin/builder/spi-builder-workspace/.derivedData/Build/Products/Debug-watchos/include -Xcc -I/Users/admin/builder/spi-builder-workspace/.derivedData/Build/Intermediates.noindex/swift-html-to-pdf.build/Debug-watchos/HtmlToPdfTypes-t.build/DerivedSources-normal/arm64 -Xcc -I/Users/admin/builder/spi-builder-workspace/.derivedData/Build/Intermediates.noindex/swift-html-to-pdf.build/Debug-watchos/HtmlToPdfTypes-t.build/DerivedSources/arm64 -Xcc -I/Users/admin/builder/spi-builder-workspace/.derivedData/Build/Intermediates.noindex/swift-html-to-pdf.build/Debug-watchos/HtmlToPdfTypes-t.build/DerivedSources -Xcc -DSWIFT_PACKAGE -Xcc -DDEBUG\=1 -emit-objc-header -emit-objc-header-path /Users/admin/builder/spi-builder-workspace/.derivedData/Build/Intermediates.noindex/swift-html-to-pdf.build/Debug-watchos/HtmlToPdfTypes-t.build/Objects-normal/arm64/HtmlToPdfTypes-Swift.h -working-directory /Users/admin/builder/spi-builder-workspace/.swiftpm/xcode -experimental-emit-module-separately -disable-cmo
Ld /Users/admin/builder/spi-builder-workspace/.derivedData/Build/Intermediates.noindex/swift-html-to-pdf.build/Debug-watchos/HtmlToPdfTypes-t.build/Objects-normal/arm64/Binary/HtmlToPdfTypes.o normal arm64 (in target 'HtmlToPdfTypes' from project 'swift-html-to-pdf')
cd /Users/admin/builder/spi-builder-workspace
/Applications/Xcode-27.0.0-Release.Candidate.app/Contents/Developer/Toolchains/XcodeDefault.xctoolchain/usr/bin/clang -Xlinker -reproducible -target arm64-apple-watchos9.0 -r -isysroot /Applications/Xcode-27.0.0-Release.Candidate.app/Contents/Developer/Platforms/WatchOS.platform/Developer/SDKs/WatchOS27.0.sdk -O0 -Xlinker -no_warn_duplicate_libraries -F/Users/admin/builder/spi-builder-workspace/.derivedData/Build/Intermediates.noindex/EagerLinkingTBDs/Debug-watchos -F/Users/admin/builder/spi-builder-workspace/.derivedData/Build/Products/Debug-watchos/PackageFrameworks -F/Users/admin/builder/spi-builder-workspace/.derivedData/Build/Products/Debug-watchos -iframework /Applications/Xcode-27.0.0-Release.Candidate.app/Contents/Developer/Platforms/WatchOS.platform/Developer/Library/Frameworks -iframework /Applications/Xcode-27.0.0-Release.Candidate.app/Contents/Developer/Platforms/WatchOS.platform/Developer/SDKs/WatchOS27.0.sdk/Developer/Library/Frameworks -filelist /Users/admin/builder/spi-builder-workspace/.derivedData/Build/Intermediates.noindex/swift-html-to-pdf.build/Debug-watchos/HtmlToPdfTypes-t.build/Objects-normal/arm64/HtmlToPdfTypes.LinkFileList -nostdlib -Xlinker -object_path_lto -Xlinker /Users/admin/builder/spi-builder-workspace/.derivedData/Build/Intermediates.noindex/swift-html-to-pdf.build/Debug-watchos/HtmlToPdfTypes-t.build/Objects-normal/arm64/HtmlToPdfTypes_lto.o -Xlinker -no_deduplicate -Xlinker -debug_variant -Xlinker -dependency_info -Xlinker /Users/admin/builder/spi-builder-workspace/.derivedData/Build/Intermediates.noindex/swift-html-to-pdf.build/Debug-watchos/HtmlToPdfTypes-t.build/Objects-normal/arm64/HtmlToPdfTypes_dependency_info.dat -fobjc-link-runtime -L/Applications/Xcode-27.0.0-Release.Candidate.app/Contents/Developer/Toolchains/XcodeDefault.xctoolchain/usr/lib/swift/watchos -L/usr/lib/swift -Xlinker -add_ast_path -Xlinker /Users/admin/builder/spi-builder-workspace/.derivedData/Build/Intermediates.noindex/swift-html-to-pdf.build/Debug-watchos/HtmlToPdfTypes-t.build/Objects-normal/arm64/HtmlToPdfTypes.swiftmodule -o /Users/admin/builder/spi-builder-workspace/.derivedData/Build/Intermediates.noindex/swift-html-to-pdf.build/Debug-watchos/HtmlToPdfTypes-t.build/Objects-normal/arm64/Binary/HtmlToPdfTypes.o
SwiftDriverJobDiscovery normal arm64_32 Compiling PDF.PaperSize.swift, PDF.Render.Client.swift (in target 'HtmlToPdfTypes' from project 'swift-html-to-pdf')
SwiftExplicitDependencyCompileModuleFromInterface arm64_32 /Users/admin/builder/spi-builder-workspace/.derivedData/Build/Intermediates.noindex/SwiftExplicitPrecompiledModules/Testing-1IZ4GKHUNKJZ3.swiftmodule
SwiftDriverJobDiscovery normal arm64_32 Compiling PDF.Document.swift, PDF.EdgeInsets.swift (in target 'HtmlToPdfTypes' from project 'swift-html-to-pdf')
SwiftExplicitDependencyCompileModuleFromInterface arm64 /Users/admin/builder/spi-builder-workspace/.derivedData/Build/Intermediates.noindex/SwiftExplicitPrecompiledModules/Testing-18HF1NN8XQU76.swiftmodule
SwiftDriver\ Compilation HtmlToPdfTypes normal arm64_32 com.apple.xcode.tools.swift.compiler (in target 'HtmlToPdfTypes' from project 'swift-html-to-pdf')
cd /Users/admin/builder/spi-builder-workspace/.swiftpm/xcode
builtin-Swift-Compilation -- /Applications/Xcode-27.0.0-Release.Candidate.app/Contents/Developer/Toolchains/XcodeDefault.xctoolchain/usr/bin/swiftc -parse-as-library -module-name HtmlToPdfTypes -Onone @/Users/admin/builder/spi-builder-workspace/.derivedData/Build/Intermediates.noindex/swift-html-to-pdf.build/Debug-watchos/HtmlToPdfTypes-t.build/Objects-normal/arm64_32/HtmlToPdfTypes.SwiftFileList -DSWIFT_PACKAGE -DDEBUG -DSWIFT_MODULE_RESOURCE_BUNDLE_UNAVAILABLE -DXcode -plugin-path /Applications/Xcode-27.0.0-Release.Candidate.app/Contents/Developer/Toolchains/XcodeDefault.xctoolchain/usr/lib/swift/host/plugins/testing -enable-experimental-feature DebugDescriptionMacro -sdk /Applications/Xcode-27.0.0-Release.Candidate.app/Contents/Developer/Platforms/WatchOS.platform/Developer/SDKs/WatchOS27.0.sdk -target arm64_32-apple-watchos9.0 -g -module-cache-path /Users/admin/builder/spi-builder-workspace/.derivedData/ModuleCache.noindex -Xfrontend -serialize-debugging-options -profile-coverage-mapping -profile-generate -enable-testing -index-store-path /Users/admin/builder/spi-builder-workspace/.derivedData/Index.noindex/DataStore -Xcc -D_LIBCPP_HARDENING_MODE\=_LIBCPP_HARDENING_MODE_DEBUG -swift-version 6 -I /Users/admin/builder/spi-builder-workspace/.derivedData/Build/Products/Debug-watchos -Isystem /Applications/Xcode-27.0.0-Release.Candidate.app/Contents/Developer/Platforms/WatchOS.platform/Developer/usr/lib -F /Users/admin/builder/spi-builder-workspace/.derivedData/Build/Products/Debug-watchos/PackageFrameworks -F /Users/admin/builder/spi-builder-workspace/.derivedData/Build/Products/Debug-watchos -F /Applications/Xcode-27.0.0-Release.Candidate.app/Contents/Developer/Platforms/WatchOS.platform/Developer/Library/Frameworks -F /Applications/Xcode-27.0.0-Release.Candidate.app/Contents/Developer/Platforms/WatchOS.platform/Developer/SDKs/WatchOS27.0.sdk/Developer/Library/Frameworks -Xfrontend -load-plugin-executable -Xfrontend /Users/admin/builder/spi-builder-workspace/.derivedData/Build/Products/Debug/DependenciesMacrosPlugin\#DependenciesMacrosPlugin -c -j10 -enable-batch-mode -incremental -Xcc -ivfsstatcache -Xcc /Users/admin/builder/spi-builder-workspace/.derivedData/SDKStatCaches.noindex/watchos27.0-24R360-e829b21a6f8c9b70876ba0858053c04477534ef55a1706bf4c1112bbb242f0a2.sdkstatcache -output-file-map /Users/admin/builder/spi-builder-workspace/.derivedData/Build/Intermediates.noindex/swift-html-to-pdf.build/Debug-watchos/HtmlToPdfTypes-t.build/Objects-normal/arm64_32/HtmlToPdfTypes-OutputFileMap.json -save-temps -no-color-diagnostics -explicit-module-build -module-cache-path /Users/admin/builder/spi-builder-workspace/.derivedData/Build/Intermediates.noindex/SwiftExplicitPrecompiledModules -clang-scanner-module-cache-path /Users/admin/builder/spi-builder-workspace/.derivedData/ModuleCache.noindex -sdk-module-cache-path /Users/admin/builder/spi-builder-workspace/.derivedData/SDKExplicitPrecompiledModules -emit-dependencies -emit-module -emit-module-path /Users/admin/builder/spi-builder-workspace/.derivedData/Build/Intermediates.noindex/swift-html-to-pdf.build/Debug-watchos/HtmlToPdfTypes-t.build/Objects-normal/arm64_32/HtmlToPdfTypes.swiftmodule -serialize-diagnostics -dependency-scan-serialize-diagnostics-path /Users/admin/builder/spi-builder-workspace/.derivedData/Build/Intermediates.noindex/swift-html-to-pdf.build/Debug-watchos/HtmlToPdfTypes-t.build/Objects-normal/arm64_32/HtmlToPdfTypes-dependency-scan.dia -validate-clang-modules-once -clang-build-session-file /Users/admin/builder/spi-builder-workspace/.derivedData/ModuleCache.noindex/Session.modulevalidation -Xcc -fmodules-prune-interval\=86400 -Xcc -fmodules-prune-after\=345600 -package-name spi_builder_workspace -emit-const-values -const-gather-protocols-list /Users/admin/builder/spi-builder-workspace/.derivedData/Build/Intermediates.noindex/swift-html-to-pdf.build/Debug-watchos/HtmlToPdfTypes-t.build/Objects-normal/arm64_32/HtmlToPdfTypes_const_extract_protocols.json -Xcc -I/Users/admin/builder/spi-builder-workspace/.derivedData/Build/Products/Debug-watchos/include -Xcc -I/Users/admin/builder/spi-builder-workspace/.derivedData/Build/Intermediates.noindex/swift-html-to-pdf.build/Debug-watchos/HtmlToPdfTypes-t.build/DerivedSources-normal/arm64_32 -Xcc -I/Users/admin/builder/spi-builder-workspace/.derivedData/Build/Intermediates.noindex/swift-html-to-pdf.build/Debug-watchos/HtmlToPdfTypes-t.build/DerivedSources/arm64_32 -Xcc -I/Users/admin/builder/spi-builder-workspace/.derivedData/Build/Intermediates.noindex/swift-html-to-pdf.build/Debug-watchos/HtmlToPdfTypes-t.build/DerivedSources -Xcc -DSWIFT_PACKAGE -Xcc -DDEBUG\=1 -emit-objc-header -emit-objc-header-path /Users/admin/builder/spi-builder-workspace/.derivedData/Build/Intermediates.noindex/swift-html-to-pdf.build/Debug-watchos/HtmlToPdfTypes-t.build/Objects-normal/arm64_32/HtmlToPdfTypes-Swift.h -working-directory /Users/admin/builder/spi-builder-workspace/.swiftpm/xcode -experimental-emit-module-separately -disable-cmo
Ld /Users/admin/builder/spi-builder-workspace/.derivedData/Build/Intermediates.noindex/swift-html-to-pdf.build/Debug-watchos/HtmlToPdfTypes-t.build/Objects-normal/arm64_32/Binary/HtmlToPdfTypes.o normal arm64_32 (in target 'HtmlToPdfTypes' from project 'swift-html-to-pdf')
cd /Users/admin/builder/spi-builder-workspace
/Applications/Xcode-27.0.0-Release.Candidate.app/Contents/Developer/Toolchains/XcodeDefault.xctoolchain/usr/bin/clang -Xlinker -reproducible -target arm64_32-apple-watchos9.0 -r -isysroot /Applications/Xcode-27.0.0-Release.Candidate.app/Contents/Developer/Platforms/WatchOS.platform/Developer/SDKs/WatchOS27.0.sdk -O0 -Xlinker -no_warn_duplicate_libraries -F/Users/admin/builder/spi-builder-workspace/.derivedData/Build/Intermediates.noindex/EagerLinkingTBDs/Debug-watchos -F/Users/admin/builder/spi-builder-workspace/.derivedData/Build/Products/Debug-watchos/PackageFrameworks -F/Users/admin/builder/spi-builder-workspace/.derivedData/Build/Products/Debug-watchos -iframework /Applications/Xcode-27.0.0-Release.Candidate.app/Contents/Developer/Platforms/WatchOS.platform/Developer/Library/Frameworks -iframework /Applications/Xcode-27.0.0-Release.Candidate.app/Contents/Developer/Platforms/WatchOS.platform/Developer/SDKs/WatchOS27.0.sdk/Developer/Library/Frameworks -filelist /Users/admin/builder/spi-builder-workspace/.derivedData/Build/Intermediates.noindex/swift-html-to-pdf.build/Debug-watchos/HtmlToPdfTypes-t.build/Objects-normal/arm64_32/HtmlToPdfTypes.LinkFileList -nostdlib -Xlinker -object_path_lto -Xlinker /Users/admin/builder/spi-builder-workspace/.derivedData/Build/Intermediates.noindex/swift-html-to-pdf.build/Debug-watchos/HtmlToPdfTypes-t.build/Objects-normal/arm64_32/HtmlToPdfTypes_lto.o -Xlinker -no_deduplicate -Xlinker -debug_variant -Xlinker -dependency_info -Xlinker /Users/admin/builder/spi-builder-workspace/.derivedData/Build/Intermediates.noindex/swift-html-to-pdf.build/Debug-watchos/HtmlToPdfTypes-t.build/Objects-normal/arm64_32/HtmlToPdfTypes_dependency_info.dat -fobjc-link-runtime -L/Applications/Xcode-27.0.0-Release.Candidate.app/Contents/Developer/Toolchains/XcodeDefault.xctoolchain/usr/lib/swift/watchos -L/usr/lib/swift -Xlinker -add_ast_path -Xlinker /Users/admin/builder/spi-builder-workspace/.derivedData/Build/Intermediates.noindex/swift-html-to-pdf.build/Debug-watchos/HtmlToPdfTypes-t.build/Objects-normal/arm64_32/HtmlToPdfTypes.swiftmodule -o /Users/admin/builder/spi-builder-workspace/.derivedData/Build/Intermediates.noindex/swift-html-to-pdf.build/Debug-watchos/HtmlToPdfTypes-t.build/Objects-normal/arm64_32/Binary/HtmlToPdfTypes.o
PruneExplicitPrecompiledModules /Users/admin/builder/spi-builder-workspace/.derivedData/SDKExplicitPrecompiledModules
PruneExplicitPrecompiledModules /Users/admin/builder/spi-builder-workspace/.derivedData/Build/Intermediates.noindex/ExplicitPrecompiledModules
PruneExplicitPrecompiledModules /Users/admin/builder/spi-builder-workspace/.derivedData/Build/Intermediates.noindex/SwiftExplicitPrecompiledModules
2026-09-27 14:35:41.543 xcodebuild[1258:7007] [MT] IDERunDestination: Supported platforms for the buildables in the current scheme is empty.
** BUILD FAILED **
The following build commands failed:
SwiftDriver HtmlToPdfLive normal arm64 com.apple.xcode.tools.swift.compiler (in target 'HtmlToPdfLive' from project 'swift-html-to-pdf')
SwiftDriver HtmlToPdfLive normal arm64_32 com.apple.xcode.tools.swift.compiler (in target 'HtmlToPdfLive' from project 'swift-html-to-pdf')
Building workspace swift-html-to-pdf with scheme swift-html-to-pdf-Package
(3 failures)
Command line invocation:
/Applications/Xcode-27.0.0-Release.Candidate.app/Contents/Developer/usr/bin/xcodebuild -IDEClonedSourcePackagesDirPathOverride=/Users/admin/builder/spi-builder-workspace/.dependencies -resolvePackageDependencies
Resolve Package Graph
Invalid Exclude '/Users/admin/builder/spi-builder-workspace/Tests/HtmlToPdfLiveTests/StressTestLogs': File not found.
Resolved source packages:
swift-dependencies: https://github.com/pointfreeco/swift-dependencies @ 1.17.1
swift-issue-reporting: https://github.com/pointfreeco/swift-issue-reporting @ 2.1.1
swift-log: https://github.com/apple/swift-log @ 1.15.1
swift-html-to-pdf: /Users/admin/builder/spi-builder-workspace
swift-concurrency-extras: https://github.com/pointfreeco/swift-concurrency-extras @ 1.4.1
SwiftDocCPlugin: https://github.com/apple/swift-docc-plugin @ 1.5.0
swift-metrics: https://github.com/apple/swift-metrics @ 2.11.0
swift-resource-pool: https://github.com/coenttb/swift-resource-pool @ 0.2.0
swift-logging-extras: https://github.com/coenttb/swift-logging-extras @ 0.1.1
SymbolKit: https://github.com/swiftlang/swift-docc-symbolkit @ 1.0.0
swift-clocks: https://github.com/pointfreeco/swift-clocks @ 1.1.1
combine-schedulers: https://github.com/pointfreeco/combine-schedulers @ 1.2.2
swift-syntax: https://github.com/swiftlang/swift-syntax @ 604.0.0
resolved source packages: swift-dependencies, swift-issue-reporting, swift-log, swift-html-to-pdf, swift-concurrency-extras, SwiftDocCPlugin, swift-metrics, swift-resource-pool, swift-logging-extras, SymbolKit, swift-clocks, combine-schedulers, swift-syntax
2026-09-27 14:36:11.377 xcodebuild[1953:11146] [MT] IDERunDestination: Supported platforms for the buildables in the current scheme is empty.
{
"dependencies" : [
{
"identity" : "swift-dependencies",
"requirement" : {
"range" : [
{
"lower_bound" : "1.8.0",
"upper_bound" : "2.0.0"
}
]
},
"type" : "sourceControl",
"url" : "https://github.com/pointfreeco/swift-dependencies"
},
{
"identity" : "swift-logging-extras",
"requirement" : {
"range" : [
{
"lower_bound" : "0.1.1",
"upper_bound" : "1.0.0"
}
]
},
"type" : "sourceControl",
"url" : "https://github.com/coenttb/swift-logging-extras"
},
{
"identity" : "swift-metrics",
"requirement" : {
"range" : [
{
"lower_bound" : "2.4.0",
"upper_bound" : "3.0.0"
}
]
},
"type" : "sourceControl",
"url" : "https://github.com/apple/swift-metrics"
},
{
"identity" : "swift-resource-pool",
"requirement" : {
"range" : [
{
"lower_bound" : "0.1.3",
"upper_bound" : "1.0.0"
}
]
},
"type" : "sourceControl",
"url" : "https://github.com/coenttb/swift-resource-pool"
},
{
"identity" : "swift-html",
"requirement" : {
"range" : [
{
"lower_bound" : "0.11.1",
"upper_bound" : "1.0.0"
}
]
},
"type" : "sourceControl",
"url" : "https://github.com/coenttb/swift-html"
},
{
"identity" : "swift-docc-plugin",
"requirement" : {
"range" : [
{
"lower_bound" : "1.0.0",
"upper_bound" : "2.0.0"
}
]
},
"type" : "sourceControl",
"url" : "https://github.com/apple/swift-docc-plugin"
}
],
"manifest_display_name" : "swift-html-to-pdf",
"name" : "swift-html-to-pdf",
"path" : "/Users/admin/builder/spi-builder-workspace",
"platforms" : [
{
"name" : "macos",
"version" : "13.0"
},
{
"name" : "ios",
"version" : "16.0"
},
{
"name" : "visionos",
"version" : "1.0"
}
],
"products" : [
{
"name" : "HtmlToPdfTypes",
"targets" : [
"HtmlToPdfTypes"
],
"type" : {
"library" : [
"automatic"
]
}
},
{
"name" : "HtmlToPdfLive",
"targets" : [
"HtmlToPdfLive"
],
"type" : {
"library" : [
"automatic"
]
}
},
{
"name" : "HtmlToPdf",
"targets" : [
"HtmlToPdf"
],
"type" : {
"library" : [
"automatic"
]
}
},
{
"name" : "PDFTestSupport",
"targets" : [
"PDFTestSupport"
],
"type" : {
"library" : [
"automatic"
]
}
}
],
"targets" : [
{
"c99name" : "PDFTestSupport",
"module_type" : "SwiftTarget",
"name" : "PDFTestSupport",
"path" : "Sources/PDFTestSupport",
"product_dependencies" : [
"Dependencies",
"Metrics"
],
"product_memberships" : [
"PDFTestSupport"
],
"sources" : [
"MetricsTestSupport.swift",
"PDF.Render.Metrics+TestSupport.swift",
"PDFVerification.swift",
"TestCSS.swift",
"TestHTML.swift",
"TestImages.swift",
"TestMetricsBackend.swift",
"TestUtilities.swift",
"iOSPrintFormatterRenderer.swift",
"withTemporaryDirectory.swift"
],
"target_dependencies" : [
"HtmlToPdfTypes"
],
"type" : "library"
},
{
"c99name" : "HtmlToPdfTypesTests",
"module_type" : "SwiftTarget",
"name" : "HtmlToPdfTypesTests",
"path" : "Tests/HtmlToPdfTypesTests",
"product_dependencies" : [
"DependenciesTestSupport"
],
"sources" : [
"HtmlToPdfTypesTests.swift"
],
"target_dependencies" : [
"HtmlToPdfTypes"
],
"type" : "test"
},
{
"c99name" : "HtmlToPdfTypes",
"module_type" : "SwiftTarget",
"name" : "HtmlToPdfTypes",
"path" : "Sources/HtmlToPdfTypes",
"product_dependencies" : [
"Dependencies",
"DependenciesMacros"
],
"product_memberships" : [
"HtmlToPdfTypes",
"HtmlToPdfLive",
"HtmlToPdf",
"PDFTestSupport"
],
"sources" : [
"PDF.Appearance.swift",
"PDF.Configuration.swift",
"PDF.Document.swift",
"PDF.EdgeInsets.swift",
"PDF.NamingStrategy.swift",
"PDF.PaginationMode.swift",
"PDF.PaperSize.swift",
"PDF.Render.Client.swift",
"PDF.Render.ConcurrencyStrategy.swift",
"PDF.Render.FailedDocument.swift",
"PDF.Render.Metrics.swift",
"PDF.Render.Result.swift",
"PDF.Render.swift",
"PDF.swift",
"PrintingError.swift",
"exports.swift"
],
"type" : "library"
},
{
"c99name" : "HtmlToPdfTests",
"module_type" : "SwiftTarget",
"name" : "HtmlToPdfTests",
"path" : "Tests/HtmlToPdfTests",
"product_dependencies" : [
"DependenciesTestSupport"
],
"sources" : [
"DeprecatedAPITest.swift",
"HTMLDSLExamplesTests.swift",
"HtmlToPdfTests.swift",
"ReadmeVerification.swift"
],
"target_dependencies" : [
"HtmlToPdf",
"PDFTestSupport"
],
"type" : "test"
},
{
"c99name" : "HtmlToPdfLiveTests",
"module_type" : "SwiftTarget",
"name" : "HtmlToPdfLiveTests",
"path" : "Tests/HtmlToPdfLiveTests",
"product_dependencies" : [
"DependenciesTestSupport"
],
"resources" : [
{
"path" : "/Users/admin/builder/spi-builder-workspace/Tests/HtmlToPdfLiveTests/Resources/coenttb.png",
"rule" : {
"process" : {
}
}
}
],
"sources" : [
"AppearanceTests.swift",
"AsyncStreamTests.swift",
"BaseURLTests.swift",
"BasicFunctionalityTests.swift",
"CancellationTests.swift",
"ConcurrencyTests.swift",
"ConvenienceTests.swift",
"ErrorHandlingTests.swift",
"MetricsIntegrationTests.swift",
"MetricsTests.swift",
"NamingCollisionTests.swift",
"PaginationModeTests.swift",
"PerformanceBenchmarks.swift",
"PlatformSpecificTests.swift",
"PrintQualityExperiment.swift",
"StressTests.swift",
"Swift6ConcurrencyTests.swift",
"Utils.swift",
"VisualVerificationTest.swift",
"WebViewMemoryTests.swift"
],
"target_dependencies" : [
"HtmlToPdfLive",
"PDFTestSupport"
],
"type" : "test"
},
{
"c99name" : "HtmlToPdfLive",
"module_type" : "SwiftTarget",
"name" : "HtmlToPdfLive",
"path" : "Sources/HtmlToPdfLive",
"product_dependencies" : [
"Dependencies",
"DependenciesMacros",
"LoggingExtras",
"Metrics",
"ResourcePool"
],
"product_memberships" : [
"HtmlToPdfLive",
"HtmlToPdf"
],
"sources" : [
"DirectoryCache.swift",
"FileSystemHelpers.swift",
"PDF+Convenience.swift",
"PDF+DependencyKey.swift",
"PDF+TestDependencyKey.swift",
"PDF.Render+Convenience.swift",
"PDF.Render+TestDependencyKey.swift",
"PDF.Render.Client+Convenience.swift",
"PDF.Render.Client+iOS.swift",
"PDF.Render.Client+macOS.swift",
"PDF.Render.Metrics+macOS.swift",
"WKWebViewResource.swift",
"WebViewPoolClient-ResourcePool.swift",
"exports.swift"
],
"target_dependencies" : [
"HtmlToPdfTypes"
],
"type" : "library"
},
{
"c99name" : "HtmlToPdf",
"module_type" : "SwiftTarget",
"name" : "HtmlToPdf",
"path" : "Sources/HtmlToPdf",
"product_memberships" : [
"HtmlToPdf"
],
"sources" : [
"Deprecations.swift",
"PDF+Convenience.swift",
"PDF.Document+HTML.swift",
"exports.swift"
],
"target_dependencies" : [
"HtmlToPdfLive"
],
"type" : "library"
}
],
"tools_version" : "6.2"
}
warning: 'spi-builder-workspace': Invalid Exclude '/Users/admin/builder/spi-builder-workspace/Tests/HtmlToPdfLiveTests/StressTestLogs': File not found.
{
"workspace" : {
"name" : "swift-html-to-pdf",
"schemes" : [
"HtmlToPdf",
"HtmlToPdfLive",
"HtmlToPdfTypes",
"PDFTestSupport",
"swift-html-to-pdf-Package"
]
}
}
2026-09-27 14:36:19.675 xcodebuild[2012:11539] [MT] IDERunDestination: Supported platforms for the buildables in the current scheme is empty.
Running build ...
env DEVELOPER_DIR=/Applications/Xcode-27.0.0-Release.Candidate.app xcrun xcodebuild -IDEClonedSourcePackagesDirPathOverride=$PWD/.dependencies -skipMacroValidation -skipPackagePluginValidation -derivedDataPath $PWD/.derivedData build -scheme swift-html-to-pdf-Package -destination generic/platform=watchOS
Command line invocation:
/Applications/Xcode-27.0.0-Release.Candidate.app/Contents/Developer/usr/bin/xcodebuild -IDEClonedSourcePackagesDirPathOverride=/Users/admin/builder/spi-builder-workspace/.dependencies -skipMacroValidation -skipPackagePluginValidation -derivedDataPath /Users/admin/builder/spi-builder-workspace/.derivedData build -scheme swift-html-to-pdf-Package -destination generic/platform=watchOS
Resolve Package Graph
Invalid Exclude '/Users/admin/builder/spi-builder-workspace/Tests/HtmlToPdfLiveTests/StressTestLogs': File not found.
Resolved source packages:
combine-schedulers: https://github.com/pointfreeco/combine-schedulers @ 1.2.2
swift-syntax: https://github.com/swiftlang/swift-syntax @ 604.0.0
SymbolKit: https://github.com/swiftlang/swift-docc-symbolkit @ 1.0.0
swift-logging-extras: https://github.com/coenttb/swift-logging-extras @ 0.1.1
swift-dependencies: https://github.com/pointfreeco/swift-dependencies @ 1.17.1
swift-clocks: https://github.com/pointfreeco/swift-clocks @ 1.1.1
SwiftDocCPlugin: https://github.com/apple/swift-docc-plugin @ 1.5.0
swift-metrics: https://github.com/apple/swift-metrics @ 2.11.0
swift-issue-reporting: https://github.com/pointfreeco/swift-issue-reporting @ 2.1.1
swift-html-to-pdf: /Users/admin/builder/spi-builder-workspace
swift-log: https://github.com/apple/swift-log @ 1.15.1
swift-resource-pool: https://github.com/coenttb/swift-resource-pool @ 0.2.0
swift-concurrency-extras: https://github.com/pointfreeco/swift-concurrency-extras @ 1.4.1
ComputePackagePrebuildTargetDependencyGraph
Prepare packages
CreateBuildRequest
SendProjectDescription
CreateBuildOperation
ComputeTargetDependencyGraph
note: Building targets in dependency order
note: Target dependency graph (30 targets)
Target 'PDFTestSupport-product' in project 'swift-html-to-pdf'
➜ Explicit dependency on target 'PDFTestSupport' in project 'swift-html-to-pdf'
➜ Explicit dependency on target 'HtmlToPdfTypes' in project 'swift-html-to-pdf'
➜ Explicit dependency on target 'Dependencies-product' in project 'swift-dependencies'
➜ Explicit dependency on target 'DependenciesMacros-product' in project 'swift-dependencies'
➜ Explicit dependency on target 'Metrics-product' in project 'swift-metrics'
Target 'PDFTestSupport' in project 'swift-html-to-pdf'
➜ Explicit dependency on target 'HtmlToPdfTypes' in project 'swift-html-to-pdf'
➜ Explicit dependency on target 'Dependencies-product' in project 'swift-dependencies'
➜ Explicit dependency on target 'DependenciesMacros-product' in project 'swift-dependencies'
➜ Explicit dependency on target 'Metrics-product' in project 'swift-metrics'
Target 'HtmlToPdf-product' in project 'swift-html-to-pdf'
➜ Explicit dependency on target 'HtmlToPdf' in project 'swift-html-to-pdf'
➜ Explicit dependency on target 'HtmlToPdfTypes' in project 'swift-html-to-pdf'
➜ Explicit dependency on target 'HtmlToPdfLive' in project 'swift-html-to-pdf'
➜ Explicit dependency on target 'Dependencies-product' in project 'swift-dependencies'
➜ Explicit dependency on target 'DependenciesMacros-product' in project 'swift-dependencies'
➜ Explicit dependency on target 'LoggingExtras-product' in project 'swift-logging-extras'
➜ Explicit dependency on target 'Metrics-product' in project 'swift-metrics'
➜ Explicit dependency on target 'ResourcePool-product' in project 'swift-resource-pool'
Target 'HtmlToPdf' in project 'swift-html-to-pdf'
➜ Explicit dependency on target 'HtmlToPdfTypes' in project 'swift-html-to-pdf'
➜ Explicit dependency on target 'HtmlToPdfLive' in project 'swift-html-to-pdf'
➜ Explicit dependency on target 'Dependencies-product' in project 'swift-dependencies'
➜ Explicit dependency on target 'DependenciesMacros-product' in project 'swift-dependencies'
➜ Explicit dependency on target 'LoggingExtras-product' in project 'swift-logging-extras'
➜ Explicit dependency on target 'Metrics-product' in project 'swift-metrics'
➜ Explicit dependency on target 'ResourcePool-product' in project 'swift-resource-pool'
Target 'HtmlToPdfLive-product' in project 'swift-html-to-pdf'
➜ Explicit dependency on target 'HtmlToPdfLive' in project 'swift-html-to-pdf'
➜ Explicit dependency on target 'HtmlToPdfTypes' in project 'swift-html-to-pdf'
➜ Explicit dependency on target 'Dependencies-product' in project 'swift-dependencies'
➜ Explicit dependency on target 'DependenciesMacros-product' in project 'swift-dependencies'
➜ Explicit dependency on target 'LoggingExtras-product' in project 'swift-logging-extras'
➜ Explicit dependency on target 'Metrics-product' in project 'swift-metrics'
➜ Explicit dependency on target 'ResourcePool-product' in project 'swift-resource-pool'
Target 'HtmlToPdfLive' in project 'swift-html-to-pdf'
➜ Explicit dependency on target 'HtmlToPdfTypes' in project 'swift-html-to-pdf'
➜ Explicit dependency on target 'Dependencies-product' in project 'swift-dependencies'
➜ Explicit dependency on target 'DependenciesMacros-product' in project 'swift-dependencies'
➜ Explicit dependency on target 'LoggingExtras-product' in project 'swift-logging-extras'
➜ Explicit dependency on target 'Metrics-product' in project 'swift-metrics'
➜ Explicit dependency on target 'ResourcePool-product' in project 'swift-resource-pool'
Target 'ResourcePool-product' in project 'swift-resource-pool'
➜ Explicit dependency on target 'ResourcePool' in project 'swift-resource-pool'
Target 'ResourcePool' in project 'swift-resource-pool' (no dependencies)
Target 'Metrics-product' in project 'swift-metrics'
➜ Explicit dependency on target 'Metrics' in project 'swift-metrics'
➜ Explicit dependency on target 'CoreMetrics' in project 'swift-metrics'
Target 'Metrics' in project 'swift-metrics'
➜ Explicit dependency on target 'CoreMetrics' in project 'swift-metrics'
Target 'CoreMetrics' in project 'swift-metrics' (no dependencies)
Target 'LoggingExtras-product' in project 'swift-logging-extras'
➜ Explicit dependency on target 'LoggingExtras' in project 'swift-logging-extras'
➜ Explicit dependency on target 'Dependencies-product' in project 'swift-dependencies'
➜ Explicit dependency on target 'Logging-product' in project 'swift-log'
Target 'LoggingExtras' in project 'swift-logging-extras'
➜ Explicit dependency on target 'Dependencies-product' in project 'swift-dependencies'
➜ Explicit dependency on target 'Logging-product' in project 'swift-log'
Target 'Logging-product' in project 'swift-log'
➜ Explicit dependency on target 'Logging' in project 'swift-log'
Target 'Logging' in project 'swift-log' (no dependencies)
Target 'HtmlToPdfTypes-product' in project 'swift-html-to-pdf'
➜ Explicit dependency on target 'HtmlToPdfTypes' in project 'swift-html-to-pdf'
➜ Explicit dependency on target 'Dependencies-product' in project 'swift-dependencies'
➜ Explicit dependency on target 'DependenciesMacros-product' in project 'swift-dependencies'
Target 'HtmlToPdfTypes' in project 'swift-html-to-pdf'
➜ Explicit dependency on target 'Dependencies-product' in project 'swift-dependencies'
➜ Explicit dependency on target 'DependenciesMacros-product' in project 'swift-dependencies'
Target 'DependenciesMacros-product' in project 'swift-dependencies'
➜ Explicit dependency on target 'DependenciesMacros' in project 'swift-dependencies'
➜ Explicit dependency on target 'DependenciesMacrosPlugin' in project 'swift-dependencies'
➜ Explicit dependency on target 'IssueReporting-product' in project 'swift-issue-reporting'
Target 'DependenciesMacros' in project 'swift-dependencies'
➜ Explicit dependency on target 'DependenciesMacrosPlugin' in project 'swift-dependencies'
➜ Explicit dependency on target 'IssueReporting-product' in project 'swift-issue-reporting'
Target 'DependenciesMacrosPlugin' in project 'swift-dependencies' (no dependencies)
Target 'Dependencies-product' in project 'swift-dependencies'
➜ Explicit dependency on target 'Dependencies' in project 'swift-dependencies'
➜ Explicit dependency on target 'Clocks-product' in project 'swift-clocks'
➜ Explicit dependency on target 'CombineSchedulers-product' in project 'combine-schedulers'
➜ Explicit dependency on target 'ConcurrencyExtras-product' in project 'swift-concurrency-extras'
➜ Explicit dependency on target 'IssueReporting-product' in project 'swift-issue-reporting'
Target 'Dependencies' in project 'swift-dependencies'
➜ Explicit dependency on target 'Clocks-product' in project 'swift-clocks'
➜ Explicit dependency on target 'CombineSchedulers-product' in project 'combine-schedulers'
➜ Explicit dependency on target 'ConcurrencyExtras-product' in project 'swift-concurrency-extras'
➜ Explicit dependency on target 'IssueReporting-product' in project 'swift-issue-reporting'
Target 'CombineSchedulers-product' in project 'combine-schedulers'
➜ Explicit dependency on target 'CombineSchedulers' in project 'combine-schedulers'
➜ Explicit dependency on target 'ConcurrencyExtras-product' in project 'swift-concurrency-extras'
➜ Explicit dependency on target 'IssueReporting-product' in project 'swift-issue-reporting'
Target 'CombineSchedulers' in project 'combine-schedulers'
➜ Explicit dependency on target 'ConcurrencyExtras-product' in project 'swift-concurrency-extras'
➜ Explicit dependency on target 'IssueReporting-product' in project 'swift-issue-reporting'
Target 'Clocks-product' in project 'swift-clocks'
➜ Explicit dependency on target 'Clocks' in project 'swift-clocks'
➜ Explicit dependency on target 'ConcurrencyExtras-product' in project 'swift-concurrency-extras'
➜ Explicit dependency on target 'IssueReporting-product' in project 'swift-issue-reporting'
Target 'Clocks' in project 'swift-clocks'
➜ Explicit dependency on target 'ConcurrencyExtras-product' in project 'swift-concurrency-extras'
➜ Explicit dependency on target 'IssueReporting-product' in project 'swift-issue-reporting'
Target 'IssueReporting-product' in project 'swift-issue-reporting'
➜ Explicit dependency on target 'IssueReporting' in project 'swift-issue-reporting'
Target 'IssueReporting' in project 'swift-issue-reporting' (no dependencies)
Target 'ConcurrencyExtras-product' in project 'swift-concurrency-extras'
➜ Explicit dependency on target 'ConcurrencyExtras' in project 'swift-concurrency-extras'
Target 'ConcurrencyExtras' in project 'swift-concurrency-extras' (no dependencies)
GatherProvisioningInputs
CreateBuildDescription
ClangStatCache /Applications/Xcode-27.0.0-Release.Candidate.app/Contents/Developer/Toolchains/XcodeDefault.xctoolchain/usr/bin/clang-stat-cache /Applications/Xcode-27.0.0-Release.Candidate.app/Contents/Developer/Platforms/WatchOS.platform/Developer/SDKs/WatchOS27.0.sdk /Users/admin/builder/spi-builder-workspace/.derivedData/SDKStatCaches.noindex/watchos27.0-24R360-e829b21a6f8c9b70876ba0858053c04477534ef55a1706bf4c1112bbb242f0a2.sdkstatcache
cd /Users/admin/builder/spi-builder-workspace/.swiftpm/xcode
/Applications/Xcode-27.0.0-Release.Candidate.app/Contents/Developer/Toolchains/XcodeDefault.xctoolchain/usr/bin/clang-stat-cache /Applications/Xcode-27.0.0-Release.Candidate.app/Contents/Developer/Platforms/WatchOS.platform/Developer/SDKs/WatchOS27.0.sdk -o /Users/admin/builder/spi-builder-workspace/.derivedData/SDKStatCaches.noindex/watchos27.0-24R360-e829b21a6f8c9b70876ba0858053c04477534ef55a1706bf4c1112bbb242f0a2.sdkstatcache
ClangStatCache /Applications/Xcode-27.0.0-Release.Candidate.app/Contents/Developer/Toolchains/XcodeDefault.xctoolchain/usr/bin/clang-stat-cache /Applications/Xcode-27.0.0-Release.Candidate.app/Contents/Developer/Platforms/MacOSX.platform/Developer/SDKs/MacOSX27.0.sdk /Users/admin/builder/spi-builder-workspace/.derivedData/SDKStatCaches.noindex/macosx27.0-26A425-e829b21a6f8c9b70876ba0858053c0446a22442a12e9d48fe1a705f55a1adfc4.sdkstatcache
cd /Users/admin/builder/spi-builder-workspace/.swiftpm/xcode
/Applications/Xcode-27.0.0-Release.Candidate.app/Contents/Developer/Toolchains/XcodeDefault.xctoolchain/usr/bin/clang-stat-cache /Applications/Xcode-27.0.0-Release.Candidate.app/Contents/Developer/Platforms/MacOSX.platform/Developer/SDKs/MacOSX27.0.sdk -o /Users/admin/builder/spi-builder-workspace/.derivedData/SDKStatCaches.noindex/macosx27.0-26A425-e829b21a6f8c9b70876ba0858053c0446a22442a12e9d48fe1a705f55a1adfc4.sdkstatcache
Ld /Users/admin/builder/spi-builder-workspace/.derivedData/Build/Intermediates.noindex/swift-html-to-pdf.build/Debug-watchos/HtmlToPdfTypes-t.build/Objects-normal/arm64_32/Binary/HtmlToPdfTypes.o normal arm64_32 (in target 'HtmlToPdfTypes' from project 'swift-html-to-pdf')
cd /Users/admin/builder/spi-builder-workspace
/Applications/Xcode-27.0.0-Release.Candidate.app/Contents/Developer/Toolchains/XcodeDefault.xctoolchain/usr/bin/clang -Xlinker -reproducible -target arm64_32-apple-watchos9.0 -r -isysroot /Applications/Xcode-27.0.0-Release.Candidate.app/Contents/Developer/Platforms/WatchOS.platform/Developer/SDKs/WatchOS27.0.sdk -O0 -Xlinker -no_warn_duplicate_libraries -F/Users/admin/builder/spi-builder-workspace/.derivedData/Build/Intermediates.noindex/EagerLinkingTBDs/Debug-watchos -F/Users/admin/builder/spi-builder-workspace/.derivedData/Build/Products/Debug-watchos/PackageFrameworks -F/Users/admin/builder/spi-builder-workspace/.derivedData/Build/Products/Debug-watchos -iframework /Applications/Xcode-27.0.0-Release.Candidate.app/Contents/Developer/Platforms/WatchOS.platform/Developer/Library/Frameworks -iframework /Applications/Xcode-27.0.0-Release.Candidate.app/Contents/Developer/Platforms/WatchOS.platform/Developer/SDKs/WatchOS27.0.sdk/Developer/Library/Frameworks -filelist /Users/admin/builder/spi-builder-workspace/.derivedData/Build/Intermediates.noindex/swift-html-to-pdf.build/Debug-watchos/HtmlToPdfTypes-t.build/Objects-normal/arm64_32/HtmlToPdfTypes.LinkFileList -nostdlib -Xlinker -object_path_lto -Xlinker /Users/admin/builder/spi-builder-workspace/.derivedData/Build/Intermediates.noindex/swift-html-to-pdf.build/Debug-watchos/HtmlToPdfTypes-t.build/Objects-normal/arm64_32/HtmlToPdfTypes_lto.o -Xlinker -no_deduplicate -Xlinker -debug_variant -Xlinker -dependency_info -Xlinker /Users/admin/builder/spi-builder-workspace/.derivedData/Build/Intermediates.noindex/swift-html-to-pdf.build/Debug-watchos/HtmlToPdfTypes-t.build/Objects-normal/arm64_32/HtmlToPdfTypes_dependency_info.dat -fobjc-link-runtime -L/Applications/Xcode-27.0.0-Release.Candidate.app/Contents/Developer/Toolchains/XcodeDefault.xctoolchain/usr/lib/swift/watchos -L/usr/lib/swift -Xlinker -add_ast_path -Xlinker /Users/admin/builder/spi-builder-workspace/.derivedData/Build/Intermediates.noindex/swift-html-to-pdf.build/Debug-watchos/HtmlToPdfTypes-t.build/Objects-normal/arm64_32/HtmlToPdfTypes.swiftmodule -o /Users/admin/builder/spi-builder-workspace/.derivedData/Build/Intermediates.noindex/swift-html-to-pdf.build/Debug-watchos/HtmlToPdfTypes-t.build/Objects-normal/arm64_32/Binary/HtmlToPdfTypes.o
SwiftDriver HtmlToPdfLive normal arm64 com.apple.xcode.tools.swift.compiler (in target 'HtmlToPdfLive' from project 'swift-html-to-pdf')
cd /Users/admin/builder/spi-builder-workspace/.swiftpm/xcode
builtin-SwiftDriver -- /Applications/Xcode-27.0.0-Release.Candidate.app/Contents/Developer/Toolchains/XcodeDefault.xctoolchain/usr/bin/swiftc -parse-as-library -module-name HtmlToPdfLive -Onone @/Users/admin/builder/spi-builder-workspace/.derivedData/Build/Intermediates.noindex/swift-html-to-pdf.build/Debug-watchos/HtmlToPdfLive-t.build/Objects-normal/arm64/HtmlToPdfLive.SwiftFileList -DSWIFT_PACKAGE -DDEBUG -DSWIFT_MODULE_RESOURCE_BUNDLE_UNAVAILABLE -DXcode -enable-upcoming-feature StrictConcurrency -plugin-path /Applications/Xcode-27.0.0-Release.Candidate.app/Contents/Developer/Toolchains/XcodeDefault.xctoolchain/usr/lib/swift/host/plugins/testing -enable-experimental-feature DebugDescriptionMacro -sdk /Applications/Xcode-27.0.0-Release.Candidate.app/Contents/Developer/Platforms/WatchOS.platform/Developer/SDKs/WatchOS27.0.sdk -target arm64-apple-watchos9.0 -g -module-cache-path /Users/admin/builder/spi-builder-workspace/.derivedData/ModuleCache.noindex -Xfrontend -serialize-debugging-options -profile-coverage-mapping -profile-generate -enable-testing -index-store-path /Users/admin/builder/spi-builder-workspace/.derivedData/Index.noindex/DataStore -Xcc -D_LIBCPP_HARDENING_MODE\=_LIBCPP_HARDENING_MODE_DEBUG -swift-version 6 -I /Users/admin/builder/spi-builder-workspace/.derivedData/Build/Products/Debug-watchos -Isystem /Applications/Xcode-27.0.0-Release.Candidate.app/Contents/Developer/Platforms/WatchOS.platform/Developer/usr/lib -F /Users/admin/builder/spi-builder-workspace/.derivedData/Build/Products/Debug-watchos/PackageFrameworks -F /Users/admin/builder/spi-builder-workspace/.derivedData/Build/Products/Debug-watchos -F /Applications/Xcode-27.0.0-Release.Candidate.app/Contents/Developer/Platforms/WatchOS.platform/Developer/Library/Frameworks -F /Applications/Xcode-27.0.0-Release.Candidate.app/Contents/Developer/Platforms/WatchOS.platform/Developer/SDKs/WatchOS27.0.sdk/Developer/Library/Frameworks -Xfrontend -load-plugin-executable -Xfrontend /Users/admin/builder/spi-builder-workspace/.derivedData/Build/Products/Debug/DependenciesMacrosPlugin\#DependenciesMacrosPlugin -c -j10 -enable-batch-mode -incremental -Xcc -ivfsstatcache -Xcc /Users/admin/builder/spi-builder-workspace/.derivedData/SDKStatCaches.noindex/watchos27.0-24R360-e829b21a6f8c9b70876ba0858053c04477534ef55a1706bf4c1112bbb242f0a2.sdkstatcache -output-file-map /Users/admin/builder/spi-builder-workspace/.derivedData/Build/Intermediates.noindex/swift-html-to-pdf.build/Debug-watchos/HtmlToPdfLive-t.build/Objects-normal/arm64/HtmlToPdfLive-OutputFileMap.json -save-temps -no-color-diagnostics -explicit-module-build -module-cache-path /Users/admin/builder/spi-builder-workspace/.derivedData/Build/Intermediates.noindex/SwiftExplicitPrecompiledModules -clang-scanner-module-cache-path /Users/admin/builder/spi-builder-workspace/.derivedData/ModuleCache.noindex -sdk-module-cache-path /Users/admin/builder/spi-builder-workspace/.derivedData/SDKExplicitPrecompiledModules -emit-dependencies -emit-module -emit-module-path /Users/admin/builder/spi-builder-workspace/.derivedData/Build/Intermediates.noindex/swift-html-to-pdf.build/Debug-watchos/HtmlToPdfLive-t.build/Objects-normal/arm64/HtmlToPdfLive.swiftmodule -serialize-diagnostics -dependency-scan-serialize-diagnostics-path /Users/admin/builder/spi-builder-workspace/.derivedData/Build/Intermediates.noindex/swift-html-to-pdf.build/Debug-watchos/HtmlToPdfLive-t.build/Objects-normal/arm64/HtmlToPdfLive-dependency-scan.dia -validate-clang-modules-once -clang-build-session-file /Users/admin/builder/spi-builder-workspace/.derivedData/ModuleCache.noindex/Session.modulevalidation -Xcc -fmodules-prune-interval\=86400 -Xcc -fmodules-prune-after\=345600 -package-name spi_builder_workspace -emit-const-values -const-gather-protocols-list /Users/admin/builder/spi-builder-workspace/.derivedData/Build/Intermediates.noindex/swift-html-to-pdf.build/Debug-watchos/HtmlToPdfLive-t.build/Objects-normal/arm64/HtmlToPdfLive_const_extract_protocols.json -Xcc -I/Users/admin/builder/spi-builder-workspace/.derivedData/Build/Products/Debug-watchos/include -Xcc -I/Users/admin/builder/spi-builder-workspace/.derivedData/Build/Intermediates.noindex/swift-html-to-pdf.build/Debug-watchos/HtmlToPdfLive-t.build/DerivedSources-normal/arm64 -Xcc -I/Users/admin/builder/spi-builder-workspace/.derivedData/Build/Intermediates.noindex/swift-html-to-pdf.build/Debug-watchos/HtmlToPdfLive-t.build/DerivedSources/arm64 -Xcc -I/Users/admin/builder/spi-builder-workspace/.derivedData/Build/Intermediates.noindex/swift-html-to-pdf.build/Debug-watchos/HtmlToPdfLive-t.build/DerivedSources -Xcc -DSWIFT_PACKAGE -Xcc -DDEBUG\=1 -emit-objc-header -emit-objc-header-path /Users/admin/builder/spi-builder-workspace/.derivedData/Build/Intermediates.noindex/swift-html-to-pdf.build/Debug-watchos/HtmlToPdfLive-t.build/Objects-normal/arm64/HtmlToPdfLive-Swift.h -working-directory /Users/admin/builder/spi-builder-workspace/.swiftpm/xcode -experimental-emit-module-separately -disable-cmo
error: Clang dependency scanning failure: (in target 'HtmlToPdfLive' from project 'swift-html-to-pdf')
/Users/admin/builder/spi-builder-workspace/Sources/HtmlToPdfLive/PDF.Render.Client+iOS.swift:15:12: error: Unable to resolve module dependency: 'WebKit' (in target 'HtmlToPdfLive' from project 'swift-html-to-pdf')
note: A dependency of main module 'HtmlToPdfLive'
/Users/admin/builder/spi-builder-workspace/Sources/HtmlToPdfLive/PDF.Render.Client+iOS.swift:15:12: note: A dependency of main module 'HtmlToPdfLive'
import WebKit
^ (in target 'HtmlToPdfLive' from project 'swift-html-to-pdf')
SwiftDriver PDFTestSupport normal arm64_32 com.apple.xcode.tools.swift.compiler (in target 'PDFTestSupport' from project 'swift-html-to-pdf')
cd /Users/admin/builder/spi-builder-workspace/.swiftpm/xcode
builtin-SwiftDriver -- /Applications/Xcode-27.0.0-Release.Candidate.app/Contents/Developer/Toolchains/XcodeDefault.xctoolchain/usr/bin/swiftc -parse-as-library -module-name PDFTestSupport -Onone @/Users/admin/builder/spi-builder-workspace/.derivedData/Build/Intermediates.noindex/swift-html-to-pdf.build/Debug-watchos/PDFTestSupport-t.build/Objects-normal/arm64_32/PDFTestSupport.SwiftFileList -DSWIFT_PACKAGE -DDEBUG -DSWIFT_MODULE_RESOURCE_BUNDLE_UNAVAILABLE -DXcode -plugin-path /Applications/Xcode-27.0.0-Release.Candidate.app/Contents/Developer/Toolchains/XcodeDefault.xctoolchain/usr/lib/swift/host/plugins/testing -enable-experimental-feature DebugDescriptionMacro -sdk /Applications/Xcode-27.0.0-Release.Candidate.app/Contents/Developer/Platforms/WatchOS.platform/Developer/SDKs/WatchOS27.0.sdk -target arm64_32-apple-watchos9.0 -g -module-cache-path /Users/admin/builder/spi-builder-workspace/.derivedData/ModuleCache.noindex -Xfrontend -serialize-debugging-options -profile-coverage-mapping -profile-generate -enable-testing -index-store-path /Users/admin/builder/spi-builder-workspace/.derivedData/Index.noindex/DataStore -Xcc -D_LIBCPP_HARDENING_MODE\=_LIBCPP_HARDENING_MODE_DEBUG -swift-version 6 -I /Users/admin/builder/spi-builder-workspace/.derivedData/Build/Products/Debug-watchos -Isystem /Applications/Xcode-27.0.0-Release.Candidate.app/Contents/Developer/Platforms/WatchOS.platform/Developer/usr/lib -F /Users/admin/builder/spi-builder-workspace/.derivedData/Build/Products/Debug-watchos/PackageFrameworks -F /Users/admin/builder/spi-builder-workspace/.derivedData/Build/Products/Debug-watchos -F /Applications/Xcode-27.0.0-Release.Candidate.app/Contents/Developer/Platforms/WatchOS.platform/Developer/Library/Frameworks -F /Applications/Xcode-27.0.0-Release.Candidate.app/Contents/Developer/Platforms/WatchOS.platform/Developer/SDKs/WatchOS27.0.sdk/Developer/Library/Frameworks -Xfrontend -load-plugin-executable -Xfrontend /Users/admin/builder/spi-builder-workspace/.derivedData/Build/Products/Debug/DependenciesMacrosPlugin\#DependenciesMacrosPlugin -c -j10 -enable-batch-mode -incremental -Xcc -ivfsstatcache -Xcc /Users/admin/builder/spi-builder-workspace/.derivedData/SDKStatCaches.noindex/watchos27.0-24R360-e829b21a6f8c9b70876ba0858053c04477534ef55a1706bf4c1112bbb242f0a2.sdkstatcache -output-file-map /Users/admin/builder/spi-builder-workspace/.derivedData/Build/Intermediates.noindex/swift-html-to-pdf.build/Debug-watchos/PDFTestSupport-t.build/Objects-normal/arm64_32/PDFTestSupport-OutputFileMap.json -save-temps -no-color-diagnostics -explicit-module-build -module-cache-path /Users/admin/builder/spi-builder-workspace/.derivedData/Build/Intermediates.noindex/SwiftExplicitPrecompiledModules -clang-scanner-module-cache-path /Users/admin/builder/spi-builder-workspace/.derivedData/ModuleCache.noindex -sdk-module-cache-path /Users/admin/builder/spi-builder-workspace/.derivedData/SDKExplicitPrecompiledModules -emit-dependencies -emit-module -emit-module-path /Users/admin/builder/spi-builder-workspace/.derivedData/Build/Intermediates.noindex/swift-html-to-pdf.build/Debug-watchos/PDFTestSupport-t.build/Objects-normal/arm64_32/PDFTestSupport.swiftmodule -serialize-diagnostics -dependency-scan-serialize-diagnostics-path /Users/admin/builder/spi-builder-workspace/.derivedData/Build/Intermediates.noindex/swift-html-to-pdf.build/Debug-watchos/PDFTestSupport-t.build/Objects-normal/arm64_32/PDFTestSupport-dependency-scan.dia -validate-clang-modules-once -clang-build-session-file /Users/admin/builder/spi-builder-workspace/.derivedData/ModuleCache.noindex/Session.modulevalidation -Xcc -fmodules-prune-interval\=86400 -Xcc -fmodules-prune-after\=345600 -package-name spi_builder_workspace -emit-const-values -const-gather-protocols-list /Users/admin/builder/spi-builder-workspace/.derivedData/Build/Intermediates.noindex/swift-html-to-pdf.build/Debug-watchos/PDFTestSupport-t.build/Objects-normal/arm64_32/PDFTestSupport_const_extract_protocols.json -Xcc -I/Users/admin/builder/spi-builder-workspace/.derivedData/Build/Products/Debug-watchos/include -Xcc -I/Users/admin/builder/spi-builder-workspace/.derivedData/Build/Intermediates.noindex/swift-html-to-pdf.build/Debug-watchos/PDFTestSupport-t.build/DerivedSources-normal/arm64_32 -Xcc -I/Users/admin/builder/spi-builder-workspace/.derivedData/Build/Intermediates.noindex/swift-html-to-pdf.build/Debug-watchos/PDFTestSupport-t.build/DerivedSources/arm64_32 -Xcc -I/Users/admin/builder/spi-builder-workspace/.derivedData/Build/Intermediates.noindex/swift-html-to-pdf.build/Debug-watchos/PDFTestSupport-t.build/DerivedSources -Xcc -DSWIFT_PACKAGE -Xcc -DDEBUG\=1 -emit-objc-header -emit-objc-header-path /Users/admin/builder/spi-builder-workspace/.derivedData/Build/Intermediates.noindex/swift-html-to-pdf.build/Debug-watchos/PDFTestSupport-t.build/Objects-normal/arm64_32/PDFTestSupport-Swift.h -working-directory /Users/admin/builder/spi-builder-workspace/.swiftpm/xcode -experimental-emit-module-separately -disable-cmo
SwiftDriver HtmlToPdfLive normal arm64_32 com.apple.xcode.tools.swift.compiler (in target 'HtmlToPdfLive' from project 'swift-html-to-pdf')
cd /Users/admin/builder/spi-builder-workspace/.swiftpm/xcode
builtin-SwiftDriver -- /Applications/Xcode-27.0.0-Release.Candidate.app/Contents/Developer/Toolchains/XcodeDefault.xctoolchain/usr/bin/swiftc -parse-as-library -module-name HtmlToPdfLive -Onone @/Users/admin/builder/spi-builder-workspace/.derivedData/Build/Intermediates.noindex/swift-html-to-pdf.build/Debug-watchos/HtmlToPdfLive-t.build/Objects-normal/arm64_32/HtmlToPdfLive.SwiftFileList -DSWIFT_PACKAGE -DDEBUG -DSWIFT_MODULE_RESOURCE_BUNDLE_UNAVAILABLE -DXcode -enable-upcoming-feature StrictConcurrency -plugin-path /Applications/Xcode-27.0.0-Release.Candidate.app/Contents/Developer/Toolchains/XcodeDefault.xctoolchain/usr/lib/swift/host/plugins/testing -enable-experimental-feature DebugDescriptionMacro -sdk /Applications/Xcode-27.0.0-Release.Candidate.app/Contents/Developer/Platforms/WatchOS.platform/Developer/SDKs/WatchOS27.0.sdk -target arm64_32-apple-watchos9.0 -g -module-cache-path /Users/admin/builder/spi-builder-workspace/.derivedData/ModuleCache.noindex -Xfrontend -serialize-debugging-options -profile-coverage-mapping -profile-generate -enable-testing -index-store-path /Users/admin/builder/spi-builder-workspace/.derivedData/Index.noindex/DataStore -Xcc -D_LIBCPP_HARDENING_MODE\=_LIBCPP_HARDENING_MODE_DEBUG -swift-version 6 -I /Users/admin/builder/spi-builder-workspace/.derivedData/Build/Products/Debug-watchos -Isystem /Applications/Xcode-27.0.0-Release.Candidate.app/Contents/Developer/Platforms/WatchOS.platform/Developer/usr/lib -F /Users/admin/builder/spi-builder-workspace/.derivedData/Build/Products/Debug-watchos/PackageFrameworks -F /Users/admin/builder/spi-builder-workspace/.derivedData/Build/Products/Debug-watchos -F /Applications/Xcode-27.0.0-Release.Candidate.app/Contents/Developer/Platforms/WatchOS.platform/Developer/Library/Frameworks -F /Applications/Xcode-27.0.0-Release.Candidate.app/Contents/Developer/Platforms/WatchOS.platform/Developer/SDKs/WatchOS27.0.sdk/Developer/Library/Frameworks -Xfrontend -load-plugin-executable -Xfrontend /Users/admin/builder/spi-builder-workspace/.derivedData/Build/Products/Debug/DependenciesMacrosPlugin\#DependenciesMacrosPlugin -c -j10 -enable-batch-mode -incremental -Xcc -ivfsstatcache -Xcc /Users/admin/builder/spi-builder-workspace/.derivedData/SDKStatCaches.noindex/watchos27.0-24R360-e829b21a6f8c9b70876ba0858053c04477534ef55a1706bf4c1112bbb242f0a2.sdkstatcache -output-file-map /Users/admin/builder/spi-builder-workspace/.derivedData/Build/Intermediates.noindex/swift-html-to-pdf.build/Debug-watchos/HtmlToPdfLive-t.build/Objects-normal/arm64_32/HtmlToPdfLive-OutputFileMap.json -save-temps -no-color-diagnostics -explicit-module-build -module-cache-path /Users/admin/builder/spi-builder-workspace/.derivedData/Build/Intermediates.noindex/SwiftExplicitPrecompiledModules -clang-scanner-module-cache-path /Users/admin/builder/spi-builder-workspace/.derivedData/ModuleCache.noindex -sdk-module-cache-path /Users/admin/builder/spi-builder-workspace/.derivedData/SDKExplicitPrecompiledModules -emit-dependencies -emit-module -emit-module-path /Users/admin/builder/spi-builder-workspace/.derivedData/Build/Intermediates.noindex/swift-html-to-pdf.build/Debug-watchos/HtmlToPdfLive-t.build/Objects-normal/arm64_32/HtmlToPdfLive.swiftmodule -serialize-diagnostics -dependency-scan-serialize-diagnostics-path /Users/admin/builder/spi-builder-workspace/.derivedData/Build/Intermediates.noindex/swift-html-to-pdf.build/Debug-watchos/HtmlToPdfLive-t.build/Objects-normal/arm64_32/HtmlToPdfLive-dependency-scan.dia -validate-clang-modules-once -clang-build-session-file /Users/admin/builder/spi-builder-workspace/.derivedData/ModuleCache.noindex/Session.modulevalidation -Xcc -fmodules-prune-interval\=86400 -Xcc -fmodules-prune-after\=345600 -package-name spi_builder_workspace -emit-const-values -const-gather-protocols-list /Users/admin/builder/spi-builder-workspace/.derivedData/Build/Intermediates.noindex/swift-html-to-pdf.build/Debug-watchos/HtmlToPdfLive-t.build/Objects-normal/arm64_32/HtmlToPdfLive_const_extract_protocols.json -Xcc -I/Users/admin/builder/spi-builder-workspace/.derivedData/Build/Products/Debug-watchos/include -Xcc -I/Users/admin/builder/spi-builder-workspace/.derivedData/Build/Intermediates.noindex/swift-html-to-pdf.build/Debug-watchos/HtmlToPdfLive-t.build/DerivedSources-normal/arm64_32 -Xcc -I/Users/admin/builder/spi-builder-workspace/.derivedData/Build/Intermediates.noindex/swift-html-to-pdf.build/Debug-watchos/HtmlToPdfLive-t.build/DerivedSources/arm64_32 -Xcc -I/Users/admin/builder/spi-builder-workspace/.derivedData/Build/Intermediates.noindex/swift-html-to-pdf.build/Debug-watchos/HtmlToPdfLive-t.build/DerivedSources -Xcc -DSWIFT_PACKAGE -Xcc -DDEBUG\=1 -emit-objc-header -emit-objc-header-path /Users/admin/builder/spi-builder-workspace/.derivedData/Build/Intermediates.noindex/swift-html-to-pdf.build/Debug-watchos/HtmlToPdfLive-t.build/Objects-normal/arm64_32/HtmlToPdfLive-Swift.h -working-directory /Users/admin/builder/spi-builder-workspace/.swiftpm/xcode -experimental-emit-module-separately -disable-cmo
error: Clang dependency scanning failure: (in target 'HtmlToPdfLive' from project 'swift-html-to-pdf')
/Users/admin/builder/spi-builder-workspace/Sources/HtmlToPdfLive/PDF.Render.Client+iOS.swift:15:12: error: Unable to resolve module dependency: 'WebKit' (in target 'HtmlToPdfLive' from project 'swift-html-to-pdf')
note: A dependency of main module 'HtmlToPdfLive'
/Users/admin/builder/spi-builder-workspace/Sources/HtmlToPdfLive/PDF.Render.Client+iOS.swift:15:12: note: A dependency of main module 'HtmlToPdfLive'
import WebKit
^ (in target 'HtmlToPdfLive' from project 'swift-html-to-pdf')
SwiftDriver PDFTestSupport normal arm64 com.apple.xcode.tools.swift.compiler (in target 'PDFTestSupport' from project 'swift-html-to-pdf')
cd /Users/admin/builder/spi-builder-workspace/.swiftpm/xcode
builtin-SwiftDriver -- /Applications/Xcode-27.0.0-Release.Candidate.app/Contents/Developer/Toolchains/XcodeDefault.xctoolchain/usr/bin/swiftc -parse-as-library -module-name PDFTestSupport -Onone @/Users/admin/builder/spi-builder-workspace/.derivedData/Build/Intermediates.noindex/swift-html-to-pdf.build/Debug-watchos/PDFTestSupport-t.build/Objects-normal/arm64/PDFTestSupport.SwiftFileList -DSWIFT_PACKAGE -DDEBUG -DSWIFT_MODULE_RESOURCE_BUNDLE_UNAVAILABLE -DXcode -plugin-path /Applications/Xcode-27.0.0-Release.Candidate.app/Contents/Developer/Toolchains/XcodeDefault.xctoolchain/usr/lib/swift/host/plugins/testing -enable-experimental-feature DebugDescriptionMacro -sdk /Applications/Xcode-27.0.0-Release.Candidate.app/Contents/Developer/Platforms/WatchOS.platform/Developer/SDKs/WatchOS27.0.sdk -target arm64-apple-watchos9.0 -g -module-cache-path /Users/admin/builder/spi-builder-workspace/.derivedData/ModuleCache.noindex -Xfrontend -serialize-debugging-options -profile-coverage-mapping -profile-generate -enable-testing -index-store-path /Users/admin/builder/spi-builder-workspace/.derivedData/Index.noindex/DataStore -Xcc -D_LIBCPP_HARDENING_MODE\=_LIBCPP_HARDENING_MODE_DEBUG -swift-version 6 -I /Users/admin/builder/spi-builder-workspace/.derivedData/Build/Products/Debug-watchos -Isystem /Applications/Xcode-27.0.0-Release.Candidate.app/Contents/Developer/Platforms/WatchOS.platform/Developer/usr/lib -F /Users/admin/builder/spi-builder-workspace/.derivedData/Build/Products/Debug-watchos/PackageFrameworks -F /Users/admin/builder/spi-builder-workspace/.derivedData/Build/Products/Debug-watchos -F /Applications/Xcode-27.0.0-Release.Candidate.app/Contents/Developer/Platforms/WatchOS.platform/Developer/Library/Frameworks -F /Applications/Xcode-27.0.0-Release.Candidate.app/Contents/Developer/Platforms/WatchOS.platform/Developer/SDKs/WatchOS27.0.sdk/Developer/Library/Frameworks -Xfrontend -load-plugin-executable -Xfrontend /Users/admin/builder/spi-builder-workspace/.derivedData/Build/Products/Debug/DependenciesMacrosPlugin\#DependenciesMacrosPlugin -c -j10 -enable-batch-mode -incremental -Xcc -ivfsstatcache -Xcc /Users/admin/builder/spi-builder-workspace/.derivedData/SDKStatCaches.noindex/watchos27.0-24R360-e829b21a6f8c9b70876ba0858053c04477534ef55a1706bf4c1112bbb242f0a2.sdkstatcache -output-file-map /Users/admin/builder/spi-builder-workspace/.derivedData/Build/Intermediates.noindex/swift-html-to-pdf.build/Debug-watchos/PDFTestSupport-t.build/Objects-normal/arm64/PDFTestSupport-OutputFileMap.json -save-temps -no-color-diagnostics -explicit-module-build -module-cache-path /Users/admin/builder/spi-builder-workspace/.derivedData/Build/Intermediates.noindex/SwiftExplicitPrecompiledModules -clang-scanner-module-cache-path /Users/admin/builder/spi-builder-workspace/.derivedData/ModuleCache.noindex -sdk-module-cache-path /Users/admin/builder/spi-builder-workspace/.derivedData/SDKExplicitPrecompiledModules -emit-dependencies -emit-module -emit-module-path /Users/admin/builder/spi-builder-workspace/.derivedData/Build/Intermediates.noindex/swift-html-to-pdf.build/Debug-watchos/PDFTestSupport-t.build/Objects-normal/arm64/PDFTestSupport.swiftmodule -serialize-diagnostics -dependency-scan-serialize-diagnostics-path /Users/admin/builder/spi-builder-workspace/.derivedData/Build/Intermediates.noindex/swift-html-to-pdf.build/Debug-watchos/PDFTestSupport-t.build/Objects-normal/arm64/PDFTestSupport-dependency-scan.dia -validate-clang-modules-once -clang-build-session-file /Users/admin/builder/spi-builder-workspace/.derivedData/ModuleCache.noindex/Session.modulevalidation -Xcc -fmodules-prune-interval\=86400 -Xcc -fmodules-prune-after\=345600 -package-name spi_builder_workspace -emit-const-values -const-gather-protocols-list /Users/admin/builder/spi-builder-workspace/.derivedData/Build/Intermediates.noindex/swift-html-to-pdf.build/Debug-watchos/PDFTestSupport-t.build/Objects-normal/arm64/PDFTestSupport_const_extract_protocols.json -Xcc -I/Users/admin/builder/spi-builder-workspace/.derivedData/Build/Products/Debug-watchos/include -Xcc -I/Users/admin/builder/spi-builder-workspace/.derivedData/Build/Intermediates.noindex/swift-html-to-pdf.build/Debug-watchos/PDFTestSupport-t.build/DerivedSources-normal/arm64 -Xcc -I/Users/admin/builder/spi-builder-workspace/.derivedData/Build/Intermediates.noindex/swift-html-to-pdf.build/Debug-watchos/PDFTestSupport-t.build/DerivedSources/arm64 -Xcc -I/Users/admin/builder/spi-builder-workspace/.derivedData/Build/Intermediates.noindex/swift-html-to-pdf.build/Debug-watchos/PDFTestSupport-t.build/DerivedSources -Xcc -DSWIFT_PACKAGE -Xcc -DDEBUG\=1 -emit-objc-header -emit-objc-header-path /Users/admin/builder/spi-builder-workspace/.derivedData/Build/Intermediates.noindex/swift-html-to-pdf.build/Debug-watchos/PDFTestSupport-t.build/Objects-normal/arm64/PDFTestSupport-Swift.h -working-directory /Users/admin/builder/spi-builder-workspace/.swiftpm/xcode -experimental-emit-module-separately -disable-cmo
CreateUniversalBinary /Users/admin/builder/spi-builder-workspace/.derivedData/Build/Products/Debug-watchos/HtmlToPdfTypes.o normal arm64\ arm64_32 (in target 'HtmlToPdfTypes' from project 'swift-html-to-pdf')
cd /Users/admin/builder/spi-builder-workspace
/Applications/Xcode-27.0.0-Release.Candidate.app/Contents/Developer/Toolchains/XcodeDefault.xctoolchain/usr/bin/lipo -create /Users/admin/builder/spi-builder-workspace/.derivedData/Build/Intermediates.noindex/swift-html-to-pdf.build/Debug-watchos/HtmlToPdfTypes-t.build/Objects-normal/arm64/Binary/HtmlToPdfTypes.o /Users/admin/builder/spi-builder-workspace/.derivedData/Build/Intermediates.noindex/swift-html-to-pdf.build/Debug-watchos/HtmlToPdfTypes-t.build/Objects-normal/arm64_32/Binary/HtmlToPdfTypes.o -output /Users/admin/builder/spi-builder-workspace/.derivedData/Build/Products/Debug-watchos/HtmlToPdfTypes.o
ExtractAppIntentsMetadata (in target 'HtmlToPdfTypes' from project 'swift-html-to-pdf')
cd /Users/admin/builder/spi-builder-workspace
/Applications/Xcode-27.0.0-Release.Candidate.app/Contents/Developer/Toolchains/XcodeDefault.xctoolchain/usr/bin/appintentsmetadataprocessor --toolchain-dir /var/run/com.apple.security.cryptexd/mnt/com.apple.MobileAsset.MetalToolchain-v27.1.266.1.dgkyAA/Metal.xctoolchain --module-name HtmlToPdfTypes --sdk-root /Applications/Xcode-27.0.0-Release.Candidate.app/Contents/Developer/Platforms/WatchOS.platform/Developer/SDKs/WatchOS27.0.sdk --xcode-version 27A266a --platform-family watchOS --deployment-target 9.0 --bundle-identifier spi-builder-workspace.HtmlToPdfTypes --output /Users/admin/builder/spi-builder-workspace/.derivedData/Build/Products/Debug-watchos/HtmlToPdfTypes.appintents --target-triple arm64-apple-watchos9.0 --target-triple arm64_32-apple-watchos9.0 --binary-file /Users/admin/builder/spi-builder-workspace/.derivedData/Build/Products/Debug-watchos/HtmlToPdfTypes.o --dependency-file /Users/admin/builder/spi-builder-workspace/.derivedData/Build/Intermediates.noindex/swift-html-to-pdf.build/Debug-watchos/HtmlToPdfTypes-t.build/Objects-normal/arm64/HtmlToPdfTypes_dependency_info.dat --dependency-file /Users/admin/builder/spi-builder-workspace/.derivedData/Build/Intermediates.noindex/swift-html-to-pdf.build/Debug-watchos/HtmlToPdfTypes-t.build/Objects-normal/arm64_32/HtmlToPdfTypes_dependency_info.dat --stringsdata-file /Users/admin/builder/spi-builder-workspace/.derivedData/Build/Intermediates.noindex/swift-html-to-pdf.build/Debug-watchos/HtmlToPdfTypes-t.build/Objects-normal/arm64/ExtractedAppShortcutsMetadata.stringsdata --stringsdata-file /Users/admin/builder/spi-builder-workspace/.derivedData/Build/Intermediates.noindex/swift-html-to-pdf.build/Debug-watchos/HtmlToPdfTypes-t.build/Objects-normal/arm64_32/ExtractedAppShortcutsMetadata.stringsdata --source-file-list /Users/admin/builder/spi-builder-workspace/.derivedData/Build/Intermediates.noindex/swift-html-to-pdf.build/Debug-watchos/HtmlToPdfTypes-t.build/Objects-normal/arm64/HtmlToPdfTypes.SwiftFileList --source-file-list /Users/admin/builder/spi-builder-workspace/.derivedData/Build/Intermediates.noindex/swift-html-to-pdf.build/Debug-watchos/HtmlToPdfTypes-t.build/Objects-normal/arm64_32/HtmlToPdfTypes.SwiftFileList --metadata-file-list /Users/admin/builder/spi-builder-workspace/.derivedData/Build/Intermediates.noindex/swift-html-to-pdf.build/Debug-watchos/HtmlToPdfTypes-t.build/HtmlToPdfTypes.DependencyMetadataFileList --static-metadata-file-list /Users/admin/builder/spi-builder-workspace/.derivedData/Build/Intermediates.noindex/swift-html-to-pdf.build/Debug-watchos/HtmlToPdfTypes-t.build/HtmlToPdfTypes.DependencyStaticMetadataFileList --swift-const-vals-list /Users/admin/builder/spi-builder-workspace/.derivedData/Build/Intermediates.noindex/swift-html-to-pdf.build/Debug-watchos/HtmlToPdfTypes-t.build/Objects-normal/arm64/HtmlToPdfTypes.SwiftConstValuesFileList --swift-const-vals-list /Users/admin/builder/spi-builder-workspace/.derivedData/Build/Intermediates.noindex/swift-html-to-pdf.build/Debug-watchos/HtmlToPdfTypes-t.build/Objects-normal/arm64_32/HtmlToPdfTypes.SwiftConstValuesFileList --force --compile-time-extraction --deployment-aware-processing --no-app-shortcuts-localization
2026-09-27 14:36:29.281 appintentsmetadataprocessor[2122:12317] Starting appintentsmetadataprocessor export
2026-09-27 14:36:29.349 appintentsmetadataprocessor[2122:12317] Extracted no relevant App Intents symbols, skipping writing output
PruneExplicitPrecompiledModules /Users/admin/builder/spi-builder-workspace/.derivedData/SDKExplicitPrecompiledModules
PruneExplicitPrecompiledModules /Users/admin/builder/spi-builder-workspace/.derivedData/Build/Intermediates.noindex/ExplicitPrecompiledModules
PruneExplicitPrecompiledModules /Users/admin/builder/spi-builder-workspace/.derivedData/Build/Intermediates.noindex/SwiftExplicitPrecompiledModules
2026-09-27 14:36:27.546 xcodebuild[2064:11913] [MT] IDERunDestination: Supported platforms for the buildables in the current scheme is empty.
** BUILD FAILED **
The following build commands failed:
SwiftDriver HtmlToPdfLive normal arm64 com.apple.xcode.tools.swift.compiler (in target 'HtmlToPdfLive' from project 'swift-html-to-pdf')
SwiftDriver HtmlToPdfLive normal arm64_32 com.apple.xcode.tools.swift.compiler (in target 'HtmlToPdfLive' from project 'swift-html-to-pdf')
Building workspace swift-html-to-pdf with scheme swift-html-to-pdf-Package
(3 failures)
BUILD FAILURE 6.4 watchOS