The Swift Package Index logo.Swift Package Index

Build Information

Failed to build SwiftUIWKWebView, reference main (f2ceb5), with Swift 6.4 for watchOS using Xcode 27.0 on 17 Sep 2026 18:32:08 UTC.

Build Command

env DEVELOPER_DIR=/Applications/Xcode-27.0.0-Release.Candidate.app xcrun xcodebuild -IDEClonedSourcePackagesDirPathOverride=$PWD/.dependencies -skipMacroValidation -skipPackagePluginValidation -derivedDataPath $PWD/.derivedData build -scheme SwiftUIWKWebView -destination generic/platform=watchOS

Build Log

========================================
RunAll
========================================
Builder version: 5.1.0
Interrupt handler set up.
========================================
Checkout
========================================
Clone URL: https://github.com/JakubMazur/SwiftUIWKWebView.git
Reference: main
Initialized empty Git repository in /Users/admin/builder/spi-builder-workspace/.git/
From https://github.com/JakubMazur/SwiftUIWKWebView
 * branch            main       -> FETCH_HEAD
 * [new branch]      main       -> origin/main
HEAD is now at f2ceb5d WKWebView is no longer private (#4)
Cloned https://github.com/JakubMazur/SwiftUIWKWebView.git
Revision (git rev-parse @):
f2ceb5d9350cf6e320db657b7700409d5bae3a8c
SUCCESS checkout https://github.com/JakubMazur/SwiftUIWKWebView.git at main
========================================
Build
========================================
Selected platform:         watchOS
Swift version:             6.4
Building package at path:  $PWD
https://github.com/JakubMazur/SwiftUIWKWebView.git
Command line invocation:
    /Applications/Xcode-27.0.0-Release.Candidate.app/Contents/Developer/usr/bin/xcodebuild -IDEClonedSourcePackagesDirPathOverride=/Users/admin/builder/spi-builder-workspace/.dependencies -resolvePackageDependencies
Resolve Package Graph
Resolve Package Graph
Resolved source packages:
  SwiftUIWKWebView: /Users/admin/builder/spi-builder-workspace
resolved source packages: SwiftUIWKWebView
2026-09-17 14:31:24.223 xcodebuild[529:3024] [MT] IDERunDestination: Supported platforms for the buildables in the current scheme is empty.
{
  "dependencies" : [
  ],
  "manifest_display_name" : "SwiftUIWKWebView",
  "name" : "SwiftUIWKWebView",
  "path" : "/Users/admin/builder/spi-builder-workspace",
  "platforms" : [
    {
      "name" : "macos",
      "version" : "10.15"
    },
    {
      "name" : "ios",
      "version" : "13.0"
    }
  ],
  "products" : [
    {
      "name" : "SwiftUIWKWebView",
      "targets" : [
        "SwiftUIWKWebView"
      ],
      "type" : {
        "library" : [
          "automatic"
        ]
      }
    }
  ],
  "targets" : [
    {
      "c99name" : "SwiftUIWKWebView",
      "module_type" : "SwiftTarget",
      "name" : "SwiftUIWKWebView",
      "path" : "Sources/SwiftUIWKWebView",
      "product_memberships" : [
        "SwiftUIWKWebView"
      ],
      "sources" : [
        "SwiftUIWKWebView+AppKit.swift",
        "SwiftUIWKWebView+Common.swift",
        "SwiftUIWKWebView+UIKit.swift",
        "WebViewViewModel.swift"
      ],
      "type" : "library"
    }
  ],
  "tools_version" : "5.3"
}
{
  "workspace" : {
    "name" : "SwiftUIWKWebView",
    "schemes" : [
      "SwiftUIWKWebView"
    ]
  }
}
2026-09-17 14:32:00.291 xcodebuild[626:3944] [MT] IDERunDestination: Supported platforms for the buildables in the current scheme is empty.
Running build ...
env DEVELOPER_DIR=/Applications/Xcode-27.0.0-Release.Candidate.app xcrun xcodebuild -IDEClonedSourcePackagesDirPathOverride=$PWD/.dependencies -skipMacroValidation -skipPackagePluginValidation -derivedDataPath $PWD/.derivedData build -scheme SwiftUIWKWebView -destination generic/platform=watchOS
Command line invocation:
    /Applications/Xcode-27.0.0-Release.Candidate.app/Contents/Developer/usr/bin/xcodebuild -IDEClonedSourcePackagesDirPathOverride=/Users/admin/builder/spi-builder-workspace/.dependencies -skipMacroValidation -skipPackagePluginValidation -derivedDataPath /Users/admin/builder/spi-builder-workspace/.derivedData build -scheme SwiftUIWKWebView -destination generic/platform=watchOS
Resolve Package Graph
Resolved source packages:
  SwiftUIWKWebView: /Users/admin/builder/spi-builder-workspace
ComputePackagePrebuildTargetDependencyGraph
Prepare packages
CreateBuildRequest
SendProjectDescription
CreateBuildOperation
ComputeTargetDependencyGraph
note: Building targets in dependency order
note: Target dependency graph (2 targets)
    Target 'SwiftUIWKWebView-product' in project 'SwiftUIWKWebView'
        ➜ Explicit dependency on target 'SwiftUIWKWebView' in project 'SwiftUIWKWebView'
    Target 'SwiftUIWKWebView' in project 'SwiftUIWKWebView' (no dependencies)
GatherProvisioningInputs
CreateBuildDescription
ExecuteExternalTool /Applications/Xcode-27.0.0-Release.Candidate.app/Contents/Developer/Toolchains/XcodeDefault.xctoolchain/usr/bin/clang -v -E -dM -isysroot /Applications/Xcode-27.0.0-Release.Candidate.app/Contents/Developer/Platforms/WatchOS.platform/Developer/SDKs/WatchOS27.0.sdk -x c -c /dev/null
ExecuteExternalTool /Applications/Xcode-27.0.0-Release.Candidate.app/Contents/Developer/Toolchains/XcodeDefault.xctoolchain/usr/bin/swiftc --version
ExecuteExternalTool /Applications/Xcode-27.0.0-Release.Candidate.app/Contents/Developer/Toolchains/XcodeDefault.xctoolchain/usr/bin/ld -version_details
Build description signature: 13902eb96b9a41c5113a592272b00e76
Build description path: /Users/admin/builder/spi-builder-workspace/.derivedData/Build/Intermediates.noindex/XCBuildData/13902eb96b9a41c5113a592272b00e76.xcbuilddata
CreateBuildDirectory /Users/admin/builder/spi-builder-workspace/.derivedData/SDKExplicitPrecompiledModules
    cd /Users/admin/builder/spi-builder-workspace/.swiftpm/xcode
    builtin-create-build-directory /Users/admin/builder/spi-builder-workspace/.derivedData/SDKExplicitPrecompiledModules
CreateBuildDirectory /Users/admin/builder/spi-builder-workspace/.derivedData/ModuleCache.noindex
    cd /Users/admin/builder/spi-builder-workspace/.swiftpm/xcode
    builtin-create-build-directory /Users/admin/builder/spi-builder-workspace/.derivedData/ModuleCache.noindex
CreateBuildDirectory /Users/admin/builder/spi-builder-workspace/.derivedData/CompilationCache.noindex
    cd /Users/admin/builder/spi-builder-workspace/.swiftpm/xcode
    builtin-create-build-directory /Users/admin/builder/spi-builder-workspace/.derivedData/CompilationCache.noindex
CreateBuildDirectory /Users/admin/builder/spi-builder-workspace/.derivedData/Build/Products
    cd /Users/admin/builder/spi-builder-workspace/.swiftpm/xcode
    builtin-create-build-directory /Users/admin/builder/spi-builder-workspace/.derivedData/Build/Products
CreateBuildDirectory /Users/admin/builder/spi-builder-workspace/.derivedData/Build/Intermediates.noindex
    cd /Users/admin/builder/spi-builder-workspace/.swiftpm/xcode
    builtin-create-build-directory /Users/admin/builder/spi-builder-workspace/.derivedData/Build/Intermediates.noindex
ClangStatCache /Applications/Xcode-27.0.0-Release.Candidate.app/Contents/Developer/Toolchains/XcodeDefault.xctoolchain/usr/bin/clang-stat-cache /Applications/Xcode-27.0.0-Release.Candidate.app/Contents/Developer/Platforms/WatchOS.platform/Developer/SDKs/WatchOS27.0.sdk /Users/admin/builder/spi-builder-workspace/.derivedData/SDKStatCaches.noindex/watchos27.0-24R360-e829b21a6f8c9b70876ba0858053c04477534ef55a1706bf4c1112bbb242f0a2.sdkstatcache
    cd /Users/admin/builder/spi-builder-workspace/.swiftpm/xcode
    /Applications/Xcode-27.0.0-Release.Candidate.app/Contents/Developer/Toolchains/XcodeDefault.xctoolchain/usr/bin/clang-stat-cache /Applications/Xcode-27.0.0-Release.Candidate.app/Contents/Developer/Platforms/WatchOS.platform/Developer/SDKs/WatchOS27.0.sdk -o /Users/admin/builder/spi-builder-workspace/.derivedData/SDKStatCaches.noindex/watchos27.0-24R360-e829b21a6f8c9b70876ba0858053c04477534ef55a1706bf4c1112bbb242f0a2.sdkstatcache
CreateBuildDirectory /Users/admin/builder/spi-builder-workspace/.derivedData/Build/Intermediates.noindex/SwiftExplicitPrecompiledModules
    cd /Users/admin/builder/spi-builder-workspace/.swiftpm/xcode
    builtin-create-build-directory /Users/admin/builder/spi-builder-workspace/.derivedData/Build/Intermediates.noindex/SwiftExplicitPrecompiledModules
CreateBuildDirectory /Users/admin/builder/spi-builder-workspace/.derivedData/Build/Intermediates.noindex/PrecompiledHeaders
    cd /Users/admin/builder/spi-builder-workspace/.swiftpm/xcode
    builtin-create-build-directory /Users/admin/builder/spi-builder-workspace/.derivedData/Build/Intermediates.noindex/PrecompiledHeaders
CreateBuildDirectory /Users/admin/builder/spi-builder-workspace/.derivedData/Build/Intermediates.noindex/ExplicitPrecompiledModules
    cd /Users/admin/builder/spi-builder-workspace/.swiftpm/xcode
    builtin-create-build-directory /Users/admin/builder/spi-builder-workspace/.derivedData/Build/Intermediates.noindex/ExplicitPrecompiledModules
CreateBuildDirectory /Users/admin/builder/spi-builder-workspace/.derivedData/Build/Intermediates.noindex/EagerLinkingTBDs/Debug-watchos
    cd /Users/admin/builder/spi-builder-workspace/.swiftpm/xcode
    builtin-create-build-directory /Users/admin/builder/spi-builder-workspace/.derivedData/Build/Intermediates.noindex/EagerLinkingTBDs/Debug-watchos
CreateBuildDirectory /Users/admin/builder/spi-builder-workspace/.derivedData/Build/Products/Debug-watchos
    cd /Users/admin/builder/spi-builder-workspace/.swiftpm/xcode
    builtin-create-build-directory /Users/admin/builder/spi-builder-workspace/.derivedData/Build/Products/Debug-watchos
CreateBuildDirectory /Users/admin/builder/spi-builder-workspace/.derivedData/Build/Products/Debug-watchos/PackageFrameworks
    cd /Users/admin/builder/spi-builder-workspace/.swiftpm/xcode
    builtin-create-build-directory /Users/admin/builder/spi-builder-workspace/.derivedData/Build/Products/Debug-watchos/PackageFrameworks
WriteAuxiliaryFile /Users/admin/builder/spi-builder-workspace/.derivedData/Build/Intermediates.noindex/SwiftUIWKWebView.build/Debug-watchos/SwiftUIWKWebView-t.build/SwiftUIWKWebView.DependencyStaticMetadataFileList (in target 'SwiftUIWKWebView' from project 'SwiftUIWKWebView')
    cd /Users/admin/builder/spi-builder-workspace
    write-file /Users/admin/builder/spi-builder-workspace/.derivedData/Build/Intermediates.noindex/SwiftUIWKWebView.build/Debug-watchos/SwiftUIWKWebView-t.build/SwiftUIWKWebView.DependencyStaticMetadataFileList
WriteAuxiliaryFile /Users/admin/builder/spi-builder-workspace/.derivedData/Build/Intermediates.noindex/SwiftUIWKWebView.build/Debug-watchos/SwiftUIWKWebView-t.build/SwiftUIWKWebView.DependencyMetadataFileList (in target 'SwiftUIWKWebView' from project 'SwiftUIWKWebView')
    cd /Users/admin/builder/spi-builder-workspace
    write-file /Users/admin/builder/spi-builder-workspace/.derivedData/Build/Intermediates.noindex/SwiftUIWKWebView.build/Debug-watchos/SwiftUIWKWebView-t.build/SwiftUIWKWebView.DependencyMetadataFileList
WriteAuxiliaryFile /Users/admin/builder/spi-builder-workspace/.derivedData/Build/Intermediates.noindex/SwiftUIWKWebView.build/Debug-watchos/SwiftUIWKWebView-t.build/SwiftUIWKWebView.modulemap (in target 'SwiftUIWKWebView' from project 'SwiftUIWKWebView')
    cd /Users/admin/builder/spi-builder-workspace
    write-file /Users/admin/builder/spi-builder-workspace/.derivedData/Build/Intermediates.noindex/SwiftUIWKWebView.build/Debug-watchos/SwiftUIWKWebView-t.build/SwiftUIWKWebView.modulemap
WriteAuxiliaryFile /Users/admin/builder/spi-builder-workspace/.derivedData/Build/Intermediates.noindex/SwiftUIWKWebView.build/Debug-watchos/SwiftUIWKWebView-t.build/Objects-normal/arm64_32/SwiftUIWKWebView-OutputFileMap.json (in target 'SwiftUIWKWebView' from project 'SwiftUIWKWebView')
    cd /Users/admin/builder/spi-builder-workspace
    write-file /Users/admin/builder/spi-builder-workspace/.derivedData/Build/Intermediates.noindex/SwiftUIWKWebView.build/Debug-watchos/SwiftUIWKWebView-t.build/Objects-normal/arm64_32/SwiftUIWKWebView-OutputFileMap.json
WriteAuxiliaryFile /Users/admin/builder/spi-builder-workspace/.derivedData/Build/Intermediates.noindex/SwiftUIWKWebView.build/Debug-watchos/SwiftUIWKWebView-t.build/Objects-normal/arm64_32/SwiftUIWKWebView.SwiftConstValuesFileList (in target 'SwiftUIWKWebView' from project 'SwiftUIWKWebView')
    cd /Users/admin/builder/spi-builder-workspace
    write-file /Users/admin/builder/spi-builder-workspace/.derivedData/Build/Intermediates.noindex/SwiftUIWKWebView.build/Debug-watchos/SwiftUIWKWebView-t.build/Objects-normal/arm64_32/SwiftUIWKWebView.SwiftConstValuesFileList
WriteAuxiliaryFile /Users/admin/builder/spi-builder-workspace/.derivedData/Build/Intermediates.noindex/SwiftUIWKWebView.build/Debug-watchos/SwiftUIWKWebView-t.build/Objects-normal/arm64_32/SwiftUIWKWebView_const_extract_protocols.json (in target 'SwiftUIWKWebView' from project 'SwiftUIWKWebView')
    cd /Users/admin/builder/spi-builder-workspace
    write-file /Users/admin/builder/spi-builder-workspace/.derivedData/Build/Intermediates.noindex/SwiftUIWKWebView.build/Debug-watchos/SwiftUIWKWebView-t.build/Objects-normal/arm64_32/SwiftUIWKWebView_const_extract_protocols.json
WriteAuxiliaryFile /Users/admin/builder/spi-builder-workspace/.derivedData/Build/Intermediates.noindex/SwiftUIWKWebView.build/Debug-watchos/SwiftUIWKWebView-t.build/Objects-normal/arm64_32/SwiftUIWKWebView.SwiftFileList (in target 'SwiftUIWKWebView' from project 'SwiftUIWKWebView')
    cd /Users/admin/builder/spi-builder-workspace
    write-file /Users/admin/builder/spi-builder-workspace/.derivedData/Build/Intermediates.noindex/SwiftUIWKWebView.build/Debug-watchos/SwiftUIWKWebView-t.build/Objects-normal/arm64_32/SwiftUIWKWebView.SwiftFileList
WriteAuxiliaryFile /Users/admin/builder/spi-builder-workspace/.derivedData/Build/Intermediates.noindex/SwiftUIWKWebView.build/Debug-watchos/SwiftUIWKWebView-t.build/Objects-normal/arm64/SwiftUIWKWebView_const_extract_protocols.json (in target 'SwiftUIWKWebView' from project 'SwiftUIWKWebView')
    cd /Users/admin/builder/spi-builder-workspace
    write-file /Users/admin/builder/spi-builder-workspace/.derivedData/Build/Intermediates.noindex/SwiftUIWKWebView.build/Debug-watchos/SwiftUIWKWebView-t.build/Objects-normal/arm64/SwiftUIWKWebView_const_extract_protocols.json
WriteAuxiliaryFile /Users/admin/builder/spi-builder-workspace/.derivedData/Build/Intermediates.noindex/SwiftUIWKWebView.build/Debug-watchos/SwiftUIWKWebView-t.build/Objects-normal/arm64_32/SwiftUIWKWebView.LinkFileList (in target 'SwiftUIWKWebView' from project 'SwiftUIWKWebView')
    cd /Users/admin/builder/spi-builder-workspace
    write-file /Users/admin/builder/spi-builder-workspace/.derivedData/Build/Intermediates.noindex/SwiftUIWKWebView.build/Debug-watchos/SwiftUIWKWebView-t.build/Objects-normal/arm64_32/SwiftUIWKWebView.LinkFileList
WriteAuxiliaryFile /Users/admin/builder/spi-builder-workspace/.derivedData/Build/Intermediates.noindex/SwiftUIWKWebView.build/Debug-watchos/SwiftUIWKWebView-t.build/Objects-normal/arm64/SwiftUIWKWebView.SwiftConstValuesFileList (in target 'SwiftUIWKWebView' from project 'SwiftUIWKWebView')
    cd /Users/admin/builder/spi-builder-workspace
    write-file /Users/admin/builder/spi-builder-workspace/.derivedData/Build/Intermediates.noindex/SwiftUIWKWebView.build/Debug-watchos/SwiftUIWKWebView-t.build/Objects-normal/arm64/SwiftUIWKWebView.SwiftConstValuesFileList
WriteAuxiliaryFile /Users/admin/builder/spi-builder-workspace/.derivedData/Build/Intermediates.noindex/SwiftUIWKWebView.build/Debug-watchos/SwiftUIWKWebView-t.build/Objects-normal/arm64/SwiftUIWKWebView.LinkFileList (in target 'SwiftUIWKWebView' from project 'SwiftUIWKWebView')
    cd /Users/admin/builder/spi-builder-workspace
    write-file /Users/admin/builder/spi-builder-workspace/.derivedData/Build/Intermediates.noindex/SwiftUIWKWebView.build/Debug-watchos/SwiftUIWKWebView-t.build/Objects-normal/arm64/SwiftUIWKWebView.LinkFileList
WriteAuxiliaryFile /Users/admin/builder/spi-builder-workspace/.derivedData/Build/Intermediates.noindex/SwiftUIWKWebView.build/Debug-watchos/SwiftUIWKWebView-t.build/Objects-normal/arm64/SwiftUIWKWebView.SwiftFileList (in target 'SwiftUIWKWebView' from project 'SwiftUIWKWebView')
    cd /Users/admin/builder/spi-builder-workspace
    write-file /Users/admin/builder/spi-builder-workspace/.derivedData/Build/Intermediates.noindex/SwiftUIWKWebView.build/Debug-watchos/SwiftUIWKWebView-t.build/Objects-normal/arm64/SwiftUIWKWebView.SwiftFileList
WriteAuxiliaryFile /Users/admin/builder/spi-builder-workspace/.derivedData/Build/Intermediates.noindex/SwiftUIWKWebView.build/Debug-watchos/SwiftUIWKWebView-t.build/Objects-normal/arm64/SwiftUIWKWebView-OutputFileMap.json (in target 'SwiftUIWKWebView' from project 'SwiftUIWKWebView')
    cd /Users/admin/builder/spi-builder-workspace
    write-file /Users/admin/builder/spi-builder-workspace/.derivedData/Build/Intermediates.noindex/SwiftUIWKWebView.build/Debug-watchos/SwiftUIWKWebView-t.build/Objects-normal/arm64/SwiftUIWKWebView-OutputFileMap.json
Copy /Users/admin/builder/spi-builder-workspace/.derivedData/Build/Intermediates.noindex/GeneratedModuleMaps-watchos/SwiftUIWKWebView.modulemap /Users/admin/builder/spi-builder-workspace/.derivedData/Build/Intermediates.noindex/SwiftUIWKWebView.build/Debug-watchos/SwiftUIWKWebView-t.build/SwiftUIWKWebView.modulemap (in target 'SwiftUIWKWebView' from project 'SwiftUIWKWebView')
    cd /Users/admin/builder/spi-builder-workspace
    builtin-copy -exclude .DS_Store -exclude CVS -exclude .svn -exclude .git -exclude .hg -resolve-src-symlinks /Users/admin/builder/spi-builder-workspace/.derivedData/Build/Intermediates.noindex/SwiftUIWKWebView.build/Debug-watchos/SwiftUIWKWebView-t.build/SwiftUIWKWebView.modulemap /Users/admin/builder/spi-builder-workspace/.derivedData/Build/Intermediates.noindex/GeneratedModuleMaps-watchos
SwiftDriver SwiftUIWKWebView normal arm64 com.apple.xcode.tools.swift.compiler (in target 'SwiftUIWKWebView' from project 'SwiftUIWKWebView')
    cd /Users/admin/builder/spi-builder-workspace/.swiftpm/xcode
    builtin-SwiftDriver -- /Applications/Xcode-27.0.0-Release.Candidate.app/Contents/Developer/Toolchains/XcodeDefault.xctoolchain/usr/bin/swiftc -parse-as-library -module-name SwiftUIWKWebView -Onone @/Users/admin/builder/spi-builder-workspace/.derivedData/Build/Intermediates.noindex/SwiftUIWKWebView.build/Debug-watchos/SwiftUIWKWebView-t.build/Objects-normal/arm64/SwiftUIWKWebView.SwiftFileList -DSWIFT_PACKAGE -DDEBUG -DSWIFT_MODULE_RESOURCE_BUNDLE_UNAVAILABLE -DXcode -plugin-path /Applications/Xcode-27.0.0-Release.Candidate.app/Contents/Developer/Toolchains/XcodeDefault.xctoolchain/usr/lib/swift/host/plugins/testing -enable-experimental-feature DebugDescriptionMacro -sdk /Applications/Xcode-27.0.0-Release.Candidate.app/Contents/Developer/Platforms/WatchOS.platform/Developer/SDKs/WatchOS27.0.sdk -target arm64-apple-watchos9.0 -g -module-cache-path /Users/admin/builder/spi-builder-workspace/.derivedData/ModuleCache.noindex -Xfrontend -serialize-debugging-options -enable-testing -index-store-path /Users/admin/builder/spi-builder-workspace/.derivedData/Index.noindex/DataStore -Xcc -D_LIBCPP_HARDENING_MODE\=_LIBCPP_HARDENING_MODE_DEBUG -swift-version 5 -I /Users/admin/builder/spi-builder-workspace/.derivedData/Build/Products/Debug-watchos -Isystem /Applications/Xcode-27.0.0-Release.Candidate.app/Contents/Developer/Platforms/WatchOS.platform/Developer/usr/lib -F /Users/admin/builder/spi-builder-workspace/.derivedData/Build/Products/Debug-watchos -F /Applications/Xcode-27.0.0-Release.Candidate.app/Contents/Developer/Platforms/WatchOS.platform/Developer/Library/Frameworks -F /Applications/Xcode-27.0.0-Release.Candidate.app/Contents/Developer/Platforms/WatchOS.platform/Developer/SDKs/WatchOS27.0.sdk/Developer/Library/Frameworks -c -j10 -enable-batch-mode -incremental -Xcc -ivfsstatcache -Xcc /Users/admin/builder/spi-builder-workspace/.derivedData/SDKStatCaches.noindex/watchos27.0-24R360-e829b21a6f8c9b70876ba0858053c04477534ef55a1706bf4c1112bbb242f0a2.sdkstatcache -output-file-map /Users/admin/builder/spi-builder-workspace/.derivedData/Build/Intermediates.noindex/SwiftUIWKWebView.build/Debug-watchos/SwiftUIWKWebView-t.build/Objects-normal/arm64/SwiftUIWKWebView-OutputFileMap.json -save-temps -no-color-diagnostics -explicit-module-build -module-cache-path /Users/admin/builder/spi-builder-workspace/.derivedData/Build/Intermediates.noindex/SwiftExplicitPrecompiledModules -clang-scanner-module-cache-path /Users/admin/builder/spi-builder-workspace/.derivedData/ModuleCache.noindex -sdk-module-cache-path /Users/admin/builder/spi-builder-workspace/.derivedData/SDKExplicitPrecompiledModules -emit-dependencies -emit-module -emit-module-path /Users/admin/builder/spi-builder-workspace/.derivedData/Build/Intermediates.noindex/SwiftUIWKWebView.build/Debug-watchos/SwiftUIWKWebView-t.build/Objects-normal/arm64/SwiftUIWKWebView.swiftmodule -serialize-diagnostics -dependency-scan-serialize-diagnostics-path /Users/admin/builder/spi-builder-workspace/.derivedData/Build/Intermediates.noindex/SwiftUIWKWebView.build/Debug-watchos/SwiftUIWKWebView-t.build/Objects-normal/arm64/SwiftUIWKWebView-dependency-scan.dia -validate-clang-modules-once -clang-build-session-file /Users/admin/builder/spi-builder-workspace/.derivedData/ModuleCache.noindex/Session.modulevalidation -Xcc -fmodules-prune-interval\=86400 -Xcc -fmodules-prune-after\=345600 -emit-const-values -const-gather-protocols-list /Users/admin/builder/spi-builder-workspace/.derivedData/Build/Intermediates.noindex/SwiftUIWKWebView.build/Debug-watchos/SwiftUIWKWebView-t.build/Objects-normal/arm64/SwiftUIWKWebView_const_extract_protocols.json -Xcc -I/Users/admin/builder/spi-builder-workspace/.derivedData/Build/Products/Debug-watchos/include -Xcc -I/Users/admin/builder/spi-builder-workspace/.derivedData/Build/Intermediates.noindex/SwiftUIWKWebView.build/Debug-watchos/SwiftUIWKWebView-t.build/DerivedSources-normal/arm64 -Xcc -I/Users/admin/builder/spi-builder-workspace/.derivedData/Build/Intermediates.noindex/SwiftUIWKWebView.build/Debug-watchos/SwiftUIWKWebView-t.build/DerivedSources/arm64 -Xcc -I/Users/admin/builder/spi-builder-workspace/.derivedData/Build/Intermediates.noindex/SwiftUIWKWebView.build/Debug-watchos/SwiftUIWKWebView-t.build/DerivedSources -Xcc -DSWIFT_PACKAGE -Xcc -DDEBUG\=1 -emit-objc-header -emit-objc-header-path /Users/admin/builder/spi-builder-workspace/.derivedData/Build/Intermediates.noindex/SwiftUIWKWebView.build/Debug-watchos/SwiftUIWKWebView-t.build/Objects-normal/arm64/SwiftUIWKWebView-Swift.h -working-directory /Users/admin/builder/spi-builder-workspace/.swiftpm/xcode -experimental-emit-module-separately -disable-cmo
/Users/admin/builder/spi-builder-workspace/Sources/SwiftUIWKWebView/SwiftUIWKWebView+AppKit.swift:9:8: error: Unable to resolve module dependency: 'WebKit' (in target 'SwiftUIWKWebView' from project 'SwiftUIWKWebView')
    note: A dependency of main module 'SwiftUIWKWebView'
    /Users/admin/builder/spi-builder-workspace/Sources/SwiftUIWKWebView/SwiftUIWKWebView+Common.swift:9:8: note: Also imported here
    /Users/admin/builder/spi-builder-workspace/Sources/SwiftUIWKWebView/SwiftUIWKWebView+UIKit.swift:9:8: note: Also imported here
/Users/admin/builder/spi-builder-workspace/Sources/SwiftUIWKWebView/SwiftUIWKWebView+AppKit.swift:9:8: note: A dependency of main module 'SwiftUIWKWebView'
import WebKit
       ^ (in target 'SwiftUIWKWebView' from project 'SwiftUIWKWebView')
/Users/admin/builder/spi-builder-workspace/Sources/SwiftUIWKWebView/SwiftUIWKWebView+Common.swift:9:8: note: Also imported here
import WebKit
       ^ (in target 'SwiftUIWKWebView' from project 'SwiftUIWKWebView')
/Users/admin/builder/spi-builder-workspace/Sources/SwiftUIWKWebView/SwiftUIWKWebView+UIKit.swift:9:8: note: Also imported here
import WebKit
       ^ (in target 'SwiftUIWKWebView' from project 'SwiftUIWKWebView')
SwiftDriver SwiftUIWKWebView normal arm64_32 com.apple.xcode.tools.swift.compiler (in target 'SwiftUIWKWebView' from project 'SwiftUIWKWebView')
    cd /Users/admin/builder/spi-builder-workspace/.swiftpm/xcode
    builtin-SwiftDriver -- /Applications/Xcode-27.0.0-Release.Candidate.app/Contents/Developer/Toolchains/XcodeDefault.xctoolchain/usr/bin/swiftc -parse-as-library -module-name SwiftUIWKWebView -Onone @/Users/admin/builder/spi-builder-workspace/.derivedData/Build/Intermediates.noindex/SwiftUIWKWebView.build/Debug-watchos/SwiftUIWKWebView-t.build/Objects-normal/arm64_32/SwiftUIWKWebView.SwiftFileList -DSWIFT_PACKAGE -DDEBUG -DSWIFT_MODULE_RESOURCE_BUNDLE_UNAVAILABLE -DXcode -plugin-path /Applications/Xcode-27.0.0-Release.Candidate.app/Contents/Developer/Toolchains/XcodeDefault.xctoolchain/usr/lib/swift/host/plugins/testing -enable-experimental-feature DebugDescriptionMacro -sdk /Applications/Xcode-27.0.0-Release.Candidate.app/Contents/Developer/Platforms/WatchOS.platform/Developer/SDKs/WatchOS27.0.sdk -target arm64_32-apple-watchos9.0 -g -module-cache-path /Users/admin/builder/spi-builder-workspace/.derivedData/ModuleCache.noindex -Xfrontend -serialize-debugging-options -enable-testing -index-store-path /Users/admin/builder/spi-builder-workspace/.derivedData/Index.noindex/DataStore -Xcc -D_LIBCPP_HARDENING_MODE\=_LIBCPP_HARDENING_MODE_DEBUG -swift-version 5 -I /Users/admin/builder/spi-builder-workspace/.derivedData/Build/Products/Debug-watchos -Isystem /Applications/Xcode-27.0.0-Release.Candidate.app/Contents/Developer/Platforms/WatchOS.platform/Developer/usr/lib -F /Users/admin/builder/spi-builder-workspace/.derivedData/Build/Products/Debug-watchos -F /Applications/Xcode-27.0.0-Release.Candidate.app/Contents/Developer/Platforms/WatchOS.platform/Developer/Library/Frameworks -F /Applications/Xcode-27.0.0-Release.Candidate.app/Contents/Developer/Platforms/WatchOS.platform/Developer/SDKs/WatchOS27.0.sdk/Developer/Library/Frameworks -c -j10 -enable-batch-mode -incremental -Xcc -ivfsstatcache -Xcc /Users/admin/builder/spi-builder-workspace/.derivedData/SDKStatCaches.noindex/watchos27.0-24R360-e829b21a6f8c9b70876ba0858053c04477534ef55a1706bf4c1112bbb242f0a2.sdkstatcache -output-file-map /Users/admin/builder/spi-builder-workspace/.derivedData/Build/Intermediates.noindex/SwiftUIWKWebView.build/Debug-watchos/SwiftUIWKWebView-t.build/Objects-normal/arm64_32/SwiftUIWKWebView-OutputFileMap.json -save-temps -no-color-diagnostics -explicit-module-build -module-cache-path /Users/admin/builder/spi-builder-workspace/.derivedData/Build/Intermediates.noindex/SwiftExplicitPrecompiledModules -clang-scanner-module-cache-path /Users/admin/builder/spi-builder-workspace/.derivedData/ModuleCache.noindex -sdk-module-cache-path /Users/admin/builder/spi-builder-workspace/.derivedData/SDKExplicitPrecompiledModules -emit-dependencies -emit-module -emit-module-path /Users/admin/builder/spi-builder-workspace/.derivedData/Build/Intermediates.noindex/SwiftUIWKWebView.build/Debug-watchos/SwiftUIWKWebView-t.build/Objects-normal/arm64_32/SwiftUIWKWebView.swiftmodule -serialize-diagnostics -dependency-scan-serialize-diagnostics-path /Users/admin/builder/spi-builder-workspace/.derivedData/Build/Intermediates.noindex/SwiftUIWKWebView.build/Debug-watchos/SwiftUIWKWebView-t.build/Objects-normal/arm64_32/SwiftUIWKWebView-dependency-scan.dia -validate-clang-modules-once -clang-build-session-file /Users/admin/builder/spi-builder-workspace/.derivedData/ModuleCache.noindex/Session.modulevalidation -Xcc -fmodules-prune-interval\=86400 -Xcc -fmodules-prune-after\=345600 -emit-const-values -const-gather-protocols-list /Users/admin/builder/spi-builder-workspace/.derivedData/Build/Intermediates.noindex/SwiftUIWKWebView.build/Debug-watchos/SwiftUIWKWebView-t.build/Objects-normal/arm64_32/SwiftUIWKWebView_const_extract_protocols.json -Xcc -I/Users/admin/builder/spi-builder-workspace/.derivedData/Build/Products/Debug-watchos/include -Xcc -I/Users/admin/builder/spi-builder-workspace/.derivedData/Build/Intermediates.noindex/SwiftUIWKWebView.build/Debug-watchos/SwiftUIWKWebView-t.build/DerivedSources-normal/arm64_32 -Xcc -I/Users/admin/builder/spi-builder-workspace/.derivedData/Build/Intermediates.noindex/SwiftUIWKWebView.build/Debug-watchos/SwiftUIWKWebView-t.build/DerivedSources/arm64_32 -Xcc -I/Users/admin/builder/spi-builder-workspace/.derivedData/Build/Intermediates.noindex/SwiftUIWKWebView.build/Debug-watchos/SwiftUIWKWebView-t.build/DerivedSources -Xcc -DSWIFT_PACKAGE -Xcc -DDEBUG\=1 -emit-objc-header -emit-objc-header-path /Users/admin/builder/spi-builder-workspace/.derivedData/Build/Intermediates.noindex/SwiftUIWKWebView.build/Debug-watchos/SwiftUIWKWebView-t.build/Objects-normal/arm64_32/SwiftUIWKWebView-Swift.h -working-directory /Users/admin/builder/spi-builder-workspace/.swiftpm/xcode -experimental-emit-module-separately -disable-cmo
/Users/admin/builder/spi-builder-workspace/Sources/SwiftUIWKWebView/SwiftUIWKWebView+AppKit.swift:9:8: error: Unable to resolve module dependency: 'WebKit' (in target 'SwiftUIWKWebView' from project 'SwiftUIWKWebView')
    note: A dependency of main module 'SwiftUIWKWebView'
    /Users/admin/builder/spi-builder-workspace/Sources/SwiftUIWKWebView/SwiftUIWKWebView+Common.swift:9:8: note: Also imported here
    /Users/admin/builder/spi-builder-workspace/Sources/SwiftUIWKWebView/SwiftUIWKWebView+UIKit.swift:9:8: note: Also imported here
/Users/admin/builder/spi-builder-workspace/Sources/SwiftUIWKWebView/SwiftUIWKWebView+AppKit.swift:9:8: note: A dependency of main module 'SwiftUIWKWebView'
import WebKit
       ^ (in target 'SwiftUIWKWebView' from project 'SwiftUIWKWebView')
/Users/admin/builder/spi-builder-workspace/Sources/SwiftUIWKWebView/SwiftUIWKWebView+Common.swift:9:8: note: Also imported here
import WebKit
       ^ (in target 'SwiftUIWKWebView' from project 'SwiftUIWKWebView')
/Users/admin/builder/spi-builder-workspace/Sources/SwiftUIWKWebView/SwiftUIWKWebView+UIKit.swift:9:8: note: Also imported here
import WebKit
       ^ (in target 'SwiftUIWKWebView' from project 'SwiftUIWKWebView')
PruneExplicitPrecompiledModules /Users/admin/builder/spi-builder-workspace/.derivedData/Build/Intermediates.noindex/SwiftExplicitPrecompiledModules
PruneExplicitPrecompiledModules /Users/admin/builder/spi-builder-workspace/.derivedData/SDKExplicitPrecompiledModules
PruneExplicitPrecompiledModules /Users/admin/builder/spi-builder-workspace/.derivedData/Build/Intermediates.noindex/ExplicitPrecompiledModules
2026-09-17 14:32:01.849 xcodebuild[627:3994] [MT] IDERunDestination: Supported platforms for the buildables in the current scheme is empty.
** BUILD FAILED **
The following build commands failed:
	SwiftDriver SwiftUIWKWebView normal arm64 com.apple.xcode.tools.swift.compiler (in target 'SwiftUIWKWebView' from project 'SwiftUIWKWebView')
	SwiftDriver SwiftUIWKWebView normal arm64_32 com.apple.xcode.tools.swift.compiler (in target 'SwiftUIWKWebView' from project 'SwiftUIWKWebView')
	Building workspace SwiftUIWKWebView with scheme SwiftUIWKWebView
(3 failures)
Command line invocation:
    /Applications/Xcode-27.0.0-Release.Candidate.app/Contents/Developer/usr/bin/xcodebuild -IDEClonedSourcePackagesDirPathOverride=/Users/admin/builder/spi-builder-workspace/.dependencies -resolvePackageDependencies
Resolve Package Graph
Resolved source packages:
  SwiftUIWKWebView: /Users/admin/builder/spi-builder-workspace
resolved source packages: SwiftUIWKWebView
2026-09-17 14:32:05.199 xcodebuild[663:4446] [MT] IDERunDestination: Supported platforms for the buildables in the current scheme is empty.
{
  "dependencies" : [
  ],
  "manifest_display_name" : "SwiftUIWKWebView",
  "name" : "SwiftUIWKWebView",
  "path" : "/Users/admin/builder/spi-builder-workspace",
  "platforms" : [
    {
      "name" : "macos",
      "version" : "10.15"
    },
    {
      "name" : "ios",
      "version" : "13.0"
    }
  ],
  "products" : [
    {
      "name" : "SwiftUIWKWebView",
      "targets" : [
        "SwiftUIWKWebView"
      ],
      "type" : {
        "library" : [
          "automatic"
        ]
      }
    }
  ],
  "targets" : [
    {
      "c99name" : "SwiftUIWKWebView",
      "module_type" : "SwiftTarget",
      "name" : "SwiftUIWKWebView",
      "path" : "Sources/SwiftUIWKWebView",
      "product_memberships" : [
        "SwiftUIWKWebView"
      ],
      "sources" : [
        "SwiftUIWKWebView+AppKit.swift",
        "SwiftUIWKWebView+Common.swift",
        "SwiftUIWKWebView+UIKit.swift",
        "WebViewViewModel.swift"
      ],
      "type" : "library"
    }
  ],
  "tools_version" : "5.3"
}
{
  "workspace" : {
    "name" : "SwiftUIWKWebView",
    "schemes" : [
      "SwiftUIWKWebView"
    ]
  }
}
2026-09-17 14:32:06.444 xcodebuild[671:4503] [MT] IDERunDestination: Supported platforms for the buildables in the current scheme is empty.
Running build ...
env DEVELOPER_DIR=/Applications/Xcode-27.0.0-Release.Candidate.app xcrun xcodebuild -IDEClonedSourcePackagesDirPathOverride=$PWD/.dependencies -skipMacroValidation -skipPackagePluginValidation -derivedDataPath $PWD/.derivedData build -scheme SwiftUIWKWebView -destination generic/platform=watchOS
Command line invocation:
    /Applications/Xcode-27.0.0-Release.Candidate.app/Contents/Developer/usr/bin/xcodebuild -IDEClonedSourcePackagesDirPathOverride=/Users/admin/builder/spi-builder-workspace/.dependencies -skipMacroValidation -skipPackagePluginValidation -derivedDataPath /Users/admin/builder/spi-builder-workspace/.derivedData build -scheme SwiftUIWKWebView -destination generic/platform=watchOS
Resolve Package Graph
Resolved source packages:
  SwiftUIWKWebView: /Users/admin/builder/spi-builder-workspace
ComputePackagePrebuildTargetDependencyGraph
Prepare packages
CreateBuildRequest
SendProjectDescription
CreateBuildOperation
ComputeTargetDependencyGraph
note: Building targets in dependency order
note: Target dependency graph (2 targets)
    Target 'SwiftUIWKWebView-product' in project 'SwiftUIWKWebView'
        ➜ Explicit dependency on target 'SwiftUIWKWebView' in project 'SwiftUIWKWebView'
    Target 'SwiftUIWKWebView' in project 'SwiftUIWKWebView' (no dependencies)
GatherProvisioningInputs
CreateBuildDescription
ClangStatCache /Applications/Xcode-27.0.0-Release.Candidate.app/Contents/Developer/Toolchains/XcodeDefault.xctoolchain/usr/bin/clang-stat-cache /Applications/Xcode-27.0.0-Release.Candidate.app/Contents/Developer/Platforms/WatchOS.platform/Developer/SDKs/WatchOS27.0.sdk /Users/admin/builder/spi-builder-workspace/.derivedData/SDKStatCaches.noindex/watchos27.0-24R360-e829b21a6f8c9b70876ba0858053c04477534ef55a1706bf4c1112bbb242f0a2.sdkstatcache
    cd /Users/admin/builder/spi-builder-workspace/.swiftpm/xcode
    /Applications/Xcode-27.0.0-Release.Candidate.app/Contents/Developer/Toolchains/XcodeDefault.xctoolchain/usr/bin/clang-stat-cache /Applications/Xcode-27.0.0-Release.Candidate.app/Contents/Developer/Platforms/WatchOS.platform/Developer/SDKs/WatchOS27.0.sdk -o /Users/admin/builder/spi-builder-workspace/.derivedData/SDKStatCaches.noindex/watchos27.0-24R360-e829b21a6f8c9b70876ba0858053c04477534ef55a1706bf4c1112bbb242f0a2.sdkstatcache
SwiftDriver SwiftUIWKWebView normal arm64_32 com.apple.xcode.tools.swift.compiler (in target 'SwiftUIWKWebView' from project 'SwiftUIWKWebView')
    cd /Users/admin/builder/spi-builder-workspace/.swiftpm/xcode
    builtin-SwiftDriver -- /Applications/Xcode-27.0.0-Release.Candidate.app/Contents/Developer/Toolchains/XcodeDefault.xctoolchain/usr/bin/swiftc -parse-as-library -module-name SwiftUIWKWebView -Onone @/Users/admin/builder/spi-builder-workspace/.derivedData/Build/Intermediates.noindex/SwiftUIWKWebView.build/Debug-watchos/SwiftUIWKWebView-t.build/Objects-normal/arm64_32/SwiftUIWKWebView.SwiftFileList -DSWIFT_PACKAGE -DDEBUG -DSWIFT_MODULE_RESOURCE_BUNDLE_UNAVAILABLE -DXcode -plugin-path /Applications/Xcode-27.0.0-Release.Candidate.app/Contents/Developer/Toolchains/XcodeDefault.xctoolchain/usr/lib/swift/host/plugins/testing -enable-experimental-feature DebugDescriptionMacro -sdk /Applications/Xcode-27.0.0-Release.Candidate.app/Contents/Developer/Platforms/WatchOS.platform/Developer/SDKs/WatchOS27.0.sdk -target arm64_32-apple-watchos9.0 -g -module-cache-path /Users/admin/builder/spi-builder-workspace/.derivedData/ModuleCache.noindex -Xfrontend -serialize-debugging-options -enable-testing -index-store-path /Users/admin/builder/spi-builder-workspace/.derivedData/Index.noindex/DataStore -Xcc -D_LIBCPP_HARDENING_MODE\=_LIBCPP_HARDENING_MODE_DEBUG -swift-version 5 -I /Users/admin/builder/spi-builder-workspace/.derivedData/Build/Products/Debug-watchos -Isystem /Applications/Xcode-27.0.0-Release.Candidate.app/Contents/Developer/Platforms/WatchOS.platform/Developer/usr/lib -F /Users/admin/builder/spi-builder-workspace/.derivedData/Build/Products/Debug-watchos -F /Applications/Xcode-27.0.0-Release.Candidate.app/Contents/Developer/Platforms/WatchOS.platform/Developer/Library/Frameworks -F /Applications/Xcode-27.0.0-Release.Candidate.app/Contents/Developer/Platforms/WatchOS.platform/Developer/SDKs/WatchOS27.0.sdk/Developer/Library/Frameworks -c -j10 -enable-batch-mode -incremental -Xcc -ivfsstatcache -Xcc /Users/admin/builder/spi-builder-workspace/.derivedData/SDKStatCaches.noindex/watchos27.0-24R360-e829b21a6f8c9b70876ba0858053c04477534ef55a1706bf4c1112bbb242f0a2.sdkstatcache -output-file-map /Users/admin/builder/spi-builder-workspace/.derivedData/Build/Intermediates.noindex/SwiftUIWKWebView.build/Debug-watchos/SwiftUIWKWebView-t.build/Objects-normal/arm64_32/SwiftUIWKWebView-OutputFileMap.json -save-temps -no-color-diagnostics -explicit-module-build -module-cache-path /Users/admin/builder/spi-builder-workspace/.derivedData/Build/Intermediates.noindex/SwiftExplicitPrecompiledModules -clang-scanner-module-cache-path /Users/admin/builder/spi-builder-workspace/.derivedData/ModuleCache.noindex -sdk-module-cache-path /Users/admin/builder/spi-builder-workspace/.derivedData/SDKExplicitPrecompiledModules -emit-dependencies -emit-module -emit-module-path /Users/admin/builder/spi-builder-workspace/.derivedData/Build/Intermediates.noindex/SwiftUIWKWebView.build/Debug-watchos/SwiftUIWKWebView-t.build/Objects-normal/arm64_32/SwiftUIWKWebView.swiftmodule -serialize-diagnostics -dependency-scan-serialize-diagnostics-path /Users/admin/builder/spi-builder-workspace/.derivedData/Build/Intermediates.noindex/SwiftUIWKWebView.build/Debug-watchos/SwiftUIWKWebView-t.build/Objects-normal/arm64_32/SwiftUIWKWebView-dependency-scan.dia -validate-clang-modules-once -clang-build-session-file /Users/admin/builder/spi-builder-workspace/.derivedData/ModuleCache.noindex/Session.modulevalidation -Xcc -fmodules-prune-interval\=86400 -Xcc -fmodules-prune-after\=345600 -emit-const-values -const-gather-protocols-list /Users/admin/builder/spi-builder-workspace/.derivedData/Build/Intermediates.noindex/SwiftUIWKWebView.build/Debug-watchos/SwiftUIWKWebView-t.build/Objects-normal/arm64_32/SwiftUIWKWebView_const_extract_protocols.json -Xcc -I/Users/admin/builder/spi-builder-workspace/.derivedData/Build/Products/Debug-watchos/include -Xcc -I/Users/admin/builder/spi-builder-workspace/.derivedData/Build/Intermediates.noindex/SwiftUIWKWebView.build/Debug-watchos/SwiftUIWKWebView-t.build/DerivedSources-normal/arm64_32 -Xcc -I/Users/admin/builder/spi-builder-workspace/.derivedData/Build/Intermediates.noindex/SwiftUIWKWebView.build/Debug-watchos/SwiftUIWKWebView-t.build/DerivedSources/arm64_32 -Xcc -I/Users/admin/builder/spi-builder-workspace/.derivedData/Build/Intermediates.noindex/SwiftUIWKWebView.build/Debug-watchos/SwiftUIWKWebView-t.build/DerivedSources -Xcc -DSWIFT_PACKAGE -Xcc -DDEBUG\=1 -emit-objc-header -emit-objc-header-path /Users/admin/builder/spi-builder-workspace/.derivedData/Build/Intermediates.noindex/SwiftUIWKWebView.build/Debug-watchos/SwiftUIWKWebView-t.build/Objects-normal/arm64_32/SwiftUIWKWebView-Swift.h -working-directory /Users/admin/builder/spi-builder-workspace/.swiftpm/xcode -experimental-emit-module-separately -disable-cmo
/Users/admin/builder/spi-builder-workspace/Sources/SwiftUIWKWebView/SwiftUIWKWebView+AppKit.swift:9:8: error: Unable to resolve module dependency: 'WebKit' (in target 'SwiftUIWKWebView' from project 'SwiftUIWKWebView')
    note: A dependency of main module 'SwiftUIWKWebView'
    /Users/admin/builder/spi-builder-workspace/Sources/SwiftUIWKWebView/SwiftUIWKWebView+Common.swift:9:8: note: Also imported here
    /Users/admin/builder/spi-builder-workspace/Sources/SwiftUIWKWebView/SwiftUIWKWebView+UIKit.swift:9:8: note: Also imported here
/Users/admin/builder/spi-builder-workspace/Sources/SwiftUIWKWebView/SwiftUIWKWebView+AppKit.swift:9:8: note: A dependency of main module 'SwiftUIWKWebView'
import WebKit
       ^ (in target 'SwiftUIWKWebView' from project 'SwiftUIWKWebView')
/Users/admin/builder/spi-builder-workspace/Sources/SwiftUIWKWebView/SwiftUIWKWebView+Common.swift:9:8: note: Also imported here
import WebKit
       ^ (in target 'SwiftUIWKWebView' from project 'SwiftUIWKWebView')
/Users/admin/builder/spi-builder-workspace/Sources/SwiftUIWKWebView/SwiftUIWKWebView+UIKit.swift:9:8: note: Also imported here
import WebKit
       ^ (in target 'SwiftUIWKWebView' from project 'SwiftUIWKWebView')
SwiftDriver SwiftUIWKWebView normal arm64 com.apple.xcode.tools.swift.compiler (in target 'SwiftUIWKWebView' from project 'SwiftUIWKWebView')
    cd /Users/admin/builder/spi-builder-workspace/.swiftpm/xcode
    builtin-SwiftDriver -- /Applications/Xcode-27.0.0-Release.Candidate.app/Contents/Developer/Toolchains/XcodeDefault.xctoolchain/usr/bin/swiftc -parse-as-library -module-name SwiftUIWKWebView -Onone @/Users/admin/builder/spi-builder-workspace/.derivedData/Build/Intermediates.noindex/SwiftUIWKWebView.build/Debug-watchos/SwiftUIWKWebView-t.build/Objects-normal/arm64/SwiftUIWKWebView.SwiftFileList -DSWIFT_PACKAGE -DDEBUG -DSWIFT_MODULE_RESOURCE_BUNDLE_UNAVAILABLE -DXcode -plugin-path /Applications/Xcode-27.0.0-Release.Candidate.app/Contents/Developer/Toolchains/XcodeDefault.xctoolchain/usr/lib/swift/host/plugins/testing -enable-experimental-feature DebugDescriptionMacro -sdk /Applications/Xcode-27.0.0-Release.Candidate.app/Contents/Developer/Platforms/WatchOS.platform/Developer/SDKs/WatchOS27.0.sdk -target arm64-apple-watchos9.0 -g -module-cache-path /Users/admin/builder/spi-builder-workspace/.derivedData/ModuleCache.noindex -Xfrontend -serialize-debugging-options -enable-testing -index-store-path /Users/admin/builder/spi-builder-workspace/.derivedData/Index.noindex/DataStore -Xcc -D_LIBCPP_HARDENING_MODE\=_LIBCPP_HARDENING_MODE_DEBUG -swift-version 5 -I /Users/admin/builder/spi-builder-workspace/.derivedData/Build/Products/Debug-watchos -Isystem /Applications/Xcode-27.0.0-Release.Candidate.app/Contents/Developer/Platforms/WatchOS.platform/Developer/usr/lib -F /Users/admin/builder/spi-builder-workspace/.derivedData/Build/Products/Debug-watchos -F /Applications/Xcode-27.0.0-Release.Candidate.app/Contents/Developer/Platforms/WatchOS.platform/Developer/Library/Frameworks -F /Applications/Xcode-27.0.0-Release.Candidate.app/Contents/Developer/Platforms/WatchOS.platform/Developer/SDKs/WatchOS27.0.sdk/Developer/Library/Frameworks -c -j10 -enable-batch-mode -incremental -Xcc -ivfsstatcache -Xcc /Users/admin/builder/spi-builder-workspace/.derivedData/SDKStatCaches.noindex/watchos27.0-24R360-e829b21a6f8c9b70876ba0858053c04477534ef55a1706bf4c1112bbb242f0a2.sdkstatcache -output-file-map /Users/admin/builder/spi-builder-workspace/.derivedData/Build/Intermediates.noindex/SwiftUIWKWebView.build/Debug-watchos/SwiftUIWKWebView-t.build/Objects-normal/arm64/SwiftUIWKWebView-OutputFileMap.json -save-temps -no-color-diagnostics -explicit-module-build -module-cache-path /Users/admin/builder/spi-builder-workspace/.derivedData/Build/Intermediates.noindex/SwiftExplicitPrecompiledModules -clang-scanner-module-cache-path /Users/admin/builder/spi-builder-workspace/.derivedData/ModuleCache.noindex -sdk-module-cache-path /Users/admin/builder/spi-builder-workspace/.derivedData/SDKExplicitPrecompiledModules -emit-dependencies -emit-module -emit-module-path /Users/admin/builder/spi-builder-workspace/.derivedData/Build/Intermediates.noindex/SwiftUIWKWebView.build/Debug-watchos/SwiftUIWKWebView-t.build/Objects-normal/arm64/SwiftUIWKWebView.swiftmodule -serialize-diagnostics -dependency-scan-serialize-diagnostics-path /Users/admin/builder/spi-builder-workspace/.derivedData/Build/Intermediates.noindex/SwiftUIWKWebView.build/Debug-watchos/SwiftUIWKWebView-t.build/Objects-normal/arm64/SwiftUIWKWebView-dependency-scan.dia -validate-clang-modules-once -clang-build-session-file /Users/admin/builder/spi-builder-workspace/.derivedData/ModuleCache.noindex/Session.modulevalidation -Xcc -fmodules-prune-interval\=86400 -Xcc -fmodules-prune-after\=345600 -emit-const-values -const-gather-protocols-list /Users/admin/builder/spi-builder-workspace/.derivedData/Build/Intermediates.noindex/SwiftUIWKWebView.build/Debug-watchos/SwiftUIWKWebView-t.build/Objects-normal/arm64/SwiftUIWKWebView_const_extract_protocols.json -Xcc -I/Users/admin/builder/spi-builder-workspace/.derivedData/Build/Products/Debug-watchos/include -Xcc -I/Users/admin/builder/spi-builder-workspace/.derivedData/Build/Intermediates.noindex/SwiftUIWKWebView.build/Debug-watchos/SwiftUIWKWebView-t.build/DerivedSources-normal/arm64 -Xcc -I/Users/admin/builder/spi-builder-workspace/.derivedData/Build/Intermediates.noindex/SwiftUIWKWebView.build/Debug-watchos/SwiftUIWKWebView-t.build/DerivedSources/arm64 -Xcc -I/Users/admin/builder/spi-builder-workspace/.derivedData/Build/Intermediates.noindex/SwiftUIWKWebView.build/Debug-watchos/SwiftUIWKWebView-t.build/DerivedSources -Xcc -DSWIFT_PACKAGE -Xcc -DDEBUG\=1 -emit-objc-header -emit-objc-header-path /Users/admin/builder/spi-builder-workspace/.derivedData/Build/Intermediates.noindex/SwiftUIWKWebView.build/Debug-watchos/SwiftUIWKWebView-t.build/Objects-normal/arm64/SwiftUIWKWebView-Swift.h -working-directory /Users/admin/builder/spi-builder-workspace/.swiftpm/xcode -experimental-emit-module-separately -disable-cmo
/Users/admin/builder/spi-builder-workspace/Sources/SwiftUIWKWebView/SwiftUIWKWebView+AppKit.swift:9:8: error: Unable to resolve module dependency: 'WebKit' (in target 'SwiftUIWKWebView' from project 'SwiftUIWKWebView')
    note: A dependency of main module 'SwiftUIWKWebView'
    /Users/admin/builder/spi-builder-workspace/Sources/SwiftUIWKWebView/SwiftUIWKWebView+Common.swift:9:8: note: Also imported here
    /Users/admin/builder/spi-builder-workspace/Sources/SwiftUIWKWebView/SwiftUIWKWebView+UIKit.swift:9:8: note: Also imported here
/Users/admin/builder/spi-builder-workspace/Sources/SwiftUIWKWebView/SwiftUIWKWebView+AppKit.swift:9:8: note: A dependency of main module 'SwiftUIWKWebView'
import WebKit
       ^ (in target 'SwiftUIWKWebView' from project 'SwiftUIWKWebView')
/Users/admin/builder/spi-builder-workspace/Sources/SwiftUIWKWebView/SwiftUIWKWebView+Common.swift:9:8: note: Also imported here
import WebKit
       ^ (in target 'SwiftUIWKWebView' from project 'SwiftUIWKWebView')
/Users/admin/builder/spi-builder-workspace/Sources/SwiftUIWKWebView/SwiftUIWKWebView+UIKit.swift:9:8: note: Also imported here
import WebKit
       ^ (in target 'SwiftUIWKWebView' from project 'SwiftUIWKWebView')
PruneExplicitPrecompiledModules /Users/admin/builder/spi-builder-workspace/.derivedData/Build/Intermediates.noindex/ExplicitPrecompiledModules
PruneExplicitPrecompiledModules /Users/admin/builder/spi-builder-workspace/.derivedData/SDKExplicitPrecompiledModules
PruneExplicitPrecompiledModules /Users/admin/builder/spi-builder-workspace/.derivedData/Build/Intermediates.noindex/SwiftExplicitPrecompiledModules
2026-09-17 14:32:07.403 xcodebuild[672:4527] [MT] IDERunDestination: Supported platforms for the buildables in the current scheme is empty.
** BUILD FAILED **
The following build commands failed:
	SwiftDriver SwiftUIWKWebView normal arm64_32 com.apple.xcode.tools.swift.compiler (in target 'SwiftUIWKWebView' from project 'SwiftUIWKWebView')
	SwiftDriver SwiftUIWKWebView normal arm64 com.apple.xcode.tools.swift.compiler (in target 'SwiftUIWKWebView' from project 'SwiftUIWKWebView')
	Building workspace SwiftUIWKWebView with scheme SwiftUIWKWebView
(3 failures)
BUILD FAILURE 6.4 watchOS