Build Information
Failed to build fluent-postgres-driver, reference main (26fe81), with Swift 6.2 for Android on 30 Sep 2026 23:27:47 UTC.
Build Command
bash -c docker run --pull=always --rm -v "checkouts-54344843-3":/host -w "$PWD" -e JAVA_HOME="/root/.sdkman/candidates/java/current" -e SPI_BUILD="1" -e SPI_PROCESSING="1" registry.gitlab.com/saguaro1/spi-images:android-6.2-latest swift build --swift-sdk aarch64-unknown-linux-android28 2>&1Build Log
========================================
RunAll
========================================
Builder version: 5.1.1
Interrupt handler set up.
========================================
Checkout
========================================
Clone URL: https://github.com/vapor/fluent-postgres-driver.git
Reference: main
Initialized empty Git repository in /host/spi-builder-workspace/.git/
hint: Using 'master' as the name for the initial branch. This default branch name
hint: is subject to change. To configure the initial branch name to use in all
hint: of your new repositories, which will suppress this warning, call:
hint:
hint: git config --global init.defaultBranch <name>
hint:
hint: Names commonly chosen instead of 'master' are 'main', 'trunk' and
hint: 'development'. The just-created branch can be renamed via this command:
hint:
hint: git branch -m <name>
From https://github.com/vapor/fluent-postgres-driver
* branch main -> FETCH_HEAD
* [new branch] main -> origin/main
HEAD is now at 26fe819 Add another PostgresClient API (#231)
Cloned https://github.com/vapor/fluent-postgres-driver.git
Revision (git rev-parse @):
26fe8199666eb0794660dfa0560b75c2ac1e40a8
SPI manifest file found: $PWD/.spi.yml
SUCCESS checkout https://github.com/vapor/fluent-postgres-driver.git at main
========================================
Build
========================================
Selected platform: android
Swift version: 6.2
Building package at path: $PWD
https://github.com/vapor/fluent-postgres-driver.git
Running build ...
bash -c docker run --pull=always --rm -v "checkouts-54344843-3":/host -w "$PWD" -e JAVA_HOME="/root/.sdkman/candidates/java/current" -e SPI_BUILD="1" -e SPI_PROCESSING="1" registry.gitlab.com/saguaro1/spi-images:android-6.2-latest swift build --swift-sdk aarch64-unknown-linux-android28 2>&1
android-6.2-latest: Pulling from saguaro1/spi-images
Digest: sha256:f47b2a33897778fb58ca39c1139e193fa7f391fa362fe0d23c00db9747030994
Status: Image is up to date for registry.gitlab.com/saguaro1/spi-images:android-6.2-latest
Fetching https://github.com/vapor/postgres-nio.git
Fetching https://github.com/vapor/async-kit.git
Fetching https://github.com/vapor/postgres-kit.git
Fetching https://github.com/swift-server/swift-service-lifecycle.git
Fetching https://github.com/vapor/fluent-kit.git
Fetching https://github.com/apple/swift-log.git
[1/2514] Fetching async-kit
[580/10727] Fetching async-kit, swift-log
[1896/13576] Fetching async-kit, swift-log, swift-service-lifecycle
[11652/27544] Fetching async-kit, swift-log, swift-service-lifecycle, fluent-kit
[16092/33125] Fetching async-kit, swift-log, swift-service-lifecycle, fluent-kit, postgres-kit
Fetched https://github.com/apple/swift-log.git from cache (0.57s)
[21087/24912] Fetching async-kit, swift-service-lifecycle, fluent-kit, postgres-kit
Fetched https://github.com/swift-server/swift-service-lifecycle.git from cache (0.66s)
Fetched https://github.com/vapor/postgres-kit.git from cache (0.67s)
Fetched https://github.com/vapor/fluent-kit.git from cache (0.71s)
[1/15569] Fetching postgres-nio
Fetched https://github.com/vapor/async-kit.git from cache (1.54s)
Fetched https://github.com/vapor/postgres-nio.git from cache (1.55s)
Computing version for https://github.com/swift-server/swift-service-lifecycle.git
Computed https://github.com/swift-server/swift-service-lifecycle.git at 2.12.0 (1.89s)
Fetching https://github.com/apple/swift-async-algorithms.git
[1/6792] Fetching swift-async-algorithms
Fetched https://github.com/apple/swift-async-algorithms.git from cache (1.13s)
Computing version for https://github.com/vapor/postgres-nio.git
Computed https://github.com/vapor/postgres-nio.git at 1.33.1 (1.34s)
Fetching https://github.com/apple/swift-atomics.git
Fetching https://github.com/apple/swift-nio.git
Fetching https://github.com/apple/swift-crypto.git
Fetching https://github.com/apple/swift-metrics.git
Fetching https://github.com/apple/swift-nio-transport-services.git
Fetching https://github.com/apple/swift-collections.git
[1/1885] Fetching swift-atomics
[20/20457] Fetching swift-atomics, swift-crypto
[489/23990] Fetching swift-atomics, swift-crypto, swift-metrics
[808/26857] Fetching swift-atomics, swift-crypto, swift-metrics, swift-nio-transport-services
Fetched https://github.com/apple/swift-nio-transport-services.git from cache (0.64s)
Fetched https://github.com/apple/swift-metrics.git from cache (0.64s)
Fetching https://github.com/apple/swift-nio-ssl.git
[3371/20457] Fetching swift-atomics, swift-crypto
[3744/48525] Fetching swift-atomics, swift-crypto, swift-collections
[6266/134762] Fetching swift-atomics, swift-crypto, swift-collections, swift-nio
[106305/151625] Fetching swift-atomics, swift-crypto, swift-collections, swift-nio, swift-nio-ssl
Fetched https://github.com/apple/swift-nio-ssl.git from cache (3.00s)
Fetched https://github.com/apple/swift-atomics.git from cache (3.88s)
Fetched https://github.com/apple/swift-collections.git from cache (3.90s)
Fetched https://github.com/apple/swift-crypto.git from cache (3.90s)
Fetched https://github.com/apple/swift-nio.git from cache (3.92s)
Computing version for https://github.com/vapor/async-kit.git
Computed https://github.com/vapor/async-kit.git at 1.22.0 (4.09s)
Fetching https://github.com/apple/swift-algorithms.git
[1/6159] Fetching swift-algorithms
Fetched https://github.com/apple/swift-algorithms.git from cache (0.61s)
Computing version for https://github.com/apple/swift-algorithms.git
Computed https://github.com/apple/swift-algorithms.git at 1.2.1 (2.04s)
Fetching https://github.com/apple/swift-numerics.git
[1/6651] Fetching swift-numerics
Fetched https://github.com/apple/swift-numerics.git from cache (0.95s)
Computing version for https://github.com/apple/swift-log.git
Computed https://github.com/apple/swift-log.git at 1.15.1 (1.15s)
Computing version for https://github.com/apple/swift-atomics.git
Computed https://github.com/apple/swift-atomics.git at 1.3.1 (0.20s)
Computing version for https://github.com/apple/swift-async-algorithms.git
Computed https://github.com/apple/swift-async-algorithms.git at 1.1.7 (0.40s)
Computing version for https://github.com/apple/swift-collections.git
Computed https://github.com/apple/swift-collections.git at 1.7.1 (0.45s)
Computing version for https://github.com/vapor/postgres-kit.git
Computed https://github.com/vapor/postgres-kit.git at 2.17.0 (0.27s)
Fetching https://github.com/vapor/sql-kit.git
[1/6358] Fetching sql-kit
Fetched https://github.com/vapor/sql-kit.git from cache (1.04s)
Computing version for https://github.com/vapor/sql-kit.git
Computed https://github.com/vapor/sql-kit.git at 3.36.0 (1.30s)
Computing version for https://github.com/apple/swift-numerics.git
Computed https://github.com/apple/swift-numerics.git at 1.1.1 (0.25s)
Computing version for https://github.com/vapor/fluent-kit.git
Computed https://github.com/vapor/fluent-kit.git at 1.57.0 (0.30s)
Fetching https://github.com/apple/swift-service-context.git
Fetching https://github.com/apple/swift-distributed-tracing.git
[1/1414] Fetching swift-service-context
[1147/7859] Fetching swift-service-context, swift-distributed-tracing
Fetched https://github.com/apple/swift-service-context.git from cache (0.44s)
[194/6445] Fetching swift-distributed-tracing
Fetched https://github.com/apple/swift-distributed-tracing.git from cache (0.63s)
Computing version for https://github.com/apple/swift-distributed-tracing.git
Computed https://github.com/apple/swift-distributed-tracing.git at 1.5.0 (0.88s)
Computing version for https://github.com/apple/swift-service-context.git
Computed https://github.com/apple/swift-service-context.git at 1.3.0 (0.23s)
Computing version for https://github.com/apple/swift-nio.git
Computed https://github.com/apple/swift-nio.git at 2.103.0 (0.60s)
Fetching https://github.com/apple/swift-system.git
[1/7035] Fetching swift-system
Fetched https://github.com/apple/swift-system.git from cache (0.72s)
Computing version for https://github.com/apple/swift-nio-transport-services.git
Computed https://github.com/apple/swift-nio-transport-services.git at 1.28.0 (1.07s)
Computing version for https://github.com/apple/swift-metrics.git
Computed https://github.com/apple/swift-metrics.git at 2.11.0 (0.25s)
Computing version for https://github.com/apple/swift-system.git
Computed https://github.com/apple/swift-system.git at 1.8.1 (0.28s)
Computing version for https://github.com/apple/swift-nio-ssl.git
Computed https://github.com/apple/swift-nio-ssl.git at 2.37.5 (0.30s)
Computing version for https://github.com/apple/swift-crypto.git
Computed https://github.com/apple/swift-crypto.git at 4.5.2 (1.91s)
Fetching https://github.com/apple/swift-asn1.git
[20/1986] Fetching swift-asn1
Fetched https://github.com/apple/swift-asn1.git from cache (0.49s)
Computing version for https://github.com/apple/swift-asn1.git
Computed https://github.com/apple/swift-asn1.git at 1.7.3 (0.88s)
Creating working copy for https://github.com/apple/swift-nio.git
Working copy of https://github.com/apple/swift-nio.git resolved at 2.103.0
Creating working copy for https://github.com/vapor/postgres-kit.git
Working copy of https://github.com/vapor/postgres-kit.git resolved at 2.17.0
Creating working copy for https://github.com/apple/swift-algorithms.git
Working copy of https://github.com/apple/swift-algorithms.git resolved at 1.2.1
Creating working copy for https://github.com/vapor/fluent-kit.git
Working copy of https://github.com/vapor/fluent-kit.git resolved at 1.57.0
Creating working copy for https://github.com/apple/swift-log.git
Working copy of https://github.com/apple/swift-log.git resolved at 1.15.1
Creating working copy for https://github.com/vapor/postgres-nio.git
Working copy of https://github.com/vapor/postgres-nio.git resolved at 1.33.1
Creating working copy for https://github.com/vapor/async-kit.git
Working copy of https://github.com/vapor/async-kit.git resolved at 1.22.0
Creating working copy for https://github.com/apple/swift-metrics.git
Working copy of https://github.com/apple/swift-metrics.git resolved at 2.11.0
Creating working copy for https://github.com/apple/swift-service-context.git
Working copy of https://github.com/apple/swift-service-context.git resolved at 1.3.0
Creating working copy for https://github.com/swift-server/swift-service-lifecycle.git
Working copy of https://github.com/swift-server/swift-service-lifecycle.git resolved at 2.12.0
Creating working copy for https://github.com/apple/swift-system.git
Working copy of https://github.com/apple/swift-system.git resolved at 1.8.1
Creating working copy for https://github.com/apple/swift-asn1.git
Working copy of https://github.com/apple/swift-asn1.git resolved at 1.7.3
Creating working copy for https://github.com/apple/swift-distributed-tracing.git
Working copy of https://github.com/apple/swift-distributed-tracing.git resolved at 1.5.0
Creating working copy for https://github.com/apple/swift-crypto.git
Working copy of https://github.com/apple/swift-crypto.git resolved at 4.5.2
Creating working copy for https://github.com/vapor/sql-kit.git
Working copy of https://github.com/vapor/sql-kit.git resolved at 3.36.0
Creating working copy for https://github.com/apple/swift-nio-ssl.git
Working copy of https://github.com/apple/swift-nio-ssl.git resolved at 2.37.5
Creating working copy for https://github.com/apple/swift-async-algorithms.git
Working copy of https://github.com/apple/swift-async-algorithms.git resolved at 1.1.7
Creating working copy for https://github.com/apple/swift-nio-transport-services.git
Working copy of https://github.com/apple/swift-nio-transport-services.git resolved at 1.28.0
Creating working copy for https://github.com/apple/swift-atomics.git
Working copy of https://github.com/apple/swift-atomics.git resolved at 1.3.1
Creating working copy for https://github.com/apple/swift-numerics.git
Working copy of https://github.com/apple/swift-numerics.git resolved at 1.1.1
Creating working copy for https://github.com/apple/swift-collections.git
Working copy of https://github.com/apple/swift-collections.git resolved at 1.7.1
Building for debugging...
[0/833] Write sources
[35/833] Compiling CNIOWindows WSAStartup.c
[36/833] Compiling CNIOWASI CNIOWASI.c
[36/833] Write sources
[44/833] Compiling CNIOOpenBSD shim.c
[45/833] Compiling CNIOWindows shim.c
[46/833] Compiling CNIOPosix event_loop_id.c
[47/833] Compiling _NumericsShims _NumericsShims.c
[48/833] Compiling SimpleFIPS202.c
[49/833] Compiling _AtomicsShims.c
[50/833] Compiling CXKCPShims shims.c
[51/833] Compiling CNIOLinux shim.c
[52/833] Compiling CNIODarwin shim.c
[53/833] Compiling CNIOLinux liburing_shims.c
[54/833] Compiling CNIOFreeBSD shim.c
[55/833] Compiling KeccakSponge.c
[56/833] Compiling fiat_p256_adx_sqr.S
[57/833] Write swift-version--11D90AFD9DD3AB2.txt
[58/833] Compiling KeccakHash.c
[59/833] Compiling fiat_curve25519_adx_square.S
[60/833] Compiling fiat_p256_adx_mul.S
[61/837] Compiling fiat_curve25519_adx_mul.S
[62/859] Compiling KeccakP-1600-opt64.c
[63/870] Compiling CNIOBoringSSLShims shims.c
[64/881] Compiling tls_method.cc
[65/909] Compiling tls_record.cc
[67/914] Emitting module CoreMetrics
[68/914] Emitting module ServiceContextModule
[69/914] Compiling InternalCollectionsUtilities UnsafeMutablePointer+Extras.swift
[70/914] Compiling InternalCollectionsUtilities UnsafeMutableRawBufferPointer+Extras.swift
[71/914] Compiling InternalCollectionsUtilities UnsafePointer+Extras.swift
[72/917] Compiling Logging LoggingSystem.swift
[73/918] Compiling ServiceContextModule ServiceContext.swift
[74/918] Compiling ServiceContextModule ServiceContextKey.swift
[75/919] Compiling Logging Logger.swift
[76/919] Compiling InternalCollectionsUtilities BorrowingIteratorProtocol+Equality.swift
[77/919] Compiling InternalCollectionsUtilities BorrowingIteratorProtocol+Extras.swift
[78/919] Compiling InternalCollectionsUtilities Debugging.swift
[79/919] Compiling InternalCollectionsUtilities Descriptions.swift
[80/919] Emitting module InternalCollectionsUtilities
[81/919] Compiling RealModule RealFunctions.swift
[83/920] Compiling RealModule RelaxedArithmetic.swift
[84/920] Compiling InternalCollectionsUtilities MutableSpan+Extras.swift
[85/920] Compiling InternalCollectionsUtilities OutputSpan+Extras.swift
[86/920] Compiling InternalCollectionsUtilities RandomAccessCollection+Offsets.swift
[87/920] Compiling InternalCollectionsUtilities Span+Extras.swift
[88/920] Compiling InternalCollectionsUtilities Iterable+CopyContents.swift
[89/920] Compiling InternalCollectionsUtilities Iterable+Equality.swift
[90/920] Compiling InternalCollectionsUtilities LifetimeOverride.swift
[91/920] Compiling InternalCollectionsUtilities MutableRef.swift
[92/920] Compiling InternalCollectionsUtilities FixedWidthInteger+roundUpToPowerOfTwo.swift
[93/920] Compiling InternalCollectionsUtilities Integer rank.swift
[94/920] Compiling InternalCollectionsUtilities UInt+first and last set bit.swift
[95/920] Compiling InternalCollectionsUtilities UInt+reversed.swift
[98/920] Compiling RealModule Float16+Real.swift
[103/920] Compiling Logging Logger+With.swift
[109/922] Compiling CoreMetrics MappingMetricsFactory.swift
[110/922] Compiling CoreMetrics WithMetricsFactory.swift
[111/922] Compiling RealModule Real.swift
[112/922] Compiling RealModule Float80+Real.swift
[113/922] Emitting module _NIOBase64
[114/922] Compiling _NIOBase64 Base64.swift
[115/926] Compiling InternalCollectionsUtilities _UnsafeBitSet+_Word.swift
[116/926] Compiling InternalCollectionsUtilities _UnsafeBitSet.swift
[117/926] Compiling InternalCollectionsUtilities UnsafeBufferPointer+Extras.swift
[118/926] Compiling InternalCollectionsUtilities UnsafeMutableBufferPointer+Extras.swift
[119/926] Compiling InternalCollectionsUtilities UnsafeRawBufferPointer+Extras.swift
[120/926] Compiling InternalCollectionsUtilities _SortedCollection.swift
[121/926] Compiling InternalCollectionsUtilities _UniqueCollection.swift
[122/926] Compiling SwiftASN1 DER.swift
[123/926] Compiling SwiftASN1 Errors.swift
[124/926] Compiling InternalCollectionsUtilities TemporaryAllocation.swift
[125/926] Compiling InternalCollectionsUtilities _UnsafeBitSet+Index.swift
[131/927] Emitting module RealModule
[137/928] Compiling Logging Logger+Attributes.swift
[140/928] Emitting module SwiftASN1
[141/928] Compiling CoreMetrics Metrics.swift
[142/929] Compiling ConcurrencyHelpers LockedValueBox.swift
[143/934] Compiling _NIODataStructures PriorityQueue.swift
[144/934] Compiling _NIODataStructures Heap.swift
[145/934] Emitting module _NIODataStructures
[146/934] Compiling _NIODataStructures _TinyArray.swift
[148/1005] Compiling Instrumentation NoOpInstrument.swift
[149/1005] Compiling Instrumentation MultiplexInstrument.swift
[149/1005] Compiling tls13_server.cc
[151/1009] Emitting module SpanPreview
[152/1009] Compiling SpanPreview OutputSpan+InputSpanHelpers.swift
[153/1009] Compiling SpanPreview InputSpan.swift
[154/1009] Compiling SpanPreview MutableSpan+InputSpanHelpers.swift
[155/1010] Compiling tls13_enc.cc
[157/1018] Compiling HeapModule Heap+Testing.swift
[158/1018] Compiling HeapModule Heap+Invariants.swift
[159/1067] Compiling HeapModule Heap+ExpressibleByArrayLiteral.swift
[160/1075] Compiling HeapModule Heap+Descriptions.swift
[161/1075] Compiling HeapModule _HeapNode.swift
[162/1075] Compiling OrderedCollections OrderedDictionary+Values.swift
[163/1075] Compiling OrderedCollections OrderedDictionary.swift
[164/1075] Compiling HeapModule Heap.swift
[165/1075] Compiling HeapModule Heap+UnsafeHandle.swift
[166/1075] Emitting module HeapModule
[167/1076] Compiling OrderedCollections _HashTable+Bucket.swift
[168/1076] Compiling OrderedCollections _HashTable+BucketIterator.swift
[169/1076] Compiling OrderedCollections _HashTable+Constants.swift
[170/1076] Compiling OrderedCollections _HashTable+CustomStringConvertible.swift
[171/1076] Compiling OrderedCollections _HashTable+Testing.swift
[172/1076] Compiling OrderedCollections _HashTable+UnsafeHandle.swift
[173/1076] Compiling OrderedCollections _HashTable.swift
[174/1076] Compiling OrderedCollections _Hashtable+Header.swift
[175/1076] Compiling OrderedCollections OrderedDictionary+Codable.swift
[176/1076] Compiling OrderedCollections OrderedDictionary+CustomReflectable.swift
[177/1085] Emitting module Logging
[182/1085] Compiling OrderedCollections OrderedSet+Partial SetAlgebra formSymmetricDifference.swift
[183/1085] Compiling OrderedCollections OrderedSet+Partial SetAlgebra formUnion.swift
[184/1085] Compiling OrderedCollections OrderedSet+Partial SetAlgebra intersection.swift
[185/1085] Compiling OrderedCollections OrderedSet+Partial SetAlgebra isDisjoint.swift
[186/1085] Compiling OrderedCollections OrderedSet+Partial SetAlgebra isEqualSet.swift
[187/1085] Compiling OrderedCollections OrderedSet+Partial SetAlgebra isStrictSubset.swift
[188/1085] Compiling OrderedCollections OrderedSet+Partial SetAlgebra isStrictSuperset.swift
[189/1085] Compiling OrderedCollections OrderedSet+Partial SetAlgebra isSubset.swift
[191/1092] Compiling Logging MetadataProvider.swift
[192/1092] Compiling CoreMetrics Locks.swift
[193/1094] Compiling Instrumentation InstrumentationSystem.swift
[194/1094] Compiling Instrumentation Instrument.swift
[195/1094] Emitting module Instrumentation
[196/1094] Compiling Instrumentation Locks.swift
[197/1095] Compiling OrderedCollections OrderedSet+UnstableInternals.swift
[198/1095] Compiling OrderedCollections OrderedSet.swift
[199/1095] Compiling OrderedCollections _UnsafeBitset.swift
[200/1095] Compiling _RopeModule Rope+Sequence.swift
[201/1095] Compiling _RopeModule Rope+Append.swift
[202/1095] Compiling _RopeModule Rope+Extract.swift
[203/1095] Compiling _RopeModule Rope+Find.swift
[204/1095] Compiling _RopeModule Rope+ForEachWhile.swift
[205/1095] Compiling _RopeModule Rope+Insert.swift
[208/1095] Compiling ConcurrencyHelpers Lock.swift
[209/1095] Emitting module ConcurrencyHelpers
[211/1096] Compiling OrderedCollections OrderedSet+Hashable.swift
[212/1096] Compiling OrderedCollections OrderedSet+Initializers.swift
[213/1096] Compiling OrderedCollections OrderedSet+Insertions.swift
[214/1096] Compiling OrderedCollections OrderedSet+Invariants.swift
[215/1096] Compiling OrderedCollections OrderedSet+Move.swift
[216/1096] Compiling OrderedCollections OrderedSet+Partial MutableCollection.swift
[217/1096] Compiling OrderedCollections OrderedSet+Partial RangeReplaceableCollection.swift
[218/1096] Compiling OrderedCollections OrderedSet+Partial SetAlgebra formIntersection.swift
[219/1098] Compiling OrderedCollections OrderedDictionary+Deprecations.swift
[220/1098] Compiling OrderedCollections OrderedDictionary+Descriptions.swift
[222/1098] Compiling OrderedCollections OrderedDictionary+Equatable.swift
[223/1098] Compiling OrderedCollections OrderedDictionary+ExpressibleByDictionaryLiteral.swift
[224/1175] Compiling HashTreeCollections _HashNode+Subtree Modify.swift
[225/1175] Compiling HashTreeCollections _HashNode+Subtree Removals.swift
[226/1175] Compiling HashTreeCollections _HashNode+UnsafeHandle.swift
[227/1175] Compiling HashTreeCollections _HashNode.swift
[228/1175] Compiling HashTreeCollections _HashNodeHeader.swift
[229/1175] Compiling HashTreeCollections _HashSlot.swift
[230/1175] Compiling HashTreeCollections _HashStack.swift
[231/1175] Compiling HashTreeCollections TreeDictionary.swift
[233/1228] Emitting module Metrics
[234/1228] Compiling Tracing TracerProtocol+Legacy.swift
[235/1229] Compiling Metrics Metrics.swift
[236/1229] Compiling DequeModule Deque+Testing.swift
[237/1229] Compiling DequeModule Deque._Storage.swift
[238/1229] Compiling DequeModule Deque._UnsafeHandle.swift
[239/1229] Compiling DequeModule Deque.swift
[240/1229] Compiling DequeModule UniqueDeque+Initializers.swift
[241/1229] Compiling DequeModule UniqueDeque+Insertions.swift
[242/1229] Compiling DequeModule UniqueDeque+Iterable.swift
[243/1229] Compiling DequeModule UniqueDeque+Prepend.swift
[244/1230] Compiling Tracing TracingTime.swift
[246/1230] Compiling UnixSignals UnixSignal.swift
[247/1230] Emitting module UnixSignals
[248/1230] Compiling DequeModule UniqueDeque+Consumption.swift
[249/1230] Compiling DequeModule UniqueDeque+ContainerOperations.swift
[250/1230] Compiling DequeModule UniqueDeque+Deprecations.swift
[251/1230] Compiling DequeModule UniqueDeque+Descriptions.swift
[252/1230] Compiling DequeModule UniqueDeque+Equatable.swift
[253/1230] Compiling DequeModule UniqueDeque+Hashable.swift
[254/1235] Compiling Tracing WithTracer.swift
[255/1235] Emitting module Tracing
[256/1235] Compiling UnixSignals UnixSignalsSequence.swift
[257/1235] Compiling Tracing TracerProtocol.swift
[258/1236] Compiling HashTreeCollections TreeSet+Hashable.swift
[259/1236] Compiling HashTreeCollections TreeSet+Sendable.swift
[260/1236] Compiling HashTreeCollections TreeSet+Sequence.swift
[261/1236] Compiling HashTreeCollections TreeSet+SetAlgebra Initializers.swift
[262/1236] Compiling HashTreeCollections TreeSet+SetAlgebra basics.swift
[263/1236] Compiling HashTreeCollections TreeSet+SetAlgebra formIntersection.swift
[264/1236] Compiling HashTreeCollections TreeSet+SetAlgebra formSymmetricDifference.swift
[265/1236] Compiling HashTreeCollections TreeSet+SetAlgebra formUnion.swift
[266/1236] Compiling HashTreeCollections TreeSet+SetAlgebra intersection.swift
[267/1236] Compiling HashTreeCollections TreeSet+SetAlgebra isDisjoint.swift
[269/1246] Compiling Tracing Tracer.swift
[270/1246] Compiling DequeModule _DequeBuffer.swift
[271/1246] Compiling DequeModule _DequeBufferHeader.swift
[272/1246] Compiling DequeModule RigidDeque+Append.swift
[273/1246] Compiling DequeModule RigidDeque+Consumption.swift
[274/1246] Compiling DequeModule RigidDeque+ContainerOperations.swift
[275/1246] Compiling DequeModule RigidDeque+Deprecations.swift
[276/1246] Compiling DequeModule RigidDeque+Descriptions.swift
[277/1246] Compiling DequeModule RigidDeque+Equatable.swift
[278/1246] Compiling DequeModule RigidDeque+Hashable.swift
[279/1246] Compiling DequeModule RigidDeque+Initializers.swift
[280/1246] Compiling DequeModule RigidDeque+Insertions.swift
[281/1246] Compiling DequeModule RigidDeque+Iterable.swift
[282/1246] Compiling DequeModule RigidDeque+Testing.swift
[283/1246] Compiling DequeModule RigidDeque.swift
[284/1246] Compiling DequeModule UniqueDeque+Append.swift
[290/1246] Compiling DequeModule UniqueDeque+Removals.swift
[307/1246] Compiling DequeModule RigidDeque+Prepend.swift
[318/1246] Compiling Tracing NoOpTracer.swift
[319/1246] Compiling Tracing InstrumentationSystem+Tracing.swift
[320/1246] Compiling Tracing SpanProtocol.swift
[322/1247] Compiling DequeModule RigidDeque+Removals.swift
[323/1247] Compiling DequeModule RigidDeque+Replacements.swift
[333/1247] Compiling DequeModule Deque+Codable.swift
[334/1247] Compiling DequeModule Deque+Collection.swift
[335/1247] Compiling DequeModule Deque+CustomReflectable.swift
[336/1247] Compiling DequeModule Deque+Descriptions.swift
[337/1247] Compiling DequeModule Deque+Equatable.swift
[338/1247] Compiling DequeModule Deque+ExpressibleByArrayLiteral.swift
[339/1247] Compiling DequeModule Deque+Extras.swift
[340/1247] Compiling DequeModule Deque+Hashable.swift
[352/1247] Compiling DequeModule UniqueDeque+Replacements.swift
[353/1247] Compiling DequeModule UniqueDeque.swift
[354/1247] Compiling DequeModule _DequeSlot.swift
[355/1247] Compiling DequeModule _UnsafeDequeHandle.swift
[356/1247] Compiling DequeModule _UnsafeDequeSegments.swift
[357/1247] Compiling HashTreeCollections _HashNode+Structural union.swift
[358/1247] Compiling HashTreeCollections _HashNode+Subtree Insertions.swift
[367/1247] Compiling HashTreeCollections TreeSet+Codable.swift
[368/1247] Compiling HashTreeCollections TreeSet+Collection.swift
[369/1247] Compiling HashTreeCollections TreeSet+CustomReflectable.swift
[370/1247] Compiling HashTreeCollections TreeSet+Debugging.swift
[376/1247] Compiling HashTreeCollections TreeSet+Descriptions.swift
[377/1247] Compiling HashTreeCollections TreeSet+Equatable.swift
[378/1247] Compiling HashTreeCollections TreeSet+ExpressibleByArrayLiteral.swift
[379/1247] Compiling HashTreeCollections TreeSet+Extras.swift
[380/1247] Compiling HashTreeCollections TreeSet+Filter.swift
[415/1247] Compiling HashTreeCollections TreeSet+SetAlgebra isEqualSet.swift
[416/1247] Compiling HashTreeCollections TreeSet+SetAlgebra isStrictSubset.swift
[417/1247] Compiling HashTreeCollections TreeSet+SetAlgebra isStrictSuperset.swift
[423/1247] Compiling tls13_client.cc
[428/1247] Compiling HashTreeCollections TreeSet+SetAlgebra isSubset.swift
[429/1247] Compiling HashTreeCollections TreeSet+SetAlgebra isSuperset.swift
[430/1247] Compiling HashTreeCollections TreeSet+SetAlgebra subtract.swift
[431/1247] Compiling HashTreeCollections TreeSet+SetAlgebra subtracting.swift
[432/1247] Compiling HashTreeCollections TreeSet+SetAlgebra symmetricDifference.swift
[433/1247] Compiling HashTreeCollections TreeSet+SetAlgebra union.swift
[434/1247] Compiling HashTreeCollections TreeSet.swift
[441/1247] Compiling tls13_both.cc
[443/1247] Emitting module _RopeModule
[478/1248] Emitting module HashTreeCollections
[479/1249] Compiling t1_enc.cc
[480/1249] Compiling ssl_x509.cc
[482/1249] Emitting module OrderedCollections
[483/1250] Compiling ssl_versions.cc
[484/1250] Compiling ssl_stat.cc
[485/1250] Compiling ssl_session.cc
[486/1250] Compiling ssl_file.cc
[487/1250] Compiling ssl_transcript.cc
[488/1250] Compiling ssl_credential.cc
[489/1250] Compiling ssl_privkey.cc
[495/1250] Compiling ssl_asn1.cc
[497/1250] Emitting module DequeModule
[497/1251] Compiling ssl_cipher.cc
[499/1251] Compiling ssl_key_share.cc
[500/1251] Compiling ssl_lib.cc
[501/1251] Compiling ssl_buffer.cc
[502/1251] Compiling s3_lib.cc
[503/1251] Compiling s3_both.cc
[504/1251] Compiling ssl_cert.cc
[505/1251] Compiling ssl_aead_ctx.cc
[506/1251] Compiling handoff.cc
[507/1251] Compiling s3_pkt.cc
[508/1251] Compiling extensions.cc
[509/1251] Compiling dtls_method.cc
[510/1251] Compiling d1_srtp.cc
[511/1251] Compiling handshake_server.cc
[512/1251] Compiling handshake.cc
[513/1251] Compiling md5-x86_64-linux.S
[514/1251] Compiling d1_pkt.cc
[515/1251] Compiling md5-x86_64-apple.S
[516/1251] Compiling md5-586-linux.S
[517/1251] Compiling handshake_client.cc
[518/1251] Compiling md5-586-apple.S
[519/1251] Compiling chacha20_poly1305_x86_64-apple.S
[520/1251] Compiling chacha20_poly1305_armv8-win.S
[521/1251] Compiling chacha20_poly1305_x86_64-linux.S
[522/1251] Compiling chacha20_poly1305_armv8-apple.S
[523/1251] Compiling chacha-x86_64-linux.S
[524/1251] Compiling chacha20_poly1305_armv8-linux.S
[525/1251] Compiling chacha-x86_64-apple.S
[526/1251] Compiling chacha-x86-apple.S
[527/1251] Compiling chacha-x86-linux.S
[528/1251] Compiling chacha-armv8-win.S
[529/1251] Compiling chacha-armv8-linux.S
[530/1251] Compiling chacha-armv8-apple.S
[531/1251] Compiling chacha-armv4-linux.S
[532/1251] Compiling aes128gcmsiv-x86_64-linux.S
[533/1251] Compiling aes128gcmsiv-x86_64-apple.S
[534/1251] Compiling x86_64-mont5-linux.S
[535/1251] Compiling x86_64-mont5-apple.S
[536/1251] Compiling d1_lib.cc
[537/1251] Compiling x86_64-mont-apple.S
[538/1251] Compiling x86_64-mont-linux.S
[539/1251] Compiling err_data.cc
[540/1251] Compiling x86-mont-linux.S
[541/1251] Compiling x86-mont-apple.S
[542/1251] Compiling vpaes-x86_64-linux.S
[543/1251] Compiling vpaes-x86_64-apple.S
[544/1251] Compiling vpaes-x86-apple.S
[545/1251] Compiling vpaes-x86-linux.S
[546/1251] Compiling vpaes-armv7-linux.S
[547/1251] Compiling vpaes-armv8-apple.S
[548/1251] Compiling vpaes-armv8-win.S
[549/1251] Compiling vpaes-armv8-linux.S
[550/1251] Compiling sha512-x86_64-linux.S
[551/1251] Compiling sha512-x86_64-apple.S
[552/1251] Compiling encrypted_client_hello.cc
[553/1251] Compiling sha512-armv8-win.S
[554/1251] Compiling sha512-armv8-linux.S
[555/1251] Compiling sha512-armv4-linux.S
[556/1251] Compiling sha512-armv8-apple.S
[557/1251] Compiling dtls_record.cc
[558/1251] Compiling sha256-x86_64-linux.S
[559/1251] Compiling sha512-586-linux.S
[560/1251] Compiling sha256-armv8-win.S
[561/1251] Compiling sha512-586-apple.S
[562/1251] Compiling sha256-armv4-linux.S
[563/1251] Compiling sha256-x86_64-apple.S
[564/1251] Compiling sha256-armv8-apple.S
[565/1251] Compiling sha256-586-linux.S
[566/1251] Compiling sha256-armv8-linux.S
[567/1251] Compiling sha1-armv8-apple.S
[568/1251] Compiling sha1-x86_64-apple.S
[569/1251] Compiling sha1-armv8-linux.S
[570/1251] Compiling sha256-586-apple.S
[571/1251] Compiling sha1-armv4-large-linux.S
[572/1251] Compiling sha1-586-apple.S
[572/1251] Compiling sha1-x86_64-linux.S
[574/1251] Compiling sha1-armv8-win.S
[575/1251] Compiling rdrand-x86_64-linux.S
[576/1251] Compiling rsaz-avx2-apple.S
[577/1251] Compiling sha1-586-linux.S
[578/1251] Compiling p256_beeu-x86_64-asm-apple.S
[579/1251] Compiling p256_beeu-x86_64-asm-linux.S
[580/1251] Compiling rdrand-x86_64-apple.S
[581/1251] Compiling rsaz-avx2-linux.S
[582/1251] Compiling p256_beeu-armv8-asm-win.S
[583/1251] Compiling p256_beeu-armv8-asm-linux.S
[584/1251] Compiling p256-x86_64-asm-apple.S
[585/1251] Compiling p256-x86_64-asm-linux.S
[586/1251] Compiling p256_beeu-armv8-asm-apple.S
[587/1251] Compiling p256-armv8-asm-win.S
[588/1251] Compiling ghashv8-armv8-win.S
[589/1251] Compiling p256-armv8-asm-apple.S
[590/1251] Compiling p256-armv8-asm-linux.S
[591/1251] Compiling ghashv8-armv8-apple.S
[592/1251] Compiling ghashv8-armv8-linux.S
[593/1251] Compiling ghashv8-armv7-linux.S
[594/1251] Compiling ghash-x86_64-apple.S
[595/1251] Compiling ghash-x86_64-linux.S
[596/1251] Compiling ghash-x86-linux.S
[597/1251] Compiling ghash-neon-armv8-win.S
[598/1251] Compiling ghash-ssse3-x86-linux.S
[599/1251] Compiling ghash-x86-apple.S
[600/1251] Compiling ghash-neon-armv8-linux.S
[601/1251] Compiling ghash-ssse3-x86_64-apple.S
[602/1251] Compiling ghash-ssse3-x86_64-linux.S
[603/1251] Compiling ghash-neon-armv8-apple.S
[604/1251] Compiling co-586-linux.S
[605/1251] Compiling ghash-ssse3-x86-apple.S
[606/1251] Compiling co-586-apple.S
[607/1251] Compiling ghash-armv4-linux.S
[608/1251] Compiling bn-armv8-linux.S
[609/1251] Compiling bsaes-armv7-linux.S
[610/1251] Compiling bn-armv8-win.S
[611/1251] Compiling bn-586-linux.S
[612/1251] Compiling bn-armv8-apple.S
[613/1251] Compiling bn-586-apple.S
[613/1251] Compiling armv8-mont-apple.S
[615/1251] Compiling armv8-mont-linux.S
[616/1251] Compiling armv8-mont-win.S
[617/1251] Compiling armv4-mont-linux.S
[618/1251] Compiling aesv8-gcm-armv8-apple.S
[619/1251] Compiling aesv8-gcm-armv8-win.S
[620/1251] Compiling aesv8-armv8-win.S
[621/1251] Compiling aesv8-armv7-linux.S
[622/1251] Compiling aesni-x86_64-linux.S
[623/1251] Compiling aesv8-armv8-apple.S
[624/1251] Compiling aesv8-gcm-armv8-linux.S
[625/1251] Compiling aesni-x86-linux.S
[626/1251] Compiling aesni-x86-apple.S
[627/1251] Compiling aesv8-armv8-linux.S
[628/1251] Compiling aesni-x86_64-apple.S
[628/1251] Compiling aes-gcm-avx2-x86_64-linux.S
[630/1251] Compiling aesni-gcm-x86_64-apple.S
[631/1251] Compiling aesni-gcm-x86_64-linux.S
[632/1251] Compiling aes-gcm-avx10-x86_64-linux.S
[633/1251] Compiling aes-gcm-avx2-x86_64-apple.S
[634/1251] Compiling aes-gcm-avx10-x86_64-apple.S
[635/1251] Compiling bio_ssl.cc
[636/1251] Compiling x_x509a.cc
[637/1251] Compiling x_req.cc
[638/1251] Compiling d1_both.cc
[639/1251] Compiling x_name.cc
[640/1251] Compiling x_sig.cc
[641/1251] Compiling x_val.cc
[642/1251] Compiling x_crl.cc
[643/1251] Compiling x_spki.cc
[644/1251] Compiling x_x509.cc
[645/1251] Compiling x_pubkey.cc
[646/1251] Compiling x_exten.cc
[647/1251] Compiling x509rset.cc
[648/1251] Compiling x509name.cc
[649/1251] Compiling x509cset.cc
[650/1251] Compiling x509_vfy.cc
[651/1251] Compiling x509_v3.cc
[652/1251] Compiling x_attrib.cc
[653/1251] Compiling x509_vpm.cc
[654/1251] Compiling x509_txt.cc
[655/1251] Compiling x509spki.cc
[656/1251] Compiling x_algor.cc
[657/1251] Compiling x_all.cc
[658/1251] Compiling x509_trs.cc
[659/1251] Compiling x509_obj.cc
[660/1251] Compiling x509_ext.cc
[661/1251] Compiling x509_set.cc
[662/1251] Compiling x509_d2.cc
[663/1251] Compiling x509_cmp.cc
[664/1251] Compiling x509_req.cc
[665/1251] Compiling x509_def.cc
[666/1251] Compiling x509_lu.cc
[667/1251] Compiling v3_utl.cc
[668/1251] Compiling x509_att.cc
[669/1251] Compiling v3_prn.cc
[670/1251] Compiling x509.cc
[671/1251] Compiling v3_skey.cc
[672/1251] Compiling v3_pmaps.cc
[673/1251] Compiling v3_pcons.cc
[674/1251] Compiling v3_ocsp.cc
[675/1251] Compiling v3_purp.cc
[676/1251] Compiling v3_lib.cc
[677/1251] Compiling v3_ncons.cc
[678/1251] Compiling v3_info.cc
[679/1251] Compiling v3_int.cc
[680/1251] Compiling v3_ia5.cc
[681/1251] Compiling v3_genn.cc
[682/1251] Compiling v3_extku.cc
[683/1251] Compiling v3_enum.cc
[684/1251] Compiling v3_crld.cc
[685/1251] Compiling v3_conf.cc
[686/1251] Compiling v3_cpols.cc
[687/1251] Compiling v3_akeya.cc
[688/1251] Compiling v3_bitst.cc
[689/1251] Compiling v3_alt.cc
[690/1251] Compiling v3_akey.cc
[691/1251] Compiling policy.cc
[692/1251] Compiling v3_bcons.cc
[693/1251] Compiling t_x509a.cc
[694/1251] Compiling t_req.cc
[695/1251] Compiling i2d_pr.cc
[696/1251] Compiling t_x509.cc
[697/1251] Compiling algorithm.cc
[698/1251] Compiling by_file.cc
[699/1251] Compiling t_crl.cc
[700/1251] Compiling asn1_gen.cc
[701/1251] Compiling rsa_pss.cc
[702/1251] Compiling name_print.cc
[703/1251] Compiling a_sign.cc
[704/1251] Compiling by_dir.cc
[705/1251] Compiling a_digest.cc
[706/1251] Compiling thread_none.cc
[707/1251] Compiling thread.cc
[708/1251] Compiling trust_token.cc
[709/1251] Compiling thread_win.cc
[710/1251] Compiling a_verify.cc
[711/1251] Compiling thread_pthread.cc
[712/1251] Compiling voprf.cc
[713/1251] Compiling spake2plus.cc
[714/1251] Compiling pmbtoken.cc
[715/1251] Compiling siphash.cc
[716/1251] Compiling stack.cc
[717/1251] Compiling rsa_print.cc
[718/1251] Compiling sha512.cc
[719/1251] Compiling sha1.cc
[720/1251] Compiling sha256.cc
[721/1251] Compiling refcount.cc
[722/1251] Compiling slhdsa.cc
[723/1251] Compiling rsa_extra.cc
[724/1251] Compiling rc4.cc
[725/1251] Compiling rsa_crypt.cc
[726/1251] Compiling passive.cc
[727/1251] Compiling windows.cc
[728/1251] Compiling trusty.cc
[729/1251] Compiling urandom.cc
[730/1251] Compiling ios.cc
[731/1251] Compiling rand.cc
[732/1251] Compiling rsa_asn1.cc
[733/1251] Compiling poly1305_arm_asm.S
[734/1251] Compiling deterministic.cc
[735/1251] Compiling fork_detect.cc
[736/1251] Compiling getentropy.cc
[737/1251] Compiling forkunsafe.cc
[738/1251] Compiling poly1305_arm.cc
[739/1251] Compiling pkcs8.cc
[740/1251] Compiling poly1305_vec.cc
[741/1251] Compiling poly1305.cc
[742/1251] Compiling pool.cc
[743/1251] Compiling p5_pbev2.cc
[744/1251] Compiling pem_xaux.cc
[745/1251] Compiling pkcs8_x509.cc
[746/1251] Compiling pkcs7.cc
[747/1251] Compiling pkcs7_x509.cc
[748/1251] Compiling pem_pkey.cc
[749/1251] Compiling pem_x509.cc
[750/1251] Compiling pem_all.cc
[751/1251] Compiling pem_pk8.cc
[752/1251] Compiling mldsa.cc
[753/1251] Compiling pem_oth.cc
[754/1251] Compiling pem_info.cc
[755/1251] Compiling md4.cc
[756/1251] Compiling pem_lib.cc
[757/1251] Compiling mlkem.cc
[758/1251] Compiling obj_xref.cc
[759/1251] Compiling poly_rq_mul.S
[760/1251] Compiling mem.cc
[761/1251] Compiling fips_shared_support.cc
[762/1251] Compiling md5.cc
[763/1251] Compiling obj.cc
[764/1251] Compiling lhash.cc
[765/1251] Compiling sign.cc
[766/1251] Compiling print.cc
[767/1251] Compiling kyber.cc
[768/1251] Compiling ex_data.cc
[769/1251] Compiling scrypt.cc
[770/1251] Compiling p_x25519.cc
[771/1251] Compiling hrss.cc
[772/1251] Compiling hpke.cc
[773/1251] Compiling p_ed25519.cc
[774/1251] Compiling pbkdf.cc
[775/1251] Compiling p_rsa_asn1.cc
[776/1251] Compiling p_x25519_asn1.cc
[777/1251] Compiling p_hkdf.cc
[778/1251] Compiling p_rsa.cc
[779/1251] Compiling p_ec.cc
[780/1251] Compiling p_ed25519_asn1.cc
[781/1251] Compiling p_dsa_asn1.cc
[782/1251] Compiling p_ec_asn1.cc
[783/1251] Compiling evp_ctx.cc
[784/1251] Compiling p_dh.cc
[785/1251] Compiling p_dh_asn1.cc
[786/1251] Compiling evp_asn1.cc
[787/1251] Compiling hash_to_curve.cc
[788/1251] Compiling ec_derive.cc
[789/1251] Compiling err.cc
[790/1251] Compiling evp.cc
[791/1251] Compiling engine.cc
[792/1251] Compiling ecdh.cc
[793/1251] Compiling params.cc
[794/1251] Compiling ecdsa_asn1.cc
[795/1251] Compiling digest_extra.cc
[796/1251] Compiling ec_asn1.cc
[797/1251] Compiling dsa_asn1.cc
[798/1251] Compiling x25519-asm-arm.S
[799/1251] Compiling dsa.cc
[800/1251] Compiling dh_asn1.cc
[801/1251] Compiling des.cc
[802/1251] Compiling curve25519.cc
[803/1251] Compiling curve25519_64_adx.cc
[804/1251] Compiling spake25519.cc
[805/1251] Compiling crypto.cc
[806/1251] Compiling cpu_aarch64_win.cc
[807/1251] Compiling cpu_aarch64_sysreg.cc
[808/1251] Compiling bcm.cc
[809/1251] Compiling cpu_intel.cc
[810/1251] Compiling cpu_arm_freebsd.cc
[811/1251] Compiling cpu_aarch64_openbsd.cc
[812/1251] Compiling cpu_arm_linux.cc
[813/1251] Compiling cpu_aarch64_fuchsia.cc
[814/1251] Compiling cpu_aarch64_linux.cc
[815/1251] Compiling cpu_aarch64_apple.cc
[816/1251] Compiling get_cipher.cc
[817/1251] Compiling conf.cc
[818/1251] Compiling e_rc2.cc
[819/1251] Compiling e_tls.cc
[820/1251] Compiling e_des.cc
[821/1251] Compiling e_null.cc
[822/1251] Compiling tls_cbc.cc
[823/1251] Compiling e_rc4.cc
[824/1251] Compiling derive_key.cc
[825/1251] Compiling e_aesgcmsiv.cc
[826/1251] Compiling unicode.cc
[827/1251] Compiling e_chacha20poly1305.cc
[828/1251] Compiling e_aesctrhmac.cc
[829/1251] Compiling chacha.cc
[830/1251] Compiling ber.cc
[831/1251] Compiling buf.cc
[832/1251] Compiling cbs.cc
[833/1251] Compiling socket_helper.cc
[834/1251] Compiling cbb.cc
[834/1251] Compiling socket.cc
[836/1251] Compiling asn1_compat.cc
[837/1251] Compiling blake2.cc
[838/1251] Compiling convert.cc
[839/1251] Compiling bn_asn1.cc
[840/1251] Compiling file.cc
[841/1251] Compiling pair.cc
[842/1251] Compiling printf.cc
[843/1251] Compiling hexdump.cc
[844/1251] Compiling errno.cc
[845/1251] Compiling fd.cc
[846/1251] Compiling base64.cc
[847/1251] Compiling bio.cc
[848/1251] Compiling connect.cc
[849/1251] Compiling bio_mem.cc
[850/1251] Compiling tasn_enc.cc
[851/1251] Compiling tasn_fre.cc
[852/1251] Compiling tasn_dec.cc
[853/1251] Compiling tasn_typ.cc
[854/1251] Compiling posix_time.cc
[855/1251] Compiling f_int.cc
[856/1251] Compiling f_string.cc
[857/1251] Compiling tasn_utl.cc
[858/1251] Compiling tasn_new.cc
[859/1251] Compiling asn1_par.cc
[860/1251] Compiling asn_pack.cc
[861/1251] Compiling a_type.cc
[862/1251] Compiling a_octet.cc
[863/1251] Compiling asn1_lib.cc
[864/1251] Compiling a_utctm.cc
[865/1251] Compiling a_strex.cc
[866/1251] Compiling a_time.cc
[867/1251] Compiling a_strnid.cc
[868/1251] Compiling a_int.cc
[869/1251] Compiling a_i2d_fp.cc
[870/1251] Compiling a_mbstr.cc
[871/1251] Compiling a_object.cc
[872/1251] Compiling a_bitstr.cc
[873/1251] Compiling fiat_p256_adx_sqr.S
[874/1251] Compiling a_d2i_fp.cc
[875/1251] Compiling fiat_p256_adx_mul.S
[876/1251] Compiling fiat_curve25519_adx_square.S
[877/1251] Compiling a_dup.cc
[878/1251] Compiling CCryptoBoringSSLShims shims.c
[879/1251] Compiling fiat_curve25519_adx_mul.S
[880/1251] Compiling a_gentm.cc
[881/1251] Compiling md5-x86_64-linux.S
[882/1251] Compiling md5-586-linux.S
[883/1251] Compiling chacha20_poly1305_x86_64-linux.S
[884/1251] Compiling md5-x86_64-apple.S
[885/1251] Compiling md5-586-apple.S
[886/1251] Compiling chacha20_poly1305_x86_64-apple.S
[887/1251] Compiling chacha20_poly1305_armv8-win.S
[888/1251] Compiling chacha-x86_64-linux.S
[889/1251] Compiling chacha20_poly1305_armv8-apple.S
[890/1251] Compiling chacha-x86-linux.S
[891/1251] Compiling chacha20_poly1305_armv8-linux.S
[892/1251] Compiling chacha-x86_64-apple.S
[893/1251] Compiling chacha-x86-apple.S
[894/1251] Compiling chacha-armv8-win.S
[895/1251] Compiling chacha-armv8-apple.S
[896/1251] Compiling aes128gcmsiv-x86_64-linux.S
[897/1251] Compiling chacha-armv4-linux.S
[898/1251] Compiling chacha-armv8-linux.S
[899/1251] Compiling aes128gcmsiv-x86_64-apple.S
[900/1251] Compiling a_bool.cc
[901/1251] Compiling x86_64-mont5-apple.S
[902/1251] Compiling x86_64-mont-apple.S
[903/1251] Compiling x86_64-mont5-linux.S
[904/1251] Compiling x86_64-mont-linux.S
[905/1251] Compiling vpaes-x86_64-apple.S
[905/1251] Compiling vpaes-x86_64-linux.S
[907/1251] Compiling x86-mont-linux.S
[908/1251] Compiling x86-mont-apple.S
[909/1251] Compiling vpaes-x86-linux.S
[910/1251] Compiling vpaes-armv8-linux.S
[911/1251] Compiling vpaes-armv8-apple.S
[912/1251] Compiling err_data.cc
[913/1251] Compiling vpaes-x86-apple.S
[914/1251] Compiling vpaes-armv8-win.S
[915/1251] Compiling sha512-armv8-win.S
[916/1251] Compiling sha512-x86_64-linux.S
[917/1251] Compiling vpaes-armv7-linux.S
[918/1251] Compiling sha512-x86_64-apple.S
[919/1251] Compiling sha512-armv8-apple.S
[920/1251] Compiling sha512-armv8-linux.S
[921/1251] Compiling sha512-586-linux.S
[922/1251] Compiling sha256-x86_64-linux.S
[923/1251] Compiling sha512-586-apple.S
[924/1251] Compiling sha512-armv4-linux.S
[925/1251] Compiling sha256-x86_64-apple.S
[926/1251] Compiling sha256-armv8-apple.S
[927/1251] Compiling sha256-armv4-linux.S
[928/1251] Compiling sha256-armv8-win.S
[929/1251] Compiling sha256-586-linux.S
[930/1251] Compiling sha256-armv8-linux.S
[931/1251] Compiling sha256-586-apple.S
[932/1251] Compiling sha1-armv8-win.S
[933/1251] Compiling sha1-x86_64-linux.S
[934/1251] Compiling sha1-x86_64-apple.S
[935/1251] Compiling sha1-armv8-apple.S
[936/1251] Compiling sha1-armv4-large-linux.S
[937/1251] Compiling sha1-586-apple.S
[937/1251] Compiling sha1-586-linux.S
[939/1251] Compiling sha1-armv8-linux.S
[940/1251] Compiling rdrand-x86_64-linux.S
[941/1251] Compiling rsaz-avx2-linux.S
[942/1251] Compiling rdrand-x86_64-apple.S
[943/1251] Compiling rsaz-avx2-apple.S
[944/1251] Compiling p256_beeu-x86_64-asm-apple.S
[945/1251] Compiling p256_beeu-x86_64-asm-linux.S
[946/1251] Compiling p256_beeu-armv8-asm-apple.S
[947/1251] Compiling p256-x86_64-asm-linux.S
[948/1251] Compiling p256_beeu-armv8-asm-win.S
[949/1251] Compiling p256_beeu-armv8-asm-linux.S
[950/1251] Compiling p256-x86_64-asm-apple.S
[951/1251] Compiling p256-armv8-asm-win.S
[952/1251] Compiling p256-armv8-asm-apple.S
[953/1251] Compiling ghashv8-armv8-linux.S
[954/1251] Compiling p256-armv8-asm-linux.S
[955/1251] Compiling ghashv8-armv8-apple.S
[956/1251] Compiling ghashv8-armv8-win.S
[957/1251] Compiling ghash-x86_64-linux.S
[958/1251] Compiling ghashv8-armv7-linux.S
[959/1251] Compiling ghash-x86-linux.S
[960/1251] Compiling ghash-ssse3-x86_64-linux.S
[961/1251] Compiling ghash-x86_64-apple.S
[962/1251] Compiling ghash-x86-apple.S
[963/1251] Compiling ghash-ssse3-x86-apple.S
[964/1251] Compiling ghash-ssse3-x86_64-apple.S
[965/1251] Compiling ghash-ssse3-x86-linux.S
[966/1251] Compiling ghash-neon-armv8-linux.S
[967/1251] Compiling ghash-neon-armv8-win.S
[968/1251] Compiling bsaes-armv7-linux.S
[969/1251] Compiling ghash-armv4-linux.S
[970/1251] Compiling ghash-neon-armv8-apple.S
[971/1251] Compiling co-586-linux.S
[972/1251] Compiling co-586-apple.S
[973/1251] Compiling bn-armv8-linux.S
[974/1251] Compiling bn-armv8-win.S
[975/1251] Compiling bn-586-linux.S
[976/1251] Compiling bn-armv8-apple.S
[977/1251] Compiling armv8-mont-win.S
[978/1251] Compiling bn-586-apple.S
[979/1251] Compiling armv8-mont-apple.S
[980/1251] Compiling armv8-mont-linux.S
[981/1251] Compiling armv4-mont-linux.S
[982/1251] Compiling aesv8-gcm-armv8-apple.S
[983/1251] Compiling aesv8-gcm-armv8-win.S
[984/1251] Compiling aesv8-armv8-win.S
[985/1251] Compiling aesv8-gcm-armv8-linux.S
[986/1251] Compiling aesv8-armv8-linux.S
[987/1251] Compiling aesv8-armv8-apple.S
[988/1251] Compiling aesni-x86_64-apple.S
[989/1251] Compiling aesv8-armv7-linux.S
[990/1251] Compiling aesni-x86-apple.S
[991/1251] Compiling aesni-x86_64-linux.S
[992/1251] Compiling aesni-gcm-x86_64-linux.S
[993/1251] Compiling aesni-x86-linux.S
[994/1251] Compiling aes-gcm-avx512-x86_64-linux.S
[995/1251] Compiling aesni-gcm-x86_64-apple.S
[996/1251] Compiling aes-gcm-avx2-x86_64-linux.S
[997/1251] Compiling aes-gcm-avx2-x86_64-apple.S
[998/1251] Compiling aes-gcm-avx512-x86_64-apple.S
[999/1251] Compiling xwing.cc
[1000/1251] Compiling x_x509.cc
[1001/1251] Compiling x_req.cc
[1002/1251] Compiling x_sig.cc
[1003/1251] Compiling c-atomics.c
[1004/1251] Compiling c-nioatomics.c
[1005/1251] Compiling x_name.cc
[1006/1258] Compiling x_spki.cc
[1007/1258] Compiling x_x509a.cc
[1009/1258] Emitting module NIOConcurrencyHelpers
[1010/1258] Compiling NIOConcurrencyHelpers NIOAtomic.swift
[1010/1258] Compiling x_pubkey.cc
[1012/1258] Compiling NIOConcurrencyHelpers NIOLock.swift
[1012/1258] Compiling x_exten.cc
[1013/1258] Compiling x_attrib.cc
[1015/1258] Compiling NIOConcurrencyHelpers lock.swift
[1016/1258] Compiling NIOConcurrencyHelpers atomics.swift
[1017/1258] Compiling NIOConcurrencyHelpers NIOThreadPoolWorkAvailable.swift
[1018/1258] Compiling NIOConcurrencyHelpers NIOLockedValueBox.swift
[1018/1259] Compiling x_crl.cc
[1020/1259] Compiling x509spki.cc
[1021/1259] Compiling x_algor.cc
[1022/1259] Compiling x_all.cc
[1023/1259] Compiling x509cset.cc
[1024/1259] Compiling x509name.cc
[1025/1259] Compiling x509rset.cc
[1026/1259] Compiling x509_txt.cc
[1027/1259] Compiling x509_vpm.cc
[1028/1259] Compiling x509_set.cc
[1029/1259] Compiling x509_v3.cc
[1030/1259] Compiling x509_vfy.cc
[1031/1259] Compiling x509_lu.cc
[1032/1259] Compiling x509_trs.cc
[1033/1259] Compiling x509_def.cc
[1034/1259] Compiling x509_ext.cc
[1035/1259] Compiling x509_req.cc
[1036/1259] Compiling x509_obj.cc
[1037/1259] Compiling x509_att.cc
[1038/1259] Compiling x509_d2.cc
[1039/1259] Compiling x509_cmp.cc
[1040/1259] Compiling v3_utl.cc
[1041/1259] Compiling x509.cc
[1042/1259] Compiling v3_pmaps.cc
[1043/1259] Compiling v3_ncons.cc
[1044/1259] Compiling v3_skey.cc
[1045/1259] Compiling v3_purp.cc
[1046/1259] Compiling v3_prn.cc
[1047/1259] Compiling v3_ocsp.cc
[1048/1259] Compiling v3_pcons.cc
[1049/1259] Compiling v3_int.cc
[1050/1259] Compiling v3_lib.cc
[1051/1259] Compiling v3_info.cc
[1052/1259] Compiling v3_ia5.cc
[1053/1259] Compiling v3_cpols.cc
[1054/1259] Compiling v3_enum.cc
[1055/1259] Compiling v3_bitst.cc
[1056/1259] Compiling v3_genn.cc
[1057/1259] Compiling v3_extku.cc
[1058/1259] Compiling v3_alt.cc
[1059/1259] Compiling v3_crld.cc
[1060/1259] Compiling v3_akey.cc
[1061/1259] Compiling v3_bcons.cc
[1062/1259] Compiling v3_conf.cc
[1063/1259] Compiling v3_akeya.cc
[1064/1259] Compiling t_req.cc
[1065/1259] Compiling t_x509.cc
[1066/1259] Compiling t_x509a.cc
[1067/1259] Compiling rsa_pss.cc
[1068/1259] Compiling t_crl.cc
[1069/1259] Compiling i2d_pr.cc
[1070/1259] Compiling policy.cc
[1071/1259] Compiling by_file.cc
[1072/1259] Compiling algorithm.cc
[1073/1259] Compiling name_print.cc
[1074/1259] Compiling by_dir.cc
[1075/1259] Compiling asn1_gen.cc
[1076/1259] Compiling voprf.cc
[1077/1259] Compiling trust_token.cc
[1078/1259] Compiling a_verify.cc
[1079/1259] Compiling thread_none.cc
[1080/1259] Compiling a_sign.cc
[1081/1259] Compiling a_digest.cc
[1082/1259] Compiling thread.cc
[1083/1259] Compiling thread_pthread.cc
[1084/1259] Compiling pmbtoken.cc
[1085/1259] Compiling thread_win.cc
[1086/1259] Compiling sha512.cc
[1087/1259] Compiling spake2plus.cc
[1088/1259] Compiling stack.cc
[1089/1259] Compiling slhdsa.cc
[1090/1259] Compiling siphash.cc
[1091/1259] Compiling rsa_extra.cc
[1092/1259] Compiling rsa_print.cc
[1093/1259] Compiling sha1.cc
[1094/1259] Compiling rsa_crypt.cc
[1095/1259] Compiling sha256.cc
[1096/1259] Compiling windows.cc
[1097/1259] Compiling rc4.cc
[1098/1259] Compiling rand.cc
[1099/1259] Compiling refcount.cc
[1100/1259] Compiling urandom.cc
[1101/1259] Compiling passive.cc
[1102/1259] Compiling ios.cc
[1103/1259] Compiling rsa_asn1.cc
[1104/1259] Compiling poly1305_arm_asm.S
[1105/1259] Compiling getentropy.cc
[1106/1259] Compiling trusty.cc
[1107/1259] Compiling forkunsafe.cc
[1108/1259] Compiling poly1305_vec.cc
[1109/1259] Compiling deterministic.cc
[1110/1259] Compiling fork_detect.cc
[1111/1259] Compiling poly1305.cc
[1112/1259] Compiling pkcs8.cc
[1113/1259] Compiling poly1305_arm.cc
[1114/1259] Compiling pool.cc
[1115/1259] Compiling p5_pbev2.cc
[1116/1259] Compiling pkcs7.cc
[1117/1259] Compiling pkcs8_x509.cc
[1118/1259] Compiling pem_xaux.cc
[1119/1259] Compiling pem_x509.cc
[1120/1259] Compiling pkcs7_x509.cc
[1121/1259] Compiling pem_pkey.cc
[1122/1259] Compiling obj_xref.cc
[1123/1259] Compiling mlkem.cc
[1124/1259] Compiling pem_lib.cc
[1125/1259] Compiling obj.cc
[1126/1259] Compiling pem_pk8.cc
[1127/1259] Compiling pem_oth.cc
[1128/1259] Compiling mldsa.cc
[1129/1259] Compiling mem.cc
[1130/1259] Compiling poly_rq_mul.S
[1131/1259] Compiling pem_info.cc
[1132/1259] Compiling md5.cc
[1133/1259] Compiling fips_shared_support.cc
[1134/1259] Compiling lhash.cc
[1135/1259] Compiling pem_all.cc
[1136/1259] Compiling fuzzer_mode.cc
[1137/1259] Compiling ex_data.cc
[1138/1259] Compiling md4.cc
[1139/1259] Compiling hpke.cc
[1140/1259] Compiling hrss.cc
[1141/1259] Compiling print.cc
[1142/1259] Compiling kyber.cc
[1143/1259] Compiling sign.cc
[1144/1259] Compiling scrypt.cc
[1145/1259] Compiling pbkdf.cc
[1146/1259] Compiling p_rsa_asn1.cc
[1147/1259] Compiling p_x25519_asn1.cc
[1148/1259] Compiling p_x25519.cc
[1149/1259] Compiling p_hkdf.cc
[1150/1259] Compiling p_rsa.cc
[1151/1259] Compiling p_ed25519_asn1.cc
[1152/1259] Compiling p_ec_asn1.cc
[1153/1259] Compiling p_ed25519.cc
[1154/1259] Compiling p_ec.cc
[1155/1259] Compiling p_dh_asn1.cc
[1156/1259] Compiling p_dh.cc
[1157/1259] Compiling p_dsa_asn1.cc
[1158/1259] Compiling err.cc
[1159/1259] Compiling engine.cc
[1160/1259] Compiling evp_asn1.cc
[1161/1259] Compiling evp.cc
[1162/1259] Compiling evp_ctx.cc
[1163/1259] Compiling ecdsa_p1363.cc
[1164/1259] Compiling ecdh.cc
[1165/1259] Compiling ecdsa_asn1.cc
[1166/1259] Compiling hash_to_curve.cc
[1167/1259] Compiling dsa_asn1.cc
[1168/1259] Compiling dsa.cc
[1169/1259] Compiling ec_derive.cc
[1170/1259] Compiling digest_extra.cc
[1171/1259] Compiling params.cc
[1172/1259] Compiling x25519-asm-arm.S
[1173/1259] Compiling ec_asn1.cc
[1174/1259] Compiling curve25519_64_adx.cc
[1175/1259] Compiling des.cc
[1176/1259] Compiling curve25519.cc
[1177/1259] Compiling crypto.cc
[1178/1259] Compiling cpu_intel.cc
[1179/1259] Compiling dh_asn1.cc
[1180/1259] Compiling spake25519.cc
[1181/1259] Compiling cpu_arm_linux.cc
[1182/1259] Compiling cpu_aarch64_win.cc
[1183/1259] Compiling cpu_aarch64_sysreg.cc
[1184/1259] Compiling cpu_aarch64_openbsd.cc
[1185/1259] Compiling cpu_arm_freebsd.cc
[1186/1259] Compiling cpu_aarch64_linux.cc
[1187/1259] Compiling cpu_aarch64_apple.cc
[1188/1259] Compiling cpu_aarch64_fuchsia.cc
[1189/1259] Compiling conf.cc
[1190/1259] Compiling tls_cbc.cc
[1191/1259] Compiling e_rc4.cc
[1192/1259] Compiling e_tls.cc
[1193/1259] Compiling e_rc2.cc
[1194/1259] Compiling get_cipher.cc
[1195/1259] Compiling e_null.cc
[1196/1259] Compiling e_aesctrhmac.cc
[1197/1259] Compiling cms.cc
[1198/1259] Compiling e_des.cc
[1199/1259] Compiling e_aeseax.cc
[1200/1259] Compiling e_chacha20poly1305.cc
[1201/1259] Compiling derive_key.cc
[1202/1259] Compiling e_aesgcmsiv.cc
[1203/1259] Compiling chacha.cc
[1204/1259] Compiling unicode.cc
[1205/1259] Compiling cbs.cc
[1206/1259] Compiling ber.cc
[1207/1259] Compiling asn1_compat.cc
[1208/1259] Compiling buf.cc
[1209/1259] Compiling cbb.cc
[1210/1259] Compiling exponentiation.cc
[1211/1259] Compiling sqrt.cc
[1212/1259] Compiling div.cc
[1213/1259] Compiling blake2.cc
[1214/1259] Compiling printf.cc
[1215/1259] Compiling bn_asn1.cc
[1216/1259] Compiling convert.cc
[1217/1259] Compiling pair.cc
[1218/1259] Compiling bio_mem.cc
[1219/1259] Compiling fd.cc
[1220/1259] Compiling file.cc
[1221/1259] Compiling bio.cc
[1222/1259] Compiling hexdump.cc
[1223/1259] Compiling errno.cc
[1224/1259] Compiling base64.cc
[1225/1259] Compiling tasn_typ.cc
[1226/1259] Compiling tasn_fre.cc
[1227/1259] Compiling tasn_new.cc
[1228/1259] Compiling tasn_utl.cc
[1229/1259] Compiling tasn_enc.cc
[1230/1259] Compiling posix_time.cc
[1231/1259] Compiling f_int.cc
[1232/1259] Compiling bcm.cc
[1233/1259] Compiling f_string.cc
[1234/1259] Compiling asn_pack.cc
[1235/1259] Compiling tasn_dec.cc
[1236/1259] Compiling asn1_par.cc
[1237/1259] Compiling a_time.cc
[1238/1259] Compiling a_type.cc
[1239/1259] Compiling a_utctm.cc
[1240/1259] Compiling asn1_lib.cc
[1241/1259] Compiling a_strnid.cc
[1242/1259] Compiling a_strex.cc
[1243/1259] Compiling a_octet.cc
[1244/1259] Compiling a_mbstr.cc
[1245/1259] Compiling a_dup.cc
[1246/1259] Compiling a_object.cc
[1246/1259] Write sources
[1252/1259] Compiling a_i2d_fp.cc
[1253/1314] Compiling a_int.cc
[1254/1331] Compiling a_d2i_fp.cc
[1256/1384] Compiling AsyncAlgorithms AsyncJoinedBySeparatorSequence.swift
[1257/1384] Compiling AsyncAlgorithms AsyncJoinedSequence.swift
[1257/1387] Compiling a_bool.cc
[1259/1411] Compiling Algorithms Product.swift
[1260/1411] Compiling Algorithms Compacted.swift
[1261/1411] Compiling Algorithms Cycle.swift
[1262/1411] Compiling Algorithms EitherSequence.swift
[1262/1411] Compiling a_gentm.cc
[1264/1411] Compiling Algorithms Partition.swift
[1265/1411] Compiling Algorithms Permutations.swift
[1265/1411] Compiling aes.cc
[1266/1411] Compiling a_bitstr.cc
[1267/1411] Compiling Algorithms FirstNonNil.swift
[1268/1411] Compiling Algorithms RandomSample.swift
[1270/1411] Compiling Algorithms AdjacentPairs.swift
[1271/1411] Compiling Algorithms Chain.swift
[1272/1411] Compiling Algorithms Chunked.swift
[1273/1411] Compiling AsyncAlgorithms UnboundedBufferStorage.swift
[1274/1411] Compiling AsyncAlgorithms AsyncChannel.swift
[1275/1411] Compiling AsyncAlgorithms AsyncThrowingChannel.swift
[1276/1411] Compiling AsyncAlgorithms ChannelStateMachine.swift
[1277/1411] Compiling AsyncAlgorithms ChannelStorage.swift
[1278/1411] Compiling AsyncAlgorithms AsyncCombineLatest2Sequence.swift
[1279/1411] Compiling AsyncAlgorithms AsyncAdjacentPairsSequence.swift
[1280/1411] Compiling AsyncAlgorithms AsyncBufferedByteIterator.swift
[1281/1426] Compiling Algorithms Grouped.swift
[1282/1426] Compiling Algorithms Indexed.swift
[1283/1426] Compiling Algorithms Intersperse.swift
[1284/1426] Compiling AsyncAlgorithms FlatMapLatestStateMachine.swift
[1285/1426] Compiling AsyncAlgorithms FlatMapLatestStorage.swift
[1286/1426] Compiling AsyncAlgorithms Disconnected.swift
[1287/1426] Compiling AsyncAlgorithms _TinyArray.swift
[1288/1426] Compiling AsyncAlgorithms AsyncInterspersedSequence.swift
[1289/1426] Compiling AsyncAlgorithms Locking.swift
[1290/1426] Compiling BitCollections BitSet.Counted.swift
[1291/1426] Compiling AsyncAlgorithms AsyncMerge3Sequence.swift
[1292/1426] Compiling AsyncAlgorithms MergeStateMachine.swift
[1293/1426] Compiling AsyncAlgorithms MergeStorage.swift
[1294/1426] Compiling AsyncAlgorithms MultiProducerSingleConsumerAsyncChannel+Internal.swift
[1295/1426] Compiling AsyncAlgorithms MultiProducerSingleConsumerAsyncChannel.swift
[1296/1426] Compiling AsyncAlgorithms RangeReplaceableCollection.swift
[1297/1426] Compiling AsyncAlgorithms AsyncFlatMapLatestSequence.swift
[1298/1426] Compiling AsyncAlgorithms AsyncChain2Sequence.swift
[1299/1426] Compiling AsyncAlgorithms AsyncChain3Sequence.swift
[1300/1426] Compiling AsyncAlgorithms AsyncChunkedByGroupSequence.swift
[1301/1426] Compiling AsyncAlgorithms AsyncChunkedOnProjectionSequence.swift
[1302/1426] Compiling AsyncAlgorithms AsyncChunksOfCountOrSignalSequence.swift
[1303/1426] Compiling AsyncAlgorithms AsyncChunksOfCountSequence.swift
[1304/1426] Compiling AsyncAlgorithms AsyncMerge2Sequence.swift
[1306/1426] Compiling Algorithms Reductions.swift
[1307/1426] Compiling Algorithms Rotate.swift
[1308/1426] Compiling Algorithms Split.swift
[1309/1426] Compiling Algorithms Stride.swift
[1310/1426] Compiling Algorithms Suffix.swift
[1311/1429] Emitting module BitCollections
[1312/1429] Compiling Algorithms Joined.swift
[1313/1429] Compiling Algorithms Keyed.swift
[1314/1429] Compiling Algorithms MinMax.swift
[1315/1429] Compiling CryptoBoringWrapper RandomBytes.swift
[1323/1429] Compiling Algorithms FlattenCollection.swift
[1338/1429] Compiling Algorithms Combinations.swift
[1351/1429] Compiling CryptoBoringWrapper FiniteFieldArithmeticContext.swift
[1352/1429] Compiling Algorithms Trim.swift
[1353/1429] Compiling Algorithms Unique.swift
[1354/1429] Compiling Algorithms Windows.swift
[1363/1436] Compiling AsyncAlgorithms SetAlgebra.swift
[1364/1436] Compiling AsyncAlgorithms UnsafeTransfer.swift
[1365/1436] Compiling AsyncAlgorithms AsyncZip2Sequence.swift
[1366/1436] Compiling AsyncAlgorithms AsyncZip3Sequence.swift
[1367/1436] Compiling AsyncAlgorithms ZipStateMachine.swift
[1368/1436] Compiling AsyncAlgorithms ZipStorage.swift
[1369/1436] Compiling BitCollections _Word.swift
[1371/1437] Compiling CryptoBoringWrapper CryptoKitErrors_boring.swift
[1372/1437] Compiling CryptoBoringWrapper EllipticCurve.swift
[1373/1437] Compiling CryptoBoringWrapper EllipticCurvePoint.swift
[1374/1437] Compiling CryptoBoringWrapper ArbitraryPrecisionInteger.swift
[1375/1437] Emitting module Atomics
[1376/1437] Compiling CryptoBoringWrapper BoringSSLAEAD.swift
[1377/1437] Emitting module CryptoBoringWrapper
[1379/1440] Emitting module Collections
[1380/1440] Compiling Collections Collections.swift
[1389/1525] Compiling Crypto Nonces.swift
[1390/1525] Compiling Crypto ASN1.swift
[1391/1525] Compiling Crypto ASN1Any.swift
[1393/1526] Compiling Crypto AES-GCM.swift
[1394/1526] Compiling Crypto AES-GCM_boring.swift
[1395/1526] Compiling Crypto ChaChaPoly_boring.swift
[1396/1526] Compiling Crypto ChaChaPoly.swift
[1397/1605] Emitting module Algorithms
[1399/1606] Compiling NIOCore AsyncChannelInboundStream.swift
[1400/1606] Compiling NIOCore AsyncChannelOutboundWriter.swift
[1401/1607] Compiling NIOCore ChannelHandlers.swift
[1402/1607] Compiling NIOCore ChannelInvoker.swift
[1403/1607] Compiling NIOCore ChannelOption.swift
[1404/1607] Compiling NIOCore ChannelPipeline.swift
[1405/1607] Compiling NIOCore IPProtocol.swift
[1406/1607] Compiling NIOCore IntegerBitPacking.swift
[1407/1607] Compiling NIOCore IntegerTypes.swift
[1408/1607] Compiling NIOCore ByteBuffer-int.swift
[1409/1607] Compiling NIOCore ByteBuffer-lengthPrefix.swift
[1410/1607] Compiling NIOCore ByteBuffer-multi-int.swift
[1411/1607] Compiling NIOCore ByteBuffer-quicBinaryEncodingStrategy.swift
[1412/1607] Compiling NIOCore ByteBuffer-views.swift
[1413/1607] Compiling NIOCore Channel.swift
[1414/1607] Compiling NIOCore ChannelHandler.swift
[1415/1607] Compiling NIOCore IO.swift
[1416/1607] Compiling NIOCore IOData.swift
[1417/1607] Compiling NIOCore NIOCoreSendableMetatype.swift
[1418/1607] Compiling NIOCore NIODecodedAsyncSequence.swift
[1419/1607] Compiling NIOCore NIOLoopBound.swift
[1420/1607] Compiling NIOCore NIOPooledRecvBufferAllocator.swift
[1421/1607] Compiling NIOCore NIOScheduledCallback.swift
[1422/1607] Compiling NIOCore NIOAsyncSequenceProducer.swift
[1423/1607] Compiling NIOCore NIOAsyncSequenceProducerStrategies.swift
[1424/1607] Compiling _ConnectionPoolModule TinyFastSequence.swift
[1425/1607] Compiling NIOCore ByteBuffer-binaryEncodedLengthPrefix.swift
/host/spi-builder-workspace/.build/checkouts/postgres-nio/Sources/ConnectionPoolModule/PoolStateMachine.swift:888:48: error: cannot find 'pow' in scope
886 |
887 | let start = Double(100_000_000)
888 | let backoffNanosecondsDouble = start * pow(1.25, Double(attempts - 1))
| `- error: cannot find 'pow' in scope
889 |
890 | // Cap to 60s _before_ we convert to Int64, to avoid trapping in the Int64 initializer.
/host/spi-builder-workspace/.build/checkouts/postgres-nio/Sources/ConnectionPoolModule/PoolStateMachine.swift:898:74: error: referencing instance method 'randomElement()' on 'ClosedRange' requires that 'Float16' conform to 'SignedInteger'
896 | let jitterRange = (backoffNanoseconds / 100) * 3
897 | // Pick a random element from the range +/- jitter range.
898 | let jitter: Duration = .nanoseconds((-jitterRange...jitterRange).randomElement()!)
| `- error: referencing instance method 'randomElement()' on 'ClosedRange' requires that 'Float16' conform to 'SignedInteger'
899 | let jitteredBackoff = backoff + jitter
900 | return jitteredBackoff
Swift.ClosedRange:1:11: note: requirement from conditional conformance of 'ClosedRange<Float16>' to 'Collection'
1 | extension ClosedRange : Collection, BidirectionalCollection, RandomAccessCollection where Bound : Strideable, Bound.Stride : SignedInteger {
| `- note: requirement from conditional conformance of 'ClosedRange<Float16>' to 'Collection'
2 | public typealias SubSequence = Slice<ClosedRange<Bound>>
3 | @inlinable public var startIndex: ClosedRange<Bound>.Index { get }
[1426/1607] Compiling NIOCore ByteBuffer-conversions.swift
/host/spi-builder-workspace/.build/checkouts/postgres-nio/Sources/ConnectionPoolModule/PoolStateMachine.swift:888:48: error: cannot find 'pow' in scope
886 |
887 | let start = Double(100_000_000)
888 | let backoffNanosecondsDouble = start * pow(1.25, Double(attempts - 1))
| `- error: cannot find 'pow' in scope
889 |
890 | // Cap to 60s _before_ we convert to Int64, to avoid trapping in the Int64 initializer.
/host/spi-builder-workspace/.build/checkouts/postgres-nio/Sources/ConnectionPoolModule/PoolStateMachine.swift:898:74: error: referencing instance method 'randomElement()' on 'ClosedRange' requires that 'Float16' conform to 'SignedInteger'
896 | let jitterRange = (backoffNanoseconds / 100) * 3
897 | // Pick a random element from the range +/- jitter range.
898 | let jitter: Duration = .nanoseconds((-jitterRange...jitterRange).randomElement()!)
| `- error: referencing instance method 'randomElement()' on 'ClosedRange' requires that 'Float16' conform to 'SignedInteger'
899 | let jitteredBackoff = backoff + jitter
900 | return jitteredBackoff
Swift.ClosedRange:1:11: note: requirement from conditional conformance of 'ClosedRange<Float16>' to 'Collection'
1 | extension ClosedRange : Collection, BidirectionalCollection, RandomAccessCollection where Bound : Strideable, Bound.Stride : SignedInteger {
| `- note: requirement from conditional conformance of 'ClosedRange<Float16>' to 'Collection'
2 | public typealias SubSequence = Slice<ClosedRange<Bound>>
3 | @inlinable public var startIndex: ClosedRange<Bound>.Index { get }
[1427/1607] Compiling NIOCore AsyncChannel.swift
[1428/1607] Compiling NIOCore AsyncChannelHandler.swift
[1429/1607] Compiling NIOCore AddressedEnvelope.swift
[1430/1607] Compiling NIOCore AsyncAwaitSupport.swift
[1436/1607] Compiling NIOCore NIOSendable.swift
[1437/1607] Compiling NIOCore NIOSplitLinesMessageDecoder.swift
[1438/1607] Compiling NIOCore NIOTransportAccessibleChannelCore.swift
[1439/1607] Compiling NIOCore RecvByteBufferAllocator.swift
[1446/1615] Compiling NIOCore Interfaces.swift
[1447/1615] Compiling NIOCore Linux.swift
[1448/1615] Compiling NIOCore MarkedCircularBuffer.swift
[1449/1615] Compiling NIOCore MulticastChannel.swift
[1450/1615] Compiling NIOCore NIOAny.swift
[1451/1615] Compiling NIOCore NIOCloseOnErrorHandler.swift
[1452/1626] Emitting module _ConnectionPoolModule
[1455/1626] Compiling NIOCore ByteBuffer-core.swift
[1456/1626] Compiling NIOCore ByteBuffer-hex.swift
[1473/1626] Compiling NIOCore NIOAsyncWriter.swift
[1474/1626] Compiling NIOCore NIOThrowingAsyncSequenceProducer.swift
[1475/1626] Compiling NIOCore BSDSocketAPI.swift
[1476/1626] Compiling NIOCore ByteBuffer-aux.swift
[1477/1626] Emitting module Crypto
[1478/1626] Compiling NIOCore EventLoopFuture+Deprecated.swift
[1479/1626] Compiling NIOCore EventLoopFuture+WithEventLoop.swift
[1480/1626] Compiling NIOCore EventLoopFuture.swift
[1481/1626] Compiling NIOCore FileDescriptor.swift
[1482/1626] Compiling NIOCore FileHandle.swift
[1483/1626] Compiling NIOCore FileRegion.swift
[1484/1626] Compiling NIOCore GlobalSingletons.swift
BUILD FAILURE 6.2 android