Build Information
Failed to build Creamy3D, reference 0.2.7 (4ca1d9), with Swift 6.4 for macOS (Xcode) using Xcode 27.0 on 20 Sep 2026 13:50:50 UTC.
Build Command
env DEVELOPER_DIR=/Applications/Xcode-27.0.0-Release.Candidate.app xcrun xcodebuild -IDEClonedSourcePackagesDirPathOverride=$PWD/.dependencies -skipMacroValidation -skipPackagePluginValidation -derivedDataPath $PWD/.derivedData build -scheme Creamy3D -destination platform=macOS,arch=arm64Build Log
========================================
RunAll
========================================
Builder version: 5.1.0
Interrupt handler set up.
========================================
Checkout
========================================
Clone URL: https://github.com/alex566/Creamy3D.git
Reference: 0.2.7
Initialized empty Git repository in /Users/admin/builder/spi-builder-workspace/.git/
From https://github.com/alex566/Creamy3D
* tag 0.2.7 -> FETCH_HEAD
HEAD is now at 4ca1d98 Dynamic multisampling selection
Cloned https://github.com/alex566/Creamy3D.git
Revision (git rev-parse @):
4ca1d98c6d261e9b98e5491a93a84bcb4978997a
SUCCESS checkout https://github.com/alex566/Creamy3D.git at 0.2.7
========================================
Build
========================================
Selected platform: macosXcodebuild
Swift version: 6.4
Building package at path: $PWD
https://github.com/alex566/Creamy3D.git
Command line invocation:
/Applications/Xcode-27.0.0-Release.Candidate.app/Contents/Developer/usr/bin/xcodebuild -IDEClonedSourcePackagesDirPathOverride=/Users/admin/builder/spi-builder-workspace/.dependencies -resolvePackageDependencies
Resolve Package Graph
Resolve Package Graph
Resolved source packages:
Creamy3D: /Users/admin/builder/spi-builder-workspace
resolved source packages: Creamy3D
2026-09-20 09:50:03.654 xcodebuild[528:3014] [MT] IDERunDestination: Supported platforms for the buildables in the current scheme is empty.
{
"dependencies" : [
],
"manifest_display_name" : "Creamy3D",
"name" : "Creamy3D",
"path" : "/Users/admin/builder/spi-builder-workspace",
"platforms" : [
{
"name" : "ios",
"version" : "16.0"
},
{
"name" : "macos",
"version" : "13.0"
}
],
"products" : [
{
"name" : "Creamy3D",
"targets" : [
"Creamy3D"
],
"type" : {
"library" : [
"automatic"
]
}
}
],
"targets" : [
{
"c99name" : "Creamy3DTests",
"module_type" : "SwiftTarget",
"name" : "Creamy3DTests",
"path" : "Tests/Creamy3DTests",
"sources" : [
"Creamy3DTests.swift"
],
"target_dependencies" : [
"Creamy3D"
],
"type" : "test"
},
{
"c99name" : "Creamy3D",
"module_type" : "SwiftTarget",
"name" : "Creamy3D",
"path" : "Sources/Creamy3D",
"product_memberships" : [
"Creamy3D"
],
"resources" : [
{
"path" : "/Users/admin/builder/spi-builder-workspace/Sources/Creamy3D/Shaders/color_material.metal",
"rule" : {
"process" : {
}
}
},
{
"path" : "/Users/admin/builder/spi-builder-workspace/Sources/Creamy3D/Shaders/common.metal",
"rule" : {
"process" : {
}
}
},
{
"path" : "/Users/admin/builder/spi-builder-workspace/Sources/Creamy3D/Shaders/fresnel_material.metal",
"rule" : {
"process" : {
}
}
},
{
"path" : "/Users/admin/builder/spi-builder-workspace/Sources/Creamy3D/Shaders/matcap_material.metal",
"rule" : {
"process" : {
}
}
},
{
"path" : "/Users/admin/builder/spi-builder-workspace/Sources/Creamy3D/Shaders/material_common.h",
"rule" : {
"process" : {
}
}
},
{
"path" : "/Users/admin/builder/spi-builder-workspace/Sources/Creamy3D/Shaders/texture_material.metal",
"rule" : {
"process" : {
}
}
}
],
"sources" : [
"ColorRGB.swift",
"CreamyView.swift",
"Materials/ColorMaterial.swift",
"Materials/FresnelMaterial.swift",
"Materials/MatcapMaterial.swift",
"Materials/Material+Blend.swift",
"Materials/Material.swift",
"Materials/TextureMaterial.swift",
"MetalView.swift",
"Objects/EmptyObject.swift",
"Objects/Mesh.swift",
"Objects/Object.swift",
"Renderer.swift",
"Scene/Camera.swift",
"Scene/MaterialFunctions/ColorMaterialFunction.swift",
"Scene/MaterialFunctions/FresnelMaterialFunction.swift",
"Scene/MaterialFunctions/MatcapMaterialFunction.swift",
"Scene/MaterialFunctions/MaterialFunction.swift",
"Scene/MaterialFunctions/TextureMaterialFunction.swift",
"Scene/MaterialState.swift",
"Scene/MeshLoader/CubeMeshLoader.swift",
"Scene/MeshLoader/MeshLoader.swift",
"Scene/MeshLoader/ModelMeshLoader.swift",
"Scene/MeshLoader/SphereMeshLoader.swift",
"Scene/MeshNode.swift",
"Scene/Projection.swift"
],
"type" : "library"
}
],
"tools_version" : "5.9"
}
{
"workspace" : {
"name" : "Creamy3D",
"schemes" : [
"Creamy3D"
]
}
}
2026-09-20 09:50:35.520 xcodebuild[625:3822] [MT] IDERunDestination: Supported platforms for the buildables in the current scheme is empty.
Running build ...
env DEVELOPER_DIR=/Applications/Xcode-27.0.0-Release.Candidate.app xcrun xcodebuild -IDEClonedSourcePackagesDirPathOverride=$PWD/.dependencies -skipMacroValidation -skipPackagePluginValidation -derivedDataPath $PWD/.derivedData build -scheme Creamy3D -destination platform=macOS,arch=arm64
Command line invocation:
/Applications/Xcode-27.0.0-Release.Candidate.app/Contents/Developer/usr/bin/xcodebuild -IDEClonedSourcePackagesDirPathOverride=/Users/admin/builder/spi-builder-workspace/.dependencies -skipMacroValidation -skipPackagePluginValidation -derivedDataPath /Users/admin/builder/spi-builder-workspace/.derivedData build -scheme Creamy3D -destination platform=macOS,arch=arm64
Resolve Package Graph
Resolved source packages:
Creamy3D: /Users/admin/builder/spi-builder-workspace
ComputePackagePrebuildTargetDependencyGraph
Prepare packages
CreateBuildRequest
SendProjectDescription
CreateBuildOperation
ComputeTargetDependencyGraph
note: Building targets in dependency order
note: Target dependency graph (3 targets)
Target 'Creamy3D-product' in project 'Creamy3D'
➜ Explicit dependency on target 'Creamy3D' in project 'Creamy3D'
➜ Explicit dependency on target 'Creamy3D_Creamy3D' in project 'Creamy3D'
Target 'Creamy3D' in project 'Creamy3D'
➜ Explicit dependency on target 'Creamy3D_Creamy3D' in project 'Creamy3D'
Target 'Creamy3D_Creamy3D' in project 'Creamy3D' (no dependencies)
GatherProvisioningInputs
CreateBuildDescription
ExecuteExternalTool /Applications/Xcode-27.0.0-Release.Candidate.app/Contents/Developer/Toolchains/XcodeDefault.xctoolchain/usr/bin/clang -v -E -dM -isysroot /Applications/Xcode-27.0.0-Release.Candidate.app/Contents/Developer/Platforms/MacOSX.platform/Developer/SDKs/MacOSX27.0.sdk -x c -c /dev/null
ExecuteExternalTool /Applications/Xcode-27.0.0-Release.Candidate.app/Contents/Developer/Toolchains/XcodeDefault.xctoolchain/usr/bin/swiftc --version
ExecuteExternalTool /Applications/Xcode-27.0.0-Release.Candidate.app/Contents/Developer/Toolchains/XcodeDefault.xctoolchain/usr/bin/ld -version_details
Build description signature: 150357643635c79177f6794145fdc789
Build description path: /Users/admin/builder/spi-builder-workspace/.derivedData/Build/Intermediates.noindex/XCBuildData/150357643635c79177f6794145fdc789.xcbuilddata
CreateBuildDirectory /Users/admin/builder/spi-builder-workspace/.derivedData/SDKExplicitPrecompiledModules
cd /Users/admin/builder/spi-builder-workspace/.swiftpm/xcode
builtin-create-build-directory /Users/admin/builder/spi-builder-workspace/.derivedData/SDKExplicitPrecompiledModules
CreateBuildDirectory /Users/admin/builder/spi-builder-workspace/.derivedData/ModuleCache.noindex
cd /Users/admin/builder/spi-builder-workspace/.swiftpm/xcode
builtin-create-build-directory /Users/admin/builder/spi-builder-workspace/.derivedData/ModuleCache.noindex
CreateBuildDirectory /Users/admin/builder/spi-builder-workspace/.derivedData/CompilationCache.noindex
cd /Users/admin/builder/spi-builder-workspace/.swiftpm/xcode
builtin-create-build-directory /Users/admin/builder/spi-builder-workspace/.derivedData/CompilationCache.noindex
CreateBuildDirectory /Users/admin/builder/spi-builder-workspace/.derivedData/Build/Products
cd /Users/admin/builder/spi-builder-workspace/.swiftpm/xcode
builtin-create-build-directory /Users/admin/builder/spi-builder-workspace/.derivedData/Build/Products
CreateBuildDirectory /Users/admin/builder/spi-builder-workspace/.derivedData/Build/Intermediates.noindex
cd /Users/admin/builder/spi-builder-workspace/.swiftpm/xcode
builtin-create-build-directory /Users/admin/builder/spi-builder-workspace/.derivedData/Build/Intermediates.noindex
ClangStatCache /Applications/Xcode-27.0.0-Release.Candidate.app/Contents/Developer/Toolchains/XcodeDefault.xctoolchain/usr/bin/clang-stat-cache /Applications/Xcode-27.0.0-Release.Candidate.app/Contents/Developer/Platforms/MacOSX.platform/Developer/SDKs/MacOSX27.0.sdk /Users/admin/builder/spi-builder-workspace/.derivedData/SDKStatCaches.noindex/macosx27.0-26A425-e829b21a6f8c9b70876ba0858053c0446a22442a12e9d48fe1a705f55a1adfc4.sdkstatcache
cd /Users/admin/builder/spi-builder-workspace/.swiftpm/xcode
/Applications/Xcode-27.0.0-Release.Candidate.app/Contents/Developer/Toolchains/XcodeDefault.xctoolchain/usr/bin/clang-stat-cache /Applications/Xcode-27.0.0-Release.Candidate.app/Contents/Developer/Platforms/MacOSX.platform/Developer/SDKs/MacOSX27.0.sdk -o /Users/admin/builder/spi-builder-workspace/.derivedData/SDKStatCaches.noindex/macosx27.0-26A425-e829b21a6f8c9b70876ba0858053c0446a22442a12e9d48fe1a705f55a1adfc4.sdkstatcache
CreateBuildDirectory /Users/admin/builder/spi-builder-workspace/.derivedData/Build/Products/Debug
cd /Users/admin/builder/spi-builder-workspace/.swiftpm/xcode
builtin-create-build-directory /Users/admin/builder/spi-builder-workspace/.derivedData/Build/Products/Debug
CreateBuildDirectory /Users/admin/builder/spi-builder-workspace/.derivedData/Build/Intermediates.noindex/SwiftExplicitPrecompiledModules
cd /Users/admin/builder/spi-builder-workspace/.swiftpm/xcode
builtin-create-build-directory /Users/admin/builder/spi-builder-workspace/.derivedData/Build/Intermediates.noindex/SwiftExplicitPrecompiledModules
CreateBuildDirectory /Users/admin/builder/spi-builder-workspace/.derivedData/Build/Intermediates.noindex/PrecompiledHeaders
cd /Users/admin/builder/spi-builder-workspace/.swiftpm/xcode
builtin-create-build-directory /Users/admin/builder/spi-builder-workspace/.derivedData/Build/Intermediates.noindex/PrecompiledHeaders
CreateBuildDirectory /Users/admin/builder/spi-builder-workspace/.derivedData/Build/Intermediates.noindex/ExplicitPrecompiledModules
cd /Users/admin/builder/spi-builder-workspace/.swiftpm/xcode
builtin-create-build-directory /Users/admin/builder/spi-builder-workspace/.derivedData/Build/Intermediates.noindex/ExplicitPrecompiledModules
CreateBuildDirectory /Users/admin/builder/spi-builder-workspace/.derivedData/Build/Intermediates.noindex/EagerLinkingTBDs/Debug
cd /Users/admin/builder/spi-builder-workspace/.swiftpm/xcode
builtin-create-build-directory /Users/admin/builder/spi-builder-workspace/.derivedData/Build/Intermediates.noindex/EagerLinkingTBDs/Debug
CreateBuildDirectory /Users/admin/builder/spi-builder-workspace/.derivedData/Build/Products/Debug/PackageFrameworks
cd /Users/admin/builder/spi-builder-workspace/.swiftpm/xcode
builtin-create-build-directory /Users/admin/builder/spi-builder-workspace/.derivedData/Build/Products/Debug/PackageFrameworks
MkDir /Users/admin/builder/spi-builder-workspace/.derivedData/Build/Products/Debug/Creamy3D_Creamy3D.bundle (in target 'Creamy3D_Creamy3D' from project 'Creamy3D')
cd /Users/admin/builder/spi-builder-workspace
/bin/mkdir -p /Users/admin/builder/spi-builder-workspace/.derivedData/Build/Products/Debug/Creamy3D_Creamy3D.bundle
MkDir /Users/admin/builder/spi-builder-workspace/.derivedData/Build/Products/Debug/Creamy3D_Creamy3D.bundle/Contents (in target 'Creamy3D_Creamy3D' from project 'Creamy3D')
cd /Users/admin/builder/spi-builder-workspace
/bin/mkdir -p /Users/admin/builder/spi-builder-workspace/.derivedData/Build/Products/Debug/Creamy3D_Creamy3D.bundle/Contents
WriteAuxiliaryFile /Users/admin/builder/spi-builder-workspace/.derivedData/Build/Intermediates.noindex/Creamy3D.build/Debug/Creamy3D_Creamy3D-b.build/Creamy3D_Creamy3D.DependencyMetadataFileList (in target 'Creamy3D_Creamy3D' from project 'Creamy3D')
cd /Users/admin/builder/spi-builder-workspace
write-file /Users/admin/builder/spi-builder-workspace/.derivedData/Build/Intermediates.noindex/Creamy3D.build/Debug/Creamy3D_Creamy3D-b.build/Creamy3D_Creamy3D.DependencyMetadataFileList
WriteAuxiliaryFile /Users/admin/builder/spi-builder-workspace/.derivedData/Build/Intermediates.noindex/Creamy3D.build/Debug/Creamy3D_Creamy3D-b.build/Creamy3D_Creamy3D.DependencyStaticMetadataFileList (in target 'Creamy3D_Creamy3D' from project 'Creamy3D')
cd /Users/admin/builder/spi-builder-workspace
write-file /Users/admin/builder/spi-builder-workspace/.derivedData/Build/Intermediates.noindex/Creamy3D.build/Debug/Creamy3D_Creamy3D-b.build/Creamy3D_Creamy3D.DependencyStaticMetadataFileList
MkDir /Users/admin/builder/spi-builder-workspace/.derivedData/Build/Products/Debug/Creamy3D_Creamy3D.bundle/Contents/Resources (in target 'Creamy3D_Creamy3D' from project 'Creamy3D')
cd /Users/admin/builder/spi-builder-workspace
/bin/mkdir -p /Users/admin/builder/spi-builder-workspace/.derivedData/Build/Products/Debug/Creamy3D_Creamy3D.bundle/Contents/Resources
WriteAuxiliaryFile /Users/admin/builder/spi-builder-workspace/.derivedData/Build/Intermediates.noindex/Creamy3D.build/Debug/Creamy3D_Creamy3D-b.build/empty-Creamy3D_Creamy3D.plist (in target 'Creamy3D_Creamy3D' from project 'Creamy3D')
cd /Users/admin/builder/spi-builder-workspace
write-file /Users/admin/builder/spi-builder-workspace/.derivedData/Build/Intermediates.noindex/Creamy3D.build/Debug/Creamy3D_Creamy3D-b.build/empty-Creamy3D_Creamy3D.plist
WriteAuxiliaryFile /Users/admin/builder/spi-builder-workspace/.derivedData/Build/Intermediates.noindex/Creamy3D.build/Debug/Creamy3D-t.build/Objects-normal/arm64/Creamy3D.LinkFileList (in target 'Creamy3D' from project 'Creamy3D')
cd /Users/admin/builder/spi-builder-workspace
write-file /Users/admin/builder/spi-builder-workspace/.derivedData/Build/Intermediates.noindex/Creamy3D.build/Debug/Creamy3D-t.build/Objects-normal/arm64/Creamy3D.LinkFileList
WriteAuxiliaryFile /Users/admin/builder/spi-builder-workspace/.derivedData/Build/Intermediates.noindex/Creamy3D.build/Debug/Creamy3D-t.build/Objects-normal/arm64/Creamy3D_const_extract_protocols.json (in target 'Creamy3D' from project 'Creamy3D')
cd /Users/admin/builder/spi-builder-workspace
write-file /Users/admin/builder/spi-builder-workspace/.derivedData/Build/Intermediates.noindex/Creamy3D.build/Debug/Creamy3D-t.build/Objects-normal/arm64/Creamy3D_const_extract_protocols.json
WriteAuxiliaryFile /Users/admin/builder/spi-builder-workspace/.derivedData/Build/Intermediates.noindex/Creamy3D.build/Debug/Creamy3D-t.build/Objects-normal/arm64/Creamy3D.SwiftConstValuesFileList (in target 'Creamy3D' from project 'Creamy3D')
cd /Users/admin/builder/spi-builder-workspace
write-file /Users/admin/builder/spi-builder-workspace/.derivedData/Build/Intermediates.noindex/Creamy3D.build/Debug/Creamy3D-t.build/Objects-normal/arm64/Creamy3D.SwiftConstValuesFileList
WriteAuxiliaryFile /Users/admin/builder/spi-builder-workspace/.derivedData/Build/Intermediates.noindex/Creamy3D.build/Debug/Creamy3D-t.build/Objects-normal/arm64/Creamy3D.SwiftFileList (in target 'Creamy3D' from project 'Creamy3D')
cd /Users/admin/builder/spi-builder-workspace
write-file /Users/admin/builder/spi-builder-workspace/.derivedData/Build/Intermediates.noindex/Creamy3D.build/Debug/Creamy3D-t.build/Objects-normal/arm64/Creamy3D.SwiftFileList
WriteAuxiliaryFile /Users/admin/builder/spi-builder-workspace/.derivedData/Build/Intermediates.noindex/Creamy3D.build/Debug/Creamy3D-t.build/Objects-normal/arm64/Creamy3D-OutputFileMap.json (in target 'Creamy3D' from project 'Creamy3D')
cd /Users/admin/builder/spi-builder-workspace
write-file /Users/admin/builder/spi-builder-workspace/.derivedData/Build/Intermediates.noindex/Creamy3D.build/Debug/Creamy3D-t.build/Objects-normal/arm64/Creamy3D-OutputFileMap.json
WriteAuxiliaryFile /Users/admin/builder/spi-builder-workspace/.derivedData/Build/Intermediates.noindex/Creamy3D.build/Debug/Creamy3D-t.build/DerivedSources/resource_bundle_accessor.swift (in target 'Creamy3D' from project 'Creamy3D')
cd /Users/admin/builder/spi-builder-workspace
write-file /Users/admin/builder/spi-builder-workspace/.derivedData/Build/Intermediates.noindex/Creamy3D.build/Debug/Creamy3D-t.build/DerivedSources/resource_bundle_accessor.swift
WriteAuxiliaryFile /Users/admin/builder/spi-builder-workspace/.derivedData/Build/Intermediates.noindex/Creamy3D.build/Debug/Creamy3D-t.build/Creamy3D.modulemap (in target 'Creamy3D' from project 'Creamy3D')
cd /Users/admin/builder/spi-builder-workspace
write-file /Users/admin/builder/spi-builder-workspace/.derivedData/Build/Intermediates.noindex/Creamy3D.build/Debug/Creamy3D-t.build/Creamy3D.modulemap
WriteAuxiliaryFile /Users/admin/builder/spi-builder-workspace/.derivedData/Build/Intermediates.noindex/Creamy3D.build/Debug/Creamy3D-t.build/Creamy3D.DependencyStaticMetadataFileList (in target 'Creamy3D' from project 'Creamy3D')
cd /Users/admin/builder/spi-builder-workspace
write-file /Users/admin/builder/spi-builder-workspace/.derivedData/Build/Intermediates.noindex/Creamy3D.build/Debug/Creamy3D-t.build/Creamy3D.DependencyStaticMetadataFileList
WriteAuxiliaryFile /Users/admin/builder/spi-builder-workspace/.derivedData/Build/Intermediates.noindex/Creamy3D.build/Debug/Creamy3D-t.build/Creamy3D.DependencyMetadataFileList (in target 'Creamy3D' from project 'Creamy3D')
cd /Users/admin/builder/spi-builder-workspace
write-file /Users/admin/builder/spi-builder-workspace/.derivedData/Build/Intermediates.noindex/Creamy3D.build/Debug/Creamy3D-t.build/Creamy3D.DependencyMetadataFileList
Copy /Users/admin/builder/spi-builder-workspace/.derivedData/Build/Intermediates.noindex/GeneratedModuleMaps/Creamy3D.modulemap /Users/admin/builder/spi-builder-workspace/.derivedData/Build/Intermediates.noindex/Creamy3D.build/Debug/Creamy3D-t.build/Creamy3D.modulemap (in target 'Creamy3D' from project 'Creamy3D')
cd /Users/admin/builder/spi-builder-workspace
builtin-copy -exclude .DS_Store -exclude CVS -exclude .svn -exclude .git -exclude .hg -resolve-src-symlinks /Users/admin/builder/spi-builder-workspace/.derivedData/Build/Intermediates.noindex/Creamy3D.build/Debug/Creamy3D-t.build/Creamy3D.modulemap /Users/admin/builder/spi-builder-workspace/.derivedData/Build/Intermediates.noindex/GeneratedModuleMaps
ProcessInfoPlistFile /Users/admin/builder/spi-builder-workspace/.derivedData/Build/Products/Debug/Creamy3D_Creamy3D.bundle/Contents/Info.plist /Users/admin/builder/spi-builder-workspace/.derivedData/Build/Intermediates.noindex/Creamy3D.build/Debug/Creamy3D_Creamy3D-b.build/empty-Creamy3D_Creamy3D.plist (in target 'Creamy3D_Creamy3D' from project 'Creamy3D')
cd /Users/admin/builder/spi-builder-workspace
builtin-infoPlistUtility /Users/admin/builder/spi-builder-workspace/.derivedData/Build/Intermediates.noindex/Creamy3D.build/Debug/Creamy3D_Creamy3D-b.build/empty-Creamy3D_Creamy3D.plist -producttype com.apple.product-type.bundle -expandbuildsettings -platform macosx -o /Users/admin/builder/spi-builder-workspace/.derivedData/Build/Products/Debug/Creamy3D_Creamy3D.bundle/Contents/Info.plist
CpResource /Users/admin/builder/spi-builder-workspace/.derivedData/Build/Products/Debug/Creamy3D_Creamy3D.bundle/Contents/Resources/material_common.h /Users/admin/builder/spi-builder-workspace/Sources/Creamy3D/Shaders/material_common.h (in target 'Creamy3D_Creamy3D' from project 'Creamy3D')
cd /Users/admin/builder/spi-builder-workspace
builtin-copy -exclude .DS_Store -exclude CVS -exclude .svn -exclude .git -exclude .hg -resolve-src-symlinks /Users/admin/builder/spi-builder-workspace/Sources/Creamy3D/Shaders/material_common.h /Users/admin/builder/spi-builder-workspace/.derivedData/Build/Products/Debug/Creamy3D_Creamy3D.bundle/Contents/Resources
CompileMetalFile /Users/admin/builder/spi-builder-workspace/Sources/Creamy3D/Shaders/fresnel_material.metal (in target 'Creamy3D_Creamy3D' from project 'Creamy3D')
cd /Users/admin/builder/spi-builder-workspace
/var/run/com.apple.security.cryptexd/mnt/com.apple.MobileAsset.MetalToolchain-v27.1.266.1.BHAeLc/Metal.xctoolchain/usr/bin/metal -c -target air64-apple-macos13.0 -I/Users/admin/builder/spi-builder-workspace/.derivedData/Build/Products/Debug/include -F/Users/admin/builder/spi-builder-workspace/.derivedData/Build/Products/Debug -isysroot /Applications/Xcode-27.0.0-Release.Candidate.app/Contents/Developer/Platforms/MacOSX.platform/Developer/SDKs/MacOSX27.0.sdk -fmetal-math-mode\=fast -fmetal-math-fp32-functions\=fast -serialize-diagnostics /Users/admin/builder/spi-builder-workspace/.derivedData/Build/Intermediates.noindex/Creamy3D.build/Debug/Creamy3D_Creamy3D-b.build/Metal/fresnel_material.dia -o /Users/admin/builder/spi-builder-workspace/.derivedData/Build/Intermediates.noindex/Creamy3D.build/Debug/Creamy3D_Creamy3D-b.build/Metal/fresnel_material.air -MMD -MT dependencies -MF /Users/admin/builder/spi-builder-workspace/.derivedData/Build/Intermediates.noindex/Creamy3D.build/Debug/Creamy3D_Creamy3D-b.build/Metal/fresnel_material.dat /Users/admin/builder/spi-builder-workspace/Sources/Creamy3D/Shaders/fresnel_material.metal
CompileMetalFile /Users/admin/builder/spi-builder-workspace/Sources/Creamy3D/Shaders/common.metal (in target 'Creamy3D_Creamy3D' from project 'Creamy3D')
cd /Users/admin/builder/spi-builder-workspace
/var/run/com.apple.security.cryptexd/mnt/com.apple.MobileAsset.MetalToolchain-v27.1.266.1.BHAeLc/Metal.xctoolchain/usr/bin/metal -c -target air64-apple-macos13.0 -I/Users/admin/builder/spi-builder-workspace/.derivedData/Build/Products/Debug/include -F/Users/admin/builder/spi-builder-workspace/.derivedData/Build/Products/Debug -isysroot /Applications/Xcode-27.0.0-Release.Candidate.app/Contents/Developer/Platforms/MacOSX.platform/Developer/SDKs/MacOSX27.0.sdk -fmetal-math-mode\=fast -fmetal-math-fp32-functions\=fast -serialize-diagnostics /Users/admin/builder/spi-builder-workspace/.derivedData/Build/Intermediates.noindex/Creamy3D.build/Debug/Creamy3D_Creamy3D-b.build/Metal/common.dia -o /Users/admin/builder/spi-builder-workspace/.derivedData/Build/Intermediates.noindex/Creamy3D.build/Debug/Creamy3D_Creamy3D-b.build/Metal/common.air -MMD -MT dependencies -MF /Users/admin/builder/spi-builder-workspace/.derivedData/Build/Intermediates.noindex/Creamy3D.build/Debug/Creamy3D_Creamy3D-b.build/Metal/common.dat /Users/admin/builder/spi-builder-workspace/Sources/Creamy3D/Shaders/common.metal
CompileMetalFile /Users/admin/builder/spi-builder-workspace/Sources/Creamy3D/Shaders/color_material.metal (in target 'Creamy3D_Creamy3D' from project 'Creamy3D')
cd /Users/admin/builder/spi-builder-workspace
/var/run/com.apple.security.cryptexd/mnt/com.apple.MobileAsset.MetalToolchain-v27.1.266.1.BHAeLc/Metal.xctoolchain/usr/bin/metal -c -target air64-apple-macos13.0 -I/Users/admin/builder/spi-builder-workspace/.derivedData/Build/Products/Debug/include -F/Users/admin/builder/spi-builder-workspace/.derivedData/Build/Products/Debug -isysroot /Applications/Xcode-27.0.0-Release.Candidate.app/Contents/Developer/Platforms/MacOSX.platform/Developer/SDKs/MacOSX27.0.sdk -fmetal-math-mode\=fast -fmetal-math-fp32-functions\=fast -serialize-diagnostics /Users/admin/builder/spi-builder-workspace/.derivedData/Build/Intermediates.noindex/Creamy3D.build/Debug/Creamy3D_Creamy3D-b.build/Metal/color_material.dia -o /Users/admin/builder/spi-builder-workspace/.derivedData/Build/Intermediates.noindex/Creamy3D.build/Debug/Creamy3D_Creamy3D-b.build/Metal/color_material.air -MMD -MT dependencies -MF /Users/admin/builder/spi-builder-workspace/.derivedData/Build/Intermediates.noindex/Creamy3D.build/Debug/Creamy3D_Creamy3D-b.build/Metal/color_material.dat /Users/admin/builder/spi-builder-workspace/Sources/Creamy3D/Shaders/color_material.metal
CompileMetalFile /Users/admin/builder/spi-builder-workspace/Sources/Creamy3D/Shaders/matcap_material.metal (in target 'Creamy3D_Creamy3D' from project 'Creamy3D')
cd /Users/admin/builder/spi-builder-workspace
/var/run/com.apple.security.cryptexd/mnt/com.apple.MobileAsset.MetalToolchain-v27.1.266.1.BHAeLc/Metal.xctoolchain/usr/bin/metal -c -target air64-apple-macos13.0 -I/Users/admin/builder/spi-builder-workspace/.derivedData/Build/Products/Debug/include -F/Users/admin/builder/spi-builder-workspace/.derivedData/Build/Products/Debug -isysroot /Applications/Xcode-27.0.0-Release.Candidate.app/Contents/Developer/Platforms/MacOSX.platform/Developer/SDKs/MacOSX27.0.sdk -fmetal-math-mode\=fast -fmetal-math-fp32-functions\=fast -serialize-diagnostics /Users/admin/builder/spi-builder-workspace/.derivedData/Build/Intermediates.noindex/Creamy3D.build/Debug/Creamy3D_Creamy3D-b.build/Metal/matcap_material.dia -o /Users/admin/builder/spi-builder-workspace/.derivedData/Build/Intermediates.noindex/Creamy3D.build/Debug/Creamy3D_Creamy3D-b.build/Metal/matcap_material.air -MMD -MT dependencies -MF /Users/admin/builder/spi-builder-workspace/.derivedData/Build/Intermediates.noindex/Creamy3D.build/Debug/Creamy3D_Creamy3D-b.build/Metal/matcap_material.dat /Users/admin/builder/spi-builder-workspace/Sources/Creamy3D/Shaders/matcap_material.metal
CompileMetalFile /Users/admin/builder/spi-builder-workspace/Sources/Creamy3D/Shaders/texture_material.metal (in target 'Creamy3D_Creamy3D' from project 'Creamy3D')
cd /Users/admin/builder/spi-builder-workspace
/var/run/com.apple.security.cryptexd/mnt/com.apple.MobileAsset.MetalToolchain-v27.1.266.1.BHAeLc/Metal.xctoolchain/usr/bin/metal -c -target air64-apple-macos13.0 -I/Users/admin/builder/spi-builder-workspace/.derivedData/Build/Products/Debug/include -F/Users/admin/builder/spi-builder-workspace/.derivedData/Build/Products/Debug -isysroot /Applications/Xcode-27.0.0-Release.Candidate.app/Contents/Developer/Platforms/MacOSX.platform/Developer/SDKs/MacOSX27.0.sdk -fmetal-math-mode\=fast -fmetal-math-fp32-functions\=fast -serialize-diagnostics /Users/admin/builder/spi-builder-workspace/.derivedData/Build/Intermediates.noindex/Creamy3D.build/Debug/Creamy3D_Creamy3D-b.build/Metal/texture_material.dia -o /Users/admin/builder/spi-builder-workspace/.derivedData/Build/Intermediates.noindex/Creamy3D.build/Debug/Creamy3D_Creamy3D-b.build/Metal/texture_material.air -MMD -MT dependencies -MF /Users/admin/builder/spi-builder-workspace/.derivedData/Build/Intermediates.noindex/Creamy3D.build/Debug/Creamy3D_Creamy3D-b.build/Metal/texture_material.dat /Users/admin/builder/spi-builder-workspace/Sources/Creamy3D/Shaders/texture_material.metal
MetalLink /Users/admin/builder/spi-builder-workspace/.derivedData/Build/Products/Debug/Creamy3D_Creamy3D.bundle/Contents/Resources/default.metallib (in target 'Creamy3D_Creamy3D' from project 'Creamy3D')
cd /Users/admin/builder/spi-builder-workspace
/var/run/com.apple.security.cryptexd/mnt/com.apple.MobileAsset.MetalToolchain-v27.1.266.1.BHAeLc/Metal.xctoolchain/usr/bin/metal -target air64-apple-macos13.0 -o /Users/admin/builder/spi-builder-workspace/.derivedData/Build/Products/Debug/Creamy3D_Creamy3D.bundle/Contents/Resources/default.metallib /Users/admin/builder/spi-builder-workspace/.derivedData/Build/Intermediates.noindex/Creamy3D.build/Debug/Creamy3D_Creamy3D-b.build/Metal/color_material.air /Users/admin/builder/spi-builder-workspace/.derivedData/Build/Intermediates.noindex/Creamy3D.build/Debug/Creamy3D_Creamy3D-b.build/Metal/common.air /Users/admin/builder/spi-builder-workspace/.derivedData/Build/Intermediates.noindex/Creamy3D.build/Debug/Creamy3D_Creamy3D-b.build/Metal/fresnel_material.air /Users/admin/builder/spi-builder-workspace/.derivedData/Build/Intermediates.noindex/Creamy3D.build/Debug/Creamy3D_Creamy3D-b.build/Metal/matcap_material.air /Users/admin/builder/spi-builder-workspace/.derivedData/Build/Intermediates.noindex/Creamy3D.build/Debug/Creamy3D_Creamy3D-b.build/Metal/texture_material.air
RegisterExecutionPolicyException /Users/admin/builder/spi-builder-workspace/.derivedData/Build/Products/Debug/Creamy3D_Creamy3D.bundle (in target 'Creamy3D_Creamy3D' from project 'Creamy3D')
cd /Users/admin/builder/spi-builder-workspace
builtin-RegisterExecutionPolicyException /Users/admin/builder/spi-builder-workspace/.derivedData/Build/Products/Debug/Creamy3D_Creamy3D.bundle
Touch /Users/admin/builder/spi-builder-workspace/.derivedData/Build/Products/Debug/Creamy3D_Creamy3D.bundle (in target 'Creamy3D_Creamy3D' from project 'Creamy3D')
cd /Users/admin/builder/spi-builder-workspace
/usr/bin/touch -c /Users/admin/builder/spi-builder-workspace/.derivedData/Build/Products/Debug/Creamy3D_Creamy3D.bundle
SwiftDriver Creamy3D normal arm64 com.apple.xcode.tools.swift.compiler (in target 'Creamy3D' from project 'Creamy3D')
cd /Users/admin/builder/spi-builder-workspace/.swiftpm/xcode
builtin-SwiftDriver -- /Applications/Xcode-27.0.0-Release.Candidate.app/Contents/Developer/Toolchains/XcodeDefault.xctoolchain/usr/bin/swiftc -parse-as-library -module-name Creamy3D -Onone @/Users/admin/builder/spi-builder-workspace/.derivedData/Build/Intermediates.noindex/Creamy3D.build/Debug/Creamy3D-t.build/Objects-normal/arm64/Creamy3D.SwiftFileList -DSWIFT_PACKAGE -DDEBUG -DSWIFT_MODULE_RESOURCE_BUNDLE_AVAILABLE -DXcode -plugin-path /Applications/Xcode-27.0.0-Release.Candidate.app/Contents/Developer/Toolchains/XcodeDefault.xctoolchain/usr/lib/swift/host/plugins/testing -enable-experimental-feature DebugDescriptionMacro -sdk /Applications/Xcode-27.0.0-Release.Candidate.app/Contents/Developer/Platforms/MacOSX.platform/Developer/SDKs/MacOSX27.0.sdk -target arm64-apple-macos13.0 -g -module-cache-path /Users/admin/builder/spi-builder-workspace/.derivedData/ModuleCache.noindex -Xfrontend -serialize-debugging-options -profile-coverage-mapping -profile-generate -enable-testing -index-store-path /Users/admin/builder/spi-builder-workspace/.derivedData/Index.noindex/DataStore -Xcc -D_LIBCPP_HARDENING_MODE\=_LIBCPP_HARDENING_MODE_DEBUG -swift-version 5 -I /Users/admin/builder/spi-builder-workspace/.derivedData/Build/Products/Debug -Isystem /Applications/Xcode-27.0.0-Release.Candidate.app/Contents/Developer/Platforms/MacOSX.platform/Developer/usr/lib -F /Users/admin/builder/spi-builder-workspace/.derivedData/Build/Products/Debug -F /Applications/Xcode-27.0.0-Release.Candidate.app/Contents/Developer/Platforms/MacOSX.platform/Developer/Library/Frameworks -c -j10 -enable-batch-mode -incremental -Xcc -ivfsstatcache -Xcc /Users/admin/builder/spi-builder-workspace/.derivedData/SDKStatCaches.noindex/macosx27.0-26A425-e829b21a6f8c9b70876ba0858053c0446a22442a12e9d48fe1a705f55a1adfc4.sdkstatcache -output-file-map /Users/admin/builder/spi-builder-workspace/.derivedData/Build/Intermediates.noindex/Creamy3D.build/Debug/Creamy3D-t.build/Objects-normal/arm64/Creamy3D-OutputFileMap.json -save-temps -no-color-diagnostics -explicit-module-build -module-cache-path /Users/admin/builder/spi-builder-workspace/.derivedData/Build/Intermediates.noindex/SwiftExplicitPrecompiledModules -clang-scanner-module-cache-path /Users/admin/builder/spi-builder-workspace/.derivedData/ModuleCache.noindex -sdk-module-cache-path /Users/admin/builder/spi-builder-workspace/.derivedData/SDKExplicitPrecompiledModules -emit-dependencies -emit-module -emit-module-path /Users/admin/builder/spi-builder-workspace/.derivedData/Build/Intermediates.noindex/Creamy3D.build/Debug/Creamy3D-t.build/Objects-normal/arm64/Creamy3D.swiftmodule -serialize-diagnostics -dependency-scan-serialize-diagnostics-path /Users/admin/builder/spi-builder-workspace/.derivedData/Build/Intermediates.noindex/Creamy3D.build/Debug/Creamy3D-t.build/Objects-normal/arm64/Creamy3D-dependency-scan.dia -validate-clang-modules-once -clang-build-session-file /Users/admin/builder/spi-builder-workspace/.derivedData/ModuleCache.noindex/Session.modulevalidation -Xcc -fmodules-prune-interval\=86400 -Xcc -fmodules-prune-after\=345600 -package-name spi_builder_workspace -emit-const-values -const-gather-protocols-list /Users/admin/builder/spi-builder-workspace/.derivedData/Build/Intermediates.noindex/Creamy3D.build/Debug/Creamy3D-t.build/Objects-normal/arm64/Creamy3D_const_extract_protocols.json -Xcc -I/Users/admin/builder/spi-builder-workspace/.derivedData/Build/Products/Debug/include -Xcc -I/Users/admin/builder/spi-builder-workspace/.derivedData/Build/Intermediates.noindex/Creamy3D.build/Debug/Creamy3D-t.build/DerivedSources-normal/arm64 -Xcc -I/Users/admin/builder/spi-builder-workspace/.derivedData/Build/Intermediates.noindex/Creamy3D.build/Debug/Creamy3D-t.build/DerivedSources/arm64 -Xcc -I/Users/admin/builder/spi-builder-workspace/.derivedData/Build/Intermediates.noindex/Creamy3D.build/Debug/Creamy3D-t.build/DerivedSources -Xcc -DSWIFT_PACKAGE -Xcc -DDEBUG\=1 -emit-objc-header -emit-objc-header-path /Users/admin/builder/spi-builder-workspace/.derivedData/Build/Intermediates.noindex/Creamy3D.build/Debug/Creamy3D-t.build/Objects-normal/arm64/Creamy3D-Swift.h -working-directory /Users/admin/builder/spi-builder-workspace/.swiftpm/xcode -experimental-emit-module-separately -disable-cmo
SwiftExplicitDependencyGeneratePcm arm64 /Users/admin/builder/spi-builder-workspace/.derivedData/SDKExplicitPrecompiledModules/_Builtin_stdbool-KYV2HKP8IKLKMKQS9DGA2GUQ.pcm
SwiftExplicitDependencyGeneratePcm arm64 /Users/admin/builder/spi-builder-workspace/.derivedData/SDKExplicitPrecompiledModules/SwiftShims-C4V0DQ62WSTCYBYGILXXGQNO3.pcm
SwiftExplicitDependencyGeneratePcm arm64 /Users/admin/builder/spi-builder-workspace/.derivedData/SDKExplicitPrecompiledModules/_Builtin_float-105CRCDRP90FQCQO5ZX1LHV7H.pcm
SwiftExplicitDependencyGeneratePcm arm64 /Users/admin/builder/spi-builder-workspace/.derivedData/SDKExplicitPrecompiledModules/_Builtin_stdarg-7CFWA9OSW5N24E7PG4ZOCF1VH.pcm
SwiftExplicitDependencyGeneratePcm arm64 /Users/admin/builder/spi-builder-workspace/.derivedData/SDKExplicitPrecompiledModules/DeveloperToolsSupport-13SNQ6N57G3DOS3KQA7V91OE7.pcm
SwiftExplicitDependencyGeneratePcm arm64 /Users/admin/builder/spi-builder-workspace/.derivedData/SDKExplicitPrecompiledModules/ptrcheck-DHLCBWKPNUZOYTPJ1J3QVTCXK.pcm
SwiftExplicitDependencyGeneratePcm arm64 /Users/admin/builder/spi-builder-workspace/.derivedData/SDKExplicitPrecompiledModules/_SwiftConcurrencyShims-BLUUWKI6AGMD7TJ4RGYS7DP6T.pcm
SwiftExplicitDependencyGeneratePcm arm64 /Users/admin/builder/spi-builder-workspace/.derivedData/SDKExplicitPrecompiledModules/_Builtin_stddef-3GI9GOKXSW3QCTFOI1USFLDZO.pcm
SwiftExplicitDependencyGeneratePcm arm64 /Users/admin/builder/spi-builder-workspace/.derivedData/SDKExplicitPrecompiledModules/ptrauth-2W92ZJRLNJU99RJUQGGJG3OC3.pcm
SwiftExplicitDependencyGeneratePcm arm64 /Users/admin/builder/spi-builder-workspace/.derivedData/SDKExplicitPrecompiledModules/_AvailabilityInternal-CJTV5E7EL3MWRA437DUFPBVN2.pcm
SwiftExplicitDependencyGeneratePcm arm64 /Users/admin/builder/spi-builder-workspace/.derivedData/SDKExplicitPrecompiledModules/_DarwinFoundation1-7PRJIG163YE9KSKYA3BS35ZZP.pcm
SwiftExplicitDependencyGeneratePcm arm64 /Users/admin/builder/spi-builder-workspace/.derivedData/SDKExplicitPrecompiledModules/_DarwinFoundation2-94WUUGE4H5R03OWXE0QFZX1DN.pcm
SwiftExplicitDependencyGeneratePcm arm64 /Users/admin/builder/spi-builder-workspace/.derivedData/SDKExplicitPrecompiledModules/_Builtin_limits-AXGUGXBFPC0I7QDLJFB0K341Y.pcm
SwiftExplicitDependencyGeneratePcm arm64 /Users/admin/builder/spi-builder-workspace/.derivedData/SDKExplicitPrecompiledModules/_Builtin_tgmath-52XE6HC8DWOG6S7B5QAI046D1.pcm
SwiftExplicitDependencyGeneratePcm arm64 /Users/admin/builder/spi-builder-workspace/.derivedData/SDKExplicitPrecompiledModules/string_h-10WPXBF3YFYMX5HUAW06LSABR.pcm
SwiftExplicitDependencyGeneratePcm arm64 /Users/admin/builder/spi-builder-workspace/.derivedData/SDKExplicitPrecompiledModules/_Builtin_stdint-22CBBOK8BNSF0UELDCAXSHGB.pcm
SwiftExplicitDependencyGeneratePcm arm64 /Users/admin/builder/spi-builder-workspace/.derivedData/SDKExplicitPrecompiledModules/sys_types-F4RNCN6UR5R5OWTLTOUM7TN3E.pcm
SwiftExplicitDependencyGeneratePcm arm64 /Users/admin/builder/spi-builder-workspace/.derivedData/SDKExplicitPrecompiledModules/_Builtin_intrinsics-4O6R03GTH5FLWSHEUBP0Z3GZ2.pcm
SwiftExplicitDependencyGeneratePcm arm64 /Users/admin/builder/spi-builder-workspace/.derivedData/SDKExplicitPrecompiledModules/_DarwinFoundation3-32PO5Q4RCB6WXH5VFO3HA3AVS.pcm
SwiftExplicitDependencyGeneratePcm arm64 /Users/admin/builder/spi-builder-workspace/.derivedData/SDKExplicitPrecompiledModules/libDER-5RCYOD0PCUUY2UGMBNE9LI8N9.pcm
SwiftExplicitDependencyGeneratePcm arm64 /Users/admin/builder/spi-builder-workspace/.derivedData/SDKExplicitPrecompiledModules/_Builtin_stdatomic-8LN7S35C6I48KJOCW7VPXX04X.pcm
SwiftExplicitDependencyGeneratePcm arm64 /Users/admin/builder/spi-builder-workspace/.derivedData/SDKExplicitPrecompiledModules/_Builtin_inttypes-1U6AP9A8AJ4G9WD98E9RHLGTJ.pcm
SwiftExplicitDependencyGeneratePcm arm64 /Users/admin/builder/spi-builder-workspace/.derivedData/SDKExplicitPrecompiledModules/Darwin-1RAAWNGKQM8YGHV0YJNNN5YDY.pcm
SwiftExplicitDependencyGeneratePcm arm64 /Users/admin/builder/spi-builder-workspace/.derivedData/SDKExplicitPrecompiledModules/simd-A9TKR8OE9APRJ1RNS7F0OBY4Q.pcm
SwiftExplicitDependencyGeneratePcm arm64 /Users/admin/builder/spi-builder-workspace/.derivedData/SDKExplicitPrecompiledModules/MachO-AWTJ65TFR7TMST2NUE6ZCC1SL.pcm
SwiftExplicitDependencyGeneratePcm arm64 /Users/admin/builder/spi-builder-workspace/.derivedData/SDKExplicitPrecompiledModules/CUPS-45MNISAOHSEBD6VQA5G0MXN9H.pcm
SwiftExplicitDependencyGeneratePcm arm64 /Users/admin/builder/spi-builder-workspace/.derivedData/SDKExplicitPrecompiledModules/launch-2XAORMJNLLVS0OVKC1M0752GY.pcm
SwiftExplicitDependencyGeneratePcm arm64 /Users/admin/builder/spi-builder-workspace/.derivedData/SDKExplicitPrecompiledModules/libkern-22MDXN9G35RPO3OLKX9B2PN16.pcm
SwiftExplicitDependencyGeneratePcm arm64 /Users/admin/builder/spi-builder-workspace/.derivedData/SDKExplicitPrecompiledModules/ObjectiveC-B89IQP2TC4CFSWOUMTUZRI1VZ.pcm
SwiftExplicitDependencyGeneratePcm arm64 /Users/admin/builder/spi-builder-workspace/.derivedData/SDKExplicitPrecompiledModules/Spatial-2JNOU2HNJ0Q174XCFCD0GCOUQ.pcm
SwiftExplicitDependencyGeneratePcm arm64 /Users/admin/builder/spi-builder-workspace/.derivedData/SDKExplicitPrecompiledModules/os_object-3KLCCI03OX6OQTLJ92KQH2KIO.pcm
SwiftExplicitDependencyGeneratePcm arm64 /Users/admin/builder/spi-builder-workspace/.derivedData/SDKExplicitPrecompiledModules/os_workgroup-10SJ5M8R2OB4BG1TPFL9SZMKV.pcm
SwiftExplicitDependencyGeneratePcm arm64 /Users/admin/builder/spi-builder-workspace/.derivedData/SDKExplicitPrecompiledModules/Dispatch-NAMWF9KN29KC7Z5OS3TTTAE8.pcm
SwiftExplicitDependencyGeneratePcm arm64 /Users/admin/builder/spi-builder-workspace/.derivedData/SDKExplicitPrecompiledModules/CoreFoundation-4ZIITQ30SOGUQE8KJAB99ZV0Q.pcm
SwiftExplicitDependencyGeneratePcm arm64 /Users/admin/builder/spi-builder-workspace/.derivedData/SDKExplicitPrecompiledModules/XPC-E1MSAZG4ZNL24S2WK6K6Y7GWW.pcm
SwiftExplicitDependencyGeneratePcm arm64 /Users/admin/builder/spi-builder-workspace/.derivedData/SDKExplicitPrecompiledModules/os-BYOEVK2GEMB4Q8WWHGZGREA00.pcm
SwiftExplicitDependencyGeneratePcm arm64 /Users/admin/builder/spi-builder-workspace/.derivedData/SDKExplicitPrecompiledModules/CFNetwork-CVHS5CT20191MFYXQIEDWSRGJ.pcm
SwiftExplicitDependencyGeneratePcm arm64 /Users/admin/builder/spi-builder-workspace/.derivedData/SDKExplicitPrecompiledModules/ColorSync-BBCIZDDQ6O3QECFAWJQ6RU4ZJ.pcm
SwiftExplicitDependencyGeneratePcm arm64 /Users/admin/builder/spi-builder-workspace/.derivedData/SDKExplicitPrecompiledModules/CoreAudioTypes-EEH2XZ47XX4YM3FOOISUYVRQE.pcm
SwiftExplicitDependencyGeneratePcm arm64 /Users/admin/builder/spi-builder-workspace/.derivedData/SDKExplicitPrecompiledModules/IOKit-6H3X691EDBH124EYTC2PEOP5T.pcm
SwiftExplicitDependencyGeneratePcm arm64 /Users/admin/builder/spi-builder-workspace/.derivedData/SDKExplicitPrecompiledModules/Security-ESPJ7FP0YAY1EL3VXBGY9MCZ8.pcm
SwiftExplicitDependencyGeneratePcm arm64 /Users/admin/builder/spi-builder-workspace/.derivedData/SDKExplicitPrecompiledModules/DiskArbitration-ZNZZU7T0SYELB0DAR56WQF0R.pcm
SwiftExplicitDependencyGeneratePcm arm64 /Users/admin/builder/spi-builder-workspace/.derivedData/SDKExplicitPrecompiledModules/CoreGraphics-5TRMNDB7ZP6FFMRNSZCWEOZMD.pcm
SwiftExplicitDependencyGeneratePcm arm64 /Users/admin/builder/spi-builder-workspace/.derivedData/SDKExplicitPrecompiledModules/CoreServices-CGCGY0FOMEQGSNMO3HQSC09XU.pcm
SwiftExplicitDependencyGeneratePcm arm64 /Users/admin/builder/spi-builder-workspace/.derivedData/SDKExplicitPrecompiledModules/CoreText-C1WSF2HWGIKVJ2XHWBKXQBSEY.pcm
SwiftExplicitDependencyGeneratePcm arm64 /Users/admin/builder/spi-builder-workspace/.derivedData/SDKExplicitPrecompiledModules/ImageIO-88YNP2EU498GB5YXIFJ9ANNYW.pcm
SwiftExplicitDependencyGeneratePcm arm64 /Users/admin/builder/spi-builder-workspace/.derivedData/SDKExplicitPrecompiledModules/Foundation-44WR0NU86C67CV5BW8W1MGKNG.pcm
SwiftExplicitDependencyGeneratePcm arm64 /Users/admin/builder/spi-builder-workspace/.derivedData/SDKExplicitPrecompiledModules/ApplicationServices-ALXSS633FQY42UMJSLR6MNLSK.pcm
SwiftExplicitDependencyGeneratePcm arm64 /Users/admin/builder/spi-builder-workspace/.derivedData/SDKExplicitPrecompiledModules/OSLog-1GSRGGGEESVJH9OULZA91RAA3.pcm
SwiftExplicitDependencyGeneratePcm arm64 /Users/admin/builder/spi-builder-workspace/.derivedData/SDKExplicitPrecompiledModules/IOSurface-1TUG4NQVIPJF59WSUNATZ447F.pcm
SwiftExplicitDependencyGeneratePcm arm64 /Users/admin/builder/spi-builder-workspace/.derivedData/SDKExplicitPrecompiledModules/ModelIO-DDYGUGUF89MI925N926LD12GY.pcm
SwiftExplicitDependencyGeneratePcm arm64 /Users/admin/builder/spi-builder-workspace/.derivedData/SDKExplicitPrecompiledModules/CoreTransferable-2HJ1Z8HJBPECRD89AVJ0X7S63.pcm
SwiftExplicitDependencyGeneratePcm arm64 /Users/admin/builder/spi-builder-workspace/.derivedData/SDKExplicitPrecompiledModules/CoreData-4EPJ39F9L3QQ9486B5AMG5G6J.pcm
SwiftExplicitDependencyGeneratePcm arm64 /Users/admin/builder/spi-builder-workspace/.derivedData/SDKExplicitPrecompiledModules/CoreAudio-8XPVZMQXZVBU162UQPW77JTL1.pcm
SwiftExplicitDependencyGeneratePcm arm64 /Users/admin/builder/spi-builder-workspace/.derivedData/SDKExplicitPrecompiledModules/Symbols-2NFSQR6R0R96WH1KKGBXW1J.pcm
SwiftExplicitDependencyGeneratePcm arm64 /Users/admin/builder/spi-builder-workspace/.derivedData/SDKExplicitPrecompiledModules/DataDetection-5GDUUWT6YIA10PE5D9A8SXWZ9.pcm
SwiftExplicitDependencyGeneratePcm arm64 /Users/admin/builder/spi-builder-workspace/.derivedData/SDKExplicitPrecompiledModules/UniformTypeIdentifiers-5LG8RE3Q01MBLZVRR3FFHHL5H.pcm
SwiftExplicitDependencyGeneratePcm arm64 /Users/admin/builder/spi-builder-workspace/.derivedData/SDKExplicitPrecompiledModules/Accessibility-6F38G4T85MOHD9AA2EH4U2PJS.pcm
SwiftExplicitDependencyGeneratePcm arm64 /Users/admin/builder/spi-builder-workspace/.derivedData/SDKExplicitPrecompiledModules/Metal-KM8CI04R5X5OUWMGRMNZE4KP.pcm
SwiftExplicitDependencyGeneratePcm arm64 /Users/admin/builder/spi-builder-workspace/.derivedData/SDKExplicitPrecompiledModules/OpenGL-FXV81CD8YS42YTVJKJH1VLGA.pcm
SwiftExplicitDependencyGeneratePcm arm64 /Users/admin/builder/spi-builder-workspace/.derivedData/SDKExplicitPrecompiledModules/CoreVideo-11TKSDKW0L2K02H4B9ZHWLM3B.pcm
SwiftExplicitDependencyGeneratePcm arm64 /Users/admin/builder/spi-builder-workspace/.derivedData/SDKExplicitPrecompiledModules/QuartzCore-AP21NXF3BYPWOG416U3DI6QME.pcm
SwiftExplicitDependencyGeneratePcm arm64 /Users/admin/builder/spi-builder-workspace/.derivedData/SDKExplicitPrecompiledModules/CoreImage-AKYY8VSFWQ6KIIXG3EQJ7PW5T.pcm
SwiftExplicitDependencyGeneratePcm arm64 /Users/admin/builder/spi-builder-workspace/.derivedData/SDKExplicitPrecompiledModules/CoreMedia-699WGYGEEF2LGFEEGSCM9Y1UF.pcm
SwiftExplicitDependencyGeneratePcm arm64 /Users/admin/builder/spi-builder-workspace/.derivedData/SDKExplicitPrecompiledModules/SwiftUICore-ESLJM4CVIQEQNCRTK6KPAF1I7.pcm
SwiftExplicitDependencyGeneratePcm arm64 /Users/admin/builder/spi-builder-workspace/.derivedData/SDKExplicitPrecompiledModules/AppKit-C2WRQ26QXORUMMNQB0M8H4QYD.pcm
SwiftExplicitDependencyGeneratePcm arm64 /Users/admin/builder/spi-builder-workspace/.derivedData/SDKExplicitPrecompiledModules/SwiftUI-5IEOINZEJ69OCDVRMHPS5W4XI.pcm
SwiftExplicitDependencyGeneratePcm arm64 /Users/admin/builder/spi-builder-workspace/.derivedData/SDKExplicitPrecompiledModules/MetalKit-91XHDD8IGE00G2HTIZ2X9VMEK.pcm
SwiftEmitModule normal arm64 Emitting\ module\ for\ Creamy3D (in target 'Creamy3D' from project 'Creamy3D')
/Users/admin/builder/spi-builder-workspace/Sources/Creamy3D/MetalView.swift:19:30: error: cannot find type 'Context' in scope
17 | var renderer = Renderer()
18 |
19 | func makeUIView(context: Context) -> MTKView {
| `- error: cannot find type 'Context' in scope
20 | let view = MTKView()
21 | renderer.setup(view: view)
/Users/admin/builder/spi-builder-workspace/Sources/Creamy3D/MetalView.swift:27:51: error: cannot find type 'Context' in scope
25 | }
26 |
27 | func updateUIView(_ uiView: MTKView, context: Context) {
| `- error: cannot find type 'Context' in scope
28 | renderer.update(camera: camera, projection: projection)
29 | renderer.update(objects: objects, projection: projection)
/Users/admin/builder/spi-builder-workspace/Sources/Creamy3D/MetalView.swift:11:19: error: cannot find type 'UIViewRepresentable' in scope
9 | import SwiftUI
10 |
11 | struct MetalView: UIViewRepresentable {
| `- error: cannot find type 'UIViewRepresentable' in scope
12 | let projection: Projection
13 | let camera: Camera
Failed frontend command:
SwiftCompile normal arm64 (in target 'Creamy3D' from project 'Creamy3D')
cd /Users/admin/builder/spi-builder-workspace/.swiftpm/xcode
/Applications/Xcode-27.0.0-Release.Candidate.app/Contents/Developer/Toolchains/XcodeDefault.xctoolchain/usr/bin/swift-frontend -frontend -emit-module -experimental-skip-non-inlinable-function-bodies-without-types /Users/admin/builder/spi-builder-workspace/.derivedData/Build/Intermediates.noindex/Creamy3D.build/Debug/Creamy3D-t.build/DerivedSources/resource_bundle_accessor.swift /Users/admin/builder/spi-builder-workspace/Sources/Creamy3D/ColorRGB.swift /Users/admin/builder/spi-builder-workspace/Sources/Creamy3D/CreamyView.swift /Users/admin/builder/spi-builder-workspace/Sources/Creamy3D/Materials/ColorMaterial.swift /Users/admin/builder/spi-builder-workspace/Sources/Creamy3D/Materials/FresnelMaterial.swift /Users/admin/builder/spi-builder-workspace/Sources/Creamy3D/Materials/MatcapMaterial.swift /Users/admin/builder/spi-builder-workspace/Sources/Creamy3D/Materials/Material+Blend.swift /Users/admin/builder/spi-builder-workspace/Sources/Creamy3D/Materials/Material.swift /Users/admin/builder/spi-builder-workspace/Sources/Creamy3D/Materials/TextureMaterial.swift /Users/admin/builder/spi-builder-workspace/Sources/Creamy3D/MetalView.swift /Users/admin/builder/spi-builder-workspace/Sources/Creamy3D/Objects/EmptyObject.swift /Users/admin/builder/spi-builder-workspace/Sources/Creamy3D/Objects/Mesh.swift /Users/admin/builder/spi-builder-workspace/Sources/Creamy3D/Objects/Object.swift /Users/admin/builder/spi-builder-workspace/Sources/Creamy3D/Renderer.swift /Users/admin/builder/spi-builder-workspace/Sources/Creamy3D/Scene/Camera.swift /Users/admin/builder/spi-builder-workspace/Sources/Creamy3D/Scene/MaterialFunctions/ColorMaterialFunction.swift /Users/admin/builder/spi-builder-workspace/Sources/Creamy3D/Scene/MaterialFunctions/FresnelMaterialFunction.swift /Users/admin/builder/spi-builder-workspace/Sources/Creamy3D/Scene/MaterialFunctions/MatcapMaterialFunction.swift /Users/admin/builder/spi-builder-workspace/Sources/Creamy3D/Scene/MaterialFunctions/MaterialFunction.swift /Users/admin/builder/spi-builder-workspace/Sources/Creamy3D/Scene/MaterialFunctions/TextureMaterialFunction.swift /Users/admin/builder/spi-builder-workspace/Sources/Creamy3D/Scene/MaterialState.swift /Users/admin/builder/spi-builder-workspace/Sources/Creamy3D/Scene/MeshLoader/CubeMeshLoader.swift /Users/admin/builder/spi-builder-workspace/Sources/Creamy3D/Scene/MeshLoader/MeshLoader.swift /Users/admin/builder/spi-builder-workspace/Sources/Creamy3D/Scene/MeshLoader/ModelMeshLoader.swift /Users/admin/builder/spi-builder-workspace/Sources/Creamy3D/Scene/MeshLoader/SphereMeshLoader.swift /Users/admin/builder/spi-builder-workspace/Sources/Creamy3D/Scene/MeshNode.swift /Users/admin/builder/spi-builder-workspace/Sources/Creamy3D/Scene/Projection.swift -target arm64-apple-macos13.0 -disable-cross-import-overlay-search -load-resolved-plugin /Applications/Xcode-27.0.0-Release.Candidate.app/Contents/Developer/Platforms/MacOSX.platform/Developer/usr/lib/swift/host/plugins/libFoundationMacros.dylib\#/Applications/Xcode-27.0.0-Release.Candidate.app/Contents/Developer/Platforms/MacOSX.platform/Developer/usr/bin/swift-plugin-server\#FoundationMacros -load-resolved-plugin /Applications/Xcode-27.0.0-Release.Candidate.app/Contents/Developer/Platforms/MacOSX.platform/Developer/usr/lib/swift/host/plugins/libObservationMacros.dylib\#/Applications/Xcode-27.0.0-Release.Candidate.app/Contents/Developer/Platforms/MacOSX.platform/Developer/usr/bin/swift-plugin-server\#ObservationMacros -load-resolved-plugin /Applications/Xcode-27.0.0-Release.Candidate.app/Contents/Developer/Platforms/MacOSX.platform/Developer/usr/lib/swift/host/plugins/libPreviewsMacros.dylib\#/Applications/Xcode-27.0.0-Release.Candidate.app/Contents/Developer/Platforms/MacOSX.platform/Developer/usr/bin/swift-plugin-server\#PreviewsMacros -load-resolved-plugin /Applications/Xcode-27.0.0-Release.Candidate.app/Contents/Developer/Platforms/MacOSX.platform/Developer/usr/lib/swift/host/plugins/libSwiftMacros.dylib\#/Applications/Xcode-27.0.0-Release.Candidate.app/Contents/Developer/Platforms/MacOSX.platform/Developer/usr/bin/swift-plugin-server\#SwiftMacros -load-resolved-plugin /Applications/Xcode-27.0.0-Release.Candidate.app/Contents/Developer/Platforms/MacOSX.platform/Developer/usr/lib/swift/host/plugins/libSwiftUIMacros.dylib\#/Applications/Xcode-27.0.0-Release.Candidate.app/Contents/Developer/Platforms/MacOSX.platform/Developer/usr/bin/swift-plugin-server\#SwiftUIMacros -disable-implicit-swift-modules -Xcc -fno-implicit-modules -Xcc -fno-implicit-module-maps -explicit-swift-module-map-file /Users/admin/builder/spi-builder-workspace/.derivedData/Build/Intermediates.noindex/Creamy3D.build/Debug/Creamy3D-t.build/Objects-normal/arm64/Creamy3D-dependencies-1.json -Xllvm -aarch64-use-tbi -enable-objc-interop -stack-check -sdk /Applications/Xcode-27.0.0-Release.Candidate.app/Contents/Developer/Platforms/MacOSX.platform/Developer/SDKs/MacOSX27.0.sdk -I /Users/admin/builder/spi-builder-workspace/.derivedData/Build/Products/Debug -Isystem /Applications/Xcode-27.0.0-Release.Candidate.app/Contents/Developer/Platforms/MacOSX.platform/Developer/usr/lib -F /Users/admin/builder/spi-builder-workspace/.derivedData/Build/Products/Debug -F /Applications/Xcode-27.0.0-Release.Candidate.app/Contents/Developer/Platforms/MacOSX.platform/Developer/Library/Frameworks -module-cache-path /Users/admin/builder/spi-builder-workspace/.derivedData/Build/Intermediates.noindex/SwiftExplicitPrecompiledModules -no-color-diagnostics -Xcc -fno-color-diagnostics -enable-testing -g -debug-info-format\=dwarf -dwarf-version\=4 -profile-generate -profile-coverage-mapping -swift-version 5 -Onone -D SWIFT_PACKAGE -D DEBUG -D SWIFT_MODULE_RESOURCE_BUNDLE_AVAILABLE -D Xcode -serialize-debugging-options -enable-experimental-feature DebugDescriptionMacro -empty-abi-descriptor -validate-clang-modules-once -clang-build-session-file /Users/admin/builder/spi-builder-workspace/.derivedData/ModuleCache.noindex/Session.modulevalidation -Xcc -working-directory -Xcc /Users/admin/builder/spi-builder-workspace/.swiftpm/xcode -enable-anonymous-context-mangled-names -file-compilation-dir /Users/admin/builder/spi-builder-workspace/.swiftpm/xcode -Xcc -D_LIBCPP_HARDENING_MODE\=_LIBCPP_HARDENING_MODE_DEBUG -Xcc -ivfsstatcache -Xcc /Users/admin/builder/spi-builder-workspace/.derivedData/SDKStatCaches.noindex/macosx27.0-26A425-e829b21a6f8c9b70876ba0858053c0446a22442a12e9d48fe1a705f55a1adfc4.sdkstatcache -Xcc -fmodules-prune-interval\=86400 -Xcc -fmodules-prune-after\=345600 -Xcc -I/Users/admin/builder/spi-builder-workspace/.derivedData/Build/Products/Debug/include -Xcc -I/Users/admin/builder/spi-builder-workspace/.derivedData/Build/Intermediates.noindex/Creamy3D.build/Debug/Creamy3D-t.build/DerivedSources-normal/arm64 -Xcc -I/Users/admin/builder/spi-builder-workspace/.derivedData/Build/Intermediates.noindex/Creamy3D.build/Debug/Creamy3D-t.build/DerivedSources/arm64 -Xcc -I/Users/admin/builder/spi-builder-workspace/.derivedData/Build/Intermediates.noindex/Creamy3D.build/Debug/Creamy3D-t.build/DerivedSources -Xcc -DSWIFT_PACKAGE -Xcc -DDEBUG\=1 -no-auto-bridging-header-chaining -module-name Creamy3D -package-name spi_builder_workspace -const-gather-protocols-file /Users/admin/builder/spi-builder-workspace/.derivedData/Build/Intermediates.noindex/Creamy3D.build/Debug/Creamy3D-t.build/Objects-normal/arm64/Creamy3D_const_extract_protocols.json -disable-clang-spi -clang-target arm64-apple-macos27.0 -target-sdk-version 27.0 -target-sdk-name macosx27.0 -in-process-plugin-server-path /Applications/Xcode-27.0.0-Release.Candidate.app/Contents/Developer/Toolchains/XcodeDefault.xctoolchain/usr/lib/swift/host/libSwiftInProcPluginServer.dylib -emit-module-doc-path /Users/admin/builder/spi-builder-workspace/.derivedData/Build/Intermediates.noindex/Creamy3D.build/Debug/Creamy3D-t.build/Objects-normal/arm64/Creamy3D.swiftdoc -emit-module-source-info-path /Users/admin/builder/spi-builder-workspace/.derivedData/Build/Intermediates.noindex/Creamy3D.build/Debug/Creamy3D-t.build/Objects-normal/arm64/Creamy3D.swiftsourceinfo -emit-objc-header-path /Users/admin/builder/spi-builder-workspace/.derivedData/Build/Intermediates.noindex/Creamy3D.build/Debug/Creamy3D-t.build/Objects-normal/arm64/Creamy3D-Swift.h -serialize-diagnostics-path /Users/admin/builder/spi-builder-workspace/.derivedData/Build/Intermediates.noindex/Creamy3D.build/Debug/Creamy3D-t.build/Objects-normal/arm64/Creamy3D-primary-emit-module.dia -emit-dependencies-path /Users/admin/builder/spi-builder-workspace/.derivedData/Build/Intermediates.noindex/Creamy3D.build/Debug/Creamy3D-t.build/Objects-normal/arm64/Creamy3D-primary-emit-module.d -parse-as-library -o /Users/admin/builder/spi-builder-workspace/.derivedData/Build/Intermediates.noindex/Creamy3D.build/Debug/Creamy3D-t.build/Objects-normal/arm64/Creamy3D.swiftmodule -emit-abi-descriptor-path /Users/admin/builder/spi-builder-workspace/.derivedData/Build/Intermediates.noindex/Creamy3D.build/Debug/Creamy3D-t.build/Objects-normal/arm64/Creamy3D.abi.json
SwiftCompile normal arm64 Compiling\ MaterialFunction.swift,\ TextureMaterialFunction.swift,\ MaterialState.swift /Users/admin/builder/spi-builder-workspace/Sources/Creamy3D/Scene/MaterialFunctions/MaterialFunction.swift /Users/admin/builder/spi-builder-workspace/Sources/Creamy3D/Scene/MaterialFunctions/TextureMaterialFunction.swift /Users/admin/builder/spi-builder-workspace/Sources/Creamy3D/Scene/MaterialState.swift (in target 'Creamy3D' from project 'Creamy3D')
SwiftCompile normal arm64 /Users/admin/builder/spi-builder-workspace/Sources/Creamy3D/Scene/MaterialFunctions/MaterialFunction.swift (in target 'Creamy3D' from project 'Creamy3D')
cd /Users/admin/builder/spi-builder-workspace/.swiftpm/xcode
builtin-SwiftPerFileCompile MaterialFunction.swift
SwiftCompile normal arm64 /Users/admin/builder/spi-builder-workspace/Sources/Creamy3D/Scene/MaterialFunctions/TextureMaterialFunction.swift (in target 'Creamy3D' from project 'Creamy3D')
cd /Users/admin/builder/spi-builder-workspace/.swiftpm/xcode
builtin-SwiftPerFileCompile TextureMaterialFunction.swift
SwiftCompile normal arm64 /Users/admin/builder/spi-builder-workspace/Sources/Creamy3D/Scene/MaterialState.swift (in target 'Creamy3D' from project 'Creamy3D')
cd /Users/admin/builder/spi-builder-workspace/.swiftpm/xcode
builtin-SwiftPerFileCompile MaterialState.swift
SwiftCompile normal arm64 Compiling\ Object.swift,\ Renderer.swift,\ Camera.swift /Users/admin/builder/spi-builder-workspace/Sources/Creamy3D/Objects/Object.swift /Users/admin/builder/spi-builder-workspace/Sources/Creamy3D/Renderer.swift /Users/admin/builder/spi-builder-workspace/Sources/Creamy3D/Scene/Camera.swift (in target 'Creamy3D' from project 'Creamy3D')
/Users/admin/builder/spi-builder-workspace/Sources/Creamy3D/Renderer.swift:78:14: error: value of type 'MTKView' has no member 'backgroundColor'
76 | view.clearColor = .init(red: 0.0, green: 0.0, blue: 0.0, alpha: 0.0)
77 | view.depthStencilPixelFormat = config.depthPixelFormat
78 | view.backgroundColor = .clear
| `- error: value of type 'MTKView' has no member 'backgroundColor'
79 | view.sampleCount = config.sampleCount
80 | }
SwiftCompile normal arm64 /Users/admin/builder/spi-builder-workspace/Sources/Creamy3D/Objects/Object.swift (in target 'Creamy3D' from project 'Creamy3D')
cd /Users/admin/builder/spi-builder-workspace/.swiftpm/xcode
builtin-SwiftPerFileCompile Object.swift
SwiftCompile normal arm64 /Users/admin/builder/spi-builder-workspace/Sources/Creamy3D/Renderer.swift (in target 'Creamy3D' from project 'Creamy3D')
cd /Users/admin/builder/spi-builder-workspace/.swiftpm/xcode
builtin-SwiftPerFileCompile Renderer.swift
SwiftCompile normal arm64 /Users/admin/builder/spi-builder-workspace/Sources/Creamy3D/Scene/Camera.swift (in target 'Creamy3D' from project 'Creamy3D')
cd /Users/admin/builder/spi-builder-workspace/.swiftpm/xcode
builtin-SwiftPerFileCompile Camera.swift
SwiftCompile normal arm64 Compiling\ ModelMeshLoader.swift,\ SphereMeshLoader.swift /Users/admin/builder/spi-builder-workspace/Sources/Creamy3D/Scene/MeshLoader/ModelMeshLoader.swift /Users/admin/builder/spi-builder-workspace/Sources/Creamy3D/Scene/MeshLoader/SphereMeshLoader.swift (in target 'Creamy3D' from project 'Creamy3D')
SwiftCompile normal arm64 /Users/admin/builder/spi-builder-workspace/Sources/Creamy3D/Scene/MeshLoader/ModelMeshLoader.swift (in target 'Creamy3D' from project 'Creamy3D')
cd /Users/admin/builder/spi-builder-workspace/.swiftpm/xcode
builtin-SwiftPerFileCompile ModelMeshLoader.swift
SwiftCompile normal arm64 /Users/admin/builder/spi-builder-workspace/Sources/Creamy3D/Scene/MeshLoader/SphereMeshLoader.swift (in target 'Creamy3D' from project 'Creamy3D')
cd /Users/admin/builder/spi-builder-workspace/.swiftpm/xcode
builtin-SwiftPerFileCompile SphereMeshLoader.swift
SwiftCompile normal arm64 Compiling\ CubeMeshLoader.swift,\ MeshLoader.swift /Users/admin/builder/spi-builder-workspace/Sources/Creamy3D/Scene/MeshLoader/CubeMeshLoader.swift /Users/admin/builder/spi-builder-workspace/Sources/Creamy3D/Scene/MeshLoader/MeshLoader.swift (in target 'Creamy3D' from project 'Creamy3D')
SwiftCompile normal arm64 /Users/admin/builder/spi-builder-workspace/Sources/Creamy3D/Scene/MeshLoader/CubeMeshLoader.swift (in target 'Creamy3D' from project 'Creamy3D')
cd /Users/admin/builder/spi-builder-workspace/.swiftpm/xcode
builtin-SwiftPerFileCompile CubeMeshLoader.swift
SwiftCompile normal arm64 /Users/admin/builder/spi-builder-workspace/Sources/Creamy3D/Scene/MeshLoader/MeshLoader.swift (in target 'Creamy3D' from project 'Creamy3D')
cd /Users/admin/builder/spi-builder-workspace/.swiftpm/xcode
builtin-SwiftPerFileCompile MeshLoader.swift
SwiftCompile normal arm64 Compiling\ ColorMaterialFunction.swift,\ FresnelMaterialFunction.swift,\ MatcapMaterialFunction.swift /Users/admin/builder/spi-builder-workspace/Sources/Creamy3D/Scene/MaterialFunctions/ColorMaterialFunction.swift /Users/admin/builder/spi-builder-workspace/Sources/Creamy3D/Scene/MaterialFunctions/FresnelMaterialFunction.swift /Users/admin/builder/spi-builder-workspace/Sources/Creamy3D/Scene/MaterialFunctions/MatcapMaterialFunction.swift (in target 'Creamy3D' from project 'Creamy3D')
SwiftCompile normal arm64 /Users/admin/builder/spi-builder-workspace/Sources/Creamy3D/Scene/MaterialFunctions/ColorMaterialFunction.swift (in target 'Creamy3D' from project 'Creamy3D')
cd /Users/admin/builder/spi-builder-workspace/.swiftpm/xcode
builtin-SwiftPerFileCompile ColorMaterialFunction.swift
SwiftCompile normal arm64 /Users/admin/builder/spi-builder-workspace/Sources/Creamy3D/Scene/MaterialFunctions/FresnelMaterialFunction.swift (in target 'Creamy3D' from project 'Creamy3D')
cd /Users/admin/builder/spi-builder-workspace/.swiftpm/xcode
builtin-SwiftPerFileCompile FresnelMaterialFunction.swift
SwiftCompile normal arm64 /Users/admin/builder/spi-builder-workspace/Sources/Creamy3D/Scene/MaterialFunctions/MatcapMaterialFunction.swift (in target 'Creamy3D' from project 'Creamy3D')
cd /Users/admin/builder/spi-builder-workspace/.swiftpm/xcode
builtin-SwiftPerFileCompile MatcapMaterialFunction.swift
SwiftCompile normal arm64 Compiling\ MeshNode.swift,\ Projection.swift /Users/admin/builder/spi-builder-workspace/Sources/Creamy3D/Scene/MeshNode.swift /Users/admin/builder/spi-builder-workspace/Sources/Creamy3D/Scene/Projection.swift (in target 'Creamy3D' from project 'Creamy3D')
SwiftCompile normal arm64 /Users/admin/builder/spi-builder-workspace/Sources/Creamy3D/Scene/MeshNode.swift (in target 'Creamy3D' from project 'Creamy3D')
cd /Users/admin/builder/spi-builder-workspace/.swiftpm/xcode
builtin-SwiftPerFileCompile MeshNode.swift
SwiftCompile normal arm64 /Users/admin/builder/spi-builder-workspace/Sources/Creamy3D/Scene/Projection.swift (in target 'Creamy3D' from project 'Creamy3D')
cd /Users/admin/builder/spi-builder-workspace/.swiftpm/xcode
builtin-SwiftPerFileCompile Projection.swift
SwiftCompile normal arm64 Compiling\ resource_bundle_accessor.swift,\ ColorRGB.swift,\ CreamyView.swift /Users/admin/builder/spi-builder-workspace/.derivedData/Build/Intermediates.noindex/Creamy3D.build/Debug/Creamy3D-t.build/DerivedSources/resource_bundle_accessor.swift /Users/admin/builder/spi-builder-workspace/Sources/Creamy3D/ColorRGB.swift /Users/admin/builder/spi-builder-workspace/Sources/Creamy3D/CreamyView.swift (in target 'Creamy3D' from project 'Creamy3D')
SwiftCompile normal arm64 /Users/admin/builder/spi-builder-workspace/.derivedData/Build/Intermediates.noindex/Creamy3D.build/Debug/Creamy3D-t.build/DerivedSources/resource_bundle_accessor.swift (in target 'Creamy3D' from project 'Creamy3D')
cd /Users/admin/builder/spi-builder-workspace/.swiftpm/xcode
builtin-SwiftPerFileCompile resource_bundle_accessor.swift
SwiftCompile normal arm64 /Users/admin/builder/spi-builder-workspace/Sources/Creamy3D/ColorRGB.swift (in target 'Creamy3D' from project 'Creamy3D')
cd /Users/admin/builder/spi-builder-workspace/.swiftpm/xcode
builtin-SwiftPerFileCompile ColorRGB.swift
SwiftCompile normal arm64 /Users/admin/builder/spi-builder-workspace/Sources/Creamy3D/CreamyView.swift (in target 'Creamy3D' from project 'Creamy3D')
cd /Users/admin/builder/spi-builder-workspace/.swiftpm/xcode
builtin-SwiftPerFileCompile CreamyView.swift
SwiftCompile normal arm64 Compiling\ ColorMaterial.swift,\ FresnelMaterial.swift,\ MatcapMaterial.swift /Users/admin/builder/spi-builder-workspace/Sources/Creamy3D/Materials/ColorMaterial.swift /Users/admin/builder/spi-builder-workspace/Sources/Creamy3D/Materials/FresnelMaterial.swift /Users/admin/builder/spi-builder-workspace/Sources/Creamy3D/Materials/MatcapMaterial.swift (in target 'Creamy3D' from project 'Creamy3D')
SwiftCompile normal arm64 /Users/admin/builder/spi-builder-workspace/Sources/Creamy3D/Materials/ColorMaterial.swift (in target 'Creamy3D' from project 'Creamy3D')
cd /Users/admin/builder/spi-builder-workspace/.swiftpm/xcode
builtin-SwiftPerFileCompile ColorMaterial.swift
SwiftCompile normal arm64 /Users/admin/builder/spi-builder-workspace/Sources/Creamy3D/Materials/FresnelMaterial.swift (in target 'Creamy3D' from project 'Creamy3D')
cd /Users/admin/builder/spi-builder-workspace/.swiftpm/xcode
builtin-SwiftPerFileCompile FresnelMaterial.swift
SwiftCompile normal arm64 /Users/admin/builder/spi-builder-workspace/Sources/Creamy3D/Materials/MatcapMaterial.swift (in target 'Creamy3D' from project 'Creamy3D')
cd /Users/admin/builder/spi-builder-workspace/.swiftpm/xcode
builtin-SwiftPerFileCompile MatcapMaterial.swift
SwiftCompile normal arm64 Compiling\ MetalView.swift,\ EmptyObject.swift,\ Mesh.swift /Users/admin/builder/spi-builder-workspace/Sources/Creamy3D/MetalView.swift /Users/admin/builder/spi-builder-workspace/Sources/Creamy3D/Objects/EmptyObject.swift /Users/admin/builder/spi-builder-workspace/Sources/Creamy3D/Objects/Mesh.swift (in target 'Creamy3D' from project 'Creamy3D')
/Users/admin/builder/spi-builder-workspace/Sources/Creamy3D/MetalView.swift:19:30: error: cannot find type 'Context' in scope
17 | var renderer = Renderer()
18 |
19 | func makeUIView(context: Context) -> MTKView {
| `- error: cannot find type 'Context' in scope
20 | let view = MTKView()
21 | renderer.setup(view: view)
/Users/admin/builder/spi-builder-workspace/Sources/Creamy3D/MetalView.swift:27:51: error: cannot find type 'Context' in scope
25 | }
26 |
27 | func updateUIView(_ uiView: MTKView, context: Context) {
| `- error: cannot find type 'Context' in scope
28 | renderer.update(camera: camera, projection: projection)
29 | renderer.update(objects: objects, projection: projection)
SwiftCompile normal arm64 /Users/admin/builder/spi-builder-workspace/Sources/Creamy3D/MetalView.swift (in target 'Creamy3D' from project 'Creamy3D')
cd /Users/admin/builder/spi-builder-workspace/.swiftpm/xcode
builtin-SwiftPerFileCompile MetalView.swift
SwiftCompile normal arm64 /Users/admin/builder/spi-builder-workspace/Sources/Creamy3D/Objects/EmptyObject.swift (in target 'Creamy3D' from project 'Creamy3D')
cd /Users/admin/builder/spi-builder-workspace/.swiftpm/xcode
builtin-SwiftPerFileCompile EmptyObject.swift
SwiftCompile normal arm64 /Users/admin/builder/spi-builder-workspace/Sources/Creamy3D/Objects/Mesh.swift (in target 'Creamy3D' from project 'Creamy3D')
cd /Users/admin/builder/spi-builder-workspace/.swiftpm/xcode
builtin-SwiftPerFileCompile Mesh.swift
SwiftCompile normal arm64 Compiling\ Material+Blend.swift,\ Material.swift,\ TextureMaterial.swift /Users/admin/builder/spi-builder-workspace/Sources/Creamy3D/Materials/Material+Blend.swift /Users/admin/builder/spi-builder-workspace/Sources/Creamy3D/Materials/Material.swift /Users/admin/builder/spi-builder-workspace/Sources/Creamy3D/Materials/TextureMaterial.swift (in target 'Creamy3D' from project 'Creamy3D')
SwiftCompile normal arm64 /Users/admin/builder/spi-builder-workspace/Sources/Creamy3D/Materials/Material+Blend.swift (in target 'Creamy3D' from project 'Creamy3D')
cd /Users/admin/builder/spi-builder-workspace/.swiftpm/xcode
builtin-SwiftPerFileCompile Material+Blend.swift
SwiftCompile normal arm64 /Users/admin/builder/spi-builder-workspace/Sources/Creamy3D/Materials/Material.swift (in target 'Creamy3D' from project 'Creamy3D')
cd /Users/admin/builder/spi-builder-workspace/.swiftpm/xcode
builtin-SwiftPerFileCompile Material.swift
SwiftCompile normal arm64 /Users/admin/builder/spi-builder-workspace/Sources/Creamy3D/Materials/TextureMaterial.swift (in target 'Creamy3D' from project 'Creamy3D')
cd /Users/admin/builder/spi-builder-workspace/.swiftpm/xcode
builtin-SwiftPerFileCompile TextureMaterial.swift
PruneExplicitPrecompiledModules /Users/admin/builder/spi-builder-workspace/.derivedData/Build/Intermediates.noindex/ExplicitPrecompiledModules
PruneExplicitPrecompiledModules /Users/admin/builder/spi-builder-workspace/.derivedData/Build/Intermediates.noindex/SwiftExplicitPrecompiledModules
PruneExplicitPrecompiledModules /Users/admin/builder/spi-builder-workspace/.derivedData/SDKExplicitPrecompiledModules
2026-09-20 09:50:37.084 xcodebuild[626:3866] [MT] IDERunDestination: Supported platforms for the buildables in the current scheme is empty.
--- xcodebuild: WARNING: Using the first of multiple matching destinations:
{ platform:macOS, arch:arm64, id:b890e9b4b7d468adc7f334001adb6ae923c8bda7, name:My Mac }
{ platform:macOS, arch:arm64, variant:Mac Catalyst, id:b890e9b4b7d468adc7f334001adb6ae923c8bda7, name:My Mac }
{ platform:macOS, arch:arm64, variant:DriverKit, id:b890e9b4b7d468adc7f334001adb6ae923c8bda7, name:My Mac }
{ platform:macOS, arch:arm64, variant:Designed for [iPad,iPhone], id:b890e9b4b7d468adc7f334001adb6ae923c8bda7, name:My Mac }
** BUILD FAILED **
The following build commands failed:
SwiftCompile normal arm64 (in target 'Creamy3D' from project 'Creamy3D')
SwiftEmitModule normal arm64 Emitting\ module\ for\ Creamy3D (in target 'Creamy3D' from project 'Creamy3D')
Building workspace Creamy3D with scheme Creamy3D
(3 failures)
Command line invocation:
/Applications/Xcode-27.0.0-Release.Candidate.app/Contents/Developer/usr/bin/xcodebuild -IDEClonedSourcePackagesDirPathOverride=/Users/admin/builder/spi-builder-workspace/.dependencies -resolvePackageDependencies
Resolve Package Graph
Resolved source packages:
Creamy3D: /Users/admin/builder/spi-builder-workspace
resolved source packages: Creamy3D
2026-09-20 09:50:46.655 xcodebuild[750:4520] [MT] IDERunDestination: Supported platforms for the buildables in the current scheme is empty.
{
"dependencies" : [
],
"manifest_display_name" : "Creamy3D",
"name" : "Creamy3D",
"path" : "/Users/admin/builder/spi-builder-workspace",
"platforms" : [
{
"name" : "ios",
"version" : "16.0"
},
{
"name" : "macos",
"version" : "13.0"
}
],
"products" : [
{
"name" : "Creamy3D",
"targets" : [
"Creamy3D"
],
"type" : {
"library" : [
"automatic"
]
}
}
],
"targets" : [
{
"c99name" : "Creamy3DTests",
"module_type" : "SwiftTarget",
"name" : "Creamy3DTests",
"path" : "Tests/Creamy3DTests",
"sources" : [
"Creamy3DTests.swift"
],
"target_dependencies" : [
"Creamy3D"
],
"type" : "test"
},
{
"c99name" : "Creamy3D",
"module_type" : "SwiftTarget",
"name" : "Creamy3D",
"path" : "Sources/Creamy3D",
"product_memberships" : [
"Creamy3D"
],
"resources" : [
{
"path" : "/Users/admin/builder/spi-builder-workspace/Sources/Creamy3D/Shaders/color_material.metal",
"rule" : {
"process" : {
}
}
},
{
"path" : "/Users/admin/builder/spi-builder-workspace/Sources/Creamy3D/Shaders/common.metal",
"rule" : {
"process" : {
}
}
},
{
"path" : "/Users/admin/builder/spi-builder-workspace/Sources/Creamy3D/Shaders/fresnel_material.metal",
"rule" : {
"process" : {
}
}
},
{
"path" : "/Users/admin/builder/spi-builder-workspace/Sources/Creamy3D/Shaders/matcap_material.metal",
"rule" : {
"process" : {
}
}
},
{
"path" : "/Users/admin/builder/spi-builder-workspace/Sources/Creamy3D/Shaders/material_common.h",
"rule" : {
"process" : {
}
}
},
{
"path" : "/Users/admin/builder/spi-builder-workspace/Sources/Creamy3D/Shaders/texture_material.metal",
"rule" : {
"process" : {
}
}
}
],
"sources" : [
"ColorRGB.swift",
"CreamyView.swift",
"Materials/ColorMaterial.swift",
"Materials/FresnelMaterial.swift",
"Materials/MatcapMaterial.swift",
"Materials/Material+Blend.swift",
"Materials/Material.swift",
"Materials/TextureMaterial.swift",
"MetalView.swift",
"Objects/EmptyObject.swift",
"Objects/Mesh.swift",
"Objects/Object.swift",
"Renderer.swift",
"Scene/Camera.swift",
"Scene/MaterialFunctions/ColorMaterialFunction.swift",
"Scene/MaterialFunctions/FresnelMaterialFunction.swift",
"Scene/MaterialFunctions/MatcapMaterialFunction.swift",
"Scene/MaterialFunctions/MaterialFunction.swift",
"Scene/MaterialFunctions/TextureMaterialFunction.swift",
"Scene/MaterialState.swift",
"Scene/MeshLoader/CubeMeshLoader.swift",
"Scene/MeshLoader/MeshLoader.swift",
"Scene/MeshLoader/ModelMeshLoader.swift",
"Scene/MeshLoader/SphereMeshLoader.swift",
"Scene/MeshNode.swift",
"Scene/Projection.swift"
],
"type" : "library"
}
],
"tools_version" : "5.9"
}
{
"workspace" : {
"name" : "Creamy3D",
"schemes" : [
"Creamy3D"
]
}
}
2026-09-20 09:50:47.934 xcodebuild[758:4590] [MT] IDERunDestination: Supported platforms for the buildables in the current scheme is empty.
Running build ...
env DEVELOPER_DIR=/Applications/Xcode-27.0.0-Release.Candidate.app xcrun xcodebuild -IDEClonedSourcePackagesDirPathOverride=$PWD/.dependencies -skipMacroValidation -skipPackagePluginValidation -derivedDataPath $PWD/.derivedData build -scheme Creamy3D -destination platform=macOS,arch=arm64
Command line invocation:
/Applications/Xcode-27.0.0-Release.Candidate.app/Contents/Developer/usr/bin/xcodebuild -IDEClonedSourcePackagesDirPathOverride=/Users/admin/builder/spi-builder-workspace/.dependencies -skipMacroValidation -skipPackagePluginValidation -derivedDataPath /Users/admin/builder/spi-builder-workspace/.derivedData build -scheme Creamy3D -destination platform=macOS,arch=arm64
Resolve Package Graph
Resolved source packages:
Creamy3D: /Users/admin/builder/spi-builder-workspace
ComputePackagePrebuildTargetDependencyGraph
Prepare packages
CreateBuildRequest
SendProjectDescription
CreateBuildOperation
ComputeTargetDependencyGraph
note: Building targets in dependency order
note: Target dependency graph (3 targets)
Target 'Creamy3D-product' in project 'Creamy3D'
➜ Explicit dependency on target 'Creamy3D' in project 'Creamy3D'
➜ Explicit dependency on target 'Creamy3D_Creamy3D' in project 'Creamy3D'
Target 'Creamy3D' in project 'Creamy3D'
➜ Explicit dependency on target 'Creamy3D_Creamy3D' in project 'Creamy3D'
Target 'Creamy3D_Creamy3D' in project 'Creamy3D' (no dependencies)
GatherProvisioningInputs
CreateBuildDescription
ClangStatCache /Applications/Xcode-27.0.0-Release.Candidate.app/Contents/Developer/Toolchains/XcodeDefault.xctoolchain/usr/bin/clang-stat-cache /Applications/Xcode-27.0.0-Release.Candidate.app/Contents/Developer/Platforms/MacOSX.platform/Developer/SDKs/MacOSX27.0.sdk /Users/admin/builder/spi-builder-workspace/.derivedData/SDKStatCaches.noindex/macosx27.0-26A425-e829b21a6f8c9b70876ba0858053c0446a22442a12e9d48fe1a705f55a1adfc4.sdkstatcache
cd /Users/admin/builder/spi-builder-workspace/.swiftpm/xcode
/Applications/Xcode-27.0.0-Release.Candidate.app/Contents/Developer/Toolchains/XcodeDefault.xctoolchain/usr/bin/clang-stat-cache /Applications/Xcode-27.0.0-Release.Candidate.app/Contents/Developer/Platforms/MacOSX.platform/Developer/SDKs/MacOSX27.0.sdk -o /Users/admin/builder/spi-builder-workspace/.derivedData/SDKStatCaches.noindex/macosx27.0-26A425-e829b21a6f8c9b70876ba0858053c0446a22442a12e9d48fe1a705f55a1adfc4.sdkstatcache
SwiftDriver Creamy3D normal arm64 com.apple.xcode.tools.swift.compiler (in target 'Creamy3D' from project 'Creamy3D')
cd /Users/admin/builder/spi-builder-workspace/.swiftpm/xcode
builtin-SwiftDriver -- /Applications/Xcode-27.0.0-Release.Candidate.app/Contents/Developer/Toolchains/XcodeDefault.xctoolchain/usr/bin/swiftc -parse-as-library -module-name Creamy3D -Onone @/Users/admin/builder/spi-builder-workspace/.derivedData/Build/Intermediates.noindex/Creamy3D.build/Debug/Creamy3D-t.build/Objects-normal/arm64/Creamy3D.SwiftFileList -DSWIFT_PACKAGE -DDEBUG -DSWIFT_MODULE_RESOURCE_BUNDLE_AVAILABLE -DXcode -plugin-path /Applications/Xcode-27.0.0-Release.Candidate.app/Contents/Developer/Toolchains/XcodeDefault.xctoolchain/usr/lib/swift/host/plugins/testing -enable-experimental-feature DebugDescriptionMacro -sdk /Applications/Xcode-27.0.0-Release.Candidate.app/Contents/Developer/Platforms/MacOSX.platform/Developer/SDKs/MacOSX27.0.sdk -target arm64-apple-macos13.0 -g -module-cache-path /Users/admin/builder/spi-builder-workspace/.derivedData/ModuleCache.noindex -Xfrontend -serialize-debugging-options -profile-coverage-mapping -profile-generate -enable-testing -index-store-path /Users/admin/builder/spi-builder-workspace/.derivedData/Index.noindex/DataStore -Xcc -D_LIBCPP_HARDENING_MODE\=_LIBCPP_HARDENING_MODE_DEBUG -swift-version 5 -I /Users/admin/builder/spi-builder-workspace/.derivedData/Build/Products/Debug -Isystem /Applications/Xcode-27.0.0-Release.Candidate.app/Contents/Developer/Platforms/MacOSX.platform/Developer/usr/lib -F /Users/admin/builder/spi-builder-workspace/.derivedData/Build/Products/Debug -F /Applications/Xcode-27.0.0-Release.Candidate.app/Contents/Developer/Platforms/MacOSX.platform/Developer/Library/Frameworks -c -j10 -enable-batch-mode -incremental -Xcc -ivfsstatcache -Xcc /Users/admin/builder/spi-builder-workspace/.derivedData/SDKStatCaches.noindex/macosx27.0-26A425-e829b21a6f8c9b70876ba0858053c0446a22442a12e9d48fe1a705f55a1adfc4.sdkstatcache -output-file-map /Users/admin/builder/spi-builder-workspace/.derivedData/Build/Intermediates.noindex/Creamy3D.build/Debug/Creamy3D-t.build/Objects-normal/arm64/Creamy3D-OutputFileMap.json -save-temps -no-color-diagnostics -explicit-module-build -module-cache-path /Users/admin/builder/spi-builder-workspace/.derivedData/Build/Intermediates.noindex/SwiftExplicitPrecompiledModules -clang-scanner-module-cache-path /Users/admin/builder/spi-builder-workspace/.derivedData/ModuleCache.noindex -sdk-module-cache-path /Users/admin/builder/spi-builder-workspace/.derivedData/SDKExplicitPrecompiledModules -emit-dependencies -emit-module -emit-module-path /Users/admin/builder/spi-builder-workspace/.derivedData/Build/Intermediates.noindex/Creamy3D.build/Debug/Creamy3D-t.build/Objects-normal/arm64/Creamy3D.swiftmodule -serialize-diagnostics -dependency-scan-serialize-diagnostics-path /Users/admin/builder/spi-builder-workspace/.derivedData/Build/Intermediates.noindex/Creamy3D.build/Debug/Creamy3D-t.build/Objects-normal/arm64/Creamy3D-dependency-scan.dia -validate-clang-modules-once -clang-build-session-file /Users/admin/builder/spi-builder-workspace/.derivedData/ModuleCache.noindex/Session.modulevalidation -Xcc -fmodules-prune-interval\=86400 -Xcc -fmodules-prune-after\=345600 -package-name spi_builder_workspace -emit-const-values -const-gather-protocols-list /Users/admin/builder/spi-builder-workspace/.derivedData/Build/Intermediates.noindex/Creamy3D.build/Debug/Creamy3D-t.build/Objects-normal/arm64/Creamy3D_const_extract_protocols.json -Xcc -I/Users/admin/builder/spi-builder-workspace/.derivedData/Build/Products/Debug/include -Xcc -I/Users/admin/builder/spi-builder-workspace/.derivedData/Build/Intermediates.noindex/Creamy3D.build/Debug/Creamy3D-t.build/DerivedSources-normal/arm64 -Xcc -I/Users/admin/builder/spi-builder-workspace/.derivedData/Build/Intermediates.noindex/Creamy3D.build/Debug/Creamy3D-t.build/DerivedSources/arm64 -Xcc -I/Users/admin/builder/spi-builder-workspace/.derivedData/Build/Intermediates.noindex/Creamy3D.build/Debug/Creamy3D-t.build/DerivedSources -Xcc -DSWIFT_PACKAGE -Xcc -DDEBUG\=1 -emit-objc-header -emit-objc-header-path /Users/admin/builder/spi-builder-workspace/.derivedData/Build/Intermediates.noindex/Creamy3D.build/Debug/Creamy3D-t.build/Objects-normal/arm64/Creamy3D-Swift.h -working-directory /Users/admin/builder/spi-builder-workspace/.swiftpm/xcode -experimental-emit-module-separately -disable-cmo
SwiftCompile normal arm64 Compiling\ ColorMaterial.swift,\ FresnelMaterial.swift,\ MatcapMaterial.swift /Users/admin/builder/spi-builder-workspace/Sources/Creamy3D/Materials/ColorMaterial.swift /Users/admin/builder/spi-builder-workspace/Sources/Creamy3D/Materials/FresnelMaterial.swift /Users/admin/builder/spi-builder-workspace/Sources/Creamy3D/Materials/MatcapMaterial.swift (in target 'Creamy3D' from project 'Creamy3D')
SwiftCompile normal arm64 /Users/admin/builder/spi-builder-workspace/Sources/Creamy3D/Materials/ColorMaterial.swift (in target 'Creamy3D' from project 'Creamy3D')
cd /Users/admin/builder/spi-builder-workspace/.swiftpm/xcode
builtin-SwiftPerFileCompile ColorMaterial.swift
SwiftCompile normal arm64 /Users/admin/builder/spi-builder-workspace/Sources/Creamy3D/Materials/FresnelMaterial.swift (in target 'Creamy3D' from project 'Creamy3D')
cd /Users/admin/builder/spi-builder-workspace/.swiftpm/xcode
builtin-SwiftPerFileCompile FresnelMaterial.swift
SwiftCompile normal arm64 /Users/admin/builder/spi-builder-workspace/Sources/Creamy3D/Materials/MatcapMaterial.swift (in target 'Creamy3D' from project 'Creamy3D')
cd /Users/admin/builder/spi-builder-workspace/.swiftpm/xcode
builtin-SwiftPerFileCompile MatcapMaterial.swift
SwiftCompile normal arm64 Compiling\ Material+Blend.swift,\ Material.swift,\ TextureMaterial.swift /Users/admin/builder/spi-builder-workspace/Sources/Creamy3D/Materials/Material+Blend.swift /Users/admin/builder/spi-builder-workspace/Sources/Creamy3D/Materials/Material.swift /Users/admin/builder/spi-builder-workspace/Sources/Creamy3D/Materials/TextureMaterial.swift (in target 'Creamy3D' from project 'Creamy3D')
SwiftCompile normal arm64 /Users/admin/builder/spi-builder-workspace/Sources/Creamy3D/Materials/Material+Blend.swift (in target 'Creamy3D' from project 'Creamy3D')
cd /Users/admin/builder/spi-builder-workspace/.swiftpm/xcode
builtin-SwiftPerFileCompile Material+Blend.swift
SwiftCompile normal arm64 /Users/admin/builder/spi-builder-workspace/Sources/Creamy3D/Materials/Material.swift (in target 'Creamy3D' from project 'Creamy3D')
cd /Users/admin/builder/spi-builder-workspace/.swiftpm/xcode
builtin-SwiftPerFileCompile Material.swift
SwiftCompile normal arm64 /Users/admin/builder/spi-builder-workspace/Sources/Creamy3D/Materials/TextureMaterial.swift (in target 'Creamy3D' from project 'Creamy3D')
cd /Users/admin/builder/spi-builder-workspace/.swiftpm/xcode
builtin-SwiftPerFileCompile TextureMaterial.swift
SwiftCompile normal arm64 Compiling\ MetalView.swift,\ EmptyObject.swift,\ Mesh.swift /Users/admin/builder/spi-builder-workspace/Sources/Creamy3D/MetalView.swift /Users/admin/builder/spi-builder-workspace/Sources/Creamy3D/Objects/EmptyObject.swift /Users/admin/builder/spi-builder-workspace/Sources/Creamy3D/Objects/Mesh.swift (in target 'Creamy3D' from project 'Creamy3D')
/Users/admin/builder/spi-builder-workspace/Sources/Creamy3D/MetalView.swift:19:30: error: cannot find type 'Context' in scope
17 | var renderer = Renderer()
18 |
19 | func makeUIView(context: Context) -> MTKView {
| `- error: cannot find type 'Context' in scope
20 | let view = MTKView()
21 | renderer.setup(view: view)
/Users/admin/builder/spi-builder-workspace/Sources/Creamy3D/MetalView.swift:27:51: error: cannot find type 'Context' in scope
25 | }
26 |
27 | func updateUIView(_ uiView: MTKView, context: Context) {
| `- error: cannot find type 'Context' in scope
28 | renderer.update(camera: camera, projection: projection)
29 | renderer.update(objects: objects, projection: projection)
SwiftCompile normal arm64 /Users/admin/builder/spi-builder-workspace/Sources/Creamy3D/MetalView.swift (in target 'Creamy3D' from project 'Creamy3D')
cd /Users/admin/builder/spi-builder-workspace/.swiftpm/xcode
builtin-SwiftPerFileCompile MetalView.swift
SwiftCompile normal arm64 /Users/admin/builder/spi-builder-workspace/Sources/Creamy3D/Objects/EmptyObject.swift (in target 'Creamy3D' from project 'Creamy3D')
cd /Users/admin/builder/spi-builder-workspace/.swiftpm/xcode
builtin-SwiftPerFileCompile EmptyObject.swift
SwiftCompile normal arm64 /Users/admin/builder/spi-builder-workspace/Sources/Creamy3D/Objects/Mesh.swift (in target 'Creamy3D' from project 'Creamy3D')
cd /Users/admin/builder/spi-builder-workspace/.swiftpm/xcode
builtin-SwiftPerFileCompile Mesh.swift
SwiftCompile normal arm64 Compiling\ ColorMaterialFunction.swift,\ FresnelMaterialFunction.swift,\ MatcapMaterialFunction.swift /Users/admin/builder/spi-builder-workspace/Sources/Creamy3D/Scene/MaterialFunctions/ColorMaterialFunction.swift /Users/admin/builder/spi-builder-workspace/Sources/Creamy3D/Scene/MaterialFunctions/FresnelMaterialFunction.swift /Users/admin/builder/spi-builder-workspace/Sources/Creamy3D/Scene/MaterialFunctions/MatcapMaterialFunction.swift (in target 'Creamy3D' from project 'Creamy3D')
SwiftCompile normal arm64 /Users/admin/builder/spi-builder-workspace/Sources/Creamy3D/Scene/MaterialFunctions/ColorMaterialFunction.swift (in target 'Creamy3D' from project 'Creamy3D')
cd /Users/admin/builder/spi-builder-workspace/.swiftpm/xcode
builtin-SwiftPerFileCompile ColorMaterialFunction.swift
SwiftCompile normal arm64 /Users/admin/builder/spi-builder-workspace/Sources/Creamy3D/Scene/MaterialFunctions/FresnelMaterialFunction.swift (in target 'Creamy3D' from project 'Creamy3D')
cd /Users/admin/builder/spi-builder-workspace/.swiftpm/xcode
builtin-SwiftPerFileCompile FresnelMaterialFunction.swift
SwiftCompile normal arm64 /Users/admin/builder/spi-builder-workspace/Sources/Creamy3D/Scene/MaterialFunctions/MatcapMaterialFunction.swift (in target 'Creamy3D' from project 'Creamy3D')
cd /Users/admin/builder/spi-builder-workspace/.swiftpm/xcode
builtin-SwiftPerFileCompile MatcapMaterialFunction.swift
SwiftCompile normal arm64 Compiling\ resource_bundle_accessor.swift,\ ColorRGB.swift,\ CreamyView.swift /Users/admin/builder/spi-builder-workspace/.derivedData/Build/Intermediates.noindex/Creamy3D.build/Debug/Creamy3D-t.build/DerivedSources/resource_bundle_accessor.swift /Users/admin/builder/spi-builder-workspace/Sources/Creamy3D/ColorRGB.swift /Users/admin/builder/spi-builder-workspace/Sources/Creamy3D/CreamyView.swift (in target 'Creamy3D' from project 'Creamy3D')
SwiftCompile normal arm64 /Users/admin/builder/spi-builder-workspace/.derivedData/Build/Intermediates.noindex/Creamy3D.build/Debug/Creamy3D-t.build/DerivedSources/resource_bundle_accessor.swift (in target 'Creamy3D' from project 'Creamy3D')
cd /Users/admin/builder/spi-builder-workspace/.swiftpm/xcode
builtin-SwiftPerFileCompile resource_bundle_accessor.swift
SwiftCompile normal arm64 /Users/admin/builder/spi-builder-workspace/Sources/Creamy3D/ColorRGB.swift (in target 'Creamy3D' from project 'Creamy3D')
cd /Users/admin/builder/spi-builder-workspace/.swiftpm/xcode
builtin-SwiftPerFileCompile ColorRGB.swift
SwiftCompile normal arm64 /Users/admin/builder/spi-builder-workspace/Sources/Creamy3D/CreamyView.swift (in target 'Creamy3D' from project 'Creamy3D')
cd /Users/admin/builder/spi-builder-workspace/.swiftpm/xcode
builtin-SwiftPerFileCompile CreamyView.swift
SwiftCompile normal arm64 Compiling\ CubeMeshLoader.swift,\ MeshLoader.swift /Users/admin/builder/spi-builder-workspace/Sources/Creamy3D/Scene/MeshLoader/CubeMeshLoader.swift /Users/admin/builder/spi-builder-workspace/Sources/Creamy3D/Scene/MeshLoader/MeshLoader.swift (in target 'Creamy3D' from project 'Creamy3D')
SwiftCompile normal arm64 /Users/admin/builder/spi-builder-workspace/Sources/Creamy3D/Scene/MeshLoader/CubeMeshLoader.swift (in target 'Creamy3D' from project 'Creamy3D')
cd /Users/admin/builder/spi-builder-workspace/.swiftpm/xcode
builtin-SwiftPerFileCompile CubeMeshLoader.swift
SwiftCompile normal arm64 /Users/admin/builder/spi-builder-workspace/Sources/Creamy3D/Scene/MeshLoader/MeshLoader.swift (in target 'Creamy3D' from project 'Creamy3D')
cd /Users/admin/builder/spi-builder-workspace/.swiftpm/xcode
builtin-SwiftPerFileCompile MeshLoader.swift
SwiftCompile normal arm64 Compiling\ MaterialFunction.swift,\ TextureMaterialFunction.swift,\ MaterialState.swift /Users/admin/builder/spi-builder-workspace/Sources/Creamy3D/Scene/MaterialFunctions/MaterialFunction.swift /Users/admin/builder/spi-builder-workspace/Sources/Creamy3D/Scene/MaterialFunctions/TextureMaterialFunction.swift /Users/admin/builder/spi-builder-workspace/Sources/Creamy3D/Scene/MaterialState.swift (in target 'Creamy3D' from project 'Creamy3D')
SwiftCompile normal arm64 /Users/admin/builder/spi-builder-workspace/Sources/Creamy3D/Scene/MaterialFunctions/MaterialFunction.swift (in target 'Creamy3D' from project 'Creamy3D')
cd /Users/admin/builder/spi-builder-workspace/.swiftpm/xcode
builtin-SwiftPerFileCompile MaterialFunction.swift
SwiftCompile normal arm64 /Users/admin/builder/spi-builder-workspace/Sources/Creamy3D/Scene/MaterialFunctions/TextureMaterialFunction.swift (in target 'Creamy3D' from project 'Creamy3D')
cd /Users/admin/builder/spi-builder-workspace/.swiftpm/xcode
builtin-SwiftPerFileCompile TextureMaterialFunction.swift
SwiftCompile normal arm64 /Users/admin/builder/spi-builder-workspace/Sources/Creamy3D/Scene/MaterialState.swift (in target 'Creamy3D' from project 'Creamy3D')
cd /Users/admin/builder/spi-builder-workspace/.swiftpm/xcode
builtin-SwiftPerFileCompile MaterialState.swift
SwiftCompile normal arm64 Compiling\ ModelMeshLoader.swift,\ SphereMeshLoader.swift /Users/admin/builder/spi-builder-workspace/Sources/Creamy3D/Scene/MeshLoader/ModelMeshLoader.swift /Users/admin/builder/spi-builder-workspace/Sources/Creamy3D/Scene/MeshLoader/SphereMeshLoader.swift (in target 'Creamy3D' from project 'Creamy3D')
SwiftCompile normal arm64 /Users/admin/builder/spi-builder-workspace/Sources/Creamy3D/Scene/MeshLoader/ModelMeshLoader.swift (in target 'Creamy3D' from project 'Creamy3D')
cd /Users/admin/builder/spi-builder-workspace/.swiftpm/xcode
builtin-SwiftPerFileCompile ModelMeshLoader.swift
SwiftCompile normal arm64 /Users/admin/builder/spi-builder-workspace/Sources/Creamy3D/Scene/MeshLoader/SphereMeshLoader.swift (in target 'Creamy3D' from project 'Creamy3D')
cd /Users/admin/builder/spi-builder-workspace/.swiftpm/xcode
builtin-SwiftPerFileCompile SphereMeshLoader.swift
SwiftCompile normal arm64 Compiling\ MeshNode.swift,\ Projection.swift /Users/admin/builder/spi-builder-workspace/Sources/Creamy3D/Scene/MeshNode.swift /Users/admin/builder/spi-builder-workspace/Sources/Creamy3D/Scene/Projection.swift (in target 'Creamy3D' from project 'Creamy3D')
SwiftCompile normal arm64 /Users/admin/builder/spi-builder-workspace/Sources/Creamy3D/Scene/MeshNode.swift (in target 'Creamy3D' from project 'Creamy3D')
cd /Users/admin/builder/spi-builder-workspace/.swiftpm/xcode
builtin-SwiftPerFileCompile MeshNode.swift
SwiftCompile normal arm64 /Users/admin/builder/spi-builder-workspace/Sources/Creamy3D/Scene/Projection.swift (in target 'Creamy3D' from project 'Creamy3D')
cd /Users/admin/builder/spi-builder-workspace/.swiftpm/xcode
builtin-SwiftPerFileCompile Projection.swift
SwiftEmitModule normal arm64 Emitting\ module\ for\ Creamy3D (in target 'Creamy3D' from project 'Creamy3D')
/Users/admin/builder/spi-builder-workspace/Sources/Creamy3D/MetalView.swift:19:30: error: cannot find type 'Context' in scope
17 | var renderer = Renderer()
18 |
19 | func makeUIView(context: Context) -> MTKView {
| `- error: cannot find type 'Context' in scope
20 | let view = MTKView()
21 | renderer.setup(view: view)
/Users/admin/builder/spi-builder-workspace/Sources/Creamy3D/MetalView.swift:27:51: error: cannot find type 'Context' in scope
25 | }
26 |
27 | func updateUIView(_ uiView: MTKView, context: Context) {
| `- error: cannot find type 'Context' in scope
28 | renderer.update(camera: camera, projection: projection)
29 | renderer.update(objects: objects, projection: projection)
/Users/admin/builder/spi-builder-workspace/Sources/Creamy3D/MetalView.swift:11:19: error: cannot find type 'UIViewRepresentable' in scope
9 | import SwiftUI
10 |
11 | struct MetalView: UIViewRepresentable {
| `- error: cannot find type 'UIViewRepresentable' in scope
12 | let projection: Projection
13 | let camera: Camera
Failed frontend command:
/Applications/Xcode-27.0.0-Release.Candidate.app/Contents/Developer/Toolchains/XcodeDefault.xctoolchain/usr/bin/swift-frontend -frontend -emit-module -experimental-skip-non-inlinable-function-bodies-without-types /Users/admin/builder/spi-builder-workspace/.derivedData/Build/Intermediates.noindex/Creamy3D.build/Debug/Creamy3D-t.build/DerivedSources/resource_bundle_accessor.swift /Users/admin/builder/spi-builder-workspace/Sources/Creamy3D/ColorRGB.swift /Users/admin/builder/spi-builder-workspace/Sources/Creamy3D/CreamyView.swift /Users/admin/builder/spi-builder-workspace/Sources/Creamy3D/Materials/ColorMaterial.swift /Users/admin/builder/spi-builder-workspace/Sources/Creamy3D/Materials/FresnelMaterial.swift /Users/admin/builder/spi-builder-workspace/Sources/Creamy3D/Materials/MatcapMaterial.swift /Users/admin/builder/spi-builder-workspace/Sources/Creamy3D/Materials/Material+Blend.swift /Users/admin/builder/spi-builder-workspace/Sources/Creamy3D/Materials/Material.swift /Users/admin/builder/spi-builder-workspace/Sources/Creamy3D/Materials/TextureMaterial.swift /Users/admin/builder/spi-builder-workspace/Sources/Creamy3D/MetalView.swift /Users/admin/builder/spi-builder-workspace/Sources/Creamy3D/Objects/EmptyObject.swift /Users/admin/builder/spi-builder-workspace/Sources/Creamy3D/Objects/Mesh.swift /Users/admin/builder/spi-builder-workspace/Sources/Creamy3D/Objects/Object.swift /Users/admin/builder/spi-builder-workspace/Sources/Creamy3D/Renderer.swift /Users/admin/builder/spi-builder-workspace/Sources/Creamy3D/Scene/Camera.swift /Users/admin/builder/spi-builder-workspace/Sources/Creamy3D/Scene/MaterialFunctions/ColorMaterialFunction.swift /Users/admin/builder/spi-builder-workspace/Sources/Creamy3D/Scene/MaterialFunctions/FresnelMaterialFunction.swift /Users/admin/builder/spi-builder-workspace/Sources/Creamy3D/Scene/MaterialFunctions/MatcapMaterialFunction.swift /Users/admin/builder/spi-builder-workspace/Sources/Creamy3D/Scene/MaterialFunctions/MaterialFunction.swift /Users/admin/builder/spi-builder-workspace/Sources/Creamy3D/Scene/MaterialFunctions/TextureMaterialFunction.swift /Users/admin/builder/spi-builder-workspace/Sources/Creamy3D/Scene/MaterialState.swift /Users/admin/builder/spi-builder-workspace/Sources/Creamy3D/Scene/MeshLoader/CubeMeshLoader.swift /Users/admin/builder/spi-builder-workspace/Sources/Creamy3D/Scene/MeshLoader/MeshLoader.swift /Users/admin/builder/spi-builder-workspace/Sources/Creamy3D/Scene/MeshLoader/ModelMeshLoader.swift /Users/admin/builder/spi-builder-workspace/Sources/Creamy3D/Scene/MeshLoader/SphereMeshLoader.swift /Users/admin/builder/spi-builder-workspace/Sources/Creamy3D/Scene/MeshNode.swift /Users/admin/builder/spi-builder-workspace/Sources/Creamy3D/Scene/Projection.swift -target arm64-apple-macos13.0 -disable-cross-import-overlay-search -load-resolved-plugin /Applications/Xcode-27.0.0-Release.Candidate.app/Contents/Developer/Platforms/MacOSX.platform/Developer/usr/lib/swift/host/plugins/libFoundationMacros.dylib\#/Applications/Xcode-27.0.0-Release.Candidate.app/Contents/Developer/Platforms/MacOSX.platform/Developer/usr/bin/swift-plugin-server\#FoundationMacros -load-resolved-plugin /Applications/Xcode-27.0.0-Release.Candidate.app/Contents/Developer/Platforms/MacOSX.platform/Developer/usr/lib/swift/host/plugins/libObservationMacros.dylib\#/Applications/Xcode-27.0.0-Release.Candidate.app/Contents/Developer/Platforms/MacOSX.platform/Developer/usr/bin/swift-plugin-server\#ObservationMacros -load-resolved-plugin /Applications/Xcode-27.0.0-Release.Candidate.app/Contents/Developer/Platforms/MacOSX.platform/Developer/usr/lib/swift/host/plugins/libPreviewsMacros.dylib\#/Applications/Xcode-27.0.0-Release.Candidate.app/Contents/Developer/Platforms/MacOSX.platform/Developer/usr/bin/swift-plugin-server\#PreviewsMacros -load-resolved-plugin /Applications/Xcode-27.0.0-Release.Candidate.app/Contents/Developer/Platforms/MacOSX.platform/Developer/usr/lib/swift/host/plugins/libSwiftMacros.dylib\#/Applications/Xcode-27.0.0-Release.Candidate.app/Contents/Developer/Platforms/MacOSX.platform/Developer/usr/bin/swift-plugin-server\#SwiftMacros -load-resolved-plugin /Applications/Xcode-27.0.0-Release.Candidate.app/Contents/Developer/Platforms/MacOSX.platform/Developer/usr/lib/swift/host/plugins/libSwiftUIMacros.dylib\#/Applications/Xcode-27.0.0-Release.Candidate.app/Contents/Developer/Platforms/MacOSX.platform/Developer/usr/bin/swift-plugin-server\#SwiftUIMacros -disable-implicit-swift-modules -Xcc -fno-implicit-modules -Xcc -fno-implicit-module-maps -explicit-swift-module-map-file /Users/admin/builder/spi-builder-workspace/.derivedData/Build/Intermediates.noindex/Creamy3D.build/Debug/Creamy3D-t.build/Objects-normal/arm64/Creamy3D-dependencies-1.json -Xllvm -aarch64-use-tbi -enable-objc-interop -stack-check -sdk /Applications/Xcode-27.0.0-Release.Candidate.app/Contents/Developer/Platforms/MacOSX.platform/Developer/SDKs/MacOSX27.0.sdk -I /Users/admin/builder/spi-builder-workspace/.derivedData/Build/Products/Debug -Isystem /Applications/Xcode-27.0.0-Release.Candidate.app/Contents/Developer/Platforms/MacOSX.platform/Developer/usr/lib -F /Users/admin/builder/spi-builder-workspace/.derivedData/Build/Products/Debug -F /Applications/Xcode-27.0.0-Release.Candidate.app/Contents/Developer/Platforms/MacOSX.platform/Developer/Library/Frameworks -module-cache-path /Users/admin/builder/spi-builder-workspace/.derivedData/Build/Intermediates.noindex/SwiftExplicitPrecompiledModules -no-color-diagnostics -Xcc -fno-color-diagnostics -enable-testing -g -debug-info-format\=dwarf -dwarf-version\=4 -profile-generate -profile-coverage-mapping -swift-version 5 -Onone -D SWIFT_PACKAGE -D DEBUG -D SWIFT_MODULE_RESOURCE_BUNDLE_AVAILABLE -D Xcode -serialize-debugging-options -enable-experimental-feature DebugDescriptionMacro -empty-abi-descriptor -validate-clang-modules-once -clang-build-session-file /Users/admin/builder/spi-builder-workspace/.derivedData/ModuleCache.noindex/Session.modulevalidation -Xcc -working-directory -Xcc /Users/admin/builder/spi-builder-workspace/.swiftpm/xcode -enable-anonymous-context-mangled-names -file-compilation-dir /Users/admin/builder/spi-builder-workspace/.swiftpm/xcode -Xcc -D_LIBCPP_HARDENING_MODE\=_LIBCPP_HARDENING_MODE_DEBUG -Xcc -ivfsstatcache -Xcc /Users/admin/builder/spi-builder-workspace/.derivedData/SDKStatCaches.noindex/macosx27.0-26A425-e829b21a6f8c9b70876ba0858053c0446a22442a12e9d48fe1a705f55a1adfc4.sdkstatcache -Xcc -fmodules-prune-interval\=86400 -Xcc -fmodules-prune-after\=345600 -Xcc -I/Users/admin/builder/spi-builder-workspace/.derivedData/Build/Products/Debug/include -Xcc -I/Users/admin/builder/spi-builder-workspace/.derivedData/Build/Intermediates.noindex/Creamy3D.build/Debug/Creamy3D-t.build/DerivedSources-normal/arm64 -Xcc -I/Users/admin/builder/spi-builder-workspace/.derivedData/Build/Intermediates.noindex/Creamy3D.build/Debug/Creamy3D-t.build/DerivedSources/arm64 -Xcc -I/Users/admin/builder/spi-builder-workspace/.derivedData/Build/Intermediates.noindex/Creamy3D.build/Debug/Creamy3D-t.build/DerivedSources -Xcc -DSWIFT_PACKAGE -Xcc -DDEBUG\=1 -no-auto-bridging-header-chaining -module-name Creamy3D -package-name spi_builder_workspace -const-gather-protocols-file /Users/admin/builder/spi-builder-workspace/.derivedData/Build/Intermediates.noindex/Creamy3D.build/Debug/Creamy3D-t.build/Objects-normal/arm64/Creamy3D_const_extract_protocols.json -disable-clang-spi -clang-target arm64-apple-macos27.0 -target-sdk-version 27.0 -target-sdk-name macosx27.0 -in-process-plugin-server-path /Applications/Xcode-27.0.0-Release.Candidate.app/Contents/Developer/Toolchains/XcodeDefault.xctoolchain/usr/lib/swift/host/libSwiftInProcPluginServer.dylib -emit-module-doc-path /Users/admin/builder/spi-builder-workspace/.derivedData/Build/Intermediates.noindex/Creamy3D.build/Debug/Creamy3D-t.build/Objects-normal/arm64/Creamy3D.swiftdoc -emit-module-source-info-path /Users/admin/builder/spi-builder-workspace/.derivedData/Build/Intermediates.noindex/Creamy3D.build/Debug/Creamy3D-t.build/Objects-normal/arm64/Creamy3D.swiftsourceinfo -emit-objc-header-path /Users/admin/builder/spi-builder-workspace/.derivedData/Build/Intermediates.noindex/Creamy3D.build/Debug/Creamy3D-t.build/Objects-normal/arm64/Creamy3D-Swift.h -serialize-diagnostics-path /Users/admin/builder/spi-builder-workspace/.derivedData/Build/Intermediates.noindex/Creamy3D.build/Debug/Creamy3D-t.build/Objects-normal/arm64/Creamy3D-primary-emit-module.dia -emit-dependencies-path /Users/admin/builder/spi-builder-workspace/.derivedData/Build/Intermediates.noindex/Creamy3D.build/Debug/Creamy3D-t.build/Objects-normal/arm64/Creamy3D-primary-emit-module.d -parse-as-library -o /Users/admin/builder/spi-builder-workspace/.derivedData/Build/Intermediates.noindex/Creamy3D.build/Debug/Creamy3D-t.build/Objects-normal/arm64/Creamy3D.swiftmodule -emit-abi-descriptor-path /Users/admin/builder/spi-builder-workspace/.derivedData/Build/Intermediates.noindex/Creamy3D.build/Debug/Creamy3D-t.build/Objects-normal/arm64/Creamy3D.abi.json
SwiftCompile normal arm64 (in target 'Creamy3D' from project 'Creamy3D')
cd /Users/admin/builder/spi-builder-workspace/.swiftpm/xcode
SwiftCompile normal arm64 Compiling\ Object.swift,\ Renderer.swift,\ Camera.swift /Users/admin/builder/spi-builder-workspace/Sources/Creamy3D/Objects/Object.swift /Users/admin/builder/spi-builder-workspace/Sources/Creamy3D/Renderer.swift /Users/admin/builder/spi-builder-workspace/Sources/Creamy3D/Scene/Camera.swift (in target 'Creamy3D' from project 'Creamy3D')
SwiftCompile normal arm64 /Users/admin/builder/spi-builder-workspace/Sources/Creamy3D/Objects/Object.swift (in target 'Creamy3D' from project 'Creamy3D')
cd /Users/admin/builder/spi-builder-workspace/.swiftpm/xcode
builtin-SwiftPerFileCompile Object.swift
SwiftCompile normal arm64 /Users/admin/builder/spi-builder-workspace/Sources/Creamy3D/Renderer.swift (in target 'Creamy3D' from project 'Creamy3D')
cd /Users/admin/builder/spi-builder-workspace/.swiftpm/xcode
builtin-SwiftPerFileCompile Renderer.swift
SwiftCompile normal arm64 /Users/admin/builder/spi-builder-workspace/Sources/Creamy3D/Scene/Camera.swift (in target 'Creamy3D' from project 'Creamy3D')
cd /Users/admin/builder/spi-builder-workspace/.swiftpm/xcode
builtin-SwiftPerFileCompile Camera.swift
PruneExplicitPrecompiledModules /Users/admin/builder/spi-builder-workspace/.derivedData/Build/Intermediates.noindex/ExplicitPrecompiledModules
PruneExplicitPrecompiledModules /Users/admin/builder/spi-builder-workspace/.derivedData/Build/Intermediates.noindex/SwiftExplicitPrecompiledModules
PruneExplicitPrecompiledModules /Users/admin/builder/spi-builder-workspace/.derivedData/SDKExplicitPrecompiledModules
2026-09-20 09:50:48.933 xcodebuild[759:4617] [MT] IDERunDestination: Supported platforms for the buildables in the current scheme is empty.
--- xcodebuild: WARNING: Using the first of multiple matching destinations:
{ platform:macOS, arch:arm64, id:b890e9b4b7d468adc7f334001adb6ae923c8bda7, name:My Mac }
{ platform:macOS, arch:arm64, variant:Mac Catalyst, id:b890e9b4b7d468adc7f334001adb6ae923c8bda7, name:My Mac }
{ platform:macOS, arch:arm64, variant:DriverKit, id:b890e9b4b7d468adc7f334001adb6ae923c8bda7, name:My Mac }
{ platform:macOS, arch:arm64, variant:Designed for [iPad,iPhone], id:b890e9b4b7d468adc7f334001adb6ae923c8bda7, name:My Mac }
** BUILD FAILED **
The following build commands failed:
SwiftEmitModule normal arm64 Emitting\ module\ for\ Creamy3D (in target 'Creamy3D' from project 'Creamy3D')
SwiftCompile normal arm64 (in target 'Creamy3D' from project 'Creamy3D')
Building workspace Creamy3D with scheme Creamy3D
(3 failures)
BUILD FAILURE 6.4 macosXcodebuild