Build Information
Failed to build TonConnect, reference 1.0.1 (354279), with Swift 6.1 for watchOS using Xcode 16.3 on 20 Sep 2026 20:24:29 UTC.
Build Command
env DEVELOPER_DIR=/Applications/Xcode-16.3.0.app xcrun xcodebuild -IDEClonedSourcePackagesDirPathOverride=$PWD/.dependencies -skipMacroValidation -skipPackagePluginValidation -derivedDataPath $PWD/.derivedData build -scheme TonConnect-Package -destination generic/platform=watchOSBuild Log
builtin-Swift-Compilation-Requirements -- /Applications/Xcode-16.3.0.app/Contents/Developer/Toolchains/XcodeDefault.xctoolchain/usr/bin/swiftc -module-name TonConnectTransport -Onone -enforce-exclusivity\=checked @/Users/admin/builder/spi-builder-workspace/.derivedData/Build/Intermediates.noindex/TonConnect.build/Debug-watchos/TonConnectTransport.build/Objects-normal/arm64/TonConnectTransport.SwiftFileList -DSWIFT_PACKAGE -DDEBUG -stats-output-dir .stats -strict-concurrency\=complete -enable-upcoming-feature StrictConcurrency -enable-upcoming-feature DisableOutwardActorInference -enable-upcoming-feature GlobalActorIsolatedTypesUsability -enable-upcoming-feature InferSendableFromCaptures -plugin-path /Applications/Xcode-16.3.0.app/Contents/Developer/Toolchains/XcodeDefault.xctoolchain/usr/lib/swift/host/plugins/testing -enable-experimental-feature DebugDescriptionMacro -sdk /Applications/Xcode-16.3.0.app/Contents/Developer/Platforms/WatchOS.platform/Developer/SDKs/WatchOS11.4.sdk -target arm64-apple-watchos9.0 -g -module-cache-path /Users/admin/builder/spi-builder-workspace/.derivedData/ModuleCache.noindex -Xfrontend -serialize-debugging-options -profile-coverage-mapping -profile-generate -enable-testing -index-store-path /Users/admin/builder/spi-builder-workspace/.derivedData/Index.noindex/DataStore -swift-version 5 -I /Users/admin/builder/spi-builder-workspace/.derivedData/Build/Products/Debug-watchos -I /Applications/Xcode-16.3.0.app/Contents/Developer/Platforms/WatchOS.platform/Developer/usr/lib -F /Users/admin/builder/spi-builder-workspace/.derivedData/Build/Products/Debug-watchos -F /Applications/Xcode-16.3.0.app/Contents/Developer/Platforms/WatchOS.platform/Developer/Library/Frameworks -F /Applications/Xcode-16.3.0.app/Contents/Developer/Platforms/WatchOS.platform/Developer/SDKs/WatchOS11.4.sdk/Developer/Library/Frameworks -c -j10 -enable-batch-mode -incremental -Xcc -ivfsstatcache -Xcc /Users/admin/builder/spi-builder-workspace/.derivedData/SDKStatCaches.noindex/watchos11.4-22T246-43efb940ff07ba2497b70ec94253f576.sdkstatcache -output-file-map /Users/admin/builder/spi-builder-workspace/.derivedData/Build/Intermediates.noindex/TonConnect.build/Debug-watchos/TonConnectTransport.build/Objects-normal/arm64/TonConnectTransport-OutputFileMap.json -use-frontend-parseable-output -save-temps -no-color-diagnostics -serialize-diagnostics -emit-dependencies -emit-module -emit-module-path /Users/admin/builder/spi-builder-workspace/.derivedData/Build/Intermediates.noindex/TonConnect.build/Debug-watchos/TonConnectTransport.build/Objects-normal/arm64/TonConnectTransport.swiftmodule -validate-clang-modules-once -clang-build-session-file /Users/admin/builder/spi-builder-workspace/.derivedData/ModuleCache.noindex/Session.modulevalidation -package-name spi_builder_workspace -Xcc -I/Users/admin/builder/spi-builder-workspace/.derivedData/Build/Intermediates.noindex/TonConnect.build/Debug-watchos/TonConnectTransport.build/swift-overrides.hmap -emit-const-values -Xfrontend -const-gather-protocols-file -Xfrontend /Users/admin/builder/spi-builder-workspace/.derivedData/Build/Intermediates.noindex/TonConnect.build/Debug-watchos/TonConnectTransport.build/Objects-normal/arm64/TonConnectTransport_const_extract_protocols.json -Xcc -I/Users/admin/builder/spi-builder-workspace/.derivedData/Build/Products/Debug-watchos/include -Xcc -I/Users/admin/builder/spi-builder-workspace/.derivedData/Build/Intermediates.noindex/TonConnect.build/Debug-watchos/TonConnectTransport.build/DerivedSources-normal/arm64 -Xcc -I/Users/admin/builder/spi-builder-workspace/.derivedData/Build/Intermediates.noindex/TonConnect.build/Debug-watchos/TonConnectTransport.build/DerivedSources/arm64 -Xcc -I/Users/admin/builder/spi-builder-workspace/.derivedData/Build/Intermediates.noindex/TonConnect.build/Debug-watchos/TonConnectTransport.build/DerivedSources -Xcc -DSWIFT_PACKAGE -Xcc -DDEBUG\=1 -emit-objc-header -emit-objc-header-path /Users/admin/builder/spi-builder-workspace/.derivedData/Build/Intermediates.noindex/TonConnect.build/Debug-watchos/TonConnectTransport.build/Objects-normal/arm64/TonConnectTransport-Swift.h -working-directory /Users/admin/builder/spi-builder-workspace/.swiftpm/xcode -experimental-emit-module-separately -disable-cmo
SwiftDriverJobDiscovery normal arm64_32 Emitting module for TonConnectTransport (in target 'TonConnectTransport' from project 'TonConnect')
SwiftDriver\ Compilation\ Requirements TonConnectTransport normal arm64_32 com.apple.xcode.tools.swift.compiler (in target 'TonConnectTransport' from project 'TonConnect')
cd /Users/admin/builder/spi-builder-workspace/.swiftpm/xcode
builtin-Swift-Compilation-Requirements -- /Applications/Xcode-16.3.0.app/Contents/Developer/Toolchains/XcodeDefault.xctoolchain/usr/bin/swiftc -module-name TonConnectTransport -Onone -enforce-exclusivity\=checked @/Users/admin/builder/spi-builder-workspace/.derivedData/Build/Intermediates.noindex/TonConnect.build/Debug-watchos/TonConnectTransport.build/Objects-normal/arm64_32/TonConnectTransport.SwiftFileList -DSWIFT_PACKAGE -DDEBUG -stats-output-dir .stats -strict-concurrency\=complete -enable-upcoming-feature StrictConcurrency -enable-upcoming-feature DisableOutwardActorInference -enable-upcoming-feature GlobalActorIsolatedTypesUsability -enable-upcoming-feature InferSendableFromCaptures -plugin-path /Applications/Xcode-16.3.0.app/Contents/Developer/Toolchains/XcodeDefault.xctoolchain/usr/lib/swift/host/plugins/testing -enable-experimental-feature DebugDescriptionMacro -sdk /Applications/Xcode-16.3.0.app/Contents/Developer/Platforms/WatchOS.platform/Developer/SDKs/WatchOS11.4.sdk -target arm64_32-apple-watchos9.0 -g -module-cache-path /Users/admin/builder/spi-builder-workspace/.derivedData/ModuleCache.noindex -Xfrontend -serialize-debugging-options -profile-coverage-mapping -profile-generate -enable-testing -index-store-path /Users/admin/builder/spi-builder-workspace/.derivedData/Index.noindex/DataStore -swift-version 5 -I /Users/admin/builder/spi-builder-workspace/.derivedData/Build/Products/Debug-watchos -I /Applications/Xcode-16.3.0.app/Contents/Developer/Platforms/WatchOS.platform/Developer/usr/lib -F /Users/admin/builder/spi-builder-workspace/.derivedData/Build/Products/Debug-watchos -F /Applications/Xcode-16.3.0.app/Contents/Developer/Platforms/WatchOS.platform/Developer/Library/Frameworks -F /Applications/Xcode-16.3.0.app/Contents/Developer/Platforms/WatchOS.platform/Developer/SDKs/WatchOS11.4.sdk/Developer/Library/Frameworks -c -j10 -enable-batch-mode -incremental -Xcc -ivfsstatcache -Xcc /Users/admin/builder/spi-builder-workspace/.derivedData/SDKStatCaches.noindex/watchos11.4-22T246-43efb940ff07ba2497b70ec94253f576.sdkstatcache -output-file-map /Users/admin/builder/spi-builder-workspace/.derivedData/Build/Intermediates.noindex/TonConnect.build/Debug-watchos/TonConnectTransport.build/Objects-normal/arm64_32/TonConnectTransport-OutputFileMap.json -use-frontend-parseable-output -save-temps -no-color-diagnostics -serialize-diagnostics -emit-dependencies -emit-module -emit-module-path /Users/admin/builder/spi-builder-workspace/.derivedData/Build/Intermediates.noindex/TonConnect.build/Debug-watchos/TonConnectTransport.build/Objects-normal/arm64_32/TonConnectTransport.swiftmodule -validate-clang-modules-once -clang-build-session-file /Users/admin/builder/spi-builder-workspace/.derivedData/ModuleCache.noindex/Session.modulevalidation -package-name spi_builder_workspace -Xcc -I/Users/admin/builder/spi-builder-workspace/.derivedData/Build/Intermediates.noindex/TonConnect.build/Debug-watchos/TonConnectTransport.build/swift-overrides.hmap -emit-const-values -Xfrontend -const-gather-protocols-file -Xfrontend /Users/admin/builder/spi-builder-workspace/.derivedData/Build/Intermediates.noindex/TonConnect.build/Debug-watchos/TonConnectTransport.build/Objects-normal/arm64_32/TonConnectTransport_const_extract_protocols.json -Xcc -I/Users/admin/builder/spi-builder-workspace/.derivedData/Build/Products/Debug-watchos/include -Xcc -I/Users/admin/builder/spi-builder-workspace/.derivedData/Build/Intermediates.noindex/TonConnect.build/Debug-watchos/TonConnectTransport.build/DerivedSources-normal/arm64_32 -Xcc -I/Users/admin/builder/spi-builder-workspace/.derivedData/Build/Intermediates.noindex/TonConnect.build/Debug-watchos/TonConnectTransport.build/DerivedSources/arm64_32 -Xcc -I/Users/admin/builder/spi-builder-workspace/.derivedData/Build/Intermediates.noindex/TonConnect.build/Debug-watchos/TonConnectTransport.build/DerivedSources -Xcc -DSWIFT_PACKAGE -Xcc -DDEBUG\=1 -emit-objc-header -emit-objc-header-path /Users/admin/builder/spi-builder-workspace/.derivedData/Build/Intermediates.noindex/TonConnect.build/Debug-watchos/TonConnectTransport.build/Objects-normal/arm64_32/TonConnectTransport-Swift.h -working-directory /Users/admin/builder/spi-builder-workspace/.swiftpm/xcode -experimental-emit-module-separately -disable-cmo
Copy /Users/admin/builder/spi-builder-workspace/.derivedData/Build/Products/Debug-watchos/TonConnectTransport.swiftmodule/arm64-apple-watchos.swiftmodule /Users/admin/builder/spi-builder-workspace/.derivedData/Build/Intermediates.noindex/TonConnect.build/Debug-watchos/TonConnectTransport.build/Objects-normal/arm64/TonConnectTransport.swiftmodule (in target 'TonConnectTransport' from project 'TonConnect')
cd /Users/admin/builder/spi-builder-workspace
builtin-copy -exclude .DS_Store -exclude CVS -exclude .svn -exclude .git -exclude .hg -resolve-src-symlinks -rename /Users/admin/builder/spi-builder-workspace/.derivedData/Build/Intermediates.noindex/TonConnect.build/Debug-watchos/TonConnectTransport.build/Objects-normal/arm64/TonConnectTransport.swiftmodule /Users/admin/builder/spi-builder-workspace/.derivedData/Build/Products/Debug-watchos/TonConnectTransport.swiftmodule/arm64-apple-watchos.swiftmodule
SwiftMergeGeneratedHeaders /Users/admin/builder/spi-builder-workspace/.derivedData/Build/Intermediates.noindex/GeneratedModuleMaps-watchos/TonConnectTransport-Swift.h /Users/admin/builder/spi-builder-workspace/.derivedData/Build/Intermediates.noindex/TonConnect.build/Debug-watchos/TonConnectTransport.build/Objects-normal/arm64/TonConnectTransport-Swift.h /Users/admin/builder/spi-builder-workspace/.derivedData/Build/Intermediates.noindex/TonConnect.build/Debug-watchos/TonConnectTransport.build/Objects-normal/arm64_32/TonConnectTransport-Swift.h (in target 'TonConnectTransport' from project 'TonConnect')
cd /Users/admin/builder/spi-builder-workspace
builtin-swiftHeaderTool -arch arm64 /Users/admin/builder/spi-builder-workspace/.derivedData/Build/Intermediates.noindex/TonConnect.build/Debug-watchos/TonConnectTransport.build/Objects-normal/arm64/TonConnectTransport-Swift.h -arch arm64_32 /Users/admin/builder/spi-builder-workspace/.derivedData/Build/Intermediates.noindex/TonConnect.build/Debug-watchos/TonConnectTransport.build/Objects-normal/arm64_32/TonConnectTransport-Swift.h -o /Users/admin/builder/spi-builder-workspace/.derivedData/Build/Intermediates.noindex/GeneratedModuleMaps-watchos/TonConnectTransport-Swift.h
Copy /Users/admin/builder/spi-builder-workspace/.derivedData/Build/Products/Debug-watchos/TonConnectTransport.swiftmodule/arm64_32-apple-watchos.swiftmodule /Users/admin/builder/spi-builder-workspace/.derivedData/Build/Intermediates.noindex/TonConnect.build/Debug-watchos/TonConnectTransport.build/Objects-normal/arm64_32/TonConnectTransport.swiftmodule (in target 'TonConnectTransport' from project 'TonConnect')
cd /Users/admin/builder/spi-builder-workspace
builtin-copy -exclude .DS_Store -exclude CVS -exclude .svn -exclude .git -exclude .hg -resolve-src-symlinks -rename /Users/admin/builder/spi-builder-workspace/.derivedData/Build/Intermediates.noindex/TonConnect.build/Debug-watchos/TonConnectTransport.build/Objects-normal/arm64_32/TonConnectTransport.swiftmodule /Users/admin/builder/spi-builder-workspace/.derivedData/Build/Products/Debug-watchos/TonConnectTransport.swiftmodule/arm64_32-apple-watchos.swiftmodule
Copy /Users/admin/builder/spi-builder-workspace/.derivedData/Build/Products/Debug-watchos/TonConnectTransport.swiftmodule/arm64_32-apple-watchos.swiftdoc /Users/admin/builder/spi-builder-workspace/.derivedData/Build/Intermediates.noindex/TonConnect.build/Debug-watchos/TonConnectTransport.build/Objects-normal/arm64_32/TonConnectTransport.swiftdoc (in target 'TonConnectTransport' from project 'TonConnect')
cd /Users/admin/builder/spi-builder-workspace
builtin-copy -exclude .DS_Store -exclude CVS -exclude .svn -exclude .git -exclude .hg -resolve-src-symlinks -rename /Users/admin/builder/spi-builder-workspace/.derivedData/Build/Intermediates.noindex/TonConnect.build/Debug-watchos/TonConnectTransport.build/Objects-normal/arm64_32/TonConnectTransport.swiftdoc /Users/admin/builder/spi-builder-workspace/.derivedData/Build/Products/Debug-watchos/TonConnectTransport.swiftmodule/arm64_32-apple-watchos.swiftdoc
Copy /Users/admin/builder/spi-builder-workspace/.derivedData/Build/Products/Debug-watchos/TonConnectTransport.swiftmodule/arm64_32-apple-watchos.abi.json /Users/admin/builder/spi-builder-workspace/.derivedData/Build/Intermediates.noindex/TonConnect.build/Debug-watchos/TonConnectTransport.build/Objects-normal/arm64_32/TonConnectTransport.abi.json (in target 'TonConnectTransport' from project 'TonConnect')
cd /Users/admin/builder/spi-builder-workspace
builtin-copy -exclude .DS_Store -exclude CVS -exclude .svn -exclude .git -exclude .hg -resolve-src-symlinks -rename /Users/admin/builder/spi-builder-workspace/.derivedData/Build/Intermediates.noindex/TonConnect.build/Debug-watchos/TonConnectTransport.build/Objects-normal/arm64_32/TonConnectTransport.abi.json /Users/admin/builder/spi-builder-workspace/.derivedData/Build/Products/Debug-watchos/TonConnectTransport.swiftmodule/arm64_32-apple-watchos.abi.json
Copy /Users/admin/builder/spi-builder-workspace/.derivedData/Build/Products/Debug-watchos/TonConnectTransport.swiftmodule/arm64-apple-watchos.swiftdoc /Users/admin/builder/spi-builder-workspace/.derivedData/Build/Intermediates.noindex/TonConnect.build/Debug-watchos/TonConnectTransport.build/Objects-normal/arm64/TonConnectTransport.swiftdoc (in target 'TonConnectTransport' from project 'TonConnect')
cd /Users/admin/builder/spi-builder-workspace
builtin-copy -exclude .DS_Store -exclude CVS -exclude .svn -exclude .git -exclude .hg -resolve-src-symlinks -rename /Users/admin/builder/spi-builder-workspace/.derivedData/Build/Intermediates.noindex/TonConnect.build/Debug-watchos/TonConnectTransport.build/Objects-normal/arm64/TonConnectTransport.swiftdoc /Users/admin/builder/spi-builder-workspace/.derivedData/Build/Products/Debug-watchos/TonConnectTransport.swiftmodule/arm64-apple-watchos.swiftdoc
Copy /Users/admin/builder/spi-builder-workspace/.derivedData/Build/Products/Debug-watchos/TonConnectTransport.swiftmodule/arm64-apple-watchos.abi.json /Users/admin/builder/spi-builder-workspace/.derivedData/Build/Intermediates.noindex/TonConnect.build/Debug-watchos/TonConnectTransport.build/Objects-normal/arm64/TonConnectTransport.abi.json (in target 'TonConnectTransport' from project 'TonConnect')
cd /Users/admin/builder/spi-builder-workspace
builtin-copy -exclude .DS_Store -exclude CVS -exclude .svn -exclude .git -exclude .hg -resolve-src-symlinks -rename /Users/admin/builder/spi-builder-workspace/.derivedData/Build/Intermediates.noindex/TonConnect.build/Debug-watchos/TonConnectTransport.build/Objects-normal/arm64/TonConnectTransport.abi.json /Users/admin/builder/spi-builder-workspace/.derivedData/Build/Products/Debug-watchos/TonConnectTransport.swiftmodule/arm64-apple-watchos.abi.json
Copy /Users/admin/builder/spi-builder-workspace/.derivedData/Build/Products/Debug-watchos/TonConnectTransport.swiftmodule/Project/arm64_32-apple-watchos.swiftsourceinfo /Users/admin/builder/spi-builder-workspace/.derivedData/Build/Intermediates.noindex/TonConnect.build/Debug-watchos/TonConnectTransport.build/Objects-normal/arm64_32/TonConnectTransport.swiftsourceinfo (in target 'TonConnectTransport' from project 'TonConnect')
cd /Users/admin/builder/spi-builder-workspace
builtin-copy -exclude .DS_Store -exclude CVS -exclude .svn -exclude .git -exclude .hg -resolve-src-symlinks -rename /Users/admin/builder/spi-builder-workspace/.derivedData/Build/Intermediates.noindex/TonConnect.build/Debug-watchos/TonConnectTransport.build/Objects-normal/arm64_32/TonConnectTransport.swiftsourceinfo /Users/admin/builder/spi-builder-workspace/.derivedData/Build/Products/Debug-watchos/TonConnectTransport.swiftmodule/Project/arm64_32-apple-watchos.swiftsourceinfo
Copy /Users/admin/builder/spi-builder-workspace/.derivedData/Build/Products/Debug-watchos/TonConnectTransport.swiftmodule/Project/arm64-apple-watchos.swiftsourceinfo /Users/admin/builder/spi-builder-workspace/.derivedData/Build/Intermediates.noindex/TonConnect.build/Debug-watchos/TonConnectTransport.build/Objects-normal/arm64/TonConnectTransport.swiftsourceinfo (in target 'TonConnectTransport' from project 'TonConnect')
cd /Users/admin/builder/spi-builder-workspace
builtin-copy -exclude .DS_Store -exclude CVS -exclude .svn -exclude .git -exclude .hg -resolve-src-symlinks -rename /Users/admin/builder/spi-builder-workspace/.derivedData/Build/Intermediates.noindex/TonConnect.build/Debug-watchos/TonConnectTransport.build/Objects-normal/arm64/TonConnectTransport.swiftsourceinfo /Users/admin/builder/spi-builder-workspace/.derivedData/Build/Products/Debug-watchos/TonConnectTransport.swiftmodule/Project/arm64-apple-watchos.swiftsourceinfo
PrecompileModule /Users/admin/builder/spi-builder-workspace/.derivedData/Build/Intermediates.noindex/ExplicitPrecompiledModules/_sys_select-6JY5501BG8HTIGC9P8TEI6ER9.scan
cd /Users/admin/builder/spi-builder-workspace/.swiftpm/xcode
builtin-precompileModule /Users/admin/builder/spi-builder-workspace/.derivedData/Build/Intermediates.noindex/ExplicitPrecompiledModules/_sys_select-6JY5501BG8HTIGC9P8TEI6ER9.scan
PrecompileModule /Users/admin/builder/spi-builder-workspace/.derivedData/Build/Intermediates.noindex/ExplicitPrecompiledModules/runetype-BGSRUDE57FWEKW5MZVHJKQ5TL.scan
cd /Users/admin/builder/spi-builder-workspace/.swiftpm/xcode
builtin-precompileModule /Users/admin/builder/spi-builder-workspace/.derivedData/Build/Intermediates.noindex/ExplicitPrecompiledModules/runetype-BGSRUDE57FWEKW5MZVHJKQ5TL.scan
PrecompileModule /Users/admin/builder/spi-builder-workspace/.derivedData/Build/Intermediates.noindex/ExplicitPrecompiledModules/alloca-BLN9I65AHSB5AC3ZZETG8VD2.scan
cd /Users/admin/builder/spi-builder-workspace/.swiftpm/xcode
builtin-precompileModule /Users/admin/builder/spi-builder-workspace/.derivedData/Build/Intermediates.noindex/ExplicitPrecompiledModules/alloca-BLN9I65AHSB5AC3ZZETG8VD2.scan
PrecompileModule /Users/admin/builder/spi-builder-workspace/.derivedData/Build/Intermediates.noindex/ExplicitPrecompiledModules/_Builtin_stdint-502HWTUS5XB6RPW9DGW21WHUJ.scan
cd /Users/admin/builder/spi-builder-workspace/.swiftpm/xcode
builtin-precompileModule /Users/admin/builder/spi-builder-workspace/.derivedData/Build/Intermediates.noindex/ExplicitPrecompiledModules/_Builtin_stdint-502HWTUS5XB6RPW9DGW21WHUJ.scan
PrecompileModule /Users/admin/builder/spi-builder-workspace/.derivedData/Build/Intermediates.noindex/ExplicitPrecompiledModules/_sys_select-6MSZJX5Q8R7MZSGF6SBEZCLGC.scan
cd /Users/admin/builder/spi-builder-workspace/.swiftpm/xcode
builtin-precompileModule /Users/admin/builder/spi-builder-workspace/.derivedData/Build/Intermediates.noindex/ExplicitPrecompiledModules/_sys_select-6MSZJX5Q8R7MZSGF6SBEZCLGC.scan
PrecompileModule /Users/admin/builder/spi-builder-workspace/.derivedData/Build/Intermediates.noindex/ExplicitPrecompiledModules/_errno-9R01G4MRUAGL6YM0PJELBLM1P.scan
cd /Users/admin/builder/spi-builder-workspace/.swiftpm/xcode
builtin-precompileModule /Users/admin/builder/spi-builder-workspace/.derivedData/Build/Intermediates.noindex/ExplicitPrecompiledModules/_errno-9R01G4MRUAGL6YM0PJELBLM1P.scan
PrecompileModule /Users/admin/builder/spi-builder-workspace/.derivedData/Build/Intermediates.noindex/ExplicitPrecompiledModules/netinet_in-BMDJ46IWEUWJH4QSFO6Z7F14Y.scan
cd /Users/admin/builder/spi-builder-workspace/.swiftpm/xcode
builtin-precompileModule /Users/admin/builder/spi-builder-workspace/.derivedData/Build/Intermediates.noindex/ExplicitPrecompiledModules/netinet_in-BMDJ46IWEUWJH4QSFO6Z7F14Y.scan
PrecompileModule /Users/admin/builder/spi-builder-workspace/.derivedData/Build/Intermediates.noindex/ExplicitPrecompiledModules/alloca-3HZ7JYVNHTGV2DDIBBC7BUSC9.scan
cd /Users/admin/builder/spi-builder-workspace/.swiftpm/xcode
builtin-precompileModule /Users/admin/builder/spi-builder-workspace/.derivedData/Build/Intermediates.noindex/ExplicitPrecompiledModules/alloca-3HZ7JYVNHTGV2DDIBBC7BUSC9.scan
PrecompileModule /Users/admin/builder/spi-builder-workspace/.derivedData/Build/Intermediates.noindex/ExplicitPrecompiledModules/_useconds_t-57PVLM4OE1N79BPG9Q3VDOPKE.scan
cd /Users/admin/builder/spi-builder-workspace/.swiftpm/xcode
builtin-precompileModule /Users/admin/builder/spi-builder-workspace/.derivedData/Build/Intermediates.noindex/ExplicitPrecompiledModules/_useconds_t-57PVLM4OE1N79BPG9Q3VDOPKE.scan
PrecompileModule /Users/admin/builder/spi-builder-workspace/.derivedData/Build/Intermediates.noindex/ExplicitPrecompiledModules/_useconds_t-5M8D86WTKDF8RL6SIYIYISJJH.scan
cd /Users/admin/builder/spi-builder-workspace/.swiftpm/xcode
builtin-precompileModule /Users/admin/builder/spi-builder-workspace/.derivedData/Build/Intermediates.noindex/ExplicitPrecompiledModules/_useconds_t-5M8D86WTKDF8RL6SIYIYISJJH.scan
PrecompileModule /Users/admin/builder/spi-builder-workspace/.derivedData/Build/Intermediates.noindex/ExplicitPrecompiledModules/runetype-37YKT8XN88Z6UN5H30FMFXOKJ.scan
cd /Users/admin/builder/spi-builder-workspace/.swiftpm/xcode
builtin-precompileModule /Users/admin/builder/spi-builder-workspace/.derivedData/Build/Intermediates.noindex/ExplicitPrecompiledModules/runetype-37YKT8XN88Z6UN5H30FMFXOKJ.scan
PrecompileModule /Users/admin/builder/spi-builder-workspace/.derivedData/Build/Intermediates.noindex/ExplicitPrecompiledModules/mach-BYRQ7DWOIINTD3ZMZ1I57UVF3.scan
cd /Users/admin/builder/spi-builder-workspace/.swiftpm/xcode
builtin-precompileModule /Users/admin/builder/spi-builder-workspace/.derivedData/Build/Intermediates.noindex/ExplicitPrecompiledModules/mach-BYRQ7DWOIINTD3ZMZ1I57UVF3.scan
PrecompileModule /Users/admin/builder/spi-builder-workspace/.derivedData/Build/Intermediates.noindex/ExplicitPrecompiledModules/_errno-AFEPTHHMLQMVCKW2CTNCGQ4H3.scan
cd /Users/admin/builder/spi-builder-workspace/.swiftpm/xcode
builtin-precompileModule /Users/admin/builder/spi-builder-workspace/.derivedData/Build/Intermediates.noindex/ExplicitPrecompiledModules/_errno-AFEPTHHMLQMVCKW2CTNCGQ4H3.scan
PrecompileModule /Users/admin/builder/spi-builder-workspace/.derivedData/Build/Intermediates.noindex/ExplicitPrecompiledModules/_stdint-4VW9MV5OAVIOAU7DJO82C58PJ.scan
cd /Users/admin/builder/spi-builder-workspace/.swiftpm/xcode
builtin-precompileModule /Users/admin/builder/spi-builder-workspace/.derivedData/Build/Intermediates.noindex/ExplicitPrecompiledModules/_stdint-4VW9MV5OAVIOAU7DJO82C58PJ.scan
PrecompileModule /Users/admin/builder/spi-builder-workspace/.derivedData/Build/Intermediates.noindex/ExplicitPrecompiledModules/netinet_in-6FQ4FT0RSNOZ7RU7L6AWAW7G0.scan
cd /Users/admin/builder/spi-builder-workspace/.swiftpm/xcode
builtin-precompileModule /Users/admin/builder/spi-builder-workspace/.derivedData/Build/Intermediates.noindex/ExplicitPrecompiledModules/netinet_in-6FQ4FT0RSNOZ7RU7L6AWAW7G0.scan
PrecompileModule /Users/admin/builder/spi-builder-workspace/.derivedData/Build/Intermediates.noindex/ExplicitPrecompiledModules/sys_types-1EMHPNQD2G6SOZTACDDG8VG07.scan
cd /Users/admin/builder/spi-builder-workspace/.swiftpm/xcode
builtin-precompileModule /Users/admin/builder/spi-builder-workspace/.derivedData/Build/Intermediates.noindex/ExplicitPrecompiledModules/sys_types-1EMHPNQD2G6SOZTACDDG8VG07.scan
PrecompileModule /Users/admin/builder/spi-builder-workspace/.derivedData/Build/Intermediates.noindex/ExplicitPrecompiledModules/_Builtin_stdint-F5KSC908PA2XQQTHZX0F3YIOT.scan
cd /Users/admin/builder/spi-builder-workspace/.swiftpm/xcode
builtin-precompileModule /Users/admin/builder/spi-builder-workspace/.derivedData/Build/Intermediates.noindex/ExplicitPrecompiledModules/_Builtin_stdint-F5KSC908PA2XQQTHZX0F3YIOT.scan
PrecompileModule /Users/admin/builder/spi-builder-workspace/.derivedData/Build/Intermediates.noindex/ExplicitPrecompiledModules/sys_types-BKOT0U623RP3V8Y9XBZUE2IU4.scan
cd /Users/admin/builder/spi-builder-workspace/.swiftpm/xcode
builtin-precompileModule /Users/admin/builder/spi-builder-workspace/.derivedData/Build/Intermediates.noindex/ExplicitPrecompiledModules/sys_types-BKOT0U623RP3V8Y9XBZUE2IU4.scan
PrecompileModule /Users/admin/builder/spi-builder-workspace/.derivedData/Build/Intermediates.noindex/ExplicitPrecompiledModules/_signal-9SVNIXNZ4WYVI2IINFFZ5RKJ2.scan
cd /Users/admin/builder/spi-builder-workspace/.swiftpm/xcode
builtin-precompileModule /Users/admin/builder/spi-builder-workspace/.derivedData/Build/Intermediates.noindex/ExplicitPrecompiledModules/_signal-9SVNIXNZ4WYVI2IINFFZ5RKJ2.scan
PrecompileModule /Users/admin/builder/spi-builder-workspace/.derivedData/Build/Intermediates.noindex/ExplicitPrecompiledModules/sys_time-8P7KJUHQBZJAB5J4N9FAEXZD9.scan
cd /Users/admin/builder/spi-builder-workspace/.swiftpm/xcode
builtin-precompileModule /Users/admin/builder/spi-builder-workspace/.derivedData/Build/Intermediates.noindex/ExplicitPrecompiledModules/sys_time-8P7KJUHQBZJAB5J4N9FAEXZD9.scan
PrecompileModule /Users/admin/builder/spi-builder-workspace/.derivedData/Build/Intermediates.noindex/ExplicitPrecompiledModules/sys_resource-9DBAHMH7WV7QDZQTDC7BNMMBT.scan
cd /Users/admin/builder/spi-builder-workspace/.swiftpm/xcode
builtin-precompileModule /Users/admin/builder/spi-builder-workspace/.derivedData/Build/Intermediates.noindex/ExplicitPrecompiledModules/sys_resource-9DBAHMH7WV7QDZQTDC7BNMMBT.scan
PrecompileModule /Users/admin/builder/spi-builder-workspace/.derivedData/Build/Intermediates.noindex/ExplicitPrecompiledModules/_signal-BWR5UHH9WT2MSI761UJX0W056.scan
cd /Users/admin/builder/spi-builder-workspace/.swiftpm/xcode
builtin-precompileModule /Users/admin/builder/spi-builder-workspace/.derivedData/Build/Intermediates.noindex/ExplicitPrecompiledModules/_signal-BWR5UHH9WT2MSI761UJX0W056.scan
PrecompileModule /Users/admin/builder/spi-builder-workspace/.derivedData/Build/Intermediates.noindex/ExplicitPrecompiledModules/sys_resource-DNXSIS8WKALTCFHGHB7C12O3J.scan
cd /Users/admin/builder/spi-builder-workspace/.swiftpm/xcode
builtin-precompileModule /Users/admin/builder/spi-builder-workspace/.derivedData/Build/Intermediates.noindex/ExplicitPrecompiledModules/sys_resource-DNXSIS8WKALTCFHGHB7C12O3J.scan
SwiftCompile normal arm64 Compiling\ NativeFetch.swift /Users/admin/builder/spi-builder-workspace/Sources/TonConnectTransport/NativeFetch.swift (in target 'TonConnectTransport' from project 'TonConnect')
SwiftCompile normal arm64 /Users/admin/builder/spi-builder-workspace/Sources/TonConnectTransport/NativeFetch.swift (in target 'TonConnectTransport' from project 'TonConnect')
cd /Users/admin/builder/spi-builder-workspace/.swiftpm/xcode
/Users/admin/builder/spi-builder-workspace/Sources/TonConnectTransport/NativeFetch.swift:47:17: warning: capture of 'completion' with non-sendable type '(Result<FetchResponse, any Error>) -> Void' in a '@Sendable' closure
completion(.failure(error)); return
^
/Users/admin/builder/spi-builder-workspace/Sources/TonConnectTransport/NativeFetch.swift:47:17: note: a function type must be marked '@Sendable' to conform to 'Sendable'
completion(.failure(error)); return
^
PrecompileModule /Users/admin/builder/spi-builder-workspace/.derivedData/Build/Intermediates.noindex/ExplicitPrecompiledModules/sys_wait-81K5VI11T498LK0V2NFXJM65Y.scan
cd /Users/admin/builder/spi-builder-workspace/.swiftpm/xcode
builtin-precompileModule /Users/admin/builder/spi-builder-workspace/.derivedData/Build/Intermediates.noindex/ExplicitPrecompiledModules/sys_wait-81K5VI11T498LK0V2NFXJM65Y.scan
PrecompileModule /Users/admin/builder/spi-builder-workspace/.derivedData/Build/Intermediates.noindex/ExplicitPrecompiledModules/sys_wait-39ZC1XA8IG5X3W7Z77HKHTBD0.scan
cd /Users/admin/builder/spi-builder-workspace/.swiftpm/xcode
builtin-precompileModule /Users/admin/builder/spi-builder-workspace/.derivedData/Build/Intermediates.noindex/ExplicitPrecompiledModules/sys_wait-39ZC1XA8IG5X3W7Z77HKHTBD0.scan
PrecompileModule /Users/admin/builder/spi-builder-workspace/.derivedData/Build/Intermediates.noindex/ExplicitPrecompiledModules/_stdlib-B26U7MO3NIUE3NSAWC73N1RS6.scan
cd /Users/admin/builder/spi-builder-workspace/.swiftpm/xcode
builtin-precompileModule /Users/admin/builder/spi-builder-workspace/.derivedData/Build/Intermediates.noindex/ExplicitPrecompiledModules/_stdlib-B26U7MO3NIUE3NSAWC73N1RS6.scan
PrecompileModule /Users/admin/builder/spi-builder-workspace/.derivedData/Build/Intermediates.noindex/ExplicitPrecompiledModules/_stdlib-DFHM3Y972OI2P29Q0WQEE9YIA.scan
cd /Users/admin/builder/spi-builder-workspace/.swiftpm/xcode
builtin-precompileModule /Users/admin/builder/spi-builder-workspace/.derivedData/Build/Intermediates.noindex/ExplicitPrecompiledModules/_stdlib-DFHM3Y972OI2P29Q0WQEE9YIA.scan
CompileC /Users/admin/builder/spi-builder-workspace/.derivedData/Build/Intermediates.noindex/TonConnect.build/Debug-watchos/CTweetNacl.build/Objects-normal/arm64/randombytes_shim.o /Users/admin/builder/spi-builder-workspace/Sources/CTweetNacl/randombytes_shim.c normal arm64 c com.apple.compilers.llvm.clang.1_0.compiler (in target 'CTweetNacl' from project 'TonConnect')
cd /Users/admin/builder/spi-builder-workspace/.swiftpm/xcode
Using response file: /Users/admin/builder/spi-builder-workspace/.derivedData/Build/Intermediates.noindex/TonConnect.build/Debug-watchos/CTweetNacl.build/Objects-normal/arm64/7187679823f38a2a940e0043cdf9d637-common-args.resp
/Applications/Xcode-16.3.0.app/Contents/Developer/Toolchains/XcodeDefault.xctoolchain/usr/bin/clang -x c -ivfsstatcache /Users/admin/builder/spi-builder-workspace/.derivedData/SDKStatCaches.noindex/watchos11.4-22T246-43efb940ff07ba2497b70ec94253f576.sdkstatcache -fmessage-length\=0 -fdiagnostics-show-note-include-stack -fmacro-backtrace-limit\=0 -fno-color-diagnostics -fmodules-prune-interval\=86400 -fmodules-prune-after\=345600 -fbuild-session-file\=/Users/admin/builder/spi-builder-workspace/.derivedData/ModuleCache.noindex/Session.modulevalidation -fmodules-validate-once-per-build-session -Wnon-modular-include-in-framework-module -Werror\=non-modular-include-in-framework-module -Wno-trigraphs -Wno-missing-field-initializers -Wno-missing-prototypes -Wno-return-type -Wno-missing-braces -Wparentheses -Wswitch -Wno-unused-function -Wno-unused-label -Wno-unused-parameter -Wno-unused-variable -Wunused-value -Wno-empty-body -Wno-uninitialized -Wno-unknown-pragmas -Wno-shadow -Wno-four-char-constants -Wno-conversion -Wno-constant-conversion -Wno-int-conversion -Wno-bool-conversion -Wno-enum-conversion -Wno-float-conversion -Wno-non-literal-null-conversion -Wno-objc-literal-conversion -Wshorten-64-to-32 -Wpointer-sign -Wno-newline-eof -Wno-implicit-fallthrough -fstrict-aliasing -Wdeprecated-declarations -Wno-sign-conversion -Wno-infinite-recursion -Wno-comma -Wno-block-capture-autoreleasing -Wno-strict-prototypes -Wno-semicolon-before-method-body -index-store-path /Users/admin/builder/spi-builder-workspace/.derivedData/Index.noindex/DataStore @/Users/admin/builder/spi-builder-workspace/.derivedData/Build/Intermediates.noindex/TonConnect.build/Debug-watchos/CTweetNacl.build/Objects-normal/arm64/7187679823f38a2a940e0043cdf9d637-common-args.resp -MMD -MT dependencies -MF /Users/admin/builder/spi-builder-workspace/.derivedData/Build/Intermediates.noindex/TonConnect.build/Debug-watchos/CTweetNacl.build/Objects-normal/arm64/randombytes_shim.d --serialize-diagnostics /Users/admin/builder/spi-builder-workspace/.derivedData/Build/Intermediates.noindex/TonConnect.build/Debug-watchos/CTweetNacl.build/Objects-normal/arm64/randombytes_shim.dia -c /Users/admin/builder/spi-builder-workspace/Sources/CTweetNacl/randombytes_shim.c -o /Users/admin/builder/spi-builder-workspace/.derivedData/Build/Intermediates.noindex/TonConnect.build/Debug-watchos/CTweetNacl.build/Objects-normal/arm64/randombytes_shim.o -index-unit-output-path /TonConnect.build/Debug-watchos/CTweetNacl.build/Objects-normal/arm64/randombytes_shim.o
CompileC /Users/admin/builder/spi-builder-workspace/.derivedData/Build/Intermediates.noindex/TonConnect.build/Debug-watchos/CTweetNacl.build/Objects-normal/arm64_32/randombytes_shim.o /Users/admin/builder/spi-builder-workspace/Sources/CTweetNacl/randombytes_shim.c normal arm64_32 c com.apple.compilers.llvm.clang.1_0.compiler (in target 'CTweetNacl' from project 'TonConnect')
cd /Users/admin/builder/spi-builder-workspace/.swiftpm/xcode
Using response file: /Users/admin/builder/spi-builder-workspace/.derivedData/Build/Intermediates.noindex/TonConnect.build/Debug-watchos/CTweetNacl.build/Objects-normal/arm64_32/7187679823f38a2a940e0043cdf9d637-common-args.resp
/Applications/Xcode-16.3.0.app/Contents/Developer/Toolchains/XcodeDefault.xctoolchain/usr/bin/clang -x c -ivfsstatcache /Users/admin/builder/spi-builder-workspace/.derivedData/SDKStatCaches.noindex/watchos11.4-22T246-43efb940ff07ba2497b70ec94253f576.sdkstatcache -fmessage-length\=0 -fdiagnostics-show-note-include-stack -fmacro-backtrace-limit\=0 -fno-color-diagnostics -fmodules-prune-interval\=86400 -fmodules-prune-after\=345600 -fbuild-session-file\=/Users/admin/builder/spi-builder-workspace/.derivedData/ModuleCache.noindex/Session.modulevalidation -fmodules-validate-once-per-build-session -Wnon-modular-include-in-framework-module -Werror\=non-modular-include-in-framework-module -Wno-trigraphs -Wno-missing-field-initializers -Wno-missing-prototypes -Wno-return-type -Wno-missing-braces -Wparentheses -Wswitch -Wno-unused-function -Wno-unused-label -Wno-unused-parameter -Wno-unused-variable -Wunused-value -Wno-empty-body -Wno-uninitialized -Wno-unknown-pragmas -Wno-shadow -Wno-four-char-constants -Wno-conversion -Wno-constant-conversion -Wno-int-conversion -Wno-bool-conversion -Wno-enum-conversion -Wno-float-conversion -Wno-non-literal-null-conversion -Wno-objc-literal-conversion -Wno-shorten-64-to-32 -Wpointer-sign -Wno-newline-eof -Wno-implicit-fallthrough -fstrict-aliasing -Wdeprecated-declarations -Wno-sign-conversion -Wno-infinite-recursion -Wno-comma -Wno-block-capture-autoreleasing -Wno-strict-prototypes -Wno-semicolon-before-method-body -index-store-path /Users/admin/builder/spi-builder-workspace/.derivedData/Index.noindex/DataStore @/Users/admin/builder/spi-builder-workspace/.derivedData/Build/Intermediates.noindex/TonConnect.build/Debug-watchos/CTweetNacl.build/Objects-normal/arm64_32/7187679823f38a2a940e0043cdf9d637-common-args.resp -MMD -MT dependencies -MF /Users/admin/builder/spi-builder-workspace/.derivedData/Build/Intermediates.noindex/TonConnect.build/Debug-watchos/CTweetNacl.build/Objects-normal/arm64_32/randombytes_shim.d --serialize-diagnostics /Users/admin/builder/spi-builder-workspace/.derivedData/Build/Intermediates.noindex/TonConnect.build/Debug-watchos/CTweetNacl.build/Objects-normal/arm64_32/randombytes_shim.dia -c /Users/admin/builder/spi-builder-workspace/Sources/CTweetNacl/randombytes_shim.c -o /Users/admin/builder/spi-builder-workspace/.derivedData/Build/Intermediates.noindex/TonConnect.build/Debug-watchos/CTweetNacl.build/Objects-normal/arm64_32/randombytes_shim.o -index-unit-output-path /TonConnect.build/Debug-watchos/CTweetNacl.build/Objects-normal/arm64_32/randombytes_shim.o
Ld /Users/admin/builder/spi-builder-workspace/.derivedData/Build/Intermediates.noindex/TonConnect.build/Debug-watchos/CTweetNacl.build/Objects-normal/arm64/Binary/CTweetNacl.o normal arm64 (in target 'CTweetNacl' from project 'TonConnect')
cd /Users/admin/builder/spi-builder-workspace
/Applications/Xcode-16.3.0.app/Contents/Developer/Toolchains/XcodeDefault.xctoolchain/usr/bin/clang -Xlinker -reproducible -target arm64-apple-watchos9.0 -r -isysroot /Applications/Xcode-16.3.0.app/Contents/Developer/Platforms/WatchOS.platform/Developer/SDKs/WatchOS11.4.sdk -O0 -L/Users/admin/builder/spi-builder-workspace/.derivedData/Build/Intermediates.noindex/EagerLinkingTBDs/Debug-watchos -L/Users/admin/builder/spi-builder-workspace/.derivedData/Build/Products/Debug-watchos -L/Applications/Xcode-16.3.0.app/Contents/Developer/Platforms/WatchOS.platform/Developer/usr/lib -F/Users/admin/builder/spi-builder-workspace/.derivedData/Build/Intermediates.noindex/EagerLinkingTBDs/Debug-watchos -F/Users/admin/builder/spi-builder-workspace/.derivedData/Build/Products/Debug-watchos -iframework /Applications/Xcode-16.3.0.app/Contents/Developer/Platforms/WatchOS.platform/Developer/Library/Frameworks -iframework /Applications/Xcode-16.3.0.app/Contents/Developer/Platforms/WatchOS.platform/Developer/SDKs/WatchOS11.4.sdk/Developer/Library/Frameworks -filelist /Users/admin/builder/spi-builder-workspace/.derivedData/Build/Intermediates.noindex/TonConnect.build/Debug-watchos/CTweetNacl.build/Objects-normal/arm64/CTweetNacl.LinkFileList -nostdlib -Xlinker -object_path_lto -Xlinker /Users/admin/builder/spi-builder-workspace/.derivedData/Build/Intermediates.noindex/TonConnect.build/Debug-watchos/CTweetNacl.build/Objects-normal/arm64/CTweetNacl_lto.o -rdynamic -Xlinker -no_deduplicate -Xlinker -debug_variant -Xlinker -dependency_info -Xlinker /Users/admin/builder/spi-builder-workspace/.derivedData/Build/Intermediates.noindex/TonConnect.build/Debug-watchos/CTweetNacl.build/Objects-normal/arm64/CTweetNacl_dependency_info.dat -o /Users/admin/builder/spi-builder-workspace/.derivedData/Build/Intermediates.noindex/TonConnect.build/Debug-watchos/CTweetNacl.build/Objects-normal/arm64/Binary/CTweetNacl.o
Ld /Users/admin/builder/spi-builder-workspace/.derivedData/Build/Intermediates.noindex/TonConnect.build/Debug-watchos/CTweetNacl.build/Objects-normal/arm64_32/Binary/CTweetNacl.o normal arm64_32 (in target 'CTweetNacl' from project 'TonConnect')
cd /Users/admin/builder/spi-builder-workspace
/Applications/Xcode-16.3.0.app/Contents/Developer/Toolchains/XcodeDefault.xctoolchain/usr/bin/clang -Xlinker -reproducible -target arm64_32-apple-watchos9.0 -r -isysroot /Applications/Xcode-16.3.0.app/Contents/Developer/Platforms/WatchOS.platform/Developer/SDKs/WatchOS11.4.sdk -O0 -L/Users/admin/builder/spi-builder-workspace/.derivedData/Build/Intermediates.noindex/EagerLinkingTBDs/Debug-watchos -L/Users/admin/builder/spi-builder-workspace/.derivedData/Build/Products/Debug-watchos -L/Applications/Xcode-16.3.0.app/Contents/Developer/Platforms/WatchOS.platform/Developer/usr/lib -F/Users/admin/builder/spi-builder-workspace/.derivedData/Build/Intermediates.noindex/EagerLinkingTBDs/Debug-watchos -F/Users/admin/builder/spi-builder-workspace/.derivedData/Build/Products/Debug-watchos -iframework /Applications/Xcode-16.3.0.app/Contents/Developer/Platforms/WatchOS.platform/Developer/Library/Frameworks -iframework /Applications/Xcode-16.3.0.app/Contents/Developer/Platforms/WatchOS.platform/Developer/SDKs/WatchOS11.4.sdk/Developer/Library/Frameworks -filelist /Users/admin/builder/spi-builder-workspace/.derivedData/Build/Intermediates.noindex/TonConnect.build/Debug-watchos/CTweetNacl.build/Objects-normal/arm64_32/CTweetNacl.LinkFileList -nostdlib -Xlinker -object_path_lto -Xlinker /Users/admin/builder/spi-builder-workspace/.derivedData/Build/Intermediates.noindex/TonConnect.build/Debug-watchos/CTweetNacl.build/Objects-normal/arm64_32/CTweetNacl_lto.o -rdynamic -Xlinker -no_deduplicate -Xlinker -debug_variant -Xlinker -dependency_info -Xlinker /Users/admin/builder/spi-builder-workspace/.derivedData/Build/Intermediates.noindex/TonConnect.build/Debug-watchos/CTweetNacl.build/Objects-normal/arm64_32/CTweetNacl_dependency_info.dat -o /Users/admin/builder/spi-builder-workspace/.derivedData/Build/Intermediates.noindex/TonConnect.build/Debug-watchos/CTweetNacl.build/Objects-normal/arm64_32/Binary/CTweetNacl.o
SwiftCompile normal arm64_32 Compiling\ TonConnectError.swift,\ Account+UserFriendly.swift,\ Account.swift /Users/admin/builder/spi-builder-workspace/Sources/TonConnectCore/Errors/TonConnectError.swift /Users/admin/builder/spi-builder-workspace/Sources/TonConnectCore/Models/Account+UserFriendly.swift /Users/admin/builder/spi-builder-workspace/Sources/TonConnectCore/Models/Account.swift (in target 'TonConnectCore' from project 'TonConnect')
SwiftCompile normal arm64_32 /Users/admin/builder/spi-builder-workspace/Sources/TonConnectCore/Errors/TonConnectError.swift (in target 'TonConnectCore' from project 'TonConnect')
cd /Users/admin/builder/spi-builder-workspace/.swiftpm/xcode
SwiftCompile normal arm64_32 /Users/admin/builder/spi-builder-workspace/Sources/TonConnectCore/Models/Account+UserFriendly.swift (in target 'TonConnectCore' from project 'TonConnect')
cd /Users/admin/builder/spi-builder-workspace/.swiftpm/xcode
SwiftCompile normal arm64_32 /Users/admin/builder/spi-builder-workspace/Sources/TonConnectCore/Models/Account.swift (in target 'TonConnectCore' from project 'TonConnect')
cd /Users/admin/builder/spi-builder-workspace/.swiftpm/xcode
CreateUniversalBinary /Users/admin/builder/spi-builder-workspace/.derivedData/Build/Products/Debug-watchos/CTweetNacl.o normal arm64\ arm64_32 (in target 'CTweetNacl' from project 'TonConnect')
cd /Users/admin/builder/spi-builder-workspace
/Applications/Xcode-16.3.0.app/Contents/Developer/Toolchains/XcodeDefault.xctoolchain/usr/bin/lipo -create /Users/admin/builder/spi-builder-workspace/.derivedData/Build/Intermediates.noindex/TonConnect.build/Debug-watchos/CTweetNacl.build/Objects-normal/arm64/Binary/CTweetNacl.o /Users/admin/builder/spi-builder-workspace/.derivedData/Build/Intermediates.noindex/TonConnect.build/Debug-watchos/CTweetNacl.build/Objects-normal/arm64_32/Binary/CTweetNacl.o -output /Users/admin/builder/spi-builder-workspace/.derivedData/Build/Products/Debug-watchos/CTweetNacl.o
SwiftDriverJobDiscovery normal arm64 Emitting module for TonConnectCore (in target 'TonConnectCore' from project 'TonConnect')
SwiftDriver\ Compilation\ Requirements TonConnectCore normal arm64 com.apple.xcode.tools.swift.compiler (in target 'TonConnectCore' from project 'TonConnect')
cd /Users/admin/builder/spi-builder-workspace/.swiftpm/xcode
builtin-Swift-Compilation-Requirements -- /Applications/Xcode-16.3.0.app/Contents/Developer/Toolchains/XcodeDefault.xctoolchain/usr/bin/swiftc -module-name TonConnectCore -Onone -enforce-exclusivity\=checked @/Users/admin/builder/spi-builder-workspace/.derivedData/Build/Intermediates.noindex/TonConnect.build/Debug-watchos/TonConnectCore.build/Objects-normal/arm64/TonConnectCore.SwiftFileList -DSWIFT_PACKAGE -DDEBUG -stats-output-dir .stats -strict-concurrency\=complete -enable-upcoming-feature StrictConcurrency -enable-upcoming-feature DisableOutwardActorInference -enable-upcoming-feature GlobalActorIsolatedTypesUsability -enable-upcoming-feature InferSendableFromCaptures -plugin-path /Applications/Xcode-16.3.0.app/Contents/Developer/Toolchains/XcodeDefault.xctoolchain/usr/lib/swift/host/plugins/testing -enable-experimental-feature DebugDescriptionMacro -sdk /Applications/Xcode-16.3.0.app/Contents/Developer/Platforms/WatchOS.platform/Developer/SDKs/WatchOS11.4.sdk -target arm64-apple-watchos9.0 -g -module-cache-path /Users/admin/builder/spi-builder-workspace/.derivedData/ModuleCache.noindex -Xfrontend -serialize-debugging-options -profile-coverage-mapping -profile-generate -enable-testing -index-store-path /Users/admin/builder/spi-builder-workspace/.derivedData/Index.noindex/DataStore -swift-version 5 -I /Users/admin/builder/spi-builder-workspace/.derivedData/Build/Products/Debug-watchos -I /Applications/Xcode-16.3.0.app/Contents/Developer/Platforms/WatchOS.platform/Developer/usr/lib -F /Users/admin/builder/spi-builder-workspace/.derivedData/Build/Products/Debug-watchos -F /Applications/Xcode-16.3.0.app/Contents/Developer/Platforms/WatchOS.platform/Developer/Library/Frameworks -F /Applications/Xcode-16.3.0.app/Contents/Developer/Platforms/WatchOS.platform/Developer/SDKs/WatchOS11.4.sdk/Developer/Library/Frameworks -c -j10 -enable-batch-mode -incremental -Xcc -ivfsstatcache -Xcc /Users/admin/builder/spi-builder-workspace/.derivedData/SDKStatCaches.noindex/watchos11.4-22T246-43efb940ff07ba2497b70ec94253f576.sdkstatcache -output-file-map /Users/admin/builder/spi-builder-workspace/.derivedData/Build/Intermediates.noindex/TonConnect.build/Debug-watchos/TonConnectCore.build/Objects-normal/arm64/TonConnectCore-OutputFileMap.json -use-frontend-parseable-output -save-temps -no-color-diagnostics -serialize-diagnostics -emit-dependencies -emit-module -emit-module-path /Users/admin/builder/spi-builder-workspace/.derivedData/Build/Intermediates.noindex/TonConnect.build/Debug-watchos/TonConnectCore.build/Objects-normal/arm64/TonConnectCore.swiftmodule -validate-clang-modules-once -clang-build-session-file /Users/admin/builder/spi-builder-workspace/.derivedData/ModuleCache.noindex/Session.modulevalidation -package-name spi_builder_workspace -Xcc -I/Users/admin/builder/spi-builder-workspace/.derivedData/Build/Intermediates.noindex/TonConnect.build/Debug-watchos/TonConnectCore.build/swift-overrides.hmap -emit-const-values -Xfrontend -const-gather-protocols-file -Xfrontend /Users/admin/builder/spi-builder-workspace/.derivedData/Build/Intermediates.noindex/TonConnect.build/Debug-watchos/TonConnectCore.build/Objects-normal/arm64/TonConnectCore_const_extract_protocols.json -Xcc -I/Users/admin/builder/spi-builder-workspace/.derivedData/Build/Products/Debug-watchos/include -Xcc -I/Users/admin/builder/spi-builder-workspace/.derivedData/Build/Intermediates.noindex/TonConnect.build/Debug-watchos/TonConnectCore.build/DerivedSources-normal/arm64 -Xcc -I/Users/admin/builder/spi-builder-workspace/.derivedData/Build/Intermediates.noindex/TonConnect.build/Debug-watchos/TonConnectCore.build/DerivedSources/arm64 -Xcc -I/Users/admin/builder/spi-builder-workspace/.derivedData/Build/Intermediates.noindex/TonConnect.build/Debug-watchos/TonConnectCore.build/DerivedSources -Xcc -DSWIFT_PACKAGE -Xcc -DDEBUG\=1 -emit-objc-header -emit-objc-header-path /Users/admin/builder/spi-builder-workspace/.derivedData/Build/Intermediates.noindex/TonConnect.build/Debug-watchos/TonConnectCore.build/Objects-normal/arm64/TonConnectCore-Swift.h -working-directory /Users/admin/builder/spi-builder-workspace/.swiftpm/xcode -experimental-emit-module-separately -disable-cmo
SwiftDriverJobDiscovery normal arm64_32 Emitting module for TonConnectCore (in target 'TonConnectCore' from project 'TonConnect')
SwiftDriver\ Compilation\ Requirements TonConnectCore normal arm64_32 com.apple.xcode.tools.swift.compiler (in target 'TonConnectCore' from project 'TonConnect')
cd /Users/admin/builder/spi-builder-workspace/.swiftpm/xcode
builtin-Swift-Compilation-Requirements -- /Applications/Xcode-16.3.0.app/Contents/Developer/Toolchains/XcodeDefault.xctoolchain/usr/bin/swiftc -module-name TonConnectCore -Onone -enforce-exclusivity\=checked @/Users/admin/builder/spi-builder-workspace/.derivedData/Build/Intermediates.noindex/TonConnect.build/Debug-watchos/TonConnectCore.build/Objects-normal/arm64_32/TonConnectCore.SwiftFileList -DSWIFT_PACKAGE -DDEBUG -stats-output-dir .stats -strict-concurrency\=complete -enable-upcoming-feature StrictConcurrency -enable-upcoming-feature DisableOutwardActorInference -enable-upcoming-feature GlobalActorIsolatedTypesUsability -enable-upcoming-feature InferSendableFromCaptures -plugin-path /Applications/Xcode-16.3.0.app/Contents/Developer/Toolchains/XcodeDefault.xctoolchain/usr/lib/swift/host/plugins/testing -enable-experimental-feature DebugDescriptionMacro -sdk /Applications/Xcode-16.3.0.app/Contents/Developer/Platforms/WatchOS.platform/Developer/SDKs/WatchOS11.4.sdk -target arm64_32-apple-watchos9.0 -g -module-cache-path /Users/admin/builder/spi-builder-workspace/.derivedData/ModuleCache.noindex -Xfrontend -serialize-debugging-options -profile-coverage-mapping -profile-generate -enable-testing -index-store-path /Users/admin/builder/spi-builder-workspace/.derivedData/Index.noindex/DataStore -swift-version 5 -I /Users/admin/builder/spi-builder-workspace/.derivedData/Build/Products/Debug-watchos -I /Applications/Xcode-16.3.0.app/Contents/Developer/Platforms/WatchOS.platform/Developer/usr/lib -F /Users/admin/builder/spi-builder-workspace/.derivedData/Build/Products/Debug-watchos -F /Applications/Xcode-16.3.0.app/Contents/Developer/Platforms/WatchOS.platform/Developer/Library/Frameworks -F /Applications/Xcode-16.3.0.app/Contents/Developer/Platforms/WatchOS.platform/Developer/SDKs/WatchOS11.4.sdk/Developer/Library/Frameworks -c -j10 -enable-batch-mode -incremental -Xcc -ivfsstatcache -Xcc /Users/admin/builder/spi-builder-workspace/.derivedData/SDKStatCaches.noindex/watchos11.4-22T246-43efb940ff07ba2497b70ec94253f576.sdkstatcache -output-file-map /Users/admin/builder/spi-builder-workspace/.derivedData/Build/Intermediates.noindex/TonConnect.build/Debug-watchos/TonConnectCore.build/Objects-normal/arm64_32/TonConnectCore-OutputFileMap.json -use-frontend-parseable-output -save-temps -no-color-diagnostics -serialize-diagnostics -emit-dependencies -emit-module -emit-module-path /Users/admin/builder/spi-builder-workspace/.derivedData/Build/Intermediates.noindex/TonConnect.build/Debug-watchos/TonConnectCore.build/Objects-normal/arm64_32/TonConnectCore.swiftmodule -validate-clang-modules-once -clang-build-session-file /Users/admin/builder/spi-builder-workspace/.derivedData/ModuleCache.noindex/Session.modulevalidation -package-name spi_builder_workspace -Xcc -I/Users/admin/builder/spi-builder-workspace/.derivedData/Build/Intermediates.noindex/TonConnect.build/Debug-watchos/TonConnectCore.build/swift-overrides.hmap -emit-const-values -Xfrontend -const-gather-protocols-file -Xfrontend /Users/admin/builder/spi-builder-workspace/.derivedData/Build/Intermediates.noindex/TonConnect.build/Debug-watchos/TonConnectCore.build/Objects-normal/arm64_32/TonConnectCore_const_extract_protocols.json -Xcc -I/Users/admin/builder/spi-builder-workspace/.derivedData/Build/Products/Debug-watchos/include -Xcc -I/Users/admin/builder/spi-builder-workspace/.derivedData/Build/Intermediates.noindex/TonConnect.build/Debug-watchos/TonConnectCore.build/DerivedSources-normal/arm64_32 -Xcc -I/Users/admin/builder/spi-builder-workspace/.derivedData/Build/Intermediates.noindex/TonConnect.build/Debug-watchos/TonConnectCore.build/DerivedSources/arm64_32 -Xcc -I/Users/admin/builder/spi-builder-workspace/.derivedData/Build/Intermediates.noindex/TonConnect.build/Debug-watchos/TonConnectCore.build/DerivedSources -Xcc -DSWIFT_PACKAGE -Xcc -DDEBUG\=1 -emit-objc-header -emit-objc-header-path /Users/admin/builder/spi-builder-workspace/.derivedData/Build/Intermediates.noindex/TonConnect.build/Debug-watchos/TonConnectCore.build/Objects-normal/arm64_32/TonConnectCore-Swift.h -working-directory /Users/admin/builder/spi-builder-workspace/.swiftpm/xcode -experimental-emit-module-separately -disable-cmo
Copy /Users/admin/builder/spi-builder-workspace/.derivedData/Build/Products/Debug-watchos/TonConnectCore.swiftmodule/arm64-apple-watchos.swiftmodule /Users/admin/builder/spi-builder-workspace/.derivedData/Build/Intermediates.noindex/TonConnect.build/Debug-watchos/TonConnectCore.build/Objects-normal/arm64/TonConnectCore.swiftmodule (in target 'TonConnectCore' from project 'TonConnect')
cd /Users/admin/builder/spi-builder-workspace
builtin-copy -exclude .DS_Store -exclude CVS -exclude .svn -exclude .git -exclude .hg -resolve-src-symlinks -rename /Users/admin/builder/spi-builder-workspace/.derivedData/Build/Intermediates.noindex/TonConnect.build/Debug-watchos/TonConnectCore.build/Objects-normal/arm64/TonConnectCore.swiftmodule /Users/admin/builder/spi-builder-workspace/.derivedData/Build/Products/Debug-watchos/TonConnectCore.swiftmodule/arm64-apple-watchos.swiftmodule
SwiftMergeGeneratedHeaders /Users/admin/builder/spi-builder-workspace/.derivedData/Build/Intermediates.noindex/GeneratedModuleMaps-watchos/TonConnectCore-Swift.h /Users/admin/builder/spi-builder-workspace/.derivedData/Build/Intermediates.noindex/TonConnect.build/Debug-watchos/TonConnectCore.build/Objects-normal/arm64/TonConnectCore-Swift.h /Users/admin/builder/spi-builder-workspace/.derivedData/Build/Intermediates.noindex/TonConnect.build/Debug-watchos/TonConnectCore.build/Objects-normal/arm64_32/TonConnectCore-Swift.h (in target 'TonConnectCore' from project 'TonConnect')
cd /Users/admin/builder/spi-builder-workspace
builtin-swiftHeaderTool -arch arm64 /Users/admin/builder/spi-builder-workspace/.derivedData/Build/Intermediates.noindex/TonConnect.build/Debug-watchos/TonConnectCore.build/Objects-normal/arm64/TonConnectCore-Swift.h -arch arm64_32 /Users/admin/builder/spi-builder-workspace/.derivedData/Build/Intermediates.noindex/TonConnect.build/Debug-watchos/TonConnectCore.build/Objects-normal/arm64_32/TonConnectCore-Swift.h -o /Users/admin/builder/spi-builder-workspace/.derivedData/Build/Intermediates.noindex/GeneratedModuleMaps-watchos/TonConnectCore-Swift.h
Copy /Users/admin/builder/spi-builder-workspace/.derivedData/Build/Products/Debug-watchos/TonConnectCore.swiftmodule/arm64_32-apple-watchos.swiftmodule /Users/admin/builder/spi-builder-workspace/.derivedData/Build/Intermediates.noindex/TonConnect.build/Debug-watchos/TonConnectCore.build/Objects-normal/arm64_32/TonConnectCore.swiftmodule (in target 'TonConnectCore' from project 'TonConnect')
cd /Users/admin/builder/spi-builder-workspace
builtin-copy -exclude .DS_Store -exclude CVS -exclude .svn -exclude .git -exclude .hg -resolve-src-symlinks -rename /Users/admin/builder/spi-builder-workspace/.derivedData/Build/Intermediates.noindex/TonConnect.build/Debug-watchos/TonConnectCore.build/Objects-normal/arm64_32/TonConnectCore.swiftmodule /Users/admin/builder/spi-builder-workspace/.derivedData/Build/Products/Debug-watchos/TonConnectCore.swiftmodule/arm64_32-apple-watchos.swiftmodule
Copy /Users/admin/builder/spi-builder-workspace/.derivedData/Build/Products/Debug-watchos/TonConnectCore.swiftmodule/arm64_32-apple-watchos.swiftdoc /Users/admin/builder/spi-builder-workspace/.derivedData/Build/Intermediates.noindex/TonConnect.build/Debug-watchos/TonConnectCore.build/Objects-normal/arm64_32/TonConnectCore.swiftdoc (in target 'TonConnectCore' from project 'TonConnect')
cd /Users/admin/builder/spi-builder-workspace
builtin-copy -exclude .DS_Store -exclude CVS -exclude .svn -exclude .git -exclude .hg -resolve-src-symlinks -rename /Users/admin/builder/spi-builder-workspace/.derivedData/Build/Intermediates.noindex/TonConnect.build/Debug-watchos/TonConnectCore.build/Objects-normal/arm64_32/TonConnectCore.swiftdoc /Users/admin/builder/spi-builder-workspace/.derivedData/Build/Products/Debug-watchos/TonConnectCore.swiftmodule/arm64_32-apple-watchos.swiftdoc
Copy /Users/admin/builder/spi-builder-workspace/.derivedData/Build/Products/Debug-watchos/TonConnectCore.swiftmodule/arm64_32-apple-watchos.abi.json /Users/admin/builder/spi-builder-workspace/.derivedData/Build/Intermediates.noindex/TonConnect.build/Debug-watchos/TonConnectCore.build/Objects-normal/arm64_32/TonConnectCore.abi.json (in target 'TonConnectCore' from project 'TonConnect')
cd /Users/admin/builder/spi-builder-workspace
builtin-copy -exclude .DS_Store -exclude CVS -exclude .svn -exclude .git -exclude .hg -resolve-src-symlinks -rename /Users/admin/builder/spi-builder-workspace/.derivedData/Build/Intermediates.noindex/TonConnect.build/Debug-watchos/TonConnectCore.build/Objects-normal/arm64_32/TonConnectCore.abi.json /Users/admin/builder/spi-builder-workspace/.derivedData/Build/Products/Debug-watchos/TonConnectCore.swiftmodule/arm64_32-apple-watchos.abi.json
Copy /Users/admin/builder/spi-builder-workspace/.derivedData/Build/Products/Debug-watchos/TonConnectCore.swiftmodule/arm64-apple-watchos.swiftdoc /Users/admin/builder/spi-builder-workspace/.derivedData/Build/Intermediates.noindex/TonConnect.build/Debug-watchos/TonConnectCore.build/Objects-normal/arm64/TonConnectCore.swiftdoc (in target 'TonConnectCore' from project 'TonConnect')
cd /Users/admin/builder/spi-builder-workspace
builtin-copy -exclude .DS_Store -exclude CVS -exclude .svn -exclude .git -exclude .hg -resolve-src-symlinks -rename /Users/admin/builder/spi-builder-workspace/.derivedData/Build/Intermediates.noindex/TonConnect.build/Debug-watchos/TonConnectCore.build/Objects-normal/arm64/TonConnectCore.swiftdoc /Users/admin/builder/spi-builder-workspace/.derivedData/Build/Products/Debug-watchos/TonConnectCore.swiftmodule/arm64-apple-watchos.swiftdoc
Copy /Users/admin/builder/spi-builder-workspace/.derivedData/Build/Products/Debug-watchos/TonConnectCore.swiftmodule/arm64-apple-watchos.abi.json /Users/admin/builder/spi-builder-workspace/.derivedData/Build/Intermediates.noindex/TonConnect.build/Debug-watchos/TonConnectCore.build/Objects-normal/arm64/TonConnectCore.abi.json (in target 'TonConnectCore' from project 'TonConnect')
cd /Users/admin/builder/spi-builder-workspace
builtin-copy -exclude .DS_Store -exclude CVS -exclude .svn -exclude .git -exclude .hg -resolve-src-symlinks -rename /Users/admin/builder/spi-builder-workspace/.derivedData/Build/Intermediates.noindex/TonConnect.build/Debug-watchos/TonConnectCore.build/Objects-normal/arm64/TonConnectCore.abi.json /Users/admin/builder/spi-builder-workspace/.derivedData/Build/Products/Debug-watchos/TonConnectCore.swiftmodule/arm64-apple-watchos.abi.json
Copy /Users/admin/builder/spi-builder-workspace/.derivedData/Build/Products/Debug-watchos/TonConnectCore.swiftmodule/Project/arm64_32-apple-watchos.swiftsourceinfo /Users/admin/builder/spi-builder-workspace/.derivedData/Build/Intermediates.noindex/TonConnect.build/Debug-watchos/TonConnectCore.build/Objects-normal/arm64_32/TonConnectCore.swiftsourceinfo (in target 'TonConnectCore' from project 'TonConnect')
cd /Users/admin/builder/spi-builder-workspace
builtin-copy -exclude .DS_Store -exclude CVS -exclude .svn -exclude .git -exclude .hg -resolve-src-symlinks -rename /Users/admin/builder/spi-builder-workspace/.derivedData/Build/Intermediates.noindex/TonConnect.build/Debug-watchos/TonConnectCore.build/Objects-normal/arm64_32/TonConnectCore.swiftsourceinfo /Users/admin/builder/spi-builder-workspace/.derivedData/Build/Products/Debug-watchos/TonConnectCore.swiftmodule/Project/arm64_32-apple-watchos.swiftsourceinfo
Copy /Users/admin/builder/spi-builder-workspace/.derivedData/Build/Products/Debug-watchos/TonConnectCore.swiftmodule/Project/arm64-apple-watchos.swiftsourceinfo /Users/admin/builder/spi-builder-workspace/.derivedData/Build/Intermediates.noindex/TonConnect.build/Debug-watchos/TonConnectCore.build/Objects-normal/arm64/TonConnectCore.swiftsourceinfo (in target 'TonConnectCore' from project 'TonConnect')
cd /Users/admin/builder/spi-builder-workspace
builtin-copy -exclude .DS_Store -exclude CVS -exclude .svn -exclude .git -exclude .hg -resolve-src-symlinks -rename /Users/admin/builder/spi-builder-workspace/.derivedData/Build/Intermediates.noindex/TonConnect.build/Debug-watchos/TonConnectCore.build/Objects-normal/arm64/TonConnectCore.swiftsourceinfo /Users/admin/builder/spi-builder-workspace/.derivedData/Build/Products/Debug-watchos/TonConnectCore.swiftmodule/Project/arm64-apple-watchos.swiftsourceinfo
SwiftCompile normal arm64 Compiling\ ConnectRequest.swift,\ ConnectionState.swift /Users/admin/builder/spi-builder-workspace/Sources/TonConnectCore/Models/ConnectRequest.swift /Users/admin/builder/spi-builder-workspace/Sources/TonConnectCore/Models/ConnectionState.swift (in target 'TonConnectCore' from project 'TonConnect')
SwiftCompile normal arm64 /Users/admin/builder/spi-builder-workspace/Sources/TonConnectCore/Models/ConnectRequest.swift (in target 'TonConnectCore' from project 'TonConnect')
cd /Users/admin/builder/spi-builder-workspace/.swiftpm/xcode
SwiftCompile normal arm64 /Users/admin/builder/spi-builder-workspace/Sources/TonConnectCore/Models/ConnectionState.swift (in target 'TonConnectCore' from project 'TonConnect')
cd /Users/admin/builder/spi-builder-workspace/.swiftpm/xcode
SwiftCompile normal arm64 Compiling\ AppRequest.swift,\ ConnectEvent.swift /Users/admin/builder/spi-builder-workspace/Sources/TonConnectCore/Models/AppRequest.swift /Users/admin/builder/spi-builder-workspace/Sources/TonConnectCore/Models/ConnectEvent.swift (in target 'TonConnectCore' from project 'TonConnect')
SwiftCompile normal arm64 /Users/admin/builder/spi-builder-workspace/Sources/TonConnectCore/Models/AppRequest.swift (in target 'TonConnectCore' from project 'TonConnect')
cd /Users/admin/builder/spi-builder-workspace/.swiftpm/xcode
SwiftCompile normal arm64 /Users/admin/builder/spi-builder-workspace/Sources/TonConnectCore/Models/ConnectEvent.swift (in target 'TonConnectCore' from project 'TonConnect')
cd /Users/admin/builder/spi-builder-workspace/.swiftpm/xcode
SwiftCompile normal arm64 Compiling\ TonConnectEngine.swift,\ TonConnectEvent.swift /Users/admin/builder/spi-builder-workspace/Sources/TonConnectCore/TonConnectEngine.swift /Users/admin/builder/spi-builder-workspace/Sources/TonConnectCore/TonConnectEvent.swift (in target 'TonConnectCore' from project 'TonConnect')
SwiftCompile normal arm64 /Users/admin/builder/spi-builder-workspace/Sources/TonConnectCore/TonConnectEngine.swift (in target 'TonConnectCore' from project 'TonConnect')
cd /Users/admin/builder/spi-builder-workspace/.swiftpm/xcode
SwiftCompile normal arm64 /Users/admin/builder/spi-builder-workspace/Sources/TonConnectCore/TonConnectEvent.swift (in target 'TonConnectCore' from project 'TonConnect')
cd /Users/admin/builder/spi-builder-workspace/.swiftpm/xcode
SwiftDriverJobDiscovery normal arm64 Compiling ConnectRequest.swift, ConnectionState.swift (in target 'TonConnectCore' from project 'TonConnect')
SwiftCompile normal arm64_32 Compiling\ WalletResponse.swift,\ InMemoryStorage.swift /Users/admin/builder/spi-builder-workspace/Sources/TonConnectCore/Models/WalletResponse.swift /Users/admin/builder/spi-builder-workspace/Sources/TonConnectCore/Storage/InMemoryStorage.swift (in target 'TonConnectCore' from project 'TonConnect')
SwiftCompile normal arm64_32 /Users/admin/builder/spi-builder-workspace/Sources/TonConnectCore/Models/WalletResponse.swift (in target 'TonConnectCore' from project 'TonConnect')
cd /Users/admin/builder/spi-builder-workspace/.swiftpm/xcode
SwiftCompile normal arm64_32 /Users/admin/builder/spi-builder-workspace/Sources/TonConnectCore/Storage/InMemoryStorage.swift (in target 'TonConnectCore' from project 'TonConnect')
cd /Users/admin/builder/spi-builder-workspace/.swiftpm/xcode
SwiftDriverJobDiscovery normal arm64 Compiling NativeFetch.swift (in target 'TonConnectTransport' from project 'TonConnect')
SwiftCompile normal arm64_32 Compiling\ OperationState.swift,\ ReturnStrategy.swift /Users/admin/builder/spi-builder-workspace/Sources/TonConnectCore/Models/OperationState.swift /Users/admin/builder/spi-builder-workspace/Sources/TonConnectCore/Models/ReturnStrategy.swift (in target 'TonConnectCore' from project 'TonConnect')
SwiftCompile normal arm64_32 /Users/admin/builder/spi-builder-workspace/Sources/TonConnectCore/Models/OperationState.swift (in target 'TonConnectCore' from project 'TonConnect')
cd /Users/admin/builder/spi-builder-workspace/.swiftpm/xcode
SwiftCompile normal arm64_32 /Users/admin/builder/spi-builder-workspace/Sources/TonConnectCore/Models/ReturnStrategy.swift (in target 'TonConnectCore' from project 'TonConnect')
cd /Users/admin/builder/spi-builder-workspace/.swiftpm/xcode
SwiftDriverJobDiscovery normal arm64_32 Compiling TonConnectError.swift, Account+UserFriendly.swift, Account.swift (in target 'TonConnectCore' from project 'TonConnect')
SwiftCompile normal arm64 Compiling\ OperationState.swift,\ ReturnStrategy.swift /Users/admin/builder/spi-builder-workspace/Sources/TonConnectCore/Models/OperationState.swift /Users/admin/builder/spi-builder-workspace/Sources/TonConnectCore/Models/ReturnStrategy.swift (in target 'TonConnectCore' from project 'TonConnect')
SwiftCompile normal arm64 /Users/admin/builder/spi-builder-workspace/Sources/TonConnectCore/Models/OperationState.swift (in target 'TonConnectCore' from project 'TonConnect')
cd /Users/admin/builder/spi-builder-workspace/.swiftpm/xcode
SwiftCompile normal arm64 /Users/admin/builder/spi-builder-workspace/Sources/TonConnectCore/Models/ReturnStrategy.swift (in target 'TonConnectCore' from project 'TonConnect')
cd /Users/admin/builder/spi-builder-workspace/.swiftpm/xcode
SwiftDriverJobDiscovery normal arm64_32 Compiling NativeFetch.swift (in target 'TonConnectTransport' from project 'TonConnect')
SwiftCompile normal arm64 Compiling\ WalletResponse.swift,\ InMemoryStorage.swift /Users/admin/builder/spi-builder-workspace/Sources/TonConnectCore/Models/WalletResponse.swift /Users/admin/builder/spi-builder-workspace/Sources/TonConnectCore/Storage/InMemoryStorage.swift (in target 'TonConnectCore' from project 'TonConnect')
SwiftCompile normal arm64 /Users/admin/builder/spi-builder-workspace/Sources/TonConnectCore/Models/WalletResponse.swift (in target 'TonConnectCore' from project 'TonConnect')
cd /Users/admin/builder/spi-builder-workspace/.swiftpm/xcode
SwiftCompile normal arm64 /Users/admin/builder/spi-builder-workspace/Sources/TonConnectCore/Storage/InMemoryStorage.swift (in target 'TonConnectCore' from project 'TonConnect')
cd /Users/admin/builder/spi-builder-workspace/.swiftpm/xcode
SwiftDriverJobDiscovery normal arm64_32 Compiling SSEEventParser.swift (in target 'TonConnectTransport' from project 'TonConnect')
SwiftCompile normal arm64_32 Compiling\ WalletLink.swift,\ WalletOpener.swift /Users/admin/builder/spi-builder-workspace/Sources/TonConnectCore/WalletLink.swift /Users/admin/builder/spi-builder-workspace/Sources/TonConnectCore/WalletOpener.swift (in target 'TonConnectCore' from project 'TonConnect')
Failed frontend command:
/Applications/Xcode-16.3.0.app/Contents/Developer/Toolchains/XcodeDefault.xctoolchain/usr/bin/swift-frontend -frontend -c /Users/admin/builder/spi-builder-workspace/Sources/TonConnectCore/Errors/TonConnectError.swift /Users/admin/builder/spi-builder-workspace/Sources/TonConnectCore/Models/Account+UserFriendly.swift /Users/admin/builder/spi-builder-workspace/Sources/TonConnectCore/Models/Account.swift /Users/admin/builder/spi-builder-workspace/Sources/TonConnectCore/Models/AppRequest.swift /Users/admin/builder/spi-builder-workspace/Sources/TonConnectCore/Models/ConnectEvent.swift /Users/admin/builder/spi-builder-workspace/Sources/TonConnectCore/Models/ConnectRequest.swift /Users/admin/builder/spi-builder-workspace/Sources/TonConnectCore/Models/ConnectionState.swift /Users/admin/builder/spi-builder-workspace/Sources/TonConnectCore/Models/OperationState.swift /Users/admin/builder/spi-builder-workspace/Sources/TonConnectCore/Models/ReturnStrategy.swift /Users/admin/builder/spi-builder-workspace/Sources/TonConnectCore/Models/WalletConnectionSource.swift /Users/admin/builder/spi-builder-workspace/Sources/TonConnectCore/Models/WalletManifest.swift /Users/admin/builder/spi-builder-workspace/Sources/TonConnectCore/Models/WalletResponse.swift /Users/admin/builder/spi-builder-workspace/Sources/TonConnectCore/Storage/InMemoryStorage.swift /Users/admin/builder/spi-builder-workspace/Sources/TonConnectCore/Storage/KeychainStorage.swift /Users/admin/builder/spi-builder-workspace/Sources/TonConnectCore/Storage/SessionKey.swift /Users/admin/builder/spi-builder-workspace/Sources/TonConnectCore/Storage/TonConnectStorage.swift /Users/admin/builder/spi-builder-workspace/Sources/TonConnectCore/TonConnect.swift /Users/admin/builder/spi-builder-workspace/Sources/TonConnectCore/TonConnectEngine.swift /Users/admin/builder/spi-builder-workspace/Sources/TonConnectCore/TonConnectEvent.swift -primary-file /Users/admin/builder/spi-builder-workspace/Sources/TonConnectCore/WalletLink.swift -primary-file /Users/admin/builder/spi-builder-workspace/Sources/TonConnectCore/WalletOpener.swift -emit-dependencies-path /Users/admin/builder/spi-builder-workspace/.derivedData/Build/Intermediates.noindex/TonConnect.build/Debug-watchos/TonConnectCore.build/Objects-normal/arm64_32/WalletLink.d -emit-const-values-path /Users/admin/builder/spi-builder-workspace/.derivedData/Build/Intermediates.noindex/TonConnect.build/Debug-watchos/TonConnectCore.build/Objects-normal/arm64_32/WalletLink.swiftconstvalues -emit-reference-dependencies-path /Users/admin/builder/spi-builder-workspace/.derivedData/Build/Intermediates.noindex/TonConnect.build/Debug-watchos/TonConnectCore.build/Objects-normal/arm64_32/WalletLink.swiftdeps -serialize-diagnostics-path /Users/admin/builder/spi-builder-workspace/.derivedData/Build/Intermediates.noindex/TonConnect.build/Debug-watchos/TonConnectCore.build/Objects-normal/arm64_32/WalletLink.dia -emit-dependencies-path /Users/admin/builder/spi-builder-workspace/.derivedData/Build/Intermediates.noindex/TonConnect.build/Debug-watchos/TonConnectCore.build/Objects-normal/arm64_32/WalletOpener.d -emit-const-values-path /Users/admin/builder/spi-builder-workspace/.derivedData/Build/Intermediates.noindex/TonConnect.build/Debug-watchos/TonConnectCore.build/Objects-normal/arm64_32/WalletOpener.swiftconstvalues -emit-reference-dependencies-path /Users/admin/builder/spi-builder-workspace/.derivedData/Build/Intermediates.noindex/TonConnect.build/Debug-watchos/TonConnectCore.build/Objects-normal/arm64_32/WalletOpener.swiftdeps -serialize-diagnostics-path /Users/admin/builder/spi-builder-workspace/.derivedData/Build/Intermediates.noindex/TonConnect.build/Debug-watchos/TonConnectCore.build/Objects-normal/arm64_32/WalletOpener.dia -target arm64_32-apple-watchos9.0 -enable-objc-interop -sdk /Applications/Xcode-16.3.0.app/Contents/Developer/Platforms/WatchOS.platform/Developer/SDKs/WatchOS11.4.sdk -I /Users/admin/builder/spi-builder-workspace/.derivedData/Build/Products/Debug-watchos -I /Applications/Xcode-16.3.0.app/Contents/Developer/Platforms/WatchOS.platform/Developer/usr/lib -F /Users/admin/builder/spi-builder-workspace/.derivedData/Build/Products/Debug-watchos -F /Applications/Xcode-16.3.0.app/Contents/Developer/Platforms/WatchOS.platform/Developer/Library/Frameworks -F /Applications/Xcode-16.3.0.app/Contents/Developer/Platforms/WatchOS.platform/Developer/SDKs/WatchOS11.4.sdk/Developer/Library/Frameworks -no-color-diagnostics -enable-testing -g -debug-info-format\=dwarf -dwarf-version\=4 -module-cache-path /Users/admin/builder/spi-builder-workspace/.derivedData/ModuleCache.noindex -profile-generate -profile-coverage-mapping -swift-version 5 -enforce-exclusivity\=checked -stats-output-dir /Users/admin/builder/spi-builder-workspace/.swiftpm/xcode/.stats -Onone -D SWIFT_PACKAGE -D DEBUG -serialize-debugging-options -const-gather-protocols-file /Users/admin/builder/spi-builder-workspace/.derivedData/Build/Intermediates.noindex/TonConnect.build/Debug-watchos/TonConnectCore.build/Objects-normal/arm64_32/TonConnectCore_const_extract_protocols.json -enable-upcoming-feature StrictConcurrency -enable-upcoming-feature DisableOutwardActorInference -enable-upcoming-feature GlobalActorIsolatedTypesUsability -enable-upcoming-feature InferSendableFromCaptures -enable-experimental-feature DebugDescriptionMacro -strict-concurrency\=complete -empty-abi-descriptor -plugin-path /Applications/Xcode-16.3.0.app/Contents/Developer/Toolchains/XcodeDefault.xctoolchain/usr/lib/swift/host/plugins/testing -validate-clang-modules-once -clang-build-session-file /Users/admin/builder/spi-builder-workspace/.derivedData/ModuleCache.noindex/Session.modulevalidation -Xcc -working-directory -Xcc /Users/admin/builder/spi-builder-workspace/.swiftpm/xcode -resource-dir /Applications/Xcode-16.3.0.app/Contents/Developer/Toolchains/XcodeDefault.xctoolchain/usr/lib/swift -enable-anonymous-context-mangled-names -file-compilation-dir /Users/admin/builder/spi-builder-workspace/.swiftpm/xcode -Xcc -ivfsstatcache -Xcc /Users/admin/builder/spi-builder-workspace/.derivedData/SDKStatCaches.noindex/watchos11.4-22T246-43efb940ff07ba2497b70ec94253f576.sdkstatcache -Xcc -I/Users/admin/builder/spi-builder-workspace/.derivedData/Build/Intermediates.noindex/TonConnect.build/Debug-watchos/TonConnectCore.build/swift-overrides.hmap -Xcc -I/Users/admin/builder/spi-builder-workspace/.derivedData/Build/Products/Debug-watchos/include -Xcc -I/Users/admin/builder/spi-builder-workspace/.derivedData/Build/Intermediates.noindex/TonConnect.build/Debug-watchos/TonConnectCore.build/DerivedSources-normal/arm64_32 -Xcc -I/Users/admin/builder/spi-builder-workspace/.derivedData/Build/Intermediates.noindex/TonConnect.build/Debug-watchos/TonConnectCore.build/DerivedSources/arm64_32 -Xcc -I/Users/admin/builder/spi-builder-workspace/.derivedData/Build/Intermediates.noindex/TonConnect.build/Debug-watchos/TonConnectCore.build/DerivedSources -Xcc -DSWIFT_PACKAGE -Xcc -DDEBUG\=1 -module-name TonConnectCore -package-name spi_builder_workspace -frontend-parseable-output -disable-clang-spi -target-sdk-version 11.4 -target-sdk-name watchos11.4 -external-plugin-path /Applications/Xcode-16.3.0.app/Contents/Developer/Platforms/WatchOS.platform/Developer/usr/lib/swift/host/plugins\#/Applications/Xcode-16.3.0.app/Contents/Developer/Platforms/WatchOS.platform/Developer/usr/bin/swift-plugin-server -external-plugin-path /Applications/Xcode-16.3.0.app/Contents/Developer/Platforms/WatchOS.platform/Developer/usr/local/lib/swift/host/plugins\#/Applications/Xcode-16.3.0.app/Contents/Developer/Platforms/WatchOS.platform/Developer/usr/bin/swift-plugin-server -in-process-plugin-server-path /Applications/Xcode-16.3.0.app/Contents/Developer/Toolchains/XcodeDefault.xctoolchain/usr/lib/swift/host/libSwiftInProcPluginServer.dylib -plugin-path /Applications/Xcode-16.3.0.app/Contents/Developer/Toolchains/XcodeDefault.xctoolchain/usr/lib/swift/host/plugins -plugin-path /Applications/Xcode-16.3.0.app/Contents/Developer/Toolchains/XcodeDefault.xctoolchain/usr/local/lib/swift/host/plugins -o /Users/admin/builder/spi-builder-workspace/.derivedData/Build/Intermediates.noindex/TonConnect.build/Debug-watchos/TonConnectCore.build/Objects-normal/arm64_32/WalletLink.o -o /Users/admin/builder/spi-builder-workspace/.derivedData/Build/Intermediates.noindex/TonConnect.build/Debug-watchos/TonConnectCore.build/Objects-normal/arm64_32/WalletOpener.o -index-unit-output-path /TonConnect.build/Debug-watchos/TonConnectCore.build/Objects-normal/arm64_32/WalletLink.o -index-unit-output-path /TonConnect.build/Debug-watchos/TonConnectCore.build/Objects-normal/arm64_32/WalletOpener.o -index-store-path /Users/admin/builder/spi-builder-workspace/.derivedData/Index.noindex/DataStore -index-system-modules
SwiftCompile normal arm64_32 /Users/admin/builder/spi-builder-workspace/Sources/TonConnectCore/WalletLink.swift (in target 'TonConnectCore' from project 'TonConnect')
cd /Users/admin/builder/spi-builder-workspace/.swiftpm/xcode
SwiftCompile normal arm64_32 /Users/admin/builder/spi-builder-workspace/Sources/TonConnectCore/WalletOpener.swift (in target 'TonConnectCore' from project 'TonConnect')
cd /Users/admin/builder/spi-builder-workspace/.swiftpm/xcode
/Users/admin/builder/spi-builder-workspace/Sources/TonConnectCore/WalletOpener.swift:21:13: error: cannot find 'UIApplication' in scope
UIApplication.shared.open(url, options: [:], completionHandler: nil)
^~~~~~~~~~~~~
/Users/admin/builder/spi-builder-workspace/Sources/TonConnectCore/WalletOpener.swift:21:77: error: 'nil' requires a contextual type
UIApplication.shared.open(url, options: [:], completionHandler: nil)
^
/Users/admin/builder/spi-builder-workspace/Sources/TonConnectCore/WalletOpener.swift:24:17: error: cannot find 'UIApplication' in scope
UIApplication.shared.open(url, options: [:], completionHandler: nil)
^~~~~~~~~~~~~
/Users/admin/builder/spi-builder-workspace/Sources/TonConnectCore/WalletOpener.swift:24:81: error: 'nil' requires a contextual type
UIApplication.shared.open(url, options: [:], completionHandler: nil)
^
SwiftDriverJobDiscovery normal arm64 Compiling NativeEventSource.swift (in target 'TonConnectTransport' from project 'TonConnect')
SwiftCompile normal arm64 Compiling\ KeychainStorage.swift,\ SessionKey.swift /Users/admin/builder/spi-builder-workspace/Sources/TonConnectCore/Storage/KeychainStorage.swift /Users/admin/builder/spi-builder-workspace/Sources/TonConnectCore/Storage/SessionKey.swift (in target 'TonConnectCore' from project 'TonConnect')
SwiftCompile normal arm64 /Users/admin/builder/spi-builder-workspace/Sources/TonConnectCore/Storage/KeychainStorage.swift (in target 'TonConnectCore' from project 'TonConnect')
cd /Users/admin/builder/spi-builder-workspace/.swiftpm/xcode
SwiftCompile normal arm64 /Users/admin/builder/spi-builder-workspace/Sources/TonConnectCore/Storage/SessionKey.swift (in target 'TonConnectCore' from project 'TonConnect')
cd /Users/admin/builder/spi-builder-workspace/.swiftpm/xcode
SwiftCompile normal arm64_32 Compiling\ WalletConnectionSource.swift,\ WalletManifest.swift /Users/admin/builder/spi-builder-workspace/Sources/TonConnectCore/Models/WalletConnectionSource.swift /Users/admin/builder/spi-builder-workspace/Sources/TonConnectCore/Models/WalletManifest.swift (in target 'TonConnectCore' from project 'TonConnect')
SwiftCompile normal arm64_32 /Users/admin/builder/spi-builder-workspace/Sources/TonConnectCore/Models/WalletConnectionSource.swift (in target 'TonConnectCore' from project 'TonConnect')
cd /Users/admin/builder/spi-builder-workspace/.swiftpm/xcode
SwiftCompile normal arm64_32 /Users/admin/builder/spi-builder-workspace/Sources/TonConnectCore/Models/WalletManifest.swift (in target 'TonConnectCore' from project 'TonConnect')
cd /Users/admin/builder/spi-builder-workspace/.swiftpm/xcode
SwiftDriverJobDiscovery normal arm64_32 Compiling NativeEventSource.swift (in target 'TonConnectTransport' from project 'TonConnect')
SwiftDriverJobDiscovery normal arm64 Compiling SSEEventParser.swift (in target 'TonConnectTransport' from project 'TonConnect')
SwiftDriver\ Compilation TonConnectTransport normal arm64_32 com.apple.xcode.tools.swift.compiler (in target 'TonConnectTransport' from project 'TonConnect')
cd /Users/admin/builder/spi-builder-workspace/.swiftpm/xcode
builtin-Swift-Compilation -- /Applications/Xcode-16.3.0.app/Contents/Developer/Toolchains/XcodeDefault.xctoolchain/usr/bin/swiftc -module-name TonConnectTransport -Onone -enforce-exclusivity\=checked @/Users/admin/builder/spi-builder-workspace/.derivedData/Build/Intermediates.noindex/TonConnect.build/Debug-watchos/TonConnectTransport.build/Objects-normal/arm64_32/TonConnectTransport.SwiftFileList -DSWIFT_PACKAGE -DDEBUG -stats-output-dir .stats -strict-concurrency\=complete -enable-upcoming-feature StrictConcurrency -enable-upcoming-feature DisableOutwardActorInference -enable-upcoming-feature GlobalActorIsolatedTypesUsability -enable-upcoming-feature InferSendableFromCaptures -plugin-path /Applications/Xcode-16.3.0.app/Contents/Developer/Toolchains/XcodeDefault.xctoolchain/usr/lib/swift/host/plugins/testing -enable-experimental-feature DebugDescriptionMacro -sdk /Applications/Xcode-16.3.0.app/Contents/Developer/Platforms/WatchOS.platform/Developer/SDKs/WatchOS11.4.sdk -target arm64_32-apple-watchos9.0 -g -module-cache-path /Users/admin/builder/spi-builder-workspace/.derivedData/ModuleCache.noindex -Xfrontend -serialize-debugging-options -profile-coverage-mapping -profile-generate -enable-testing -index-store-path /Users/admin/builder/spi-builder-workspace/.derivedData/Index.noindex/DataStore -swift-version 5 -I /Users/admin/builder/spi-builder-workspace/.derivedData/Build/Products/Debug-watchos -I /Applications/Xcode-16.3.0.app/Contents/Developer/Platforms/WatchOS.platform/Developer/usr/lib -F /Users/admin/builder/spi-builder-workspace/.derivedData/Build/Products/Debug-watchos -F /Applications/Xcode-16.3.0.app/Contents/Developer/Platforms/WatchOS.platform/Developer/Library/Frameworks -F /Applications/Xcode-16.3.0.app/Contents/Developer/Platforms/WatchOS.platform/Developer/SDKs/WatchOS11.4.sdk/Developer/Library/Frameworks -c -j10 -enable-batch-mode -incremental -Xcc -ivfsstatcache -Xcc /Users/admin/builder/spi-builder-workspace/.derivedData/SDKStatCaches.noindex/watchos11.4-22T246-43efb940ff07ba2497b70ec94253f576.sdkstatcache -output-file-map /Users/admin/builder/spi-builder-workspace/.derivedData/Build/Intermediates.noindex/TonConnect.build/Debug-watchos/TonConnectTransport.build/Objects-normal/arm64_32/TonConnectTransport-OutputFileMap.json -use-frontend-parseable-output -save-temps -no-color-diagnostics -serialize-diagnostics -emit-dependencies -emit-module -emit-module-path /Users/admin/builder/spi-builder-workspace/.derivedData/Build/Intermediates.noindex/TonConnect.build/Debug-watchos/TonConnectTransport.build/Objects-normal/arm64_32/TonConnectTransport.swiftmodule -validate-clang-modules-once -clang-build-session-file /Users/admin/builder/spi-builder-workspace/.derivedData/ModuleCache.noindex/Session.modulevalidation -package-name spi_builder_workspace -Xcc -I/Users/admin/builder/spi-builder-workspace/.derivedData/Build/Intermediates.noindex/TonConnect.build/Debug-watchos/TonConnectTransport.build/swift-overrides.hmap -emit-const-values -Xfrontend -const-gather-protocols-file -Xfrontend /Users/admin/builder/spi-builder-workspace/.derivedData/Build/Intermediates.noindex/TonConnect.build/Debug-watchos/TonConnectTransport.build/Objects-normal/arm64_32/TonConnectTransport_const_extract_protocols.json -Xcc -I/Users/admin/builder/spi-builder-workspace/.derivedData/Build/Products/Debug-watchos/include -Xcc -I/Users/admin/builder/spi-builder-workspace/.derivedData/Build/Intermediates.noindex/TonConnect.build/Debug-watchos/TonConnectTransport.build/DerivedSources-normal/arm64_32 -Xcc -I/Users/admin/builder/spi-builder-workspace/.derivedData/Build/Intermediates.noindex/TonConnect.build/Debug-watchos/TonConnectTransport.build/DerivedSources/arm64_32 -Xcc -I/Users/admin/builder/spi-builder-workspace/.derivedData/Build/Intermediates.noindex/TonConnect.build/Debug-watchos/TonConnectTransport.build/DerivedSources -Xcc -DSWIFT_PACKAGE -Xcc -DDEBUG\=1 -emit-objc-header -emit-objc-header-path /Users/admin/builder/spi-builder-workspace/.derivedData/Build/Intermediates.noindex/TonConnect.build/Debug-watchos/TonConnectTransport.build/Objects-normal/arm64_32/TonConnectTransport-Swift.h -working-directory /Users/admin/builder/spi-builder-workspace/.swiftpm/xcode -experimental-emit-module-separately -disable-cmo
SwiftDriverJobDiscovery normal arm64 Compiling AppRequest.swift, ConnectEvent.swift (in target 'TonConnectCore' from project 'TonConnect')
SwiftDriver\ Compilation TonConnectTransport normal arm64 com.apple.xcode.tools.swift.compiler (in target 'TonConnectTransport' from project 'TonConnect')
cd /Users/admin/builder/spi-builder-workspace/.swiftpm/xcode
builtin-Swift-Compilation -- /Applications/Xcode-16.3.0.app/Contents/Developer/Toolchains/XcodeDefault.xctoolchain/usr/bin/swiftc -module-name TonConnectTransport -Onone -enforce-exclusivity\=checked @/Users/admin/builder/spi-builder-workspace/.derivedData/Build/Intermediates.noindex/TonConnect.build/Debug-watchos/TonConnectTransport.build/Objects-normal/arm64/TonConnectTransport.SwiftFileList -DSWIFT_PACKAGE -DDEBUG -stats-output-dir .stats -strict-concurrency\=complete -enable-upcoming-feature StrictConcurrency -enable-upcoming-feature DisableOutwardActorInference -enable-upcoming-feature GlobalActorIsolatedTypesUsability -enable-upcoming-feature InferSendableFromCaptures -plugin-path /Applications/Xcode-16.3.0.app/Contents/Developer/Toolchains/XcodeDefault.xctoolchain/usr/lib/swift/host/plugins/testing -enable-experimental-feature DebugDescriptionMacro -sdk /Applications/Xcode-16.3.0.app/Contents/Developer/Platforms/WatchOS.platform/Developer/SDKs/WatchOS11.4.sdk -target arm64-apple-watchos9.0 -g -module-cache-path /Users/admin/builder/spi-builder-workspace/.derivedData/ModuleCache.noindex -Xfrontend -serialize-debugging-options -profile-coverage-mapping -profile-generate -enable-testing -index-store-path /Users/admin/builder/spi-builder-workspace/.derivedData/Index.noindex/DataStore -swift-version 5 -I /Users/admin/builder/spi-builder-workspace/.derivedData/Build/Products/Debug-watchos -I /Applications/Xcode-16.3.0.app/Contents/Developer/Platforms/WatchOS.platform/Developer/usr/lib -F /Users/admin/builder/spi-builder-workspace/.derivedData/Build/Products/Debug-watchos -F /Applications/Xcode-16.3.0.app/Contents/Developer/Platforms/WatchOS.platform/Developer/Library/Frameworks -F /Applications/Xcode-16.3.0.app/Contents/Developer/Platforms/WatchOS.platform/Developer/SDKs/WatchOS11.4.sdk/Developer/Library/Frameworks -c -j10 -enable-batch-mode -incremental -Xcc -ivfsstatcache -Xcc /Users/admin/builder/spi-builder-workspace/.derivedData/SDKStatCaches.noindex/watchos11.4-22T246-43efb940ff07ba2497b70ec94253f576.sdkstatcache -output-file-map /Users/admin/builder/spi-builder-workspace/.derivedData/Build/Intermediates.noindex/TonConnect.build/Debug-watchos/TonConnectTransport.build/Objects-normal/arm64/TonConnectTransport-OutputFileMap.json -use-frontend-parseable-output -save-temps -no-color-diagnostics -serialize-diagnostics -emit-dependencies -emit-module -emit-module-path /Users/admin/builder/spi-builder-workspace/.derivedData/Build/Intermediates.noindex/TonConnect.build/Debug-watchos/TonConnectTransport.build/Objects-normal/arm64/TonConnectTransport.swiftmodule -validate-clang-modules-once -clang-build-session-file /Users/admin/builder/spi-builder-workspace/.derivedData/ModuleCache.noindex/Session.modulevalidation -package-name spi_builder_workspace -Xcc -I/Users/admin/builder/spi-builder-workspace/.derivedData/Build/Intermediates.noindex/TonConnect.build/Debug-watchos/TonConnectTransport.build/swift-overrides.hmap -emit-const-values -Xfrontend -const-gather-protocols-file -Xfrontend /Users/admin/builder/spi-builder-workspace/.derivedData/Build/Intermediates.noindex/TonConnect.build/Debug-watchos/TonConnectTransport.build/Objects-normal/arm64/TonConnectTransport_const_extract_protocols.json -Xcc -I/Users/admin/builder/spi-builder-workspace/.derivedData/Build/Products/Debug-watchos/include -Xcc -I/Users/admin/builder/spi-builder-workspace/.derivedData/Build/Intermediates.noindex/TonConnect.build/Debug-watchos/TonConnectTransport.build/DerivedSources-normal/arm64 -Xcc -I/Users/admin/builder/spi-builder-workspace/.derivedData/Build/Intermediates.noindex/TonConnect.build/Debug-watchos/TonConnectTransport.build/DerivedSources/arm64 -Xcc -I/Users/admin/builder/spi-builder-workspace/.derivedData/Build/Intermediates.noindex/TonConnect.build/Debug-watchos/TonConnectTransport.build/DerivedSources -Xcc -DSWIFT_PACKAGE -Xcc -DDEBUG\=1 -emit-objc-header -emit-objc-header-path /Users/admin/builder/spi-builder-workspace/.derivedData/Build/Intermediates.noindex/TonConnect.build/Debug-watchos/TonConnectTransport.build/Objects-normal/arm64/TonConnectTransport-Swift.h -working-directory /Users/admin/builder/spi-builder-workspace/.swiftpm/xcode -experimental-emit-module-separately -disable-cmo
SwiftCompile normal arm64 Compiling\ TonConnectError.swift,\ Account+UserFriendly.swift,\ Account.swift /Users/admin/builder/spi-builder-workspace/Sources/TonConnectCore/Errors/TonConnectError.swift /Users/admin/builder/spi-builder-workspace/Sources/TonConnectCore/Models/Account+UserFriendly.swift /Users/admin/builder/spi-builder-workspace/Sources/TonConnectCore/Models/Account.swift (in target 'TonConnectCore' from project 'TonConnect')
SwiftCompile normal arm64 /Users/admin/builder/spi-builder-workspace/Sources/TonConnectCore/Errors/TonConnectError.swift (in target 'TonConnectCore' from project 'TonConnect')
cd /Users/admin/builder/spi-builder-workspace/.swiftpm/xcode
SwiftCompile normal arm64 /Users/admin/builder/spi-builder-workspace/Sources/TonConnectCore/Models/Account+UserFriendly.swift (in target 'TonConnectCore' from project 'TonConnect')
cd /Users/admin/builder/spi-builder-workspace/.swiftpm/xcode
SwiftCompile normal arm64 /Users/admin/builder/spi-builder-workspace/Sources/TonConnectCore/Models/Account.swift (in target 'TonConnectCore' from project 'TonConnect')
cd /Users/admin/builder/spi-builder-workspace/.swiftpm/xcode
SwiftCompile normal arm64_32 Compiling\ KeychainStorage.swift,\ SessionKey.swift /Users/admin/builder/spi-builder-workspace/Sources/TonConnectCore/Storage/KeychainStorage.swift /Users/admin/builder/spi-builder-workspace/Sources/TonConnectCore/Storage/SessionKey.swift (in target 'TonConnectCore' from project 'TonConnect')
SwiftCompile normal arm64_32 /Users/admin/builder/spi-builder-workspace/Sources/TonConnectCore/Storage/KeychainStorage.swift (in target 'TonConnectCore' from project 'TonConnect')
cd /Users/admin/builder/spi-builder-workspace/.swiftpm/xcode
SwiftCompile normal arm64_32 /Users/admin/builder/spi-builder-workspace/Sources/TonConnectCore/Storage/SessionKey.swift (in target 'TonConnectCore' from project 'TonConnect')
cd /Users/admin/builder/spi-builder-workspace/.swiftpm/xcode
SwiftDriverJobDiscovery normal arm64 Compiling TonConnectEngine.swift, TonConnectEvent.swift (in target 'TonConnectCore' from project 'TonConnect')
SwiftCompile normal arm64 Compiling\ TonConnectStorage.swift,\ TonConnect.swift /Users/admin/builder/spi-builder-workspace/Sources/TonConnectCore/Storage/TonConnectStorage.swift /Users/admin/builder/spi-builder-workspace/Sources/TonConnectCore/TonConnect.swift (in target 'TonConnectCore' from project 'TonConnect')
SwiftCompile normal arm64 /Users/admin/builder/spi-builder-workspace/Sources/TonConnectCore/Storage/TonConnectStorage.swift (in target 'TonConnectCore' from project 'TonConnect')
cd /Users/admin/builder/spi-builder-workspace/.swiftpm/xcode
SwiftCompile normal arm64 /Users/admin/builder/spi-builder-workspace/Sources/TonConnectCore/TonConnect.swift (in target 'TonConnectCore' from project 'TonConnect')
cd /Users/admin/builder/spi-builder-workspace/.swiftpm/xcode
SwiftDriverJobDiscovery normal arm64_32 Compiling OperationState.swift, ReturnStrategy.swift (in target 'TonConnectCore' from project 'TonConnect')
SwiftCompile normal arm64_32 Compiling\ AppRequest.swift,\ ConnectEvent.swift /Users/admin/builder/spi-builder-workspace/Sources/TonConnectCore/Models/AppRequest.swift /Users/admin/builder/spi-builder-workspace/Sources/TonConnectCore/Models/ConnectEvent.swift (in target 'TonConnectCore' from project 'TonConnect')
SwiftCompile normal arm64_32 /Users/admin/builder/spi-builder-workspace/Sources/TonConnectCore/Models/AppRequest.swift (in target 'TonConnectCore' from project 'TonConnect')
cd /Users/admin/builder/spi-builder-workspace/.swiftpm/xcode
SwiftCompile normal arm64_32 /Users/admin/builder/spi-builder-workspace/Sources/TonConnectCore/Models/ConnectEvent.swift (in target 'TonConnectCore' from project 'TonConnect')
cd /Users/admin/builder/spi-builder-workspace/.swiftpm/xcode
SwiftDriverJobDiscovery normal arm64 Compiling OperationState.swift, ReturnStrategy.swift (in target 'TonConnectCore' from project 'TonConnect')
SwiftCompile normal arm64_32 Compiling\ TonConnectEngine.swift,\ TonConnectEvent.swift /Users/admin/builder/spi-builder-workspace/Sources/TonConnectCore/TonConnectEngine.swift /Users/admin/builder/spi-builder-workspace/Sources/TonConnectCore/TonConnectEvent.swift (in target 'TonConnectCore' from project 'TonConnect')
SwiftCompile normal arm64_32 /Users/admin/builder/spi-builder-workspace/Sources/TonConnectCore/TonConnectEngine.swift (in target 'TonConnectCore' from project 'TonConnect')
cd /Users/admin/builder/spi-builder-workspace/.swiftpm/xcode
SwiftCompile normal arm64_32 /Users/admin/builder/spi-builder-workspace/Sources/TonConnectCore/TonConnectEvent.swift (in target 'TonConnectCore' from project 'TonConnect')
cd /Users/admin/builder/spi-builder-workspace/.swiftpm/xcode
SwiftDriverJobDiscovery normal arm64 Compiling KeychainStorage.swift, SessionKey.swift (in target 'TonConnectCore' from project 'TonConnect')
SwiftCompile normal arm64_32 Compiling\ TonConnectStorage.swift,\ TonConnect.swift /Users/admin/builder/spi-builder-workspace/Sources/TonConnectCore/Storage/TonConnectStorage.swift /Users/admin/builder/spi-builder-workspace/Sources/TonConnectCore/TonConnect.swift (in target 'TonConnectCore' from project 'TonConnect')
SwiftCompile normal arm64_32 /Users/admin/builder/spi-builder-workspace/Sources/TonConnectCore/Storage/TonConnectStorage.swift (in target 'TonConnectCore' from project 'TonConnect')
cd /Users/admin/builder/spi-builder-workspace/.swiftpm/xcode
SwiftCompile normal arm64_32 /Users/admin/builder/spi-builder-workspace/Sources/TonConnectCore/TonConnect.swift (in target 'TonConnectCore' from project 'TonConnect')
cd /Users/admin/builder/spi-builder-workspace/.swiftpm/xcode
SwiftDriverJobDiscovery normal arm64_32 Compiling WalletConnectionSource.swift, WalletManifest.swift (in target 'TonConnectCore' from project 'TonConnect')
SwiftCompile normal arm64 Compiling\ WalletLink.swift,\ WalletOpener.swift /Users/admin/builder/spi-builder-workspace/Sources/TonConnectCore/WalletLink.swift /Users/admin/builder/spi-builder-workspace/Sources/TonConnectCore/WalletOpener.swift (in target 'TonConnectCore' from project 'TonConnect')
SwiftCompile normal arm64 /Users/admin/builder/spi-builder-workspace/Sources/TonConnectCore/WalletLink.swift (in target 'TonConnectCore' from project 'TonConnect')
cd /Users/admin/builder/spi-builder-workspace/.swiftpm/xcode
SwiftCompile normal arm64 /Users/admin/builder/spi-builder-workspace/Sources/TonConnectCore/WalletOpener.swift (in target 'TonConnectCore' from project 'TonConnect')
cd /Users/admin/builder/spi-builder-workspace/.swiftpm/xcode
SwiftDriverJobDiscovery normal arm64_32 Compiling WalletResponse.swift, InMemoryStorage.swift (in target 'TonConnectCore' from project 'TonConnect')
SwiftCompile normal arm64_32 Compiling\ ConnectRequest.swift,\ ConnectionState.swift /Users/admin/builder/spi-builder-workspace/Sources/TonConnectCore/Models/ConnectRequest.swift /Users/admin/builder/spi-builder-workspace/Sources/TonConnectCore/Models/ConnectionState.swift (in target 'TonConnectCore' from project 'TonConnect')
SwiftCompile normal arm64_32 /Users/admin/builder/spi-builder-workspace/Sources/TonConnectCore/Models/ConnectRequest.swift (in target 'TonConnectCore' from project 'TonConnect')
cd /Users/admin/builder/spi-builder-workspace/.swiftpm/xcode
SwiftCompile normal arm64_32 /Users/admin/builder/spi-builder-workspace/Sources/TonConnectCore/Models/ConnectionState.swift (in target 'TonConnectCore' from project 'TonConnect')
cd /Users/admin/builder/spi-builder-workspace/.swiftpm/xcode
SwiftDriverJobDiscovery normal arm64 Compiling WalletResponse.swift, InMemoryStorage.swift (in target 'TonConnectCore' from project 'TonConnect')
SwiftCompile normal arm64 Compiling\ WalletConnectionSource.swift,\ WalletManifest.swift /Users/admin/builder/spi-builder-workspace/Sources/TonConnectCore/Models/WalletConnectionSource.swift /Users/admin/builder/spi-builder-workspace/Sources/TonConnectCore/Models/WalletManifest.swift (in target 'TonConnectCore' from project 'TonConnect')
Command SwiftCompile failed with a nonzero exit code
** BUILD FAILED **
The following build commands failed:
SwiftCompile normal arm64_32 Compiling\ WalletLink.swift,\ WalletOpener.swift /Users/admin/builder/spi-builder-workspace/Sources/TonConnectCore/WalletLink.swift /Users/admin/builder/spi-builder-workspace/Sources/TonConnectCore/WalletOpener.swift (in target 'TonConnectCore' from project 'TonConnect')
SwiftCompile normal arm64_32 /Users/admin/builder/spi-builder-workspace/Sources/TonConnectCore/WalletOpener.swift (in target 'TonConnectCore' from project 'TonConnect')
SwiftCompile normal arm64 Compiling\ WalletConnectionSource.swift,\ WalletManifest.swift /Users/admin/builder/spi-builder-workspace/Sources/TonConnectCore/Models/WalletConnectionSource.swift /Users/admin/builder/spi-builder-workspace/Sources/TonConnectCore/Models/WalletManifest.swift (in target 'TonConnectCore' from project 'TonConnect')
Building workspace spi-builder-workspace with scheme TonConnect-Package
(4 failures)
Command line invocation:
/Applications/Xcode-16.3.0.app/Contents/Developer/usr/bin/xcodebuild -IDEClonedSourcePackagesDirPathOverride=/Users/admin/builder/spi-builder-workspace/.dependencies -resolvePackageDependencies
Resolve Package Graph
Resolve Package Graph
Resolved source packages:
SwiftDocCPlugin: https://github.com/swiftlang/swift-docc-plugin @ 1.5.0
TonConnect: /Users/admin/builder/spi-builder-workspace
SymbolKit: https://github.com/swiftlang/swift-docc-symbolkit @ 1.0.0
resolved source packages: SwiftDocCPlugin, TonConnect, SymbolKit
{
"dependencies" : [
{
"identity" : "swift-docc-plugin",
"requirement" : {
"range" : [
{
"lower_bound" : "1.0.0",
"upper_bound" : "2.0.0"
}
]
},
"type" : "sourceControl",
"url" : "https://github.com/swiftlang/swift-docc-plugin"
}
],
"manifest_display_name" : "TonConnect",
"name" : "TonConnect",
"path" : "/Users/admin/builder/spi-builder-workspace",
"platforms" : [
{
"name" : "ios",
"version" : "16.0"
},
{
"name" : "macos",
"version" : "14.0"
}
],
"products" : [
{
"name" : "TonConnectCore",
"targets" : [
"TonConnectCore"
],
"type" : {
"library" : [
"automatic"
]
}
},
{
"name" : "TonConnectConformance",
"targets" : [
"TonConnectConformance"
],
"type" : {
"library" : [
"automatic"
]
}
},
{
"name" : "TonConnectJSCoreEngine",
"targets" : [
"TonConnectJSCoreEngine"
],
"type" : {
"library" : [
"automatic"
]
}
},
{
"name" : "TonConnectTransport",
"targets" : [
"TonConnectTransport"
],
"type" : {
"library" : [
"automatic"
]
}
},
{
"name" : "TonConnectUI",
"targets" : [
"TonConnectUI"
],
"type" : {
"library" : [
"automatic"
]
}
},
{
"name" : "TonConnectSDK",
"targets" : [
"TonConnectSDK"
],
"type" : {
"library" : [
"automatic"
]
}
},
{
"name" : "TonConnectNativeEngine",
"targets" : [
"TonConnectNativeEngine"
],
"type" : {
"library" : [
"automatic"
]
}
}
],
"targets" : [
{
"c99name" : "TonConnectUITests",
"module_type" : "SwiftTarget",
"name" : "TonConnectUITests",
"path" : "Tests/TonConnectUITests",
"sources" : [
"QRConnectTests.swift",
"WalletWakeLinkTests.swift",
"WalletsListDecodingTests.swift",
"WalletsListFilterTests.swift",
"WalletsListLoaderTests.swift"
],
"target_dependencies" : [
"TonConnectUI",
"TonConnectCore"
],
"type" : "test"
},
{
"c99name" : "TonConnectUI",
"module_type" : "SwiftTarget",
"name" : "TonConnectUI",
"path" : "Sources/TonConnectUI",
"product_memberships" : [
"TonConnectUI"
],
"resources" : [
{
"path" : "/Users/admin/builder/spi-builder-workspace/Sources/TonConnectUI/Resources/Media.xcassets",
"rule" : {
"process" : {
}
}
},
{
"path" : "/Users/admin/builder/spi-builder-workspace/Sources/TonConnectUI/WalletsList/Resources/wallets-v2.snapshot.json",
"rule" : {
"copy" : {
}
}
}
],
"sources" : [
"GlassStyling.swift",
"OperationPendingSheet.swift",
"PreviewSupport.swift",
"QRCodeView.swift",
"TCSpinner.swift",
"TonConnect+QR.swift",
"TonConnectButton.swift",
"WalletPickerSheet.swift",
"WalletsList/WalletsListEntry.swift",
"WalletsList/WalletsListLoader.swift"
],
"target_dependencies" : [
"TonConnectCore"
],
"type" : "library"
},
{
"c99name" : "TonConnectTransportTests",
"module_type" : "SwiftTarget",
"name" : "TonConnectTransportTests",
"path" : "Tests/TonConnectTransportTests",
"sources" : [
"NativeEventSourceTests.swift",
"NativeFetchTests.swift",
"SSEEventParserTests.swift"
],
"target_dependencies" : [
"TonConnectTransport",
"TonConnectTestSupport"
],
"type" : "test"
},
{
"c99name" : "TonConnectTransport",
"module_type" : "SwiftTarget",
"name" : "TonConnectTransport",
"path" : "Sources/TonConnectTransport",
"product_memberships" : [
"TonConnectJSCoreEngine",
"TonConnectTransport",
"TonConnectSDK",
"TonConnectNativeEngine"
],
"sources" : [
"NativeEventSource.swift",
"NativeFetch.swift",
"SSEEventParser.swift"
],
"type" : "library"
},
{
"c99name" : "TonConnectTestSupport",
"module_type" : "SwiftTarget",
"name" : "TonConnectTestSupport",
"path" : "Sources/TonConnectTestSupport",
"sources" : [
"FakeBridgeURLProtocol.swift"
],
"target_dependencies" : [
"TonConnectCore"
],
"type" : "library"
},
{
"c99name" : "TonConnectSDK",
"module_type" : "SwiftTarget",
"name" : "TonConnectSDK",
"path" : "Sources/TonConnectSDK",
"product_memberships" : [
"TonConnectSDK"
],
"sources" : [
"DefaultEngineFacade.swift"
],
"target_dependencies" : [
"TonConnectCore",
"TonConnectNativeEngine"
],
"type" : "library"
},
{
"c99name" : "TonConnectNativeEngineTests",
"module_type" : "SwiftTarget",
"name" : "TonConnectNativeEngineTests",
"path" : "Tests/TonConnectNativeEngineTests",
"resources" : [
{
"path" : "/Users/admin/builder/spi-builder-workspace/Tests/TonConnectNativeEngineTests/Fixtures/nacl.js",
"rule" : {
"copy" : {
}
}
},
{
"path" : "/Users/admin/builder/spi-builder-workspace/Tests/TonConnectNativeEngineTests/Fixtures/session-crypto-vectors.json",
"rule" : {
"copy" : {
}
}
}
],
"sources" : [
"ConnectUniversalRaceTests.swift",
"HexCodingTests.swift",
"LiveBridgeSmokeTests.swift",
"NativeEngineConnectTests.swift",
"NativeEngineDeinitTests.swift",
"NativeEngineFakeBridgeE2ETests.swift",
"NativeErrorMapperTests.swift",
"NativeForegroundReconnectTests.swift",
"NativeSessionStoreTests.swift",
"RPCEnvelopeTests.swift",
"ReconnectGatewayTests.swift",
"SessionBoundaryTests.swift",
"SessionCryptoRandomSourceTests.swift",
"SessionCryptoRoundTripTests.swift",
"SessionCryptoSelfRoundTripTests.swift",
"SessionCryptoVectorTests.swift"
],
"target_dependencies" : [
"TonConnectNativeEngine",
"TonConnectTestSupport",
"TonConnectConformance"
],
"type" : "test"
},
{
"c99name" : "TonConnectNativeEngine",
"module_type" : "SwiftTarget",
"name" : "TonConnectNativeEngine",
"path" : "Sources/TonConnectNativeEngine",
"product_memberships" : [
"TonConnectSDK",
"TonConnectNativeEngine"
],
"sources" : [
"BridgeGateway/RPCEnvelope.swift",
"BridgeGateway/ReconnectClock.swift",
"BridgeGateway/ReconnectGateway.swift",
"HexCoding.swift",
"NativeEngine.swift",
"NativeErrorMapper.swift",
"RandomBytesSource.swift",
"Session/NativeSession.swift",
"Session/NativeSessionStore.swift",
"SessionCrypto.swift"
],
"target_dependencies" : [
"TonConnectCore",
"CTweetNacl",
"TonConnectTransport"
],
"type" : "library"
},
{
"c99name" : "TonConnectJSCoreEngineTests",
"module_type" : "SwiftTarget",
"name" : "TonConnectJSCoreEngineTests",
"path" : "Tests/TonConnectJSCoreEngineTests",
"sources" : [
"DeinitLeakTests.swift",
"ExceptionHandlerTests.swift",
"FakeBridgeE2ETests.swift",
"ForegroundReconnectTests.swift",
"GlueSmokeTests.swift",
"JSCoreEngineConnectTests.swift",
"ManagedValueLifetimeTests.swift",
"NetworkPolyfillLoadTests.swift",
"PolyfillLoadTests.swift",
"PromiseBridgeTests.swift",
"SDKSmokeTests.swift",
"StorageBridgeTests.swift",
"ThreadSafetyTests.swift"
],
"target_dependencies" : [
"TonConnectJSCoreEngine",
"TonConnectTestSupport",
"TonConnectConformance"
],
"type" : "test"
},
{
"c99name" : "TonConnectJSCoreEngine",
"module_type" : "SwiftTarget",
"name" : "TonConnectJSCoreEngine",
"path" : "Sources/TonConnectJSCoreEngine",
"product_memberships" : [
"TonConnectJSCoreEngine"
],
"resources" : [
{
"path" : "/Users/admin/builder/spi-builder-workspace/Sources/TonConnectJSCoreEngine/Resources/tonconnect-sdk.bundle.js",
"rule" : {
"copy" : {
}
}
}
],
"sources" : [
"EngineErrorMapper.swift",
"Errors/JSBridgeError.swift",
"JSCoreBridge.swift",
"JSCoreEngine.swift",
"JSPolyfill.swift",
"LifecyclePolyfill.swift",
"Polyfills/AbortControllerPolyfill.swift",
"Polyfills/Base64Polyfill.swift",
"Polyfills/ConsolePolyfill.swift",
"Polyfills/EnvironmentPolyfill.swift",
"Polyfills/EventSourcePolyfill.swift",
"Polyfills/FetchPolyfill.swift",
"Polyfills/SecureRandomPolyfill.swift",
"Polyfills/TimerPolyfill.swift",
"PromiseAdapter.swift",
"StorageBridge.swift"
],
"target_dependencies" : [
"TonConnectCore",
"TonConnectTransport"
],
"type" : "library"
},
{
"c99name" : "TonConnectCoreTests",
"module_type" : "SwiftTarget",
"name" : "TonConnectCoreTests",
"path" : "Tests/TonConnectCoreTests",
"sources" : [
"ConformanceSuiteTests.swift",
"DTORoundTripTests.swift",
"FacadeTests.swift",
"InMemoryStorageSmokeTests.swift",
"KeychainSpikeTests.swift",
"OperationStateMappingTests.swift",
"StorageParityTests.swift",
"TonConnectErrorTests.swift",
"UserFriendlyAddressTests.swift",
"WalletLinkTests.swift"
],
"target_dependencies" : [
"TonConnectCore",
"TonConnectConformance"
],
"type" : "test"
},
{
"c99name" : "TonConnectCore",
"module_type" : "SwiftTarget",
"name" : "TonConnectCore",
"path" : "Sources/TonConnectCore",
"product_memberships" : [
"TonConnectCore",
"TonConnectConformance",
"TonConnectJSCoreEngine",
"TonConnectUI",
"TonConnectSDK",
"TonConnectNativeEngine"
],
"sources" : [
"Errors/TonConnectError.swift",
"Models/Account+UserFriendly.swift",
"Models/Account.swift",
"Models/AppRequest.swift",
"Models/ConnectEvent.swift",
"Models/ConnectRequest.swift",
"Models/ConnectionState.swift",
"Models/OperationState.swift",
"Models/ReturnStrategy.swift",
"Models/WalletConnectionSource.swift",
"Models/WalletManifest.swift",
"Models/WalletResponse.swift",
"Storage/InMemoryStorage.swift",
"Storage/KeychainStorage.swift",
"Storage/SessionKey.swift",
"Storage/TonConnectStorage.swift",
"TonConnect.swift",
"TonConnectEngine.swift",
"TonConnectEvent.swift",
"WalletLink.swift",
"WalletOpener.swift"
],
"type" : "library"
},
{
"c99name" : "TonConnectConformance",
"module_type" : "SwiftTarget",
"name" : "TonConnectConformance",
"path" : "Sources/TonConnectConformance",
"product_memberships" : [
"TonConnectConformance"
],
"sources" : [
"EngineConformanceSuite.swift",
"EngineFactory.swift",
"FakeEngine.swift",
"StorageConformanceSuite.swift",
"StorageFactory.swift"
],
"target_dependencies" : [
"TonConnectCore"
],
"type" : "library"
},
{
"c99name" : "CTweetNacl",
"module_type" : "ClangTarget",
"name" : "CTweetNacl",
"path" : "Sources/CTweetNacl",
"product_memberships" : [
"TonConnectSDK",
"TonConnectNativeEngine"
],
"sources" : [
"randombytes_shim.c",
"tweetnacl.c"
],
"type" : "library"
}
],
"tools_version" : "5.10"
}
{
"workspace" : {
"name" : "spi-builder-workspace",
"schemes" : [
"TonConnect-Package",
"TonConnectConformance",
"TonConnectCore",
"TonConnectJSCoreEngine",
"TonConnectNativeEngine",
"TonConnectSDK",
"TonConnectTransport",
"TonConnectUI"
]
}
}
Running build ...
env DEVELOPER_DIR=/Applications/Xcode-16.3.0.app xcrun xcodebuild -IDEClonedSourcePackagesDirPathOverride=$PWD/.dependencies -skipMacroValidation -skipPackagePluginValidation -derivedDataPath $PWD/.derivedData build -scheme TonConnect-Package -destination generic/platform=watchOS
Command line invocation:
/Applications/Xcode-16.3.0.app/Contents/Developer/usr/bin/xcodebuild -IDEClonedSourcePackagesDirPathOverride=/Users/admin/builder/spi-builder-workspace/.dependencies -skipMacroValidation -skipPackagePluginValidation -derivedDataPath /Users/admin/builder/spi-builder-workspace/.derivedData build -scheme TonConnect-Package -destination generic/platform=watchOS
Resolve Package Graph
Resolved source packages:
SwiftDocCPlugin: https://github.com/swiftlang/swift-docc-plugin @ 1.5.0
TonConnect: /Users/admin/builder/spi-builder-workspace
SymbolKit: https://github.com/swiftlang/swift-docc-symbolkit @ 1.0.0
ComputePackagePrebuildTargetDependencyGraph
Prepare packages
CreateBuildRequest
SendProjectDescription
CreateBuildOperation
ComputeTargetDependencyGraph
note: Building targets in dependency order
note: Target dependency graph (17 targets)
Target 'TonConnectUI' in project 'TonConnect'
➜ Explicit dependency on target 'TonConnectUI' in project 'TonConnect'
➜ Explicit dependency on target 'TonConnect_TonConnectUI' in project 'TonConnect'
➜ Explicit dependency on target 'TonConnectCore' in project 'TonConnect'
Target 'TonConnectUI' in project 'TonConnect'
➜ Explicit dependency on target 'TonConnect_TonConnectUI' in project 'TonConnect'
➜ Explicit dependency on target 'TonConnectCore' in project 'TonConnect'
Target 'TonConnect_TonConnectUI' in project 'TonConnect' (no dependencies)
Target 'TonConnectTransport' in project 'TonConnect'
➜ Explicit dependency on target 'TonConnectTransport' in project 'TonConnect'
Target 'TonConnectSDK' in project 'TonConnect'
➜ Explicit dependency on target 'TonConnectSDK' in project 'TonConnect'
➜ Explicit dependency on target 'TonConnectCore' in project 'TonConnect'
➜ Explicit dependency on target 'CTweetNacl' in project 'TonConnect'
➜ Explicit dependency on target 'TonConnectTransport' in project 'TonConnect'
➜ Explicit dependency on target 'TonConnectNativeEngine' in project 'TonConnect'
Target 'TonConnectSDK' in project 'TonConnect'
➜ Explicit dependency on target 'TonConnectCore' in project 'TonConnect'
➜ Explicit dependency on target 'CTweetNacl' in project 'TonConnect'
➜ Explicit dependency on target 'TonConnectTransport' in project 'TonConnect'
➜ Explicit dependency on target 'TonConnectNativeEngine' in project 'TonConnect'
Target 'TonConnectNativeEngine' in project 'TonConnect'
➜ Explicit dependency on target 'TonConnectNativeEngine' in project 'TonConnect'
➜ Explicit dependency on target 'TonConnectCore' in project 'TonConnect'
➜ Explicit dependency on target 'CTweetNacl' in project 'TonConnect'
➜ Explicit dependency on target 'TonConnectTransport' in project 'TonConnect'
Target 'TonConnectNativeEngine' in project 'TonConnect'
➜ Explicit dependency on target 'TonConnectCore' in project 'TonConnect'
➜ Explicit dependency on target 'CTweetNacl' in project 'TonConnect'
➜ Explicit dependency on target 'TonConnectTransport' in project 'TonConnect'
Target 'CTweetNacl' in project 'TonConnect' (no dependencies)
Target 'TonConnectJSCoreEngine' in project 'TonConnect'
➜ Explicit dependency on target 'TonConnectJSCoreEngine' in project 'TonConnect'
➜ Explicit dependency on target 'TonConnect_TonConnectJSCoreEngine' in project 'TonConnect'
➜ Explicit dependency on target 'TonConnectCore' in project 'TonConnect'
➜ Explicit dependency on target 'TonConnectTransport' in project 'TonConnect'
Target 'TonConnectJSCoreEngine' in project 'TonConnect'
➜ Explicit dependency on target 'TonConnect_TonConnectJSCoreEngine' in project 'TonConnect'
➜ Explicit dependency on target 'TonConnectCore' in project 'TonConnect'
➜ Explicit dependency on target 'TonConnectTransport' in project 'TonConnect'
Target 'TonConnectTransport' in project 'TonConnect' (no dependencies)
Target 'TonConnect_TonConnectJSCoreEngine' in project 'TonConnect' (no dependencies)
Target 'TonConnectCore' in project 'TonConnect'
➜ Explicit dependency on target 'TonConnectCore' in project 'TonConnect'
Target 'TonConnectConformance' in project 'TonConnect'
➜ Explicit dependency on target 'TonConnectConformance' in project 'TonConnect'
➜ Explicit dependency on target 'TonConnectCore' in project 'TonConnect'
Target 'TonConnectConformance' in project 'TonConnect'
➜ Explicit dependency on target 'TonConnectCore' in project 'TonConnect'
Target 'TonConnectCore' in project 'TonConnect' (no dependencies)
GatherProvisioningInputs
CreateBuildDescription
ExecuteExternalTool /Applications/Xcode-16.3.0.app/Contents/Developer/Toolchains/XcodeDefault.xctoolchain/usr/bin/swiftc --version
ExecuteExternalTool /Applications/Xcode-16.3.0.app/Contents/Developer/Toolchains/XcodeDefault.xctoolchain/usr/bin/clang -v -E -dM -arch arm64 -isysroot /Applications/Xcode-16.3.0.app/Contents/Developer/Platforms/WatchOS.platform/Developer/SDKs/WatchOS11.4.sdk -x c -c /dev/null
ExecuteExternalTool /Applications/Xcode-16.3.0.app/Contents/Developer/Toolchains/XcodeDefault.xctoolchain/usr/bin/clang -v -E -dM -isysroot /Applications/Xcode-16.3.0.app/Contents/Developer/Platforms/WatchOS.platform/Developer/SDKs/WatchOS11.4.sdk -x c -c /dev/null
ExecuteExternalTool /Applications/Xcode-16.3.0.app/Contents/Developer/usr/bin/actool --version --output-format xml1
ExecuteExternalTool /Applications/Xcode-16.3.0.app/Contents/Developer/Toolchains/XcodeDefault.xctoolchain/usr/bin/ld -version_details
ExecuteExternalTool /Applications/Xcode-16.3.0.app/Contents/Developer/Toolchains/XcodeDefault.xctoolchain/usr/bin/clang -v -E -dM -arch arm64_32 -isysroot /Applications/Xcode-16.3.0.app/Contents/Developer/Platforms/WatchOS.platform/Developer/SDKs/WatchOS11.4.sdk -x c -c /dev/null
ReadFileContents /Applications/Xcode-16.3.0.app/Contents/Developer/Toolchains/XcodeDefault.xctoolchain/usr/share/docc/features.json
Build description signature: 88335daea1f44ca9d81eb611325074bd
Build description path: /Users/admin/builder/spi-builder-workspace/.derivedData/Build/Intermediates.noindex/XCBuildData/88335daea1f44ca9d81eb611325074bd.xcbuilddata
ClangStatCache /Applications/Xcode-16.3.0.app/Contents/Developer/Toolchains/XcodeDefault.xctoolchain/usr/bin/clang-stat-cache /Applications/Xcode-16.3.0.app/Contents/Developer/Platforms/WatchOS.platform/Developer/SDKs/WatchOS11.4.sdk /Users/admin/builder/spi-builder-workspace/.derivedData/SDKStatCaches.noindex/watchos11.4-22T246-43efb940ff07ba2497b70ec94253f576.sdkstatcache
cd /Users/admin/builder/spi-builder-workspace/.swiftpm/xcode
/Applications/Xcode-16.3.0.app/Contents/Developer/Toolchains/XcodeDefault.xctoolchain/usr/bin/clang-stat-cache /Applications/Xcode-16.3.0.app/Contents/Developer/Platforms/WatchOS.platform/Developer/SDKs/WatchOS11.4.sdk -o /Users/admin/builder/spi-builder-workspace/.derivedData/SDKStatCaches.noindex/watchos11.4-22T246-43efb940ff07ba2497b70ec94253f576.sdkstatcache
CompileAssetCatalogVariant thinned /Users/admin/builder/spi-builder-workspace/.derivedData/Build/Products/Debug-watchos/TonConnect_TonConnectUI.bundle /Users/admin/builder/spi-builder-workspace/Sources/TonConnectUI/Resources/Media.xcassets (in target 'TonConnect_TonConnectUI' from project 'TonConnect')
cd /Users/admin/builder/spi-builder-workspace
/Applications/Xcode-16.3.0.app/Contents/Developer/usr/bin/actool /Users/admin/builder/spi-builder-workspace/Sources/TonConnectUI/Resources/Media.xcassets --compile /Users/admin/builder/spi-builder-workspace/.derivedData/Build/Intermediates.noindex/TonConnect.build/Debug-watchos/TonConnect_TonConnectUI.build/assetcatalog_output/thinned --output-format human-readable-text --notices --warnings --export-dependency-info /Users/admin/builder/spi-builder-workspace/.derivedData/Build/Intermediates.noindex/TonConnect.build/Debug-watchos/TonConnect_TonConnectUI.build/assetcatalog_dependencies_thinned --output-partial-info-plist /Users/admin/builder/spi-builder-workspace/.derivedData/Build/Intermediates.noindex/TonConnect.build/Debug-watchos/TonConnect_TonConnectUI.build/assetcatalog_generated_info.plist_thinned --compress-pngs --enable-on-demand-resources NO --development-region en --target-device watch --minimum-deployment-target 9.0 --platform watchos
/* com.apple.actool.compilation-results */
/Users/admin/builder/spi-builder-workspace/.derivedData/Build/Intermediates.noindex/TonConnect.build/Debug-watchos/TonConnect_TonConnectUI.build/assetcatalog_generated_info.plist_thinned
/Users/admin/builder/spi-builder-workspace/.derivedData/Build/Intermediates.noindex/TonConnect.build/Debug-watchos/TonConnect_TonConnectUI.build/assetcatalog_output/thinned/Assets.car
ProcessInfoPlistFile /Users/admin/builder/spi-builder-workspace/.derivedData/Build/Products/Debug-watchos/TonConnect_TonConnectJSCoreEngine.bundle/Info.plist /Users/admin/builder/spi-builder-workspace/.derivedData/Build/Intermediates.noindex/TonConnect.build/Debug-watchos/TonConnect_TonConnectJSCoreEngine.build/empty-TonConnect_TonConnectJSCoreEngine.plist (in target 'TonConnect_TonConnectJSCoreEngine' from project 'TonConnect')
cd /Users/admin/builder/spi-builder-workspace
builtin-infoPlistUtility /Users/admin/builder/spi-builder-workspace/.derivedData/Build/Intermediates.noindex/TonConnect.build/Debug-watchos/TonConnect_TonConnectJSCoreEngine.build/empty-TonConnect_TonConnectJSCoreEngine.plist -producttype com.apple.product-type.bundle -expandbuildsettings -format binary -platform watchos -o /Users/admin/builder/spi-builder-workspace/.derivedData/Build/Products/Debug-watchos/TonConnect_TonConnectJSCoreEngine.bundle/Info.plist
SwiftDriver TonConnectCore normal arm64 com.apple.xcode.tools.swift.compiler (in target 'TonConnectCore' from project 'TonConnect')
cd /Users/admin/builder/spi-builder-workspace/.swiftpm/xcode
builtin-SwiftDriver -- /Applications/Xcode-16.3.0.app/Contents/Developer/Toolchains/XcodeDefault.xctoolchain/usr/bin/swiftc -module-name TonConnectCore -Onone -enforce-exclusivity\=checked @/Users/admin/builder/spi-builder-workspace/.derivedData/Build/Intermediates.noindex/TonConnect.build/Debug-watchos/TonConnectCore.build/Objects-normal/arm64/TonConnectCore.SwiftFileList -DSWIFT_PACKAGE -DDEBUG -DXcode -plugin-path /Applications/Xcode-16.3.0.app/Contents/Developer/Toolchains/XcodeDefault.xctoolchain/usr/lib/swift/host/plugins/testing -enable-experimental-feature DebugDescriptionMacro -sdk /Applications/Xcode-16.3.0.app/Contents/Developer/Platforms/WatchOS.platform/Developer/SDKs/WatchOS11.4.sdk -target arm64-apple-watchos9.0 -g -module-cache-path /Users/admin/builder/spi-builder-workspace/.derivedData/ModuleCache.noindex -Xfrontend -serialize-debugging-options -profile-coverage-mapping -profile-generate -enable-testing -index-store-path /Users/admin/builder/spi-builder-workspace/.derivedData/Index.noindex/DataStore -swift-version 5 -I /Users/admin/builder/spi-builder-workspace/.derivedData/Build/Products/Debug-watchos -I /Applications/Xcode-16.3.0.app/Contents/Developer/Platforms/WatchOS.platform/Developer/usr/lib -F /Users/admin/builder/spi-builder-workspace/.derivedData/Build/Products/Debug-watchos -F /Applications/Xcode-16.3.0.app/Contents/Developer/Platforms/WatchOS.platform/Developer/Library/Frameworks -F /Applications/Xcode-16.3.0.app/Contents/Developer/Platforms/WatchOS.platform/Developer/SDKs/WatchOS11.4.sdk/Developer/Library/Frameworks -c -j10 -enable-batch-mode -incremental -Xcc -ivfsstatcache -Xcc /Users/admin/builder/spi-builder-workspace/.derivedData/SDKStatCaches.noindex/watchos11.4-22T246-43efb940ff07ba2497b70ec94253f576.sdkstatcache -output-file-map /Users/admin/builder/spi-builder-workspace/.derivedData/Build/Intermediates.noindex/TonConnect.build/Debug-watchos/TonConnectCore.build/Objects-normal/arm64/TonConnectCore-OutputFileMap.json -use-frontend-parseable-output -save-temps -no-color-diagnostics -serialize-diagnostics -emit-dependencies -emit-module -emit-module-path /Users/admin/builder/spi-builder-workspace/.derivedData/Build/Intermediates.noindex/TonConnect.build/Debug-watchos/TonConnectCore.build/Objects-normal/arm64/TonConnectCore.swiftmodule -validate-clang-modules-once -clang-build-session-file /Users/admin/builder/spi-builder-workspace/.derivedData/ModuleCache.noindex/Session.modulevalidation -package-name spi_builder_workspace -Xcc -I/Users/admin/builder/spi-builder-workspace/.derivedData/Build/Intermediates.noindex/TonConnect.build/Debug-watchos/TonConnectCore.build/swift-overrides.hmap -emit-const-values -Xfrontend -const-gather-protocols-file -Xfrontend /Users/admin/builder/spi-builder-workspace/.derivedData/Build/Intermediates.noindex/TonConnect.build/Debug-watchos/TonConnectCore.build/Objects-normal/arm64/TonConnectCore_const_extract_protocols.json -Xcc -I/Users/admin/builder/spi-builder-workspace/.derivedData/Build/Products/Debug-watchos/include -Xcc -I/Users/admin/builder/spi-builder-workspace/.derivedData/Build/Intermediates.noindex/TonConnect.build/Debug-watchos/TonConnectCore.build/DerivedSources-normal/arm64 -Xcc -I/Users/admin/builder/spi-builder-workspace/.derivedData/Build/Intermediates.noindex/TonConnect.build/Debug-watchos/TonConnectCore.build/DerivedSources/arm64 -Xcc -I/Users/admin/builder/spi-builder-workspace/.derivedData/Build/Intermediates.noindex/TonConnect.build/Debug-watchos/TonConnectCore.build/DerivedSources -Xcc -DSWIFT_PACKAGE -Xcc -DDEBUG\=1 -emit-objc-header -emit-objc-header-path /Users/admin/builder/spi-builder-workspace/.derivedData/Build/Intermediates.noindex/TonConnect.build/Debug-watchos/TonConnectCore.build/Objects-normal/arm64/TonConnectCore-Swift.h -working-directory /Users/admin/builder/spi-builder-workspace/.swiftpm/xcode -experimental-emit-module-separately -disable-cmo
SwiftDriver TonConnectTransport normal arm64 com.apple.xcode.tools.swift.compiler (in target 'TonConnectTransport' from project 'TonConnect')
cd /Users/admin/builder/spi-builder-workspace/.swiftpm/xcode
builtin-SwiftDriver -- /Applications/Xcode-16.3.0.app/Contents/Developer/Toolchains/XcodeDefault.xctoolchain/usr/bin/swiftc -module-name TonConnectTransport -Onone -enforce-exclusivity\=checked @/Users/admin/builder/spi-builder-workspace/.derivedData/Build/Intermediates.noindex/TonConnect.build/Debug-watchos/TonConnectTransport.build/Objects-normal/arm64/TonConnectTransport.SwiftFileList -DSWIFT_PACKAGE -DDEBUG -DXcode -plugin-path /Applications/Xcode-16.3.0.app/Contents/Developer/Toolchains/XcodeDefault.xctoolchain/usr/lib/swift/host/plugins/testing -enable-experimental-feature DebugDescriptionMacro -sdk /Applications/Xcode-16.3.0.app/Contents/Developer/Platforms/WatchOS.platform/Developer/SDKs/WatchOS11.4.sdk -target arm64-apple-watchos9.0 -g -module-cache-path /Users/admin/builder/spi-builder-workspace/.derivedData/ModuleCache.noindex -Xfrontend -serialize-debugging-options -profile-coverage-mapping -profile-generate -enable-testing -index-store-path /Users/admin/builder/spi-builder-workspace/.derivedData/Index.noindex/DataStore -swift-version 5 -I /Users/admin/builder/spi-builder-workspace/.derivedData/Build/Products/Debug-watchos -I /Applications/Xcode-16.3.0.app/Contents/Developer/Platforms/WatchOS.platform/Developer/usr/lib -F /Users/admin/builder/spi-builder-workspace/.derivedData/Build/Products/Debug-watchos -F /Applications/Xcode-16.3.0.app/Contents/Developer/Platforms/WatchOS.platform/Developer/Library/Frameworks -F /Applications/Xcode-16.3.0.app/Contents/Developer/Platforms/WatchOS.platform/Developer/SDKs/WatchOS11.4.sdk/Developer/Library/Frameworks -c -j10 -enable-batch-mode -incremental -Xcc -ivfsstatcache -Xcc /Users/admin/builder/spi-builder-workspace/.derivedData/SDKStatCaches.noindex/watchos11.4-22T246-43efb940ff07ba2497b70ec94253f576.sdkstatcache -output-file-map /Users/admin/builder/spi-builder-workspace/.derivedData/Build/Intermediates.noindex/TonConnect.build/Debug-watchos/TonConnectTransport.build/Objects-normal/arm64/TonConnectTransport-OutputFileMap.json -use-frontend-parseable-output -save-temps -no-color-diagnostics -serialize-diagnostics -emit-dependencies -emit-module -emit-module-path /Users/admin/builder/spi-builder-workspace/.derivedData/Build/Intermediates.noindex/TonConnect.build/Debug-watchos/TonConnectTransport.build/Objects-normal/arm64/TonConnectTransport.swiftmodule -validate-clang-modules-once -clang-build-session-file /Users/admin/builder/spi-builder-workspace/.derivedData/ModuleCache.noindex/Session.modulevalidation -package-name spi_builder_workspace -Xcc -I/Users/admin/builder/spi-builder-workspace/.derivedData/Build/Intermediates.noindex/TonConnect.build/Debug-watchos/TonConnectTransport.build/swift-overrides.hmap -emit-const-values -Xfrontend -const-gather-protocols-file -Xfrontend /Users/admin/builder/spi-builder-workspace/.derivedData/Build/Intermediates.noindex/TonConnect.build/Debug-watchos/TonConnectTransport.build/Objects-normal/arm64/TonConnectTransport_const_extract_protocols.json -Xcc -I/Users/admin/builder/spi-builder-workspace/.derivedData/Build/Products/Debug-watchos/include -Xcc -I/Users/admin/builder/spi-builder-workspace/.derivedData/Build/Intermediates.noindex/TonConnect.build/Debug-watchos/TonConnectTransport.build/DerivedSources-normal/arm64 -Xcc -I/Users/admin/builder/spi-builder-workspace/.derivedData/Build/Intermediates.noindex/TonConnect.build/Debug-watchos/TonConnectTransport.build/DerivedSources/arm64 -Xcc -I/Users/admin/builder/spi-builder-workspace/.derivedData/Build/Intermediates.noindex/TonConnect.build/Debug-watchos/TonConnectTransport.build/DerivedSources -Xcc -DSWIFT_PACKAGE -Xcc -DDEBUG\=1 -emit-objc-header -emit-objc-header-path /Users/admin/builder/spi-builder-workspace/.derivedData/Build/Intermediates.noindex/TonConnect.build/Debug-watchos/TonConnectTransport.build/Objects-normal/arm64/TonConnectTransport-Swift.h -working-directory /Users/admin/builder/spi-builder-workspace/.swiftpm/xcode -experimental-emit-module-separately -disable-cmo
SwiftDriver TonConnectTransport normal arm64_32 com.apple.xcode.tools.swift.compiler (in target 'TonConnectTransport' from project 'TonConnect')
cd /Users/admin/builder/spi-builder-workspace/.swiftpm/xcode
builtin-SwiftDriver -- /Applications/Xcode-16.3.0.app/Contents/Developer/Toolchains/XcodeDefault.xctoolchain/usr/bin/swiftc -module-name TonConnectTransport -Onone -enforce-exclusivity\=checked @/Users/admin/builder/spi-builder-workspace/.derivedData/Build/Intermediates.noindex/TonConnect.build/Debug-watchos/TonConnectTransport.build/Objects-normal/arm64_32/TonConnectTransport.SwiftFileList -DSWIFT_PACKAGE -DDEBUG -DXcode -plugin-path /Applications/Xcode-16.3.0.app/Contents/Developer/Toolchains/XcodeDefault.xctoolchain/usr/lib/swift/host/plugins/testing -enable-experimental-feature DebugDescriptionMacro -sdk /Applications/Xcode-16.3.0.app/Contents/Developer/Platforms/WatchOS.platform/Developer/SDKs/WatchOS11.4.sdk -target arm64_32-apple-watchos9.0 -g -module-cache-path /Users/admin/builder/spi-builder-workspace/.derivedData/ModuleCache.noindex -Xfrontend -serialize-debugging-options -profile-coverage-mapping -profile-generate -enable-testing -index-store-path /Users/admin/builder/spi-builder-workspace/.derivedData/Index.noindex/DataStore -swift-version 5 -I /Users/admin/builder/spi-builder-workspace/.derivedData/Build/Products/Debug-watchos -I /Applications/Xcode-16.3.0.app/Contents/Developer/Platforms/WatchOS.platform/Developer/usr/lib -F /Users/admin/builder/spi-builder-workspace/.derivedData/Build/Products/Debug-watchos -F /Applications/Xcode-16.3.0.app/Contents/Developer/Platforms/WatchOS.platform/Developer/Library/Frameworks -F /Applications/Xcode-16.3.0.app/Contents/Developer/Platforms/WatchOS.platform/Developer/SDKs/WatchOS11.4.sdk/Developer/Library/Frameworks -c -j10 -enable-batch-mode -incremental -Xcc -ivfsstatcache -Xcc /Users/admin/builder/spi-builder-workspace/.derivedData/SDKStatCaches.noindex/watchos11.4-22T246-43efb940ff07ba2497b70ec94253f576.sdkstatcache -output-file-map /Users/admin/builder/spi-builder-workspace/.derivedData/Build/Intermediates.noindex/TonConnect.build/Debug-watchos/TonConnectTransport.build/Objects-normal/arm64_32/TonConnectTransport-OutputFileMap.json -use-frontend-parseable-output -save-temps -no-color-diagnostics -serialize-diagnostics -emit-dependencies -emit-module -emit-module-path /Users/admin/builder/spi-builder-workspace/.derivedData/Build/Intermediates.noindex/TonConnect.build/Debug-watchos/TonConnectTransport.build/Objects-normal/arm64_32/TonConnectTransport.swiftmodule -validate-clang-modules-once -clang-build-session-file /Users/admin/builder/spi-builder-workspace/.derivedData/ModuleCache.noindex/Session.modulevalidation -package-name spi_builder_workspace -Xcc -I/Users/admin/builder/spi-builder-workspace/.derivedData/Build/Intermediates.noindex/TonConnect.build/Debug-watchos/TonConnectTransport.build/swift-overrides.hmap -emit-const-values -Xfrontend -const-gather-protocols-file -Xfrontend /Users/admin/builder/spi-builder-workspace/.derivedData/Build/Intermediates.noindex/TonConnect.build/Debug-watchos/TonConnectTransport.build/Objects-normal/arm64_32/TonConnectTransport_const_extract_protocols.json -Xcc -I/Users/admin/builder/spi-builder-workspace/.derivedData/Build/Products/Debug-watchos/include -Xcc -I/Users/admin/builder/spi-builder-workspace/.derivedData/Build/Intermediates.noindex/TonConnect.build/Debug-watchos/TonConnectTransport.build/DerivedSources-normal/arm64_32 -Xcc -I/Users/admin/builder/spi-builder-workspace/.derivedData/Build/Intermediates.noindex/TonConnect.build/Debug-watchos/TonConnectTransport.build/DerivedSources/arm64_32 -Xcc -I/Users/admin/builder/spi-builder-workspace/.derivedData/Build/Intermediates.noindex/TonConnect.build/Debug-watchos/TonConnectTransport.build/DerivedSources -Xcc -DSWIFT_PACKAGE -Xcc -DDEBUG\=1 -emit-objc-header -emit-objc-header-path /Users/admin/builder/spi-builder-workspace/.derivedData/Build/Intermediates.noindex/TonConnect.build/Debug-watchos/TonConnectTransport.build/Objects-normal/arm64_32/TonConnectTransport-Swift.h -working-directory /Users/admin/builder/spi-builder-workspace/.swiftpm/xcode -experimental-emit-module-separately -disable-cmo
SwiftDriver TonConnectCore normal arm64_32 com.apple.xcode.tools.swift.compiler (in target 'TonConnectCore' from project 'TonConnect')
cd /Users/admin/builder/spi-builder-workspace/.swiftpm/xcode
builtin-SwiftDriver -- /Applications/Xcode-16.3.0.app/Contents/Developer/Toolchains/XcodeDefault.xctoolchain/usr/bin/swiftc -module-name TonConnectCore -Onone -enforce-exclusivity\=checked @/Users/admin/builder/spi-builder-workspace/.derivedData/Build/Intermediates.noindex/TonConnect.build/Debug-watchos/TonConnectCore.build/Objects-normal/arm64_32/TonConnectCore.SwiftFileList -DSWIFT_PACKAGE -DDEBUG -DXcode -plugin-path /Applications/Xcode-16.3.0.app/Contents/Developer/Toolchains/XcodeDefault.xctoolchain/usr/lib/swift/host/plugins/testing -enable-experimental-feature DebugDescriptionMacro -sdk /Applications/Xcode-16.3.0.app/Contents/Developer/Platforms/WatchOS.platform/Developer/SDKs/WatchOS11.4.sdk -target arm64_32-apple-watchos9.0 -g -module-cache-path /Users/admin/builder/spi-builder-workspace/.derivedData/ModuleCache.noindex -Xfrontend -serialize-debugging-options -profile-coverage-mapping -profile-generate -enable-testing -index-store-path /Users/admin/builder/spi-builder-workspace/.derivedData/Index.noindex/DataStore -swift-version 5 -I /Users/admin/builder/spi-builder-workspace/.derivedData/Build/Products/Debug-watchos -I /Applications/Xcode-16.3.0.app/Contents/Developer/Platforms/WatchOS.platform/Developer/usr/lib -F /Users/admin/builder/spi-builder-workspace/.derivedData/Build/Products/Debug-watchos -F /Applications/Xcode-16.3.0.app/Contents/Developer/Platforms/WatchOS.platform/Developer/Library/Frameworks -F /Applications/Xcode-16.3.0.app/Contents/Developer/Platforms/WatchOS.platform/Developer/SDKs/WatchOS11.4.sdk/Developer/Library/Frameworks -c -j10 -enable-batch-mode -incremental -Xcc -ivfsstatcache -Xcc /Users/admin/builder/spi-builder-workspace/.derivedData/SDKStatCaches.noindex/watchos11.4-22T246-43efb940ff07ba2497b70ec94253f576.sdkstatcache -output-file-map /Users/admin/builder/spi-builder-workspace/.derivedData/Build/Intermediates.noindex/TonConnect.build/Debug-watchos/TonConnectCore.build/Objects-normal/arm64_32/TonConnectCore-OutputFileMap.json -use-frontend-parseable-output -save-temps -no-color-diagnostics -serialize-diagnostics -emit-dependencies -emit-module -emit-module-path /Users/admin/builder/spi-builder-workspace/.derivedData/Build/Intermediates.noindex/TonConnect.build/Debug-watchos/TonConnectCore.build/Objects-normal/arm64_32/TonConnectCore.swiftmodule -validate-clang-modules-once -clang-build-session-file /Users/admin/builder/spi-builder-workspace/.derivedData/ModuleCache.noindex/Session.modulevalidation -package-name spi_builder_workspace -Xcc -I/Users/admin/builder/spi-builder-workspace/.derivedData/Build/Intermediates.noindex/TonConnect.build/Debug-watchos/TonConnectCore.build/swift-overrides.hmap -emit-const-values -Xfrontend -const-gather-protocols-file -Xfrontend /Users/admin/builder/spi-builder-workspace/.derivedData/Build/Intermediates.noindex/TonConnect.build/Debug-watchos/TonConnectCore.build/Objects-normal/arm64_32/TonConnectCore_const_extract_protocols.json -Xcc -I/Users/admin/builder/spi-builder-workspace/.derivedData/Build/Products/Debug-watchos/include -Xcc -I/Users/admin/builder/spi-builder-workspace/.derivedData/Build/Intermediates.noindex/TonConnect.build/Debug-watchos/TonConnectCore.build/DerivedSources-normal/arm64_32 -Xcc -I/Users/admin/builder/spi-builder-workspace/.derivedData/Build/Intermediates.noindex/TonConnect.build/Debug-watchos/TonConnectCore.build/DerivedSources/arm64_32 -Xcc -I/Users/admin/builder/spi-builder-workspace/.derivedData/Build/Intermediates.noindex/TonConnect.build/Debug-watchos/TonConnectCore.build/DerivedSources -Xcc -DSWIFT_PACKAGE -Xcc -DDEBUG\=1 -emit-objc-header -emit-objc-header-path /Users/admin/builder/spi-builder-workspace/.derivedData/Build/Intermediates.noindex/TonConnect.build/Debug-watchos/TonConnectCore.build/Objects-normal/arm64_32/TonConnectCore-Swift.h -working-directory /Users/admin/builder/spi-builder-workspace/.swiftpm/xcode -experimental-emit-module-separately -disable-cmo
RegisterExecutionPolicyException /Users/admin/builder/spi-builder-workspace/.derivedData/Build/Products/Debug-watchos/CTweetNacl.o (in target 'CTweetNacl' from project 'TonConnect')
cd /Users/admin/builder/spi-builder-workspace
builtin-RegisterExecutionPolicyException /Users/admin/builder/spi-builder-workspace/.derivedData/Build/Products/Debug-watchos/CTweetNacl.o
SwiftEmitModule normal arm64 Emitting\ module\ for\ TonConnectTransport (in target 'TonConnectTransport' from project 'TonConnect')
EmitSwiftModule normal arm64 (in target 'TonConnectTransport' from project 'TonConnect')
cd /Users/admin/builder/spi-builder-workspace/.swiftpm/xcode
SwiftCompile normal arm64_32 Compiling\ NativeEventSource.swift /Users/admin/builder/spi-builder-workspace/Sources/TonConnectTransport/NativeEventSource.swift (in target 'TonConnectTransport' from project 'TonConnect')
SwiftCompile normal arm64_32 /Users/admin/builder/spi-builder-workspace/Sources/TonConnectTransport/NativeEventSource.swift (in target 'TonConnectTransport' from project 'TonConnect')
cd /Users/admin/builder/spi-builder-workspace/.swiftpm/xcode
SwiftCompile normal arm64 Compiling\ SSEEventParser.swift /Users/admin/builder/spi-builder-workspace/Sources/TonConnectTransport/SSEEventParser.swift (in target 'TonConnectTransport' from project 'TonConnect')
SwiftCompile normal arm64 /Users/admin/builder/spi-builder-workspace/Sources/TonConnectTransport/SSEEventParser.swift (in target 'TonConnectTransport' from project 'TonConnect')
cd /Users/admin/builder/spi-builder-workspace/.swiftpm/xcode
SwiftCompile normal arm64 Compiling\ NativeEventSource.swift /Users/admin/builder/spi-builder-workspace/Sources/TonConnectTransport/NativeEventSource.swift (in target 'TonConnectTransport' from project 'TonConnect')
SwiftCompile normal arm64 /Users/admin/builder/spi-builder-workspace/Sources/TonConnectTransport/NativeEventSource.swift (in target 'TonConnectTransport' from project 'TonConnect')
cd /Users/admin/builder/spi-builder-workspace/.swiftpm/xcode
SwiftEmitModule normal arm64_32 Emitting\ module\ for\ TonConnectTransport (in target 'TonConnectTransport' from project 'TonConnect')
EmitSwiftModule normal arm64_32 (in target 'TonConnectTransport' from project 'TonConnect')
cd /Users/admin/builder/spi-builder-workspace/.swiftpm/xcode
SwiftCompile normal arm64_32 Compiling\ SSEEventParser.swift /Users/admin/builder/spi-builder-workspace/Sources/TonConnectTransport/SSEEventParser.swift (in target 'TonConnectTransport' from project 'TonConnect')
SwiftCompile normal arm64_32 /Users/admin/builder/spi-builder-workspace/Sources/TonConnectTransport/SSEEventParser.swift (in target 'TonConnectTransport' from project 'TonConnect')
cd /Users/admin/builder/spi-builder-workspace/.swiftpm/xcode
SwiftCompile normal arm64 Compiling\ NativeFetch.swift /Users/admin/builder/spi-builder-workspace/Sources/TonConnectTransport/NativeFetch.swift (in target 'TonConnectTransport' from project 'TonConnect')
SwiftCompile normal arm64 /Users/admin/builder/spi-builder-workspace/Sources/TonConnectTransport/NativeFetch.swift (in target 'TonConnectTransport' from project 'TonConnect')
cd /Users/admin/builder/spi-builder-workspace/.swiftpm/xcode
SwiftCompile normal arm64_32 Compiling\ NativeFetch.swift /Users/admin/builder/spi-builder-workspace/Sources/TonConnectTransport/NativeFetch.swift (in target 'TonConnectTransport' from project 'TonConnect')
SwiftCompile normal arm64_32 /Users/admin/builder/spi-builder-workspace/Sources/TonConnectTransport/NativeFetch.swift (in target 'TonConnectTransport' from project 'TonConnect')
cd /Users/admin/builder/spi-builder-workspace/.swiftpm/xcode
SwiftEmitModule normal arm64_32 Emitting\ module\ for\ TonConnectCore (in target 'TonConnectCore' from project 'TonConnect')
EmitSwiftModule normal arm64_32 (in target 'TonConnectCore' from project 'TonConnect')
cd /Users/admin/builder/spi-builder-workspace/.swiftpm/xcode
SwiftEmitModule normal arm64 Emitting\ module\ for\ TonConnectCore (in target 'TonConnectCore' from project 'TonConnect')
EmitSwiftModule normal arm64 (in target 'TonConnectCore' from project 'TonConnect')
cd /Users/admin/builder/spi-builder-workspace/.swiftpm/xcode
SwiftDriverJobDiscovery normal arm64_32 Compiling NativeFetch.swift (in target 'TonConnectTransport' from project 'TonConnect')
SwiftCompile normal arm64 Compiling\ TonConnectEngine.swift,\ TonConnectEvent.swift /Users/admin/builder/spi-builder-workspace/Sources/TonConnectCore/TonConnectEngine.swift /Users/admin/builder/spi-builder-workspace/Sources/TonConnectCore/TonConnectEvent.swift (in target 'TonConnectCore' from project 'TonConnect')
SwiftCompile normal arm64 /Users/admin/builder/spi-builder-workspace/Sources/TonConnectCore/TonConnectEngine.swift (in target 'TonConnectCore' from project 'TonConnect')
cd /Users/admin/builder/spi-builder-workspace/.swiftpm/xcode
SwiftCompile normal arm64 /Users/admin/builder/spi-builder-workspace/Sources/TonConnectCore/TonConnectEvent.swift (in target 'TonConnectCore' from project 'TonConnect')
cd /Users/admin/builder/spi-builder-workspace/.swiftpm/xcode
SwiftDriverJobDiscovery normal arm64 Compiling NativeFetch.swift (in target 'TonConnectTransport' from project 'TonConnect')
SwiftCompile normal arm64 Compiling\ ConnectRequest.swift,\ ConnectionState.swift /Users/admin/builder/spi-builder-workspace/Sources/TonConnectCore/Models/ConnectRequest.swift /Users/admin/builder/spi-builder-workspace/Sources/TonConnectCore/Models/ConnectionState.swift (in target 'TonConnectCore' from project 'TonConnect')
SwiftCompile normal arm64 /Users/admin/builder/spi-builder-workspace/Sources/TonConnectCore/Models/ConnectRequest.swift (in target 'TonConnectCore' from project 'TonConnect')
cd /Users/admin/builder/spi-builder-workspace/.swiftpm/xcode
SwiftCompile normal arm64 /Users/admin/builder/spi-builder-workspace/Sources/TonConnectCore/Models/ConnectionState.swift (in target 'TonConnectCore' from project 'TonConnect')
cd /Users/admin/builder/spi-builder-workspace/.swiftpm/xcode
SwiftDriverJobDiscovery normal arm64_32 Emitting module for TonConnectTransport (in target 'TonConnectTransport' from project 'TonConnect')
SwiftDriver\ Compilation\ Requirements TonConnectTransport normal arm64_32 com.apple.xcode.tools.swift.compiler (in target 'TonConnectTransport' from project 'TonConnect')
cd /Users/admin/builder/spi-builder-workspace/.swiftpm/xcode
builtin-Swift-Compilation-Requirements -- /Applications/Xcode-16.3.0.app/Contents/Developer/Toolchains/XcodeDefault.xctoolchain/usr/bin/swiftc -module-name TonConnectTransport -Onone -enforce-exclusivity\=checked @/Users/admin/builder/spi-builder-workspace/.derivedData/Build/Intermediates.noindex/TonConnect.build/Debug-watchos/TonConnectTransport.build/Objects-normal/arm64_32/TonConnectTransport.SwiftFileList -DSWIFT_PACKAGE -DDEBUG -DXcode -plugin-path /Applications/Xcode-16.3.0.app/Contents/Developer/Toolchains/XcodeDefault.xctoolchain/usr/lib/swift/host/plugins/testing -enable-experimental-feature DebugDescriptionMacro -sdk /Applications/Xcode-16.3.0.app/Contents/Developer/Platforms/WatchOS.platform/Developer/SDKs/WatchOS11.4.sdk -target arm64_32-apple-watchos9.0 -g -module-cache-path /Users/admin/builder/spi-builder-workspace/.derivedData/ModuleCache.noindex -Xfrontend -serialize-debugging-options -profile-coverage-mapping -profile-generate -enable-testing -index-store-path /Users/admin/builder/spi-builder-workspace/.derivedData/Index.noindex/DataStore -swift-version 5 -I /Users/admin/builder/spi-builder-workspace/.derivedData/Build/Products/Debug-watchos -I /Applications/Xcode-16.3.0.app/Contents/Developer/Platforms/WatchOS.platform/Developer/usr/lib -F /Users/admin/builder/spi-builder-workspace/.derivedData/Build/Products/Debug-watchos -F /Applications/Xcode-16.3.0.app/Contents/Developer/Platforms/WatchOS.platform/Developer/Library/Frameworks -F /Applications/Xcode-16.3.0.app/Contents/Developer/Platforms/WatchOS.platform/Developer/SDKs/WatchOS11.4.sdk/Developer/Library/Frameworks -c -j10 -enable-batch-mode -incremental -Xcc -ivfsstatcache -Xcc /Users/admin/builder/spi-builder-workspace/.derivedData/SDKStatCaches.noindex/watchos11.4-22T246-43efb940ff07ba2497b70ec94253f576.sdkstatcache -output-file-map /Users/admin/builder/spi-builder-workspace/.derivedData/Build/Intermediates.noindex/TonConnect.build/Debug-watchos/TonConnectTransport.build/Objects-normal/arm64_32/TonConnectTransport-OutputFileMap.json -use-frontend-parseable-output -save-temps -no-color-diagnostics -serialize-diagnostics -emit-dependencies -emit-module -emit-module-path /Users/admin/builder/spi-builder-workspace/.derivedData/Build/Intermediates.noindex/TonConnect.build/Debug-watchos/TonConnectTransport.build/Objects-normal/arm64_32/TonConnectTransport.swiftmodule -validate-clang-modules-once -clang-build-session-file /Users/admin/builder/spi-builder-workspace/.derivedData/ModuleCache.noindex/Session.modulevalidation -package-name spi_builder_workspace -Xcc -I/Users/admin/builder/spi-builder-workspace/.derivedData/Build/Intermediates.noindex/TonConnect.build/Debug-watchos/TonConnectTransport.build/swift-overrides.hmap -emit-const-values -Xfrontend -const-gather-protocols-file -Xfrontend /Users/admin/builder/spi-builder-workspace/.derivedData/Build/Intermediates.noindex/TonConnect.build/Debug-watchos/TonConnectTransport.build/Objects-normal/arm64_32/TonConnectTransport_const_extract_protocols.json -Xcc -I/Users/admin/builder/spi-builder-workspace/.derivedData/Build/Products/Debug-watchos/include -Xcc -I/Users/admin/builder/spi-builder-workspace/.derivedData/Build/Intermediates.noindex/TonConnect.build/Debug-watchos/TonConnectTransport.build/DerivedSources-normal/arm64_32 -Xcc -I/Users/admin/builder/spi-builder-workspace/.derivedData/Build/Intermediates.noindex/TonConnect.build/Debug-watchos/TonConnectTransport.build/DerivedSources/arm64_32 -Xcc -I/Users/admin/builder/spi-builder-workspace/.derivedData/Build/Intermediates.noindex/TonConnect.build/Debug-watchos/TonConnectTransport.build/DerivedSources -Xcc -DSWIFT_PACKAGE -Xcc -DDEBUG\=1 -emit-objc-header -emit-objc-header-path /Users/admin/builder/spi-builder-workspace/.derivedData/Build/Intermediates.noindex/TonConnect.build/Debug-watchos/TonConnectTransport.build/Objects-normal/arm64_32/TonConnectTransport-Swift.h -working-directory /Users/admin/builder/spi-builder-workspace/.swiftpm/xcode -experimental-emit-module-separately -disable-cmo
SwiftDriverJobDiscovery normal arm64 Emitting module for TonConnectTransport (in target 'TonConnectTransport' from project 'TonConnect')
SwiftCompile normal arm64 Compiling\ WalletLink.swift,\ WalletOpener.swift /Users/admin/builder/spi-builder-workspace/Sources/TonConnectCore/WalletLink.swift /Users/admin/builder/spi-builder-workspace/Sources/TonConnectCore/WalletOpener.swift (in target 'TonConnectCore' from project 'TonConnect')
SwiftCompile normal arm64 /Users/admin/builder/spi-builder-workspace/Sources/TonConnectCore/WalletLink.swift (in target 'TonConnectCore' from project 'TonConnect')
cd /Users/admin/builder/spi-builder-workspace/.swiftpm/xcode
SwiftCompile normal arm64 /Users/admin/builder/spi-builder-workspace/Sources/TonConnectCore/WalletOpener.swift (in target 'TonConnectCore' from project 'TonConnect')
cd /Users/admin/builder/spi-builder-workspace/.swiftpm/xcode
/Users/admin/builder/spi-builder-workspace/Sources/TonConnectCore/WalletOpener.swift:21:13: error: cannot find 'UIApplication' in scope
UIApplication.shared.open(url, options: [:], completionHandler: nil)
^~~~~~~~~~~~~
/Users/admin/builder/spi-builder-workspace/Sources/TonConnectCore/WalletOpener.swift:21:77: error: 'nil' requires a contextual type
UIApplication.shared.open(url, options: [:], completionHandler: nil)
^
/Users/admin/builder/spi-builder-workspace/Sources/TonConnectCore/WalletOpener.swift:24:17: error: cannot find 'UIApplication' in scope
UIApplication.shared.open(url, options: [:], completionHandler: nil)
^~~~~~~~~~~~~
/Users/admin/builder/spi-builder-workspace/Sources/TonConnectCore/WalletOpener.swift:24:81: error: 'nil' requires a contextual type
UIApplication.shared.open(url, options: [:], completionHandler: nil)
^
Failed frontend command:
/Applications/Xcode-16.3.0.app/Contents/Developer/Toolchains/XcodeDefault.xctoolchain/usr/bin/swift-frontend -frontend -c /Users/admin/builder/spi-builder-workspace/Sources/TonConnectCore/Errors/TonConnectError.swift /Users/admin/builder/spi-builder-workspace/Sources/TonConnectCore/Models/Account+UserFriendly.swift /Users/admin/builder/spi-builder-workspace/Sources/TonConnectCore/Models/Account.swift /Users/admin/builder/spi-builder-workspace/Sources/TonConnectCore/Models/AppRequest.swift /Users/admin/builder/spi-builder-workspace/Sources/TonConnectCore/Models/ConnectEvent.swift /Users/admin/builder/spi-builder-workspace/Sources/TonConnectCore/Models/ConnectRequest.swift /Users/admin/builder/spi-builder-workspace/Sources/TonConnectCore/Models/ConnectionState.swift /Users/admin/builder/spi-builder-workspace/Sources/TonConnectCore/Models/OperationState.swift /Users/admin/builder/spi-builder-workspace/Sources/TonConnectCore/Models/ReturnStrategy.swift /Users/admin/builder/spi-builder-workspace/Sources/TonConnectCore/Models/WalletConnectionSource.swift /Users/admin/builder/spi-builder-workspace/Sources/TonConnectCore/Models/WalletManifest.swift /Users/admin/builder/spi-builder-workspace/Sources/TonConnectCore/Models/WalletResponse.swift /Users/admin/builder/spi-builder-workspace/Sources/TonConnectCore/Storage/InMemoryStorage.swift /Users/admin/builder/spi-builder-workspace/Sources/TonConnectCore/Storage/KeychainStorage.swift /Users/admin/builder/spi-builder-workspace/Sources/TonConnectCore/Storage/SessionKey.swift /Users/admin/builder/spi-builder-workspace/Sources/TonConnectCore/Storage/TonConnectStorage.swift /Users/admin/builder/spi-builder-workspace/Sources/TonConnectCore/TonConnect.swift /Users/admin/builder/spi-builder-workspace/Sources/TonConnectCore/TonConnectEngine.swift /Users/admin/builder/spi-builder-workspace/Sources/TonConnectCore/TonConnectEvent.swift -primary-file /Users/admin/builder/spi-builder-workspace/Sources/TonConnectCore/WalletLink.swift -primary-file /Users/admin/builder/spi-builder-workspace/Sources/TonConnectCore/WalletOpener.swift -emit-dependencies-path /Users/admin/builder/spi-builder-workspace/.derivedData/Build/Intermediates.noindex/TonConnect.build/Debug-watchos/TonConnectCore.build/Objects-normal/arm64/WalletLink.d -emit-const-values-path /Users/admin/builder/spi-builder-workspace/.derivedData/Build/Intermediates.noindex/TonConnect.build/Debug-watchos/TonConnectCore.build/Objects-normal/arm64/WalletLink.swiftconstvalues -emit-reference-dependencies-path /Users/admin/builder/spi-builder-workspace/.derivedData/Build/Intermediates.noindex/TonConnect.build/Debug-watchos/TonConnectCore.build/Objects-normal/arm64/WalletLink.swiftdeps -serialize-diagnostics-path /Users/admin/builder/spi-builder-workspace/.derivedData/Build/Intermediates.noindex/TonConnect.build/Debug-watchos/TonConnectCore.build/Objects-normal/arm64/WalletLink.dia -emit-dependencies-path /Users/admin/builder/spi-builder-workspace/.derivedData/Build/Intermediates.noindex/TonConnect.build/Debug-watchos/TonConnectCore.build/Objects-normal/arm64/WalletOpener.d -emit-const-values-path /Users/admin/builder/spi-builder-workspace/.derivedData/Build/Intermediates.noindex/TonConnect.build/Debug-watchos/TonConnectCore.build/Objects-normal/arm64/WalletOpener.swiftconstvalues -emit-reference-dependencies-path /Users/admin/builder/spi-builder-workspace/.derivedData/Build/Intermediates.noindex/TonConnect.build/Debug-watchos/TonConnectCore.build/Objects-normal/arm64/WalletOpener.swiftdeps -serialize-diagnostics-path /Users/admin/builder/spi-builder-workspace/.derivedData/Build/Intermediates.noindex/TonConnect.build/Debug-watchos/TonConnectCore.build/Objects-normal/arm64/WalletOpener.dia -target arm64-apple-watchos9.0 -Xllvm -aarch64-use-tbi -enable-objc-interop -stack-check -sdk /Applications/Xcode-16.3.0.app/Contents/Developer/Platforms/WatchOS.platform/Developer/SDKs/WatchOS11.4.sdk -I /Users/admin/builder/spi-builder-workspace/.derivedData/Build/Products/Debug-watchos -I /Applications/Xcode-16.3.0.app/Contents/Developer/Platforms/WatchOS.platform/Developer/usr/lib -F /Users/admin/builder/spi-builder-workspace/.derivedData/Build/Products/Debug-watchos -F /Applications/Xcode-16.3.0.app/Contents/Developer/Platforms/WatchOS.platform/Developer/Library/Frameworks -F /Applications/Xcode-16.3.0.app/Contents/Developer/Platforms/WatchOS.platform/Developer/SDKs/WatchOS11.4.sdk/Developer/Library/Frameworks -no-color-diagnostics -enable-testing -g -debug-info-format\=dwarf -dwarf-version\=4 -module-cache-path /Users/admin/builder/spi-builder-workspace/.derivedData/ModuleCache.noindex -profile-generate -profile-coverage-mapping -swift-version 5 -enforce-exclusivity\=checked -Onone -D SWIFT_PACKAGE -D DEBUG -D Xcode -serialize-debugging-options -const-gather-protocols-file /Users/admin/builder/spi-builder-workspace/.derivedData/Build/Intermediates.noindex/TonConnect.build/Debug-watchos/TonConnectCore.build/Objects-normal/arm64/TonConnectCore_const_extract_protocols.json -enable-experimental-feature DebugDescriptionMacro -empty-abi-descriptor -plugin-path /Applications/Xcode-16.3.0.app/Contents/Developer/Toolchains/XcodeDefault.xctoolchain/usr/lib/swift/host/plugins/testing -validate-clang-modules-once -clang-build-session-file /Users/admin/builder/spi-builder-workspace/.derivedData/ModuleCache.noindex/Session.modulevalidation -Xcc -working-directory -Xcc /Users/admin/builder/spi-builder-workspace/.swiftpm/xcode -resource-dir /Applications/Xcode-16.3.0.app/Contents/Developer/Toolchains/XcodeDefault.xctoolchain/usr/lib/swift -enable-anonymous-context-mangled-names -file-compilation-dir /Users/admin/builder/spi-builder-workspace/.swiftpm/xcode -Xcc -ivfsstatcache -Xcc /Users/admin/builder/spi-builder-workspace/.derivedData/SDKStatCaches.noindex/watchos11.4-22T246-43efb940ff07ba2497b70ec94253f576.sdkstatcache -Xcc -I/Users/admin/builder/spi-builder-workspace/.derivedData/Build/Intermediates.noindex/TonConnect.build/Debug-watchos/TonConnectCore.build/swift-overrides.hmap -Xcc -I/Users/admin/builder/spi-builder-workspace/.derivedData/Build/Products/Debug-watchos/include -Xcc -I/Users/admin/builder/spi-builder-workspace/.derivedData/Build/Intermediates.noindex/TonConnect.build/Debug-watchos/TonConnectCore.build/DerivedSources-normal/arm64 -Xcc -I/Users/admin/builder/spi-builder-workspace/.derivedData/Build/Intermediates.noindex/TonConnect.build/Debug-watchos/TonConnectCore.build/DerivedSources/arm64 -Xcc -I/Users/admin/builder/spi-builder-workspace/.derivedData/Build/Intermediates.noindex/TonConnect.build/Debug-watchos/TonConnectCore.build/DerivedSources -Xcc -DSWIFT_PACKAGE -Xcc -DDEBUG\=1 -module-name TonConnectCore -package-name spi_builder_workspace -frontend-parseable-output -disable-clang-spi -target-sdk-version 11.4 -target-sdk-name watchos11.4 -external-plugin-path /Applications/Xcode-16.3.0.app/Contents/Developer/Platforms/WatchOS.platform/Developer/usr/lib/swift/host/plugins\#/Applications/Xcode-16.3.0.app/Contents/Developer/Platforms/WatchOS.platform/Developer/usr/bin/swift-plugin-server -external-plugin-path /Applications/Xcode-16.3.0.app/Contents/Developer/Platforms/WatchOS.platform/Developer/usr/local/lib/swift/host/plugins\#/Applications/Xcode-16.3.0.app/Contents/Developer/Platforms/WatchOS.platform/Developer/usr/bin/swift-plugin-server -in-process-plugin-server-path /Applications/Xcode-16.3.0.app/Contents/Developer/Toolchains/XcodeDefault.xctoolchain/usr/lib/swift/host/libSwiftInProcPluginServer.dylib -plugin-path /Applications/Xcode-16.3.0.app/Contents/Developer/Toolchains/XcodeDefault.xctoolchain/usr/lib/swift/host/plugins -plugin-path /Applications/Xcode-16.3.0.app/Contents/Developer/Toolchains/XcodeDefault.xctoolchain/usr/local/lib/swift/host/plugins -o /Users/admin/builder/spi-builder-workspace/.derivedData/Build/Intermediates.noindex/TonConnect.build/Debug-watchos/TonConnectCore.build/Objects-normal/arm64/WalletLink.o -o /Users/admin/builder/spi-builder-workspace/.derivedData/Build/Intermediates.noindex/TonConnect.build/Debug-watchos/TonConnectCore.build/Objects-normal/arm64/WalletOpener.o -index-unit-output-path /TonConnect.build/Debug-watchos/TonConnectCore.build/Objects-normal/arm64/WalletLink.o -index-unit-output-path /TonConnect.build/Debug-watchos/TonConnectCore.build/Objects-normal/arm64/WalletOpener.o -index-store-path /Users/admin/builder/spi-builder-workspace/.derivedData/Index.noindex/DataStore -index-system-modules
SwiftDriver\ Compilation\ Requirements TonConnectTransport normal arm64 com.apple.xcode.tools.swift.compiler (in target 'TonConnectTransport' from project 'TonConnect')
cd /Users/admin/builder/spi-builder-workspace/.swiftpm/xcode
builtin-Swift-Compilation-Requirements -- /Applications/Xcode-16.3.0.app/Contents/Developer/Toolchains/XcodeDefault.xctoolchain/usr/bin/swiftc -module-name TonConnectTransport -Onone -enforce-exclusivity\=checked @/Users/admin/builder/spi-builder-workspace/.derivedData/Build/Intermediates.noindex/TonConnect.build/Debug-watchos/TonConnectTransport.build/Objects-normal/arm64/TonConnectTransport.SwiftFileList -DSWIFT_PACKAGE -DDEBUG -DXcode -plugin-path /Applications/Xcode-16.3.0.app/Contents/Developer/Toolchains/XcodeDefault.xctoolchain/usr/lib/swift/host/plugins/testing -enable-experimental-feature DebugDescriptionMacro -sdk /Applications/Xcode-16.3.0.app/Contents/Developer/Platforms/WatchOS.platform/Developer/SDKs/WatchOS11.4.sdk -target arm64-apple-watchos9.0 -g -module-cache-path /Users/admin/builder/spi-builder-workspace/.derivedData/ModuleCache.noindex -Xfrontend -serialize-debugging-options -profile-coverage-mapping -profile-generate -enable-testing -index-store-path /Users/admin/builder/spi-builder-workspace/.derivedData/Index.noindex/DataStore -swift-version 5 -I /Users/admin/builder/spi-builder-workspace/.derivedData/Build/Products/Debug-watchos -I /Applications/Xcode-16.3.0.app/Contents/Developer/Platforms/WatchOS.platform/Developer/usr/lib -F /Users/admin/builder/spi-builder-workspace/.derivedData/Build/Products/Debug-watchos -F /Applications/Xcode-16.3.0.app/Contents/Developer/Platforms/WatchOS.platform/Developer/Library/Frameworks -F /Applications/Xcode-16.3.0.app/Contents/Developer/Platforms/WatchOS.platform/Developer/SDKs/WatchOS11.4.sdk/Developer/Library/Frameworks -c -j10 -enable-batch-mode -incremental -Xcc -ivfsstatcache -Xcc /Users/admin/builder/spi-builder-workspace/.derivedData/SDKStatCaches.noindex/watchos11.4-22T246-43efb940ff07ba2497b70ec94253f576.sdkstatcache -output-file-map /Users/admin/builder/spi-builder-workspace/.derivedData/Build/Intermediates.noindex/TonConnect.build/Debug-watchos/TonConnectTransport.build/Objects-normal/arm64/TonConnectTransport-OutputFileMap.json -use-frontend-parseable-output -save-temps -no-color-diagnostics -serialize-diagnostics -emit-dependencies -emit-module -emit-module-path /Users/admin/builder/spi-builder-workspace/.derivedData/Build/Intermediates.noindex/TonConnect.build/Debug-watchos/TonConnectTransport.build/Objects-normal/arm64/TonConnectTransport.swiftmodule -validate-clang-modules-once -clang-build-session-file /Users/admin/builder/spi-builder-workspace/.derivedData/ModuleCache.noindex/Session.modulevalidation -package-name spi_builder_workspace -Xcc -I/Users/admin/builder/spi-builder-workspace/.derivedData/Build/Intermediates.noindex/TonConnect.build/Debug-watchos/TonConnectTransport.build/swift-overrides.hmap -emit-const-values -Xfrontend -const-gather-protocols-file -Xfrontend /Users/admin/builder/spi-builder-workspace/.derivedData/Build/Intermediates.noindex/TonConnect.build/Debug-watchos/TonConnectTransport.build/Objects-normal/arm64/TonConnectTransport_const_extract_protocols.json -Xcc -I/Users/admin/builder/spi-builder-workspace/.derivedData/Build/Products/Debug-watchos/include -Xcc -I/Users/admin/builder/spi-builder-workspace/.derivedData/Build/Intermediates.noindex/TonConnect.build/Debug-watchos/TonConnectTransport.build/DerivedSources-normal/arm64 -Xcc -I/Users/admin/builder/spi-builder-workspace/.derivedData/Build/Intermediates.noindex/TonConnect.build/Debug-watchos/TonConnectTransport.build/DerivedSources/arm64 -Xcc -I/Users/admin/builder/spi-builder-workspace/.derivedData/Build/Intermediates.noindex/TonConnect.build/Debug-watchos/TonConnectTransport.build/DerivedSources -Xcc -DSWIFT_PACKAGE -Xcc -DDEBUG\=1 -emit-objc-header -emit-objc-header-path /Users/admin/builder/spi-builder-workspace/.derivedData/Build/Intermediates.noindex/TonConnect.build/Debug-watchos/TonConnectTransport.build/Objects-normal/arm64/TonConnectTransport-Swift.h -working-directory /Users/admin/builder/spi-builder-workspace/.swiftpm/xcode -experimental-emit-module-separately -disable-cmo
SwiftDriverJobDiscovery normal arm64_32 Emitting module for TonConnectCore (in target 'TonConnectCore' from project 'TonConnect')
Copy /Users/admin/builder/spi-builder-workspace/.derivedData/Build/Products/Debug-watchos/TonConnectTransport.swiftmodule/arm64_32-apple-watchos.swiftmodule /Users/admin/builder/spi-builder-workspace/.derivedData/Build/Intermediates.noindex/TonConnect.build/Debug-watchos/TonConnectTransport.build/Objects-normal/arm64_32/TonConnectTransport.swiftmodule (in target 'TonConnectTransport' from project 'TonConnect')
cd /Users/admin/builder/spi-builder-workspace
builtin-copy -exclude .DS_Store -exclude CVS -exclude .svn -exclude .git -exclude .hg -resolve-src-symlinks -rename /Users/admin/builder/spi-builder-workspace/.derivedData/Build/Intermediates.noindex/TonConnect.build/Debug-watchos/TonConnectTransport.build/Objects-normal/arm64_32/TonConnectTransport.swiftmodule /Users/admin/builder/spi-builder-workspace/.derivedData/Build/Products/Debug-watchos/TonConnectTransport.swiftmodule/arm64_32-apple-watchos.swiftmodule
Copy /Users/admin/builder/spi-builder-workspace/.derivedData/Build/Products/Debug-watchos/TonConnectTransport.swiftmodule/arm64_32-apple-watchos.abi.json /Users/admin/builder/spi-builder-workspace/.derivedData/Build/Intermediates.noindex/TonConnect.build/Debug-watchos/TonConnectTransport.build/Objects-normal/arm64_32/TonConnectTransport.abi.json (in target 'TonConnectTransport' from project 'TonConnect')
cd /Users/admin/builder/spi-builder-workspace
builtin-copy -exclude .DS_Store -exclude CVS -exclude .svn -exclude .git -exclude .hg -resolve-src-symlinks -rename /Users/admin/builder/spi-builder-workspace/.derivedData/Build/Intermediates.noindex/TonConnect.build/Debug-watchos/TonConnectTransport.build/Objects-normal/arm64_32/TonConnectTransport.abi.json /Users/admin/builder/spi-builder-workspace/.derivedData/Build/Products/Debug-watchos/TonConnectTransport.swiftmodule/arm64_32-apple-watchos.abi.json
Copy /Users/admin/builder/spi-builder-workspace/.derivedData/Build/Products/Debug-watchos/TonConnectTransport.swiftmodule/arm64-apple-watchos.swiftmodule /Users/admin/builder/spi-builder-workspace/.derivedData/Build/Intermediates.noindex/TonConnect.build/Debug-watchos/TonConnectTransport.build/Objects-normal/arm64/TonConnectTransport.swiftmodule (in target 'TonConnectTransport' from project 'TonConnect')
cd /Users/admin/builder/spi-builder-workspace
builtin-copy -exclude .DS_Store -exclude CVS -exclude .svn -exclude .git -exclude .hg -resolve-src-symlinks -rename /Users/admin/builder/spi-builder-workspace/.derivedData/Build/Intermediates.noindex/TonConnect.build/Debug-watchos/TonConnectTransport.build/Objects-normal/arm64/TonConnectTransport.swiftmodule /Users/admin/builder/spi-builder-workspace/.derivedData/Build/Products/Debug-watchos/TonConnectTransport.swiftmodule/arm64-apple-watchos.swiftmodule
Copy /Users/admin/builder/spi-builder-workspace/.derivedData/Build/Products/Debug-watchos/TonConnectTransport.swiftmodule/arm64-apple-watchos.abi.json /Users/admin/builder/spi-builder-workspace/.derivedData/Build/Intermediates.noindex/TonConnect.build/Debug-watchos/TonConnectTransport.build/Objects-normal/arm64/TonConnectTransport.abi.json (in target 'TonConnectTransport' from project 'TonConnect')
cd /Users/admin/builder/spi-builder-workspace
builtin-copy -exclude .DS_Store -exclude CVS -exclude .svn -exclude .git -exclude .hg -resolve-src-symlinks -rename /Users/admin/builder/spi-builder-workspace/.derivedData/Build/Intermediates.noindex/TonConnect.build/Debug-watchos/TonConnectTransport.build/Objects-normal/arm64/TonConnectTransport.abi.json /Users/admin/builder/spi-builder-workspace/.derivedData/Build/Products/Debug-watchos/TonConnectTransport.swiftmodule/arm64-apple-watchos.abi.json
SwiftDriver\ Compilation\ Requirements TonConnectCore normal arm64_32 com.apple.xcode.tools.swift.compiler (in target 'TonConnectCore' from project 'TonConnect')
cd /Users/admin/builder/spi-builder-workspace/.swiftpm/xcode
builtin-Swift-Compilation-Requirements -- /Applications/Xcode-16.3.0.app/Contents/Developer/Toolchains/XcodeDefault.xctoolchain/usr/bin/swiftc -module-name TonConnectCore -Onone -enforce-exclusivity\=checked @/Users/admin/builder/spi-builder-workspace/.derivedData/Build/Intermediates.noindex/TonConnect.build/Debug-watchos/TonConnectCore.build/Objects-normal/arm64_32/TonConnectCore.SwiftFileList -DSWIFT_PACKAGE -DDEBUG -DXcode -plugin-path /Applications/Xcode-16.3.0.app/Contents/Developer/Toolchains/XcodeDefault.xctoolchain/usr/lib/swift/host/plugins/testing -enable-experimental-feature DebugDescriptionMacro -sdk /Applications/Xcode-16.3.0.app/Contents/Developer/Platforms/WatchOS.platform/Developer/SDKs/WatchOS11.4.sdk -target arm64_32-apple-watchos9.0 -g -module-cache-path /Users/admin/builder/spi-builder-workspace/.derivedData/ModuleCache.noindex -Xfrontend -serialize-debugging-options -profile-coverage-mapping -profile-generate -enable-testing -index-store-path /Users/admin/builder/spi-builder-workspace/.derivedData/Index.noindex/DataStore -swift-version 5 -I /Users/admin/builder/spi-builder-workspace/.derivedData/Build/Products/Debug-watchos -I /Applications/Xcode-16.3.0.app/Contents/Developer/Platforms/WatchOS.platform/Developer/usr/lib -F /Users/admin/builder/spi-builder-workspace/.derivedData/Build/Products/Debug-watchos -F /Applications/Xcode-16.3.0.app/Contents/Developer/Platforms/WatchOS.platform/Developer/Library/Frameworks -F /Applications/Xcode-16.3.0.app/Contents/Developer/Platforms/WatchOS.platform/Developer/SDKs/WatchOS11.4.sdk/Developer/Library/Frameworks -c -j10 -enable-batch-mode -incremental -Xcc -ivfsstatcache -Xcc /Users/admin/builder/spi-builder-workspace/.derivedData/SDKStatCaches.noindex/watchos11.4-22T246-43efb940ff07ba2497b70ec94253f576.sdkstatcache -output-file-map /Users/admin/builder/spi-builder-workspace/.derivedData/Build/Intermediates.noindex/TonConnect.build/Debug-watchos/TonConnectCore.build/Objects-normal/arm64_32/TonConnectCore-OutputFileMap.json -use-frontend-parseable-output -save-temps -no-color-diagnostics -serialize-diagnostics -emit-dependencies -emit-module -emit-module-path /Users/admin/builder/spi-builder-workspace/.derivedData/Build/Intermediates.noindex/TonConnect.build/Debug-watchos/TonConnectCore.build/Objects-normal/arm64_32/TonConnectCore.swiftmodule -validate-clang-modules-once -clang-build-session-file /Users/admin/builder/spi-builder-workspace/.derivedData/ModuleCache.noindex/Session.modulevalidation -package-name spi_builder_workspace -Xcc -I/Users/admin/builder/spi-builder-workspace/.derivedData/Build/Intermediates.noindex/TonConnect.build/Debug-watchos/TonConnectCore.build/swift-overrides.hmap -emit-const-values -Xfrontend -const-gather-protocols-file -Xfrontend /Users/admin/builder/spi-builder-workspace/.derivedData/Build/Intermediates.noindex/TonConnect.build/Debug-watchos/TonConnectCore.build/Objects-normal/arm64_32/TonConnectCore_const_extract_protocols.json -Xcc -I/Users/admin/builder/spi-builder-workspace/.derivedData/Build/Products/Debug-watchos/include -Xcc -I/Users/admin/builder/spi-builder-workspace/.derivedData/Build/Intermediates.noindex/TonConnect.build/Debug-watchos/TonConnectCore.build/DerivedSources-normal/arm64_32 -Xcc -I/Users/admin/builder/spi-builder-workspace/.derivedData/Build/Intermediates.noindex/TonConnect.build/Debug-watchos/TonConnectCore.build/DerivedSources/arm64_32 -Xcc -I/Users/admin/builder/spi-builder-workspace/.derivedData/Build/Intermediates.noindex/TonConnect.build/Debug-watchos/TonConnectCore.build/DerivedSources -Xcc -DSWIFT_PACKAGE -Xcc -DDEBUG\=1 -emit-objc-header -emit-objc-header-path /Users/admin/builder/spi-builder-workspace/.derivedData/Build/Intermediates.noindex/TonConnect.build/Debug-watchos/TonConnectCore.build/Objects-normal/arm64_32/TonConnectCore-Swift.h -working-directory /Users/admin/builder/spi-builder-workspace/.swiftpm/xcode -experimental-emit-module-separately -disable-cmo
SwiftCompile normal arm64_32 Compiling\ KeychainStorage.swift,\ SessionKey.swift /Users/admin/builder/spi-builder-workspace/Sources/TonConnectCore/Storage/KeychainStorage.swift /Users/admin/builder/spi-builder-workspace/Sources/TonConnectCore/Storage/SessionKey.swift (in target 'TonConnectCore' from project 'TonConnect')
SwiftCompile normal arm64_32 /Users/admin/builder/spi-builder-workspace/Sources/TonConnectCore/Storage/KeychainStorage.swift (in target 'TonConnectCore' from project 'TonConnect')
cd /Users/admin/builder/spi-builder-workspace/.swiftpm/xcode
SwiftCompile normal arm64_32 /Users/admin/builder/spi-builder-workspace/Sources/TonConnectCore/Storage/SessionKey.swift (in target 'TonConnectCore' from project 'TonConnect')
cd /Users/admin/builder/spi-builder-workspace/.swiftpm/xcode
Copy /Users/admin/builder/spi-builder-workspace/.derivedData/Build/Products/Debug-watchos/TonConnectCore.swiftmodule/arm64_32-apple-watchos.abi.json /Users/admin/builder/spi-builder-workspace/.derivedData/Build/Intermediates.noindex/TonConnect.build/Debug-watchos/TonConnectCore.build/Objects-normal/arm64_32/TonConnectCore.abi.json (in target 'TonConnectCore' from project 'TonConnect')
cd /Users/admin/builder/spi-builder-workspace
builtin-copy -exclude .DS_Store -exclude CVS -exclude .svn -exclude .git -exclude .hg -resolve-src-symlinks -rename /Users/admin/builder/spi-builder-workspace/.derivedData/Build/Intermediates.noindex/TonConnect.build/Debug-watchos/TonConnectCore.build/Objects-normal/arm64_32/TonConnectCore.abi.json /Users/admin/builder/spi-builder-workspace/.derivedData/Build/Products/Debug-watchos/TonConnectCore.swiftmodule/arm64_32-apple-watchos.abi.json
SwiftDriverJobDiscovery normal arm64_32 Compiling NativeEventSource.swift (in target 'TonConnectTransport' from project 'TonConnect')
SwiftCompile normal arm64_32 Compiling\ ConnectRequest.swift,\ ConnectionState.swift /Users/admin/builder/spi-builder-workspace/Sources/TonConnectCore/Models/ConnectRequest.swift /Users/admin/builder/spi-builder-workspace/Sources/TonConnectCore/Models/ConnectionState.swift (in target 'TonConnectCore' from project 'TonConnect')
SwiftCompile normal arm64_32 /Users/admin/builder/spi-builder-workspace/Sources/TonConnectCore/Models/ConnectRequest.swift (in target 'TonConnectCore' from project 'TonConnect')
cd /Users/admin/builder/spi-builder-workspace/.swiftpm/xcode
SwiftCompile normal arm64_32 /Users/admin/builder/spi-builder-workspace/Sources/TonConnectCore/Models/ConnectionState.swift (in target 'TonConnectCore' from project 'TonConnect')
cd /Users/admin/builder/spi-builder-workspace/.swiftpm/xcode
SwiftCompile normal arm64_32 Compiling\ TonConnectError.swift,\ Account+UserFriendly.swift,\ Account.swift /Users/admin/builder/spi-builder-workspace/Sources/TonConnectCore/Errors/TonConnectError.swift /Users/admin/builder/spi-builder-workspace/Sources/TonConnectCore/Models/Account+UserFriendly.swift /Users/admin/builder/spi-builder-workspace/Sources/TonConnectCore/Models/Account.swift (in target 'TonConnectCore' from project 'TonConnect')
SwiftCompile normal arm64_32 /Users/admin/builder/spi-builder-workspace/Sources/TonConnectCore/Errors/TonConnectError.swift (in target 'TonConnectCore' from project 'TonConnect')
cd /Users/admin/builder/spi-builder-workspace/.swiftpm/xcode
SwiftCompile normal arm64_32 /Users/admin/builder/spi-builder-workspace/Sources/TonConnectCore/Models/Account+UserFriendly.swift (in target 'TonConnectCore' from project 'TonConnect')
cd /Users/admin/builder/spi-builder-workspace/.swiftpm/xcode
SwiftCompile normal arm64_32 /Users/admin/builder/spi-builder-workspace/Sources/TonConnectCore/Models/Account.swift (in target 'TonConnectCore' from project 'TonConnect')
cd /Users/admin/builder/spi-builder-workspace/.swiftpm/xcode
SwiftDriverJobDiscovery normal arm64 Compiling NativeEventSource.swift (in target 'TonConnectTransport' from project 'TonConnect')
SwiftCompile normal arm64 Compiling\ TonConnectError.swift,\ Account+UserFriendly.swift,\ Account.swift /Users/admin/builder/spi-builder-workspace/Sources/TonConnectCore/Errors/TonConnectError.swift /Users/admin/builder/spi-builder-workspace/Sources/TonConnectCore/Models/Account+UserFriendly.swift /Users/admin/builder/spi-builder-workspace/Sources/TonConnectCore/Models/Account.swift (in target 'TonConnectCore' from project 'TonConnect')
SwiftCompile normal arm64 /Users/admin/builder/spi-builder-workspace/Sources/TonConnectCore/Errors/TonConnectError.swift (in target 'TonConnectCore' from project 'TonConnect')
cd /Users/admin/builder/spi-builder-workspace/.swiftpm/xcode
SwiftCompile normal arm64 /Users/admin/builder/spi-builder-workspace/Sources/TonConnectCore/Models/Account+UserFriendly.swift (in target 'TonConnectCore' from project 'TonConnect')
cd /Users/admin/builder/spi-builder-workspace/.swiftpm/xcode
SwiftCompile normal arm64 /Users/admin/builder/spi-builder-workspace/Sources/TonConnectCore/Models/Account.swift (in target 'TonConnectCore' from project 'TonConnect')
cd /Users/admin/builder/spi-builder-workspace/.swiftpm/xcode
SwiftDriverJobDiscovery normal arm64 Compiling SSEEventParser.swift (in target 'TonConnectTransport' from project 'TonConnect')
SwiftDriver\ Compilation TonConnectTransport normal arm64 com.apple.xcode.tools.swift.compiler (in target 'TonConnectTransport' from project 'TonConnect')
cd /Users/admin/builder/spi-builder-workspace/.swiftpm/xcode
builtin-Swift-Compilation -- /Applications/Xcode-16.3.0.app/Contents/Developer/Toolchains/XcodeDefault.xctoolchain/usr/bin/swiftc -module-name TonConnectTransport -Onone -enforce-exclusivity\=checked @/Users/admin/builder/spi-builder-workspace/.derivedData/Build/Intermediates.noindex/TonConnect.build/Debug-watchos/TonConnectTransport.build/Objects-normal/arm64/TonConnectTransport.SwiftFileList -DSWIFT_PACKAGE -DDEBUG -DXcode -plugin-path /Applications/Xcode-16.3.0.app/Contents/Developer/Toolchains/XcodeDefault.xctoolchain/usr/lib/swift/host/plugins/testing -enable-experimental-feature DebugDescriptionMacro -sdk /Applications/Xcode-16.3.0.app/Contents/Developer/Platforms/WatchOS.platform/Developer/SDKs/WatchOS11.4.sdk -target arm64-apple-watchos9.0 -g -module-cache-path /Users/admin/builder/spi-builder-workspace/.derivedData/ModuleCache.noindex -Xfrontend -serialize-debugging-options -profile-coverage-mapping -profile-generate -enable-testing -index-store-path /Users/admin/builder/spi-builder-workspace/.derivedData/Index.noindex/DataStore -swift-version 5 -I /Users/admin/builder/spi-builder-workspace/.derivedData/Build/Products/Debug-watchos -I /Applications/Xcode-16.3.0.app/Contents/Developer/Platforms/WatchOS.platform/Developer/usr/lib -F /Users/admin/builder/spi-builder-workspace/.derivedData/Build/Products/Debug-watchos -F /Applications/Xcode-16.3.0.app/Contents/Developer/Platforms/WatchOS.platform/Developer/Library/Frameworks -F /Applications/Xcode-16.3.0.app/Contents/Developer/Platforms/WatchOS.platform/Developer/SDKs/WatchOS11.4.sdk/Developer/Library/Frameworks -c -j10 -enable-batch-mode -incremental -Xcc -ivfsstatcache -Xcc /Users/admin/builder/spi-builder-workspace/.derivedData/SDKStatCaches.noindex/watchos11.4-22T246-43efb940ff07ba2497b70ec94253f576.sdkstatcache -output-file-map /Users/admin/builder/spi-builder-workspace/.derivedData/Build/Intermediates.noindex/TonConnect.build/Debug-watchos/TonConnectTransport.build/Objects-normal/arm64/TonConnectTransport-OutputFileMap.json -use-frontend-parseable-output -save-temps -no-color-diagnostics -serialize-diagnostics -emit-dependencies -emit-module -emit-module-path /Users/admin/builder/spi-builder-workspace/.derivedData/Build/Intermediates.noindex/TonConnect.build/Debug-watchos/TonConnectTransport.build/Objects-normal/arm64/TonConnectTransport.swiftmodule -validate-clang-modules-once -clang-build-session-file /Users/admin/builder/spi-builder-workspace/.derivedData/ModuleCache.noindex/Session.modulevalidation -package-name spi_builder_workspace -Xcc -I/Users/admin/builder/spi-builder-workspace/.derivedData/Build/Intermediates.noindex/TonConnect.build/Debug-watchos/TonConnectTransport.build/swift-overrides.hmap -emit-const-values -Xfrontend -const-gather-protocols-file -Xfrontend /Users/admin/builder/spi-builder-workspace/.derivedData/Build/Intermediates.noindex/TonConnect.build/Debug-watchos/TonConnectTransport.build/Objects-normal/arm64/TonConnectTransport_const_extract_protocols.json -Xcc -I/Users/admin/builder/spi-builder-workspace/.derivedData/Build/Products/Debug-watchos/include -Xcc -I/Users/admin/builder/spi-builder-workspace/.derivedData/Build/Intermediates.noindex/TonConnect.build/Debug-watchos/TonConnectTransport.build/DerivedSources-normal/arm64 -Xcc -I/Users/admin/builder/spi-builder-workspace/.derivedData/Build/Intermediates.noindex/TonConnect.build/Debug-watchos/TonConnectTransport.build/DerivedSources/arm64 -Xcc -I/Users/admin/builder/spi-builder-workspace/.derivedData/Build/Intermediates.noindex/TonConnect.build/Debug-watchos/TonConnectTransport.build/DerivedSources -Xcc -DSWIFT_PACKAGE -Xcc -DDEBUG\=1 -emit-objc-header -emit-objc-header-path /Users/admin/builder/spi-builder-workspace/.derivedData/Build/Intermediates.noindex/TonConnect.build/Debug-watchos/TonConnectTransport.build/Objects-normal/arm64/TonConnectTransport-Swift.h -working-directory /Users/admin/builder/spi-builder-workspace/.swiftpm/xcode -experimental-emit-module-separately -disable-cmo
SwiftDriverJobDiscovery normal arm64_32 Compiling SSEEventParser.swift (in target 'TonConnectTransport' from project 'TonConnect')
SwiftCompile normal arm64 Compiling\ AppRequest.swift,\ ConnectEvent.swift /Users/admin/builder/spi-builder-workspace/Sources/TonConnectCore/Models/AppRequest.swift /Users/admin/builder/spi-builder-workspace/Sources/TonConnectCore/Models/ConnectEvent.swift (in target 'TonConnectCore' from project 'TonConnect')
SwiftCompile normal arm64 /Users/admin/builder/spi-builder-workspace/Sources/TonConnectCore/Models/AppRequest.swift (in target 'TonConnectCore' from project 'TonConnect')
cd /Users/admin/builder/spi-builder-workspace/.swiftpm/xcode
SwiftCompile normal arm64 /Users/admin/builder/spi-builder-workspace/Sources/TonConnectCore/Models/ConnectEvent.swift (in target 'TonConnectCore' from project 'TonConnect')
cd /Users/admin/builder/spi-builder-workspace/.swiftpm/xcode
SwiftDriver\ Compilation TonConnectTransport normal arm64_32 com.apple.xcode.tools.swift.compiler (in target 'TonConnectTransport' from project 'TonConnect')
cd /Users/admin/builder/spi-builder-workspace/.swiftpm/xcode
builtin-Swift-Compilation -- /Applications/Xcode-16.3.0.app/Contents/Developer/Toolchains/XcodeDefault.xctoolchain/usr/bin/swiftc -module-name TonConnectTransport -Onone -enforce-exclusivity\=checked @/Users/admin/builder/spi-builder-workspace/.derivedData/Build/Intermediates.noindex/TonConnect.build/Debug-watchos/TonConnectTransport.build/Objects-normal/arm64_32/TonConnectTransport.SwiftFileList -DSWIFT_PACKAGE -DDEBUG -DXcode -plugin-path /Applications/Xcode-16.3.0.app/Contents/Developer/Toolchains/XcodeDefault.xctoolchain/usr/lib/swift/host/plugins/testing -enable-experimental-feature DebugDescriptionMacro -sdk /Applications/Xcode-16.3.0.app/Contents/Developer/Platforms/WatchOS.platform/Developer/SDKs/WatchOS11.4.sdk -target arm64_32-apple-watchos9.0 -g -module-cache-path /Users/admin/builder/spi-builder-workspace/.derivedData/ModuleCache.noindex -Xfrontend -serialize-debugging-options -profile-coverage-mapping -profile-generate -enable-testing -index-store-path /Users/admin/builder/spi-builder-workspace/.derivedData/Index.noindex/DataStore -swift-version 5 -I /Users/admin/builder/spi-builder-workspace/.derivedData/Build/Products/Debug-watchos -I /Applications/Xcode-16.3.0.app/Contents/Developer/Platforms/WatchOS.platform/Developer/usr/lib -F /Users/admin/builder/spi-builder-workspace/.derivedData/Build/Products/Debug-watchos -F /Applications/Xcode-16.3.0.app/Contents/Developer/Platforms/WatchOS.platform/Developer/Library/Frameworks -F /Applications/Xcode-16.3.0.app/Contents/Developer/Platforms/WatchOS.platform/Developer/SDKs/WatchOS11.4.sdk/Developer/Library/Frameworks -c -j10 -enable-batch-mode -incremental -Xcc -ivfsstatcache -Xcc /Users/admin/builder/spi-builder-workspace/.derivedData/SDKStatCaches.noindex/watchos11.4-22T246-43efb940ff07ba2497b70ec94253f576.sdkstatcache -output-file-map /Users/admin/builder/spi-builder-workspace/.derivedData/Build/Intermediates.noindex/TonConnect.build/Debug-watchos/TonConnectTransport.build/Objects-normal/arm64_32/TonConnectTransport-OutputFileMap.json -use-frontend-parseable-output -save-temps -no-color-diagnostics -serialize-diagnostics -emit-dependencies -emit-module -emit-module-path /Users/admin/builder/spi-builder-workspace/.derivedData/Build/Intermediates.noindex/TonConnect.build/Debug-watchos/TonConnectTransport.build/Objects-normal/arm64_32/TonConnectTransport.swiftmodule -validate-clang-modules-once -clang-build-session-file /Users/admin/builder/spi-builder-workspace/.derivedData/ModuleCache.noindex/Session.modulevalidation -package-name spi_builder_workspace -Xcc -I/Users/admin/builder/spi-builder-workspace/.derivedData/Build/Intermediates.noindex/TonConnect.build/Debug-watchos/TonConnectTransport.build/swift-overrides.hmap -emit-const-values -Xfrontend -const-gather-protocols-file -Xfrontend /Users/admin/builder/spi-builder-workspace/.derivedData/Build/Intermediates.noindex/TonConnect.build/Debug-watchos/TonConnectTransport.build/Objects-normal/arm64_32/TonConnectTransport_const_extract_protocols.json -Xcc -I/Users/admin/builder/spi-builder-workspace/.derivedData/Build/Products/Debug-watchos/include -Xcc -I/Users/admin/builder/spi-builder-workspace/.derivedData/Build/Intermediates.noindex/TonConnect.build/Debug-watchos/TonConnectTransport.build/DerivedSources-normal/arm64_32 -Xcc -I/Users/admin/builder/spi-builder-workspace/.derivedData/Build/Intermediates.noindex/TonConnect.build/Debug-watchos/TonConnectTransport.build/DerivedSources/arm64_32 -Xcc -I/Users/admin/builder/spi-builder-workspace/.derivedData/Build/Intermediates.noindex/TonConnect.build/Debug-watchos/TonConnectTransport.build/DerivedSources -Xcc -DSWIFT_PACKAGE -Xcc -DDEBUG\=1 -emit-objc-header -emit-objc-header-path /Users/admin/builder/spi-builder-workspace/.derivedData/Build/Intermediates.noindex/TonConnect.build/Debug-watchos/TonConnectTransport.build/Objects-normal/arm64_32/TonConnectTransport-Swift.h -working-directory /Users/admin/builder/spi-builder-workspace/.swiftpm/xcode -experimental-emit-module-separately -disable-cmo
SwiftDriverJobDiscovery normal arm64 Compiling TonConnectEngine.swift, TonConnectEvent.swift (in target 'TonConnectCore' from project 'TonConnect')
SwiftCompile normal arm64_32 Compiling\ AppRequest.swift,\ ConnectEvent.swift /Users/admin/builder/spi-builder-workspace/Sources/TonConnectCore/Models/AppRequest.swift /Users/admin/builder/spi-builder-workspace/Sources/TonConnectCore/Models/ConnectEvent.swift (in target 'TonConnectCore' from project 'TonConnect')
SwiftCompile normal arm64_32 /Users/admin/builder/spi-builder-workspace/Sources/TonConnectCore/Models/AppRequest.swift (in target 'TonConnectCore' from project 'TonConnect')
cd /Users/admin/builder/spi-builder-workspace/.swiftpm/xcode
SwiftCompile normal arm64_32 /Users/admin/builder/spi-builder-workspace/Sources/TonConnectCore/Models/ConnectEvent.swift (in target 'TonConnectCore' from project 'TonConnect')
cd /Users/admin/builder/spi-builder-workspace/.swiftpm/xcode
SwiftCompile normal arm64 Compiling\ TonConnectStorage.swift,\ TonConnect.swift /Users/admin/builder/spi-builder-workspace/Sources/TonConnectCore/Storage/TonConnectStorage.swift /Users/admin/builder/spi-builder-workspace/Sources/TonConnectCore/TonConnect.swift (in target 'TonConnectCore' from project 'TonConnect')
SwiftCompile normal arm64 /Users/admin/builder/spi-builder-workspace/Sources/TonConnectCore/Storage/TonConnectStorage.swift (in target 'TonConnectCore' from project 'TonConnect')
cd /Users/admin/builder/spi-builder-workspace/.swiftpm/xcode
SwiftCompile normal arm64 /Users/admin/builder/spi-builder-workspace/Sources/TonConnectCore/TonConnect.swift (in target 'TonConnectCore' from project 'TonConnect')
cd /Users/admin/builder/spi-builder-workspace/.swiftpm/xcode
SwiftDriverJobDiscovery normal arm64 Compiling ConnectRequest.swift, ConnectionState.swift (in target 'TonConnectCore' from project 'TonConnect')
SwiftCompile normal arm64 Compiling\ OperationState.swift,\ ReturnStrategy.swift /Users/admin/builder/spi-builder-workspace/Sources/TonConnectCore/Models/OperationState.swift /Users/admin/builder/spi-builder-workspace/Sources/TonConnectCore/Models/ReturnStrategy.swift (in target 'TonConnectCore' from project 'TonConnect')
SwiftCompile normal arm64 /Users/admin/builder/spi-builder-workspace/Sources/TonConnectCore/Models/OperationState.swift (in target 'TonConnectCore' from project 'TonConnect')
cd /Users/admin/builder/spi-builder-workspace/.swiftpm/xcode
SwiftCompile normal arm64 /Users/admin/builder/spi-builder-workspace/Sources/TonConnectCore/Models/ReturnStrategy.swift (in target 'TonConnectCore' from project 'TonConnect')
cd /Users/admin/builder/spi-builder-workspace/.swiftpm/xcode
SwiftDriverJobDiscovery normal arm64 Emitting module for TonConnectCore (in target 'TonConnectCore' from project 'TonConnect')
SwiftDriver\ Compilation\ Requirements TonConnectCore normal arm64 com.apple.xcode.tools.swift.compiler (in target 'TonConnectCore' from project 'TonConnect')
cd /Users/admin/builder/spi-builder-workspace/.swiftpm/xcode
builtin-Swift-Compilation-Requirements -- /Applications/Xcode-16.3.0.app/Contents/Developer/Toolchains/XcodeDefault.xctoolchain/usr/bin/swiftc -module-name TonConnectCore -Onone -enforce-exclusivity\=checked @/Users/admin/builder/spi-builder-workspace/.derivedData/Build/Intermediates.noindex/TonConnect.build/Debug-watchos/TonConnectCore.build/Objects-normal/arm64/TonConnectCore.SwiftFileList -DSWIFT_PACKAGE -DDEBUG -DXcode -plugin-path /Applications/Xcode-16.3.0.app/Contents/Developer/Toolchains/XcodeDefault.xctoolchain/usr/lib/swift/host/plugins/testing -enable-experimental-feature DebugDescriptionMacro -sdk /Applications/Xcode-16.3.0.app/Contents/Developer/Platforms/WatchOS.platform/Developer/SDKs/WatchOS11.4.sdk -target arm64-apple-watchos9.0 -g -module-cache-path /Users/admin/builder/spi-builder-workspace/.derivedData/ModuleCache.noindex -Xfrontend -serialize-debugging-options -profile-coverage-mapping -profile-generate -enable-testing -index-store-path /Users/admin/builder/spi-builder-workspace/.derivedData/Index.noindex/DataStore -swift-version 5 -I /Users/admin/builder/spi-builder-workspace/.derivedData/Build/Products/Debug-watchos -I /Applications/Xcode-16.3.0.app/Contents/Developer/Platforms/WatchOS.platform/Developer/usr/lib -F /Users/admin/builder/spi-builder-workspace/.derivedData/Build/Products/Debug-watchos -F /Applications/Xcode-16.3.0.app/Contents/Developer/Platforms/WatchOS.platform/Developer/Library/Frameworks -F /Applications/Xcode-16.3.0.app/Contents/Developer/Platforms/WatchOS.platform/Developer/SDKs/WatchOS11.4.sdk/Developer/Library/Frameworks -c -j10 -enable-batch-mode -incremental -Xcc -ivfsstatcache -Xcc /Users/admin/builder/spi-builder-workspace/.derivedData/SDKStatCaches.noindex/watchos11.4-22T246-43efb940ff07ba2497b70ec94253f576.sdkstatcache -output-file-map /Users/admin/builder/spi-builder-workspace/.derivedData/Build/Intermediates.noindex/TonConnect.build/Debug-watchos/TonConnectCore.build/Objects-normal/arm64/TonConnectCore-OutputFileMap.json -use-frontend-parseable-output -save-temps -no-color-diagnostics -serialize-diagnostics -emit-dependencies -emit-module -emit-module-path /Users/admin/builder/spi-builder-workspace/.derivedData/Build/Intermediates.noindex/TonConnect.build/Debug-watchos/TonConnectCore.build/Objects-normal/arm64/TonConnectCore.swiftmodule -validate-clang-modules-once -clang-build-session-file /Users/admin/builder/spi-builder-workspace/.derivedData/ModuleCache.noindex/Session.modulevalidation -package-name spi_builder_workspace -Xcc -I/Users/admin/builder/spi-builder-workspace/.derivedData/Build/Intermediates.noindex/TonConnect.build/Debug-watchos/TonConnectCore.build/swift-overrides.hmap -emit-const-values -Xfrontend -const-gather-protocols-file -Xfrontend /Users/admin/builder/spi-builder-workspace/.derivedData/Build/Intermediates.noindex/TonConnect.build/Debug-watchos/TonConnectCore.build/Objects-normal/arm64/TonConnectCore_const_extract_protocols.json -Xcc -I/Users/admin/builder/spi-builder-workspace/.derivedData/Build/Products/Debug-watchos/include -Xcc -I/Users/admin/builder/spi-builder-workspace/.derivedData/Build/Intermediates.noindex/TonConnect.build/Debug-watchos/TonConnectCore.build/DerivedSources-normal/arm64 -Xcc -I/Users/admin/builder/spi-builder-workspace/.derivedData/Build/Intermediates.noindex/TonConnect.build/Debug-watchos/TonConnectCore.build/DerivedSources/arm64 -Xcc -I/Users/admin/builder/spi-builder-workspace/.derivedData/Build/Intermediates.noindex/TonConnect.build/Debug-watchos/TonConnectCore.build/DerivedSources -Xcc -DSWIFT_PACKAGE -Xcc -DDEBUG\=1 -emit-objc-header -emit-objc-header-path /Users/admin/builder/spi-builder-workspace/.derivedData/Build/Intermediates.noindex/TonConnect.build/Debug-watchos/TonConnectCore.build/Objects-normal/arm64/TonConnectCore-Swift.h -working-directory /Users/admin/builder/spi-builder-workspace/.swiftpm/xcode -experimental-emit-module-separately -disable-cmo
SwiftDriverJobDiscovery normal arm64_32 Compiling KeychainStorage.swift, SessionKey.swift (in target 'TonConnectCore' from project 'TonConnect')
SwiftCompile normal arm64_32 Compiling\ WalletLink.swift,\ WalletOpener.swift /Users/admin/builder/spi-builder-workspace/Sources/TonConnectCore/WalletLink.swift /Users/admin/builder/spi-builder-workspace/Sources/TonConnectCore/WalletOpener.swift (in target 'TonConnectCore' from project 'TonConnect')
SwiftCompile normal arm64_32 /Users/admin/builder/spi-builder-workspace/Sources/TonConnectCore/WalletLink.swift (in target 'TonConnectCore' from project 'TonConnect')
cd /Users/admin/builder/spi-builder-workspace/.swiftpm/xcode
SwiftCompile normal arm64_32 /Users/admin/builder/spi-builder-workspace/Sources/TonConnectCore/WalletOpener.swift (in target 'TonConnectCore' from project 'TonConnect')
cd /Users/admin/builder/spi-builder-workspace/.swiftpm/xcode
Copy /Users/admin/builder/spi-builder-workspace/.derivedData/Build/Products/Debug-watchos/TonConnectCore.swiftmodule/arm64-apple-watchos.abi.json /Users/admin/builder/spi-builder-workspace/.derivedData/Build/Intermediates.noindex/TonConnect.build/Debug-watchos/TonConnectCore.build/Objects-normal/arm64/TonConnectCore.abi.json (in target 'TonConnectCore' from project 'TonConnect')
cd /Users/admin/builder/spi-builder-workspace
builtin-copy -exclude .DS_Store -exclude CVS -exclude .svn -exclude .git -exclude .hg -resolve-src-symlinks -rename /Users/admin/builder/spi-builder-workspace/.derivedData/Build/Intermediates.noindex/TonConnect.build/Debug-watchos/TonConnectCore.build/Objects-normal/arm64/TonConnectCore.abi.json /Users/admin/builder/spi-builder-workspace/.derivedData/Build/Products/Debug-watchos/TonConnectCore.swiftmodule/arm64-apple-watchos.abi.json
LinkAssetCatalog /Users/admin/builder/spi-builder-workspace/Sources/TonConnectUI/Resources/Media.xcassets (in target 'TonConnect_TonConnectUI' from project 'TonConnect')
cd /Users/admin/builder/spi-builder-workspace
builtin-linkAssetCatalog --thinned /Users/admin/builder/spi-builder-workspace/.derivedData/Build/Intermediates.noindex/TonConnect.build/Debug-watchos/TonConnect_TonConnectUI.build/assetcatalog_output/thinned --thinned-dependencies /Users/admin/builder/spi-builder-workspace/.derivedData/Build/Intermediates.noindex/TonConnect.build/Debug-watchos/TonConnect_TonConnectUI.build/assetcatalog_dependencies_thinned --thinned-info-plist-content /Users/admin/builder/spi-builder-workspace/.derivedData/Build/Intermediates.noindex/TonConnect.build/Debug-watchos/TonConnect_TonConnectUI.build/assetcatalog_generated_info.plist_thinned --unthinned /Users/admin/builder/spi-builder-workspace/.derivedData/Build/Intermediates.noindex/TonConnect.build/Debug-watchos/TonConnect_TonConnectUI.build/assetcatalog_output/unthinned --unthinned-dependencies /Users/admin/builder/spi-builder-workspace/.derivedData/Build/Intermediates.noindex/TonConnect.build/Debug-watchos/TonConnect_TonConnectUI.build/assetcatalog_dependencies_unthinned --unthinned-info-plist-content /Users/admin/builder/spi-builder-workspace/.derivedData/Build/Intermediates.noindex/TonConnect.build/Debug-watchos/TonConnect_TonConnectUI.build/assetcatalog_generated_info.plist_unthinned --output /Users/admin/builder/spi-builder-workspace/.derivedData/Build/Products/Debug-watchos/TonConnect_TonConnectUI.bundle --plist-output /Users/admin/builder/spi-builder-workspace/.derivedData/Build/Intermediates.noindex/TonConnect.build/Debug-watchos/TonConnect_TonConnectUI.build/assetcatalog_generated_info.plist
note: Emplaced /Users/admin/builder/spi-builder-workspace/.derivedData/Build/Products/Debug-watchos/TonConnect_TonConnectUI.bundle/Assets.car (in target 'TonConnect_TonConnectUI' from project 'TonConnect')
SwiftCompile normal arm64_32 Compiling\ TonConnectStorage.swift,\ TonConnect.swift /Users/admin/builder/spi-builder-workspace/Sources/TonConnectCore/Storage/TonConnectStorage.swift /Users/admin/builder/spi-builder-workspace/Sources/TonConnectCore/TonConnect.swift (in target 'TonConnectCore' from project 'TonConnect')
SwiftCompile normal arm64_32 /Users/admin/builder/spi-builder-workspace/Sources/TonConnectCore/Storage/TonConnectStorage.swift (in target 'TonConnectCore' from project 'TonConnect')
cd /Users/admin/builder/spi-builder-workspace/.swiftpm/xcode
SwiftCompile normal arm64_32 /Users/admin/builder/spi-builder-workspace/Sources/TonConnectCore/TonConnect.swift (in target 'TonConnectCore' from project 'TonConnect')
cd /Users/admin/builder/spi-builder-workspace/.swiftpm/xcode
ProcessInfoPlistFile /Users/admin/builder/spi-builder-workspace/.derivedData/Build/Products/Debug-watchos/TonConnect_TonConnectUI.bundle/Info.plist /Users/admin/builder/spi-builder-workspace/.derivedData/Build/Intermediates.noindex/TonConnect.build/Debug-watchos/TonConnect_TonConnectUI.build/empty-TonConnect_TonConnectUI.plist (in target 'TonConnect_TonConnectUI' from project 'TonConnect')
cd /Users/admin/builder/spi-builder-workspace
builtin-infoPlistUtility /Users/admin/builder/spi-builder-workspace/.derivedData/Build/Intermediates.noindex/TonConnect.build/Debug-watchos/TonConnect_TonConnectUI.build/empty-TonConnect_TonConnectUI.plist -producttype com.apple.product-type.bundle -expandbuildsettings -format binary -platform watchos -additionalcontentfile /Users/admin/builder/spi-builder-workspace/.derivedData/Build/Intermediates.noindex/TonConnect.build/Debug-watchos/TonConnect_TonConnectUI.build/assetcatalog_generated_info.plist -o /Users/admin/builder/spi-builder-workspace/.derivedData/Build/Products/Debug-watchos/TonConnect_TonConnectUI.bundle/Info.plist
SwiftDriverJobDiscovery normal arm64_32 Compiling ConnectRequest.swift, ConnectionState.swift (in target 'TonConnectCore' from project 'TonConnect')
SwiftCompile normal arm64_32 Compiling\ OperationState.swift,\ ReturnStrategy.swift /Users/admin/builder/spi-builder-workspace/Sources/TonConnectCore/Models/OperationState.swift /Users/admin/builder/spi-builder-workspace/Sources/TonConnectCore/Models/ReturnStrategy.swift (in target 'TonConnectCore' from project 'TonConnect')
SwiftCompile normal arm64_32 Compiling\ TonConnectEngine.swift,\ TonConnectEvent.swift /Users/admin/builder/spi-builder-workspace/Sources/TonConnectCore/TonConnectEngine.swift /Users/admin/builder/spi-builder-workspace/Sources/TonConnectCore/TonConnectEvent.swift (in target 'TonConnectCore' from project 'TonConnect')
Command SwiftCompile failed with a nonzero exit code
** BUILD FAILED **
The following build commands failed:
SwiftCompile normal arm64 /Users/admin/builder/spi-builder-workspace/Sources/TonConnectCore/WalletOpener.swift (in target 'TonConnectCore' from project 'TonConnect')
SwiftCompile normal arm64 Compiling\ WalletLink.swift,\ WalletOpener.swift /Users/admin/builder/spi-builder-workspace/Sources/TonConnectCore/WalletLink.swift /Users/admin/builder/spi-builder-workspace/Sources/TonConnectCore/WalletOpener.swift (in target 'TonConnectCore' from project 'TonConnect')
SwiftCompile normal arm64_32 Compiling\ TonConnectEngine.swift,\ TonConnectEvent.swift /Users/admin/builder/spi-builder-workspace/Sources/TonConnectCore/TonConnectEngine.swift /Users/admin/builder/spi-builder-workspace/Sources/TonConnectCore/TonConnectEvent.swift (in target 'TonConnectCore' from project 'TonConnect')
Building workspace spi-builder-workspace with scheme TonConnect-Package
(4 failures)
BUILD FAILURE 6.1 watchOS