The Swift Package Index logo.Swift Package Index

Build Information

Failed to build GoogleCloudBeyondCorpClientGatewaysV1, reference 0.5.0 (7d3c06), with Swift 6.2 for Android on 11 Oct 2026 05:30:05 UTC.

Build Command

bash -c docker run --pull=always --rm -v "checkouts-54344849-1":/host -w "$PWD" -e JAVA_HOME="/root/.sdkman/candidates/java/current" -e SPI_BUILD="1" -e SPI_PROCESSING="1" registry.gitlab.com/saguaro1/spi-images:android-6.2-latest swift build --swift-sdk aarch64-unknown-linux-android28 2>&1

Build Log

========================================
RunAll
========================================
Builder version: 5.1.1
Interrupt handler set up.
========================================
Checkout
========================================
Clone URL: https://github.com/googleapis/swift-google-cloud-beyondcorp-clientgateways-v1.git
Reference: 0.5.0
Initialized empty Git repository in /host/spi-builder-workspace/.git/
hint: Using 'master' as the name for the initial branch. This default branch name
hint: is subject to change. To configure the initial branch name to use in all
hint: of your new repositories, which will suppress this warning, call:
hint:
hint: 	git config --global init.defaultBranch <name>
hint:
hint: Names commonly chosen instead of 'master' are 'main', 'trunk' and
hint: 'development'. The just-created branch can be renamed via this command:
hint:
hint: 	git branch -m <name>
From https://github.com/googleapis/swift-google-cloud-beyondcorp-clientgateways-v1
 * tag               0.5.0      -> FETCH_HEAD
HEAD is now at 7d3c069 chore: release circa 2026-10-07 (#1382)
Cloned https://github.com/googleapis/swift-google-cloud-beyondcorp-clientgateways-v1.git
Revision (git rev-parse @):
7d3c06920db106e66ed96ed9908684d15ea1cbe0
SPI manifest file found: $PWD/.spi.yml
SUCCESS checkout https://github.com/googleapis/swift-google-cloud-beyondcorp-clientgateways-v1.git at 0.5.0
========================================
Build
========================================
Selected platform:         android
Swift version:             6.2
Building package at path:  $PWD
https://github.com/googleapis/swift-google-cloud-beyondcorp-clientgateways-v1.git
Running build ...
bash -c docker run --pull=always --rm -v "checkouts-54344849-1":/host -w "$PWD" -e JAVA_HOME="/root/.sdkman/candidates/java/current" -e SPI_BUILD="1" -e SPI_PROCESSING="1" registry.gitlab.com/saguaro1/spi-images:android-6.2-latest swift build --swift-sdk aarch64-unknown-linux-android28 2>&1
android-6.2-latest: Pulling from saguaro1/spi-images
Digest: sha256:a839c9ce201f1dacc8eb056626ec7ab0a1c6d53d7b77c83feda395f4507c51be
Status: Image is up to date for registry.gitlab.com/saguaro1/spi-images:android-6.2-latest
Fetching https://github.com/googleapis/swift-google-rpc
Fetching https://github.com/apple/swift-log
Fetching https://github.com/googleapis/swift-google-gax
Fetching https://github.com/googleapis/swift-google-wkt
Fetching https://github.com/googleapis/swift-google-longrunning
Fetching https://github.com/googleapis/swift-google-iam-v1
[1/422] Fetching swift-google-rpc
[162/1445] Fetching swift-google-rpc, swift-google-wkt
[286/2151] Fetching swift-google-rpc, swift-google-wkt, swift-google-iam-v1
[914/10408] Fetching swift-google-rpc, swift-google-wkt, swift-google-iam-v1, swift-log
[993/12156] Fetching swift-google-rpc, swift-google-wkt, swift-google-iam-v1, swift-log, swift-google-gax
[1640/12775] Fetching swift-google-rpc, swift-google-wkt, swift-google-iam-v1, swift-log, swift-google-gax, swift-google-longrunning
Fetched https://github.com/googleapis/swift-google-longrunning from cache (0.41s)
[4643/12156] Fetching swift-google-rpc, swift-google-wkt, swift-google-iam-v1, swift-log, swift-google-gax
Fetching https://github.com/googleapis/swift-google-cloud-location
Fetched https://github.com/googleapis/swift-google-rpc from cache (0.59s)
Fetched https://github.com/googleapis/swift-google-wkt from cache (0.59s)
Fetched https://github.com/googleapis/swift-google-gax from cache (0.59s)
Fetched https://github.com/googleapis/swift-google-iam-v1 from cache (0.59s)
Fetched https://github.com/apple/swift-log from cache (0.59s)
Fetching https://github.com/googleapis/swift-google-auth
[1/552] Fetching swift-google-cloud-location
Fetched https://github.com/googleapis/swift-google-cloud-location from cache (0.36s)
[1/1023] Fetching swift-google-auth
Fetched https://github.com/googleapis/swift-google-auth from cache (0.43s)
Computing version for https://github.com/googleapis/swift-google-wkt
Computed https://github.com/googleapis/swift-google-wkt at 0.5.0 (1.19s)
Fetching https://github.com/swift-extras/swift-extras-base64
[1/954] Fetching swift-extras-base64
Fetched https://github.com/swift-extras/swift-extras-base64 from cache (0.35s)
Computing version for https://github.com/googleapis/swift-google-rpc
Computed https://github.com/googleapis/swift-google-rpc at 0.5.0 (0.50s)
Computing version for https://github.com/googleapis/swift-google-longrunning
Computed https://github.com/googleapis/swift-google-longrunning at 0.5.0 (0.14s)
Computing version for https://github.com/googleapis/swift-google-iam-v1
Computed https://github.com/googleapis/swift-google-iam-v1 at 0.5.0 (0.14s)
Fetching https://github.com/googleapis/swift-google-type
[5/437] Fetching swift-google-type
Fetched https://github.com/googleapis/swift-google-type from cache (0.33s)
Computing version for https://github.com/googleapis/swift-google-gax
Computed https://github.com/googleapis/swift-google-gax at 0.5.0 (0.49s)
Fetching https://github.com/apple/swift-nio
Fetching https://github.com/swift-server/async-http-client.git
[1/16464] Fetching async-http-client
[16465/102838] Fetching async-http-client, swift-nio
Fetched https://github.com/swift-server/async-http-client.git from cache (3.71s)
Fetched https://github.com/apple/swift-nio from cache (3.75s)
Computing version for https://github.com/googleapis/swift-google-cloud-location
Computed https://github.com/googleapis/swift-google-cloud-location at 0.5.0 (3.91s)
Computing version for https://github.com/googleapis/swift-google-auth
Computed https://github.com/googleapis/swift-google-auth at 0.5.0 (0.15s)
Fetching https://github.com/vapor/jwt-kit.git
Fetching https://github.com/apple/swift-system.git
[1/7241] Fetching swift-system
[1015/17495] Fetching swift-system, jwt-kit
Fetched https://github.com/apple/swift-system.git from cache (0.95s)
Fetched https://github.com/vapor/jwt-kit.git from cache (0.96s)
Computing version for https://github.com/googleapis/swift-google-type
Computed https://github.com/googleapis/swift-google-type at 0.5.0 (1.10s)
Computing version for https://github.com/swift-extras/swift-extras-base64
Computed https://github.com/swift-extras/swift-extras-base64 at 1.2.0 (0.15s)
Computing version for https://github.com/swift-server/async-http-client.git
Computed https://github.com/swift-server/async-http-client.git at 1.36.2 (0.19s)
Fetching https://github.com/apple/swift-atomics.git
Fetching https://github.com/apple/swift-algorithms.git
Fetching https://github.com/apple/swift-nio-extras.git
Fetching https://github.com/apple/swift-configuration.git
Fetching https://github.com/apple/swift-nio-transport-services.git
[1/2867] Fetching swift-nio-transport-services
[2/6795] Fetching swift-nio-transport-services, swift-configuration
[199/8684] Fetching swift-nio-transport-services, swift-configuration, swift-atomics
[1201/15387] Fetching swift-nio-transport-services, swift-configuration, swift-atomics, swift-nio-extras
[1240/21551] Fetching swift-nio-transport-services, swift-configuration, swift-atomics, swift-nio-extras, swift-algorithms
Fetched https://github.com/apple/swift-nio-transport-services.git from cache (0.47s)
Fetching https://github.com/apple/swift-distributed-tracing.git
[15490/18684] Fetching swift-configuration, swift-atomics, swift-nio-extras, swift-algorithms
Fetching https://github.com/apple/swift-service-context.git
Fetched https://github.com/apple/swift-atomics.git from cache (0.49s)
[16728/16795] Fetching swift-configuration, swift-nio-extras, swift-algorithms
Fetching https://github.com/apple/swift-nio-http2.git
Fetched https://github.com/apple/swift-algorithms.git from cache (0.55s)
Fetching https://github.com/apple/swift-nio-ssl.git
Fetched https://github.com/apple/swift-configuration.git from cache (0.56s)
Fetched https://github.com/apple/swift-nio-extras.git from cache (0.56s)
[1/6551] Fetching swift-distributed-tracing
[2/8051] Fetching swift-distributed-tracing, swift-service-context
[7797/20345] Fetching swift-distributed-tracing, swift-service-context, swift-nio-http2
[8175/37216] Fetching swift-distributed-tracing, swift-service-context, swift-nio-http2, swift-nio-ssl
Fetched https://github.com/apple/swift-service-context.git from cache (0.52s)
[7167/35716] Fetching swift-distributed-tracing, swift-nio-http2, swift-nio-ssl
Fetched https://github.com/apple/swift-distributed-tracing.git from cache (0.55s)
[1814/29165] Fetching swift-nio-http2, swift-nio-ssl
Fetched https://github.com/apple/swift-nio-http2.git from cache (1.11s)
Fetched https://github.com/apple/swift-nio-ssl.git from cache (1.51s)
Computing version for https://github.com/apple/swift-service-context.git
Computed https://github.com/apple/swift-service-context.git at 1.3.0 (2.24s)
Computing version for https://github.com/apple/swift-algorithms.git
Computed https://github.com/apple/swift-algorithms.git at 1.2.1 (0.95s)
Fetching https://github.com/apple/swift-numerics.git
[1/6728] Fetching swift-numerics
Fetched https://github.com/apple/swift-numerics.git from cache (0.57s)
Computing version for https://github.com/apple/swift-log
Computed https://github.com/apple/swift-log at 1.16.1 (0.72s)
Computing version for https://github.com/apple/swift-distributed-tracing.git
Computed https://github.com/apple/swift-distributed-tracing.git at 1.5.0 (0.14s)
Computing version for https://github.com/apple/swift-atomics.git
Computed https://github.com/apple/swift-atomics.git at 1.3.1 (0.13s)
Computing version for https://github.com/apple/swift-numerics.git
Computed https://github.com/apple/swift-numerics.git at 1.1.1 (0.13s)
Computing version for https://github.com/apple/swift-nio
Computed https://github.com/apple/swift-nio at 2.104.0 (0.34s)
Fetching https://github.com/apple/swift-collections.git
[1/28703] Fetching swift-collections
Fetched https://github.com/apple/swift-collections.git from cache (1.16s)
Computing version for https://github.com/apple/swift-configuration.git
Computed https://github.com/apple/swift-configuration.git at 1.2.2 (1.98s)
Fetching https://github.com/swift-server/swift-service-lifecycle
[1/2867] Fetching swift-service-lifecycle
Fetched https://github.com/swift-server/swift-service-lifecycle from cache (0.45s)
Computing version for https://github.com/apple/swift-nio-transport-services.git
Computed https://github.com/apple/swift-nio-transport-services.git at 1.28.0 (0.60s)
Computing version for https://github.com/swift-server/swift-service-lifecycle
Computed https://github.com/swift-server/swift-service-lifecycle at 2.12.1 (0.13s)
Fetching https://github.com/apple/swift-async-algorithms.git
[1/6820] Fetching swift-async-algorithms
Fetched https://github.com/apple/swift-async-algorithms.git from cache (0.60s)
Computing version for https://github.com/apple/swift-async-algorithms.git
Computed https://github.com/apple/swift-async-algorithms.git at 1.1.7 (0.79s)
Computing version for https://github.com/apple/swift-collections.git
Computed https://github.com/apple/swift-collections.git at 1.7.2 (0.23s)
Computing version for https://github.com/apple/swift-nio-http2.git
Computed https://github.com/apple/swift-nio-http2.git at 1.46.0 (0.16s)
Computing version for https://github.com/vapor/jwt-kit.git
Computed https://github.com/vapor/jwt-kit.git at 5.7.1 (0.13s)
Fetching https://github.com/apple/swift-certificates.git
Fetching https://github.com/apple/swift-crypto.git
[1/18629] Fetching swift-crypto
[374/26238] Fetching swift-crypto, swift-certificates
Fetched https://github.com/apple/swift-certificates.git from cache (1.27s)
Fetched https://github.com/apple/swift-crypto.git from cache (1.29s)
Computing version for https://github.com/apple/swift-crypto.git
Computed https://github.com/apple/swift-crypto.git at 4.5.2 (1.98s)
Fetching https://github.com/apple/swift-asn1.git
[1/2009] Fetching swift-asn1
Fetched https://github.com/apple/swift-asn1.git from cache (0.43s)
Computing version for https://github.com/apple/swift-asn1.git
Computed https://github.com/apple/swift-asn1.git at 1.7.3 (0.60s)
Computing version for https://github.com/apple/swift-certificates.git
Computed https://github.com/apple/swift-certificates.git at 1.21.0 (0.19s)
Computing version for https://github.com/apple/swift-nio-ssl.git
Computed https://github.com/apple/swift-nio-ssl.git at 2.37.5 (0.18s)
Computing version for https://github.com/apple/swift-system.git
Computed https://github.com/apple/swift-system.git at 1.8.1 (0.17s)
Computing version for https://github.com/apple/swift-nio-extras.git
Computed https://github.com/apple/swift-nio-extras.git at 1.35.1 (0.26s)
Fetching https://github.com/apple/swift-http-structured-headers.git
Fetching https://github.com/apple/swift-http-types.git
[1/1253] Fetching swift-http-structured-headers
[428/3192] Fetching swift-http-structured-headers, swift-http-types
Fetched https://github.com/apple/swift-http-structured-headers.git from cache (0.39s)
Fetched https://github.com/apple/swift-http-types.git from cache (0.39s)
Computing version for https://github.com/apple/swift-http-structured-headers.git
Computed https://github.com/apple/swift-http-structured-headers.git at 1.7.0 (0.54s)
Computing version for https://github.com/apple/swift-http-types.git
Computed https://github.com/apple/swift-http-types.git at 1.8.0 (0.16s)
Creating working copy for https://github.com/apple/swift-nio-transport-services.git
Working copy of https://github.com/apple/swift-nio-transport-services.git resolved at 1.28.0
Creating working copy for https://github.com/apple/swift-service-context.git
Working copy of https://github.com/apple/swift-service-context.git resolved at 1.3.0
Creating working copy for https://github.com/googleapis/swift-google-wkt
Working copy of https://github.com/googleapis/swift-google-wkt resolved at 0.5.0
Creating working copy for https://github.com/vapor/jwt-kit.git
Working copy of https://github.com/vapor/jwt-kit.git resolved at 5.7.1
Creating working copy for https://github.com/googleapis/swift-google-iam-v1
Working copy of https://github.com/googleapis/swift-google-iam-v1 resolved at 0.5.0
Creating working copy for https://github.com/apple/swift-numerics.git
Working copy of https://github.com/apple/swift-numerics.git resolved at 1.1.1
Creating working copy for https://github.com/apple/swift-asn1.git
Working copy of https://github.com/apple/swift-asn1.git resolved at 1.7.3
Creating working copy for https://github.com/apple/swift-certificates.git
Working copy of https://github.com/apple/swift-certificates.git resolved at 1.21.0
Creating working copy for https://github.com/apple/swift-distributed-tracing.git
Working copy of https://github.com/apple/swift-distributed-tracing.git resolved at 1.5.0
Creating working copy for https://github.com/apple/swift-http-structured-headers.git
Working copy of https://github.com/apple/swift-http-structured-headers.git resolved at 1.7.0
Creating working copy for https://github.com/apple/swift-log
Working copy of https://github.com/apple/swift-log resolved at 1.16.1
Creating working copy for https://github.com/apple/swift-collections.git
Working copy of https://github.com/apple/swift-collections.git resolved at 1.7.2
Creating working copy for https://github.com/apple/swift-algorithms.git
Working copy of https://github.com/apple/swift-algorithms.git resolved at 1.2.1
Creating working copy for https://github.com/swift-server/swift-service-lifecycle
Working copy of https://github.com/swift-server/swift-service-lifecycle resolved at 2.12.1
Creating working copy for https://github.com/apple/swift-configuration.git
Working copy of https://github.com/apple/swift-configuration.git resolved at 1.2.2
Creating working copy for https://github.com/googleapis/swift-google-longrunning
Working copy of https://github.com/googleapis/swift-google-longrunning resolved at 0.5.0
Creating working copy for https://github.com/apple/swift-nio-http2.git
Working copy of https://github.com/apple/swift-nio-http2.git resolved at 1.46.0
Creating working copy for https://github.com/apple/swift-nio
Working copy of https://github.com/apple/swift-nio resolved at 2.104.0
Creating working copy for https://github.com/googleapis/swift-google-auth
Working copy of https://github.com/googleapis/swift-google-auth resolved at 0.5.0
Creating working copy for https://github.com/apple/swift-async-algorithms.git
Working copy of https://github.com/apple/swift-async-algorithms.git resolved at 1.1.7
Creating working copy for https://github.com/apple/swift-http-types.git
Working copy of https://github.com/apple/swift-http-types.git resolved at 1.8.0
Creating working copy for https://github.com/apple/swift-crypto.git
Working copy of https://github.com/apple/swift-crypto.git resolved at 4.5.2
Creating working copy for https://github.com/apple/swift-system.git
Working copy of https://github.com/apple/swift-system.git resolved at 1.8.1
Creating working copy for https://github.com/googleapis/swift-google-cloud-location
Working copy of https://github.com/googleapis/swift-google-cloud-location resolved at 0.5.0
Creating working copy for https://github.com/googleapis/swift-google-gax
Working copy of https://github.com/googleapis/swift-google-gax resolved at 0.5.0
Creating working copy for https://github.com/apple/swift-atomics.git
Working copy of https://github.com/apple/swift-atomics.git resolved at 1.3.1
Creating working copy for https://github.com/swift-server/async-http-client.git
Working copy of https://github.com/swift-server/async-http-client.git resolved at 1.36.2
Creating working copy for https://github.com/apple/swift-nio-ssl.git
Working copy of https://github.com/apple/swift-nio-ssl.git resolved at 2.37.5
Creating working copy for https://github.com/googleapis/swift-google-rpc
Working copy of https://github.com/googleapis/swift-google-rpc resolved at 0.5.0
Creating working copy for https://github.com/swift-extras/swift-extras-base64
Working copy of https://github.com/swift-extras/swift-extras-base64 resolved at 1.2.0
Creating working copy for https://github.com/googleapis/swift-google-type
Working copy of https://github.com/googleapis/swift-google-type resolved at 0.5.0
Creating working copy for https://github.com/apple/swift-nio-extras.git
Working copy of https://github.com/apple/swift-nio-extras.git resolved at 1.35.1
Building for debugging...
[0/946] Compiling tasn_enc.cc
[1/946] Compiling cpu_aarch64_openbsd.cc
[2/946] Compiling tasn_fre.cc
[2/946] Write sources
[7/946] Compiling _NumericsShims _NumericsShims.c
[8/946] Write sources
[61/946] Compiling _AtomicsShims.c
[62/946] Compiling CXKCPShims shims.c
[63/946] Compiling SimpleFIPS202.c
[64/946] Write swift-version--11D90AFD9DD3AB2.txt
[65/948] Compiling KeccakSponge.c
[66/952] Compiling urandom.cc
[66/952] Compiling pem_xaux.cc
[68/952] Compiling pkcs7.cc
[69/952] Compiling ec_asn1.cc
[70/954] Compiling tasn_new.cc
[71/996] Compiling KeccakP-1600-opt64.c
[73/1024] Compiling InternalCollectionsUtilities Iterable+CopyContents.swift
[74/1024] Compiling InternalCollectionsUtilities Iterable+Equality.swift
[75/1024] Compiling InternalCollectionsUtilities LifetimeOverride.swift
[76/1024] Compiling InternalCollectionsUtilities MutableRef.swift
[77/1024] Compiling InternalCollectionsUtilities FixedWidthInteger+roundUpToPowerOfTwo.swift
[78/1024] Compiling InternalCollectionsUtilities Integer rank.swift
[79/1024] Compiling InternalCollectionsUtilities UInt+first and last set bit.swift
[80/1024] Compiling InternalCollectionsUtilities UInt+reversed.swift
[81/1027] Emitting module ServiceContextModule
[82/1027] Emitting module _NIOBase64
[83/1027] Compiling _NIOBase64 Base64.swift
[87/1030] Compiling InternalCollectionsUtilities BorrowingIteratorProtocol+Equality.swift
[88/1030] Compiling InternalCollectionsUtilities BorrowingIteratorProtocol+Extras.swift
[89/1030] Compiling InternalCollectionsUtilities Debugging.swift
[90/1030] Compiling InternalCollectionsUtilities MutableSpan+Extras.swift
[91/1030] Compiling InternalCollectionsUtilities OutputSpan+Extras.swift
[92/1030] Compiling InternalCollectionsUtilities RandomAccessCollection+Offsets.swift
[93/1030] Compiling InternalCollectionsUtilities Span+Extras.swift
[94/1030] Compiling SwiftASN1 DER.swift
[95/1030] Compiling SwiftASN1 Errors.swift
[96/1030] Compiling InternalCollectionsUtilities TemporaryAllocation.swift
[97/1030] Compiling InternalCollectionsUtilities _UnsafeBitSet+Index.swift
[98/1030] Compiling InternalCollectionsUtilities Descriptions.swift
[102/1030] Emitting module InternalCollectionsUtilities
[107/1030] Compiling InternalCollectionsUtilities _UnsafeBitSet+_Word.swift
[108/1030] Compiling InternalCollectionsUtilities _UnsafeBitSet.swift
[109/1030] Compiling InternalCollectionsUtilities UnsafeBufferPointer+Extras.swift
[110/1030] Compiling InternalCollectionsUtilities UnsafeMutableBufferPointer+Extras.swift
[111/1030] Compiling InternalCollectionsUtilities UnsafeMutablePointer+Extras.swift
[112/1030] Compiling InternalCollectionsUtilities UnsafeMutableRawBufferPointer+Extras.swift
[113/1030] Compiling InternalCollectionsUtilities UnsafePointer+Extras.swift
[114/1030] Compiling Logging LoggingSystem.swift
[115/1031] Compiling RealModule Float16+Real.swift
[116/1031] Compiling RealModule Float80+Real.swift
[117/1032] Compiling Logging Logger.swift
[118/1032] Compiling _NIODataStructures PriorityQueue.swift
[119/1032] Compiling _NIODataStructures _TinyArray.swift
[120/1032] Compiling RealModule Real.swift
[121/1032] Compiling RealModule RealFunctions.swift
[122/1032] Compiling ServiceContextModule ServiceContextKey.swift
[123/1032] Compiling ServiceContextModule ServiceContext.swift
[127/1032] Emitting module SwiftASN1
[128/1038] Compiling RealModule RelaxedArithmetic.swift
[135/1038] Emitting module RealModule
[137/1039] Compiling Logging Logger+With.swift
[138/1039] Emitting module _NIODataStructures
[139/1039] Compiling _NIODataStructures Heap.swift
[140/1040] Compiling Logging Logger+Attributes.swift
[143/1040] Compiling InternalCollectionsUtilities UnsafeRawBufferPointer+Extras.swift
[144/1040] Compiling InternalCollectionsUtilities _SortedCollection.swift
[145/1040] Compiling InternalCollectionsUtilities _UniqueCollection.swift
[146/1041] Emitting module _CertificateInternals
[147/1041] Compiling _CertificateInternals _TinyArray.swift
[151/1052] Wrapping AST for ServiceContextModule for debugging
[153/1052] Emitting module SpanPreview
[153/1052] Wrapping AST for _NIOBase64 for debugging
[155/1052] Compiling SpanPreview OutputSpan+InputSpanHelpers.swift
[155/1052] Wrapping AST for _CertificateInternals for debugging
[156/1052] Wrapping AST for _NIODataStructures for debugging
[157/1052] Wrapping AST for RealModule for debugging
[158/1052] Wrapping AST for InternalCollectionsUtilities for debugging
[160/1052] Compiling SpanPreview MutableSpan+InputSpanHelpers.swift
[161/1052] Compiling SpanPreview InputSpan.swift
[162/1052] Emitting module Instrumentation
[162/1053] Compiling KeccakHash.c
[163/1053] Compiling CNIOWindows WSAStartup.c
[164/1053] Compiling CNIOWindows shim.c
[165/1053] Compiling CNIOWASI CNIOWASI.c
[166/1053] Compiling CNIOOpenBSD shim.c
[168/1053] Compiling Instrumentation MultiplexInstrument.swift
[169/1053] Compiling CNIOPosix event_loop_id.c
[170/1053] Compiling Instrumentation NoOpInstrument.swift
[171/1053] Compiling CNIOLinux liburing_shims.c
[172/1053] Compiling CSystem shims.c
[173/1053] Compiling CNIOLinux shim.c
[174/1053] Compiling CNIOLLHTTP c_nio_http.c
[175/1053] Compiling CNIOLLHTTP c_nio_llhttp.c
[176/1053] Compiling CNIOFreeBSD shim.c
[177/1053] Compiling CNIOExtrasZlib zutil.c
[178/1094] Wrapping AST for SpanPreview for debugging
[179/1132] Compiling CNIOLLHTTP c_nio_api.c
[180/1132] Compiling CNIOExtrasZlib trees.c
[181/1132] Compiling CNIOExtrasZlib inftrees.c
[182/1132] Compiling CNIOExtrasZlib inflate.c
[183/1132] Compiling CNIOExtrasZlib inffast.c
[184/1132] Compiling CNIOExtrasZlib deflate.c
[185/1132] Compiling CNIOExtrasZlib crc32.c
[186/1132] Compiling CNIODarwin shim.c
[187/1132] Compiling CNIOExtrasZlib adler32.c
[188/1132] Compiling fiat_p256_adx_sqr.S
[189/1132] Compiling fiat_p256_adx_mul.S
[191/1132] Compiling DequeModule UniqueDeque+Initializers.swift
[192/1132] Compiling DequeModule UniqueDeque+Insertions.swift
[193/1132] Compiling DequeModule UniqueDeque+Iterable.swift
[194/1132] Compiling DequeModule UniqueDeque+Prepend.swift
[195/1132] Compiling DequeModule UniqueDeque+Removals.swift
[196/1132] Compiling DequeModule UniqueDeque+Consumption.swift
[197/1132] Compiling DequeModule UniqueDeque+ContainerOperations.swift
[198/1132] Compiling DequeModule UniqueDeque+Deprecations.swift
[199/1132] Compiling DequeModule UniqueDeque+Descriptions.swift
[200/1132] Compiling DequeModule UniqueDeque+Equatable.swift
[201/1132] Compiling DequeModule UniqueDeque+Hashable.swift
[202/1137] Compiling DequeModule RigidDeque+Descriptions.swift
[203/1137] Compiling DequeModule RigidDeque+Equatable.swift
[204/1137] Compiling DequeModule RigidDeque+Hashable.swift
[205/1137] Compiling DequeModule RigidDeque+Initializers.swift
[206/1137] Compiling DequeModule RigidDeque+Insertions.swift
[207/1137] Compiling DequeModule RigidDeque+Iterable.swift
[207/1137] Compiling fiat_curve25519_adx_square.S
[208/1137] Compiling fiat_curve25519_adx_mul.S
[210/1137] Compiling DequeModule Deque+Equatable.swift
[211/1137] Compiling DequeModule Deque+ExpressibleByArrayLiteral.swift
[212/1137] Compiling DequeModule _DequeBuffer.swift
[213/1137] Compiling DequeModule _DequeBufferHeader.swift
[214/1137] Compiling DequeModule RigidDeque+Append.swift
[215/1137] Compiling DequeModule RigidDeque+Consumption.swift
[216/1137] Compiling DequeModule RigidDeque+ContainerOperations.swift
[217/1137] Compiling DequeModule RigidDeque+Deprecations.swift
[217/1137] Compiling CNIOBoringSSLShims shims.c
[219/1137] Compiling DequeModule RigidDeque+Prepend.swift
[220/1137] Compiling DequeModule RigidDeque+Removals.swift
[221/1137] Compiling DequeModule RigidDeque+Replacements.swift
[222/1137] Compiling DequeModule RigidDeque+Testing.swift
[223/1137] Compiling DequeModule RigidDeque.swift
[224/1137] Compiling DequeModule UniqueDeque+Append.swift
[225/1137] Compiling DequeModule Deque+Codable.swift
[226/1137] Compiling DequeModule Deque+Collection.swift
[227/1137] Compiling DequeModule Deque+CustomReflectable.swift
[228/1137] Compiling DequeModule Deque+Descriptions.swift
[231/1137] Compiling DequeModule Deque+Extras.swift
[232/1137] Compiling DequeModule Deque+Hashable.swift
[233/1137] Compiling DequeModule Deque+Testing.swift
[234/1137] Compiling DequeModule Deque._Storage.swift
[235/1137] Compiling DequeModule Deque._UnsafeHandle.swift
[236/1137] Compiling DequeModule Deque.swift
[237/1137] Compiling ExtrasBase64 Base32.swift
[238/1137] Compiling ExtrasBase64 Base32+Span.swift
[261/1142] Emitting module Logging
[264/1142] Compiling Logging MetadataProvider.swift
[265/1143] Compiling Instrumentation Instrument.swift
[266/1143] Compiling Instrumentation InstrumentationSystem.swift
[267/1143] Compiling Instrumentation Locks.swift
[279/1153] Wrapping AST for Logging for debugging
[280/1153] Wrapping AST for SwiftASN1 for debugging
[281/1153] Wrapping AST for Instrumentation for debugging
[283/1153] Compiling Tracing TracingTime.swift
[284/1154] Emitting module Tracing
[285/1154] Compiling Tracing TracerProtocol.swift
[286/1154] Compiling Tracing WithTracer.swift
[287/1154] Compiling Tracing Tracer.swift
[288/1154] Compiling Tracing TracerProtocol+Legacy.swift
[288/1154] Compiling tls_record.cc
[301/1154] Emitting module SystemPackage
[302/1154] Compiling Tracing NoOpTracer.swift
[303/1154] Compiling Tracing SpanProtocol.swift
[304/1154] Compiling Tracing InstrumentationSystem+Tracing.swift
[305/1155] Compiling tls_method.cc
[307/1155] Compiling SystemPackage SystemString.swift
[308/1155] Compiling SystemPackage Util+StringArray.swift
[309/1155] Compiling SystemPackage Util.swift
[310/1155] Compiling SystemPackage UtilConsumers.swift
[311/1155] Compiling SystemPackage WinSDK+Overlay.swift
[312/1156] Wrapping AST for Tracing for debugging
[313/1156] Wrapping AST for SystemPackage for debugging
[314/1156] Compiling tls13_server.cc
[315/1156] Compiling tls13_enc.cc
[317/1156] Compiling DequeModule UniqueDeque+Replacements.swift
[318/1156] Compiling DequeModule UniqueDeque.swift
[319/1156] Compiling DequeModule _DequeSlot.swift
[320/1156] Compiling DequeModule _UnsafeDequeHandle.swift
[321/1156] Compiling DequeModule _UnsafeDequeSegments.swift
[321/1156] Compiling tls13_client.cc
[323/1156] Emitting module DequeModule
[323/1156] Compiling tls13_both.cc
[325/1157] Compiling t1_enc.cc
[326/1200] Compiling ssl_x509.cc
[327/1200] Wrapping AST for DequeModule for debugging
[328/1200] Compiling ssl_versions.cc
[330/1200] Compiling Configuration JSONSnapshot.swift
[331/1200] Compiling Configuration PropertyListSnapshot.swift
[332/1200] Compiling Configuration ReloadingFileProvider.swift
[333/1200] Compiling Configuration ReloadingFileProviderMetrics.swift
[334/1200] Compiling Configuration YAMLSnapshot.swift
[335/1200] Compiling Configuration InMemoryProvider.swift
[335/1205] Compiling ssl_transcript.cc
[336/1205] Compiling ssl_stat.cc
[338/1205] Compiling Configuration EnvironmentKeyEncoder.swift
[339/1205] Compiling Configuration EnvironmentVariablesProvider.swift
[340/1205] Compiling Configuration CommonProviderFileSystem.swift
[341/1205] Compiling Configuration DirectoryFilesProvider.swift
[342/1205] Compiling Configuration FileProvider.swift
[343/1205] Compiling Configuration FileProviderSnapshot.swift
[343/1205] Compiling ssl_privkey.cc
[344/1205] Compiling ssl_session.cc
[346/1205] Emitting module ExtrasBase64
[346/1205] Compiling ssl_key_share.cc
[347/1205] Compiling ssl_file.cc
[349/1205] Compiling ExtrasBase64 Base64+Span.swift
[350/1205] Compiling ExtrasBase64 Base64.swift
[350/1206] Compiling ssl_lib.cc
[352/1206] Compiling ssl_credential.cc
[353/1237] Compiling ssl_cipher.cc
[354/1237] Compiling ssl_cert.cc
[355/1237] Wrapping AST for ExtrasBase64 for debugging
[356/1237] Compiling ssl_buffer.cc
[358/1237] Compiling GoogleWKT DiscoveryBase64.swift
[359/1237] Compiling GoogleWKT ProtoJSONDecoder.swift
[360/1237] Compiling GoogleWKT ProtoJSONEncoder.swift
[361/1237] Compiling GoogleWKT UnknownFields.swift
[362/1237] Compiling GoogleWKT WKTAny.swift
[363/1237] Compiling GoogleWKT WKTAnyError.swift
[364/1237] Compiling GoogleWKT WKTEnum.swift
[365/1237] Compiling GoogleWKT WKTEnumValue.swift
[366/1237] Compiling GoogleWKT WKTField.swift
[367/1237] Compiling GoogleWKT WKTMethod.swift
[368/1237] Compiling GoogleWKT WKTMixin.swift
[369/1237] Compiling GoogleWKT WKTOption.swift
[370/1237] Compiling Configuration MutableInMemoryProvider.swift
[371/1237] Compiling Configuration ConfigProvider+Operators.swift
[372/1237] Compiling Configuration KeyMappingProvider.swift
[373/1237] Compiling Configuration SecretsSpecifier.swift
[374/1237] Compiling Configuration AsyncCombineLatestManySequence.swift
[375/1237] Compiling Configuration CombineLatestManyStateMachine.swift
[376/1237] Emitting module Configuration
[377/1237] Compiling Configuration CombineLatestManyStorage.swift
[378/1237] Compiling Configuration AsyncSequences.swift
[379/1237] Compiling Configuration FoundationExtensions.swift
[380/1237] Compiling Configuration Span.swift
[381/1237] Compiling Configuration ConfigBytesFromStringDecoder.swift
[381/1237] Compiling ssl_asn1.cc
[382/1237] Compiling ssl_aead_ctx.cc
[383/1237] Compiling s3_pkt.cc
[385/1237] Compiling GoogleWKT WKTFloatValue.swift
[386/1237] Compiling GoogleWKT WKTInt32Value.swift
[387/1237] Compiling GoogleWKT WKTInt64Value.swift
[388/1237] Compiling GoogleWKT WKTRecursive.swift
[393/1241] Compiling GoogleWKT WKTDoubleValue.swift
[394/1241] Compiling GoogleWKT WKTDuration.swift
[395/1241] Compiling GoogleWKT WKTEmpty.swift
[396/1241] Compiling GoogleWKT WKTFieldMask.swift
[400/1241] Compiling GoogleWKT WKTBoolValue.swift
[401/1241] Compiling GoogleWKT WKTBytesValue.swift
[402/1241] Compiling GoogleWKT WKTStringValue.swift
[403/1241] Compiling GoogleWKT WKTTimestamp.swift
[404/1241] Compiling GoogleWKT WKTUInt32Value.swift
[405/1241] Compiling GoogleWKT WKTUInt64Value.swift
[406/1241] Compiling GoogleWKT WKTValue.swift
[407/1241] Compiling GoogleWKT WKTApi.swift
[409/1241] Compiling s3_both.cc
[410/1241] Compiling s3_lib.cc
[416/1241] Compiling GoogleWKT AnyPackable.swift
[417/1241] Compiling GoogleWKT DecodeToDefault.swift
[424/1242] Compiling handshake_server.cc
[431/1242] Emitting module GoogleWKT
[431/1242] Wrapping AST for Configuration for debugging
[433/1242] Compiling GoogleWKT WKTSourceContext.swift
[434/1242] Compiling GoogleWKT WKTSyntax.swift
[435/1242] Compiling GoogleWKT WKTType.swift
[436/1242] Compiling GoogleWKT PackageVersion.swift
[437/1243] Compiling handshake_client.cc
[438/1261] Compiling handshake.cc
[439/1261] Compiling handoff.cc
[440/1276] Wrapping AST for GoogleWKT for debugging
[442/1276] Compiling GoogleRpc LocalizedMessage.swift
[443/1276] Compiling GoogleRpc PackageVersion.swift
[444/1278] Compiling GoogleRpc ResourceInfo.swift
[445/1278] Compiling GoogleRpc HttpRequest.swift
[446/1278] Compiling GoogleRpc QuotaFailure.swift
[447/1278] Compiling GoogleRpc RequestInfo.swift
[448/1280] Compiling GoogleRpc HttpResponse.swift
[449/1280] Compiling GoogleRpc RetryInfo.swift
[450/1280] Compiling GoogleRpc Status.swift
[451/1280] Compiling GoogleType PhoneNumber.swift
[452/1280] Emitting module GoogleType
[453/1280] Compiling GoogleRpc HttpHeader.swift
[454/1280] Compiling GoogleRpc DebugInfo.swift
[455/1280] Compiling GoogleRpc ErrorInfo.swift
[458/1280] Compiling GoogleRpc Help.swift
[462/1280] Compiling GoogleRpc PreconditionFailure.swift
[466/1280] Compiling GoogleRpc BadRequest.swift
[467/1280] Compiling GoogleRpc Code.swift
[472/1280] Emitting module GoogleRpc
[474/1280] Compiling d1_srtp.cc
[475/1280] Compiling encrypted_client_hello.cc
[476/1280] Compiling dtls_record.cc
[477/1280] Compiling dtls_method.cc
[479/1280] Compiling GoogleType TimeOfDay.swift
[481/1280] Compiling GoogleType TimeZone.swift
[482/1282] Compiling md5-x86_64-linux.S
[485/1282] Compiling md5-x86_64-apple.S
[486/1282] Compiling md5-586-linux.S
[487/1282] Wrapping AST for GoogleRpc for debugging
[488/1282] Compiling md5-586-apple.S
[489/1282] Wrapping AST for GoogleType for debugging
[490/1282] Compiling chacha20_poly1305_x86_64-linux.S
[491/1282] Compiling chacha20_poly1305_x86_64-apple.S
[492/1282] Compiling chacha20_poly1305_armv8-win.S
[493/1282] Compiling extensions.cc
[494/1282] Compiling chacha20_poly1305_armv8-apple.S
[495/1282] Compiling chacha-x86_64-apple.S
[496/1282] Compiling chacha-x86_64-linux.S
[497/1282] Compiling chacha20_poly1305_armv8-linux.S
[498/1282] Compiling chacha-x86-linux.S
[499/1282] Compiling chacha-x86-apple.S
[500/1282] Compiling chacha-armv8-win.S
[501/1282] Compiling chacha-armv8-apple.S
[502/1282] Compiling err_data.cc
[503/1282] Compiling chacha-armv4-linux.S
[503/1282] Compiling chacha-armv8-linux.S
[505/1282] Compiling aes128gcmsiv-x86_64-linux.S
[506/1282] Compiling x86_64-mont5-apple.S
[507/1282] Compiling aes128gcmsiv-x86_64-apple.S
[508/1282] Compiling x86_64-mont5-linux.S
[509/1282] Compiling x86_64-mont-apple.S
[510/1282] Compiling x86_64-mont-linux.S
[511/1282] Compiling x86-mont-linux.S
[512/1282] Compiling x86-mont-apple.S
[513/1282] Compiling vpaes-x86_64-linux.S
[514/1282] Compiling vpaes-x86_64-apple.S
[515/1282] Compiling vpaes-x86-linux.S
[516/1282] Compiling vpaes-armv8-win.S
[517/1282] Compiling vpaes-x86-apple.S
[518/1282] Compiling vpaes-armv8-linux.S
[519/1282] Compiling vpaes-armv8-apple.S
[520/1282] Compiling vpaes-armv7-linux.S
[521/1282] Compiling sha512-x86_64-linux.S
[522/1282] Compiling sha512-x86_64-apple.S
[523/1282] Compiling sha512-armv8-win.S
[524/1282] Compiling sha512-armv8-apple.S
[525/1282] Compiling sha512-armv4-linux.S
[526/1282] Compiling sha512-armv8-linux.S
[527/1282] Compiling sha512-586-linux.S
[528/1282] Compiling sha256-x86_64-linux.S
[529/1282] Compiling sha512-586-apple.S
[530/1282] Compiling sha256-armv8-win.S
[531/1282] Compiling sha256-x86_64-apple.S
[532/1282] Compiling d1_pkt.cc
[533/1282] Compiling sha256-armv8-apple.S
[534/1282] Compiling sha256-586-linux.S
[535/1282] Compiling sha256-armv8-linux.S
[536/1282] Compiling sha256-armv4-linux.S
[537/1282] Compiling sha256-586-apple.S
[538/1282] Compiling sha1-x86_64-linux.S
[539/1282] Compiling sha1-armv8-apple.S
[540/1282] Compiling sha1-x86_64-apple.S
[541/1282] Compiling sha1-armv8-win.S
[542/1282] Compiling sha1-armv4-large-linux.S
[543/1282] Compiling sha1-armv8-linux.S
[544/1282] Compiling rsaz-avx2-linux.S
[545/1282] Compiling sha1-586-apple.S
[546/1282] Compiling sha1-586-linux.S
[547/1282] Compiling rsaz-avx2-apple.S
[548/1282] Compiling rdrand-x86_64-apple.S
[549/1282] Compiling p256_beeu-x86_64-asm-apple.S
[550/1282] Compiling rdrand-x86_64-linux.S
[551/1282] Compiling p256_beeu-x86_64-asm-linux.S
[552/1282] Compiling p256_beeu-armv8-asm-win.S
[553/1282] Compiling p256-x86_64-asm-apple.S
[554/1282] Compiling p256_beeu-armv8-asm-linux.S
[555/1282] Compiling p256_beeu-armv8-asm-apple.S
[556/1282] Compiling p256-x86_64-asm-linux.S
[557/1282] Compiling ghashv8-armv8-win.S
[558/1282] Compiling p256-armv8-asm-win.S
[559/1282] Compiling p256-armv8-asm-apple.S
[560/1282] Compiling p256-armv8-asm-linux.S
[561/1282] Compiling ghashv8-armv8-linux.S
[562/1282] Compiling ghashv8-armv8-apple.S
[563/1282] Compiling ghashv8-armv7-linux.S
[564/1282] Compiling ghash-x86_64-linux.S
[565/1282] Compiling ghash-x86_64-apple.S
[566/1282] Compiling ghash-x86-apple.S
[567/1282] Compiling ghash-x86-linux.S
[568/1282] Compiling ghash-ssse3-x86_64-apple.S
[569/1282] Compiling ghash-ssse3-x86_64-linux.S
[570/1282] Compiling ghash-ssse3-x86-apple.S
[571/1282] Compiling ghash-neon-armv8-win.S
[572/1282] Compiling bio_ssl.cc
[573/1282] Compiling ghash-ssse3-x86-linux.S
[574/1282] Compiling ghash-neon-armv8-linux.S
[575/1282] Compiling ghash-neon-armv8-apple.S
[576/1282] Compiling ghash-armv4-linux.S
[577/1282] Compiling bn-armv8-win.S
[578/1282] Compiling co-586-apple.S
[579/1282] Compiling bsaes-armv7-linux.S
[580/1282] Compiling co-586-linux.S
[581/1282] Compiling bn-armv8-linux.S
[582/1282] Compiling bn-armv8-apple.S
[583/1282] Compiling bn-586-apple.S
[584/1282] Compiling bn-586-linux.S
[585/1282] Compiling armv8-mont-win.S
[586/1282] Compiling d1_lib.cc
[587/1282] Compiling armv8-mont-apple.S
[588/1282] Compiling armv4-mont-linux.S
[589/1282] Compiling aesv8-gcm-armv8-win.S
[590/1282] Compiling aesv8-gcm-armv8-apple.S
[591/1282] Compiling armv8-mont-linux.S
[592/1282] Compiling aesv8-armv8-win.S
[593/1282] Compiling aesni-x86_64-linux.S
[594/1282] Compiling aesv8-gcm-armv8-linux.S
[595/1282] Compiling aesv8-armv8-apple.S
[596/1282] Compiling aesni-x86_64-apple.S
[597/1282] Compiling aesv8-armv7-linux.S
[598/1282] Compiling aesv8-armv8-linux.S
[599/1282] Compiling aesni-x86-linux.S
[600/1282] Compiling aes-gcm-avx2-x86_64-apple.S
[601/1282] Compiling aesni-gcm-x86_64-apple.S
[602/1282] Compiling aesni-x86-apple.S
[603/1282] Compiling aes-gcm-avx10-x86_64-linux.S
[604/1282] Compiling aes-gcm-avx2-x86_64-linux.S
[605/1282] Compiling aesni-gcm-x86_64-linux.S
[606/1282] Compiling aes-gcm-avx10-x86_64-apple.S
[607/1282] Compiling d1_both.cc
[608/1282] Compiling x_sig.cc
[609/1282] Compiling x_x509a.cc
[610/1282] Compiling x_spki.cc
[611/1282] Compiling x_val.cc
[612/1282] Compiling x_req.cc
[613/1282] Compiling x_x509.cc
[614/1282] Compiling x_pubkey.cc
[615/1282] Compiling x_name.cc
[616/1282] Compiling x_exten.cc
[617/1282] Compiling x_algor.cc
[618/1282] Compiling x_crl.cc
[619/1282] Compiling x_attrib.cc
[620/1282] Compiling x509spki.cc
[621/1282] Compiling x509rset.cc
[622/1282] Compiling x_all.cc
[623/1282] Compiling x509name.cc
[624/1282] Compiling x509cset.cc
[625/1282] Compiling x509_vpm.cc
[626/1282] Compiling x509_vfy.cc
[627/1282] Compiling x509_v3.cc
[628/1282] Compiling x509_txt.cc
[629/1282] Compiling x509_trs.cc
[630/1282] Compiling x509_set.cc
[631/1282] Compiling x509_req.cc
[632/1282] Compiling x509_obj.cc
[633/1282] Compiling x509_lu.cc
[634/1282] Compiling x509_ext.cc
[635/1282] Compiling x509_cmp.cc
[636/1282] Compiling x509_def.cc
[637/1282] Compiling x509_d2.cc
[638/1282] Compiling x509_att.cc
[639/1282] Compiling x509.cc
[640/1282] Compiling v3_prn.cc
[641/1282] Compiling v3_purp.cc
[642/1282] Compiling v3_skey.cc
[643/1282] Compiling v3_pmaps.cc
[644/1282] Compiling v3_utl.cc
[644/1282] Compiling v3_pcons.cc
[646/1282] Compiling v3_ocsp.cc
[647/1282] Compiling v3_ncons.cc
[648/1282] Compiling v3_lib.cc
[649/1282] Compiling v3_int.cc
[650/1282] Compiling v3_info.cc
[651/1282] Compiling v3_ia5.cc
[652/1282] Compiling v3_genn.cc
[653/1282] Compiling v3_extku.cc
[654/1282] Compiling v3_enum.cc
[655/1282] Compiling v3_crld.cc
[656/1282] Compiling v3_bcons.cc
[657/1282] Compiling v3_cpols.cc
[658/1282] Compiling v3_conf.cc
[659/1282] Compiling v3_bitst.cc
[660/1282] Compiling v3_alt.cc
[661/1282] Compiling v3_akeya.cc
[662/1282] Compiling v3_akey.cc
[663/1282] Compiling t_x509a.cc
[664/1282] Compiling i2d_pr.cc
[665/1282] Compiling t_x509.cc
[666/1282] Compiling t_req.cc
[667/1282] Compiling t_crl.cc
[668/1282] Compiling rsa_pss.cc
[669/1282] Compiling name_print.cc
[670/1282] Compiling policy.cc
[671/1282] Compiling by_file.cc
[672/1282] Compiling by_dir.cc
[673/1282] Compiling asn1_gen.cc
[674/1282] Compiling a_verify.cc
[675/1282] Compiling a_sign.cc
[676/1282] Compiling a_digest.cc
[677/1282] Compiling algorithm.cc
[678/1282] Compiling voprf.cc
[679/1282] Compiling trust_token.cc
[680/1282] Compiling thread_win.cc
[681/1282] Compiling thread_pthread.cc
[682/1282] Compiling thread_none.cc
[683/1282] Compiling thread.cc
[684/1282] Compiling stack.cc
[685/1282] Compiling pmbtoken.cc
[686/1282] Compiling sha256.cc
[687/1282] Compiling spake2plus.cc
[688/1282] Compiling siphash.cc
[689/1282] Compiling sha512.cc
[690/1282] Compiling sha1.cc
[691/1282] Compiling rsa_print.cc
[692/1282] Compiling slhdsa.cc
[693/1282] Compiling rsa_extra.cc
[694/1282] Compiling rsa_crypt.cc
[695/1282] Compiling rc4.cc
[696/1282] Compiling refcount.cc
[697/1282] Compiling windows.cc
[698/1282] Compiling trusty.cc
[699/1282] Compiling urandom.cc
[700/1282] Compiling rand.cc
[701/1282] Compiling rsa_asn1.cc
[702/1282] Compiling ios.cc
[703/1282] Compiling getentropy.cc
[704/1282] Compiling poly1305_arm_asm.S
[705/1282] Compiling passive.cc
[706/1282] Compiling forkunsafe.cc
[707/1282] Compiling deterministic.cc
[708/1282] Compiling fork_detect.cc
[709/1282] Compiling poly1305_vec.cc
[710/1282] Compiling pool.cc
[711/1282] Compiling poly1305_arm.cc
[712/1282] Compiling poly1305.cc
[713/1282] Compiling pkcs8.cc
[714/1282] Compiling pkcs8_x509.cc
[715/1282] Compiling pkcs7.cc
[716/1282] Compiling p5_pbev2.cc
[717/1282] Compiling pkcs7_x509.cc
[718/1282] Compiling pem_xaux.cc
[719/1282] Compiling pem_x509.cc
[720/1282] Compiling pem_pkey.cc
[721/1282] Compiling pem_info.cc
[722/1282] Compiling pem_oth.cc
[723/1282] Compiling pem_pk8.cc
[724/1282] Compiling pem_lib.cc
[725/1282] Compiling pem_all.cc
[726/1282] Compiling obj.cc
[727/1282] Compiling mldsa.cc
[728/1282] Compiling mlkem.cc
[729/1282] Compiling obj_xref.cc
[730/1282] Compiling poly_rq_mul.S
[731/1282] Compiling fips_shared_support.cc
[732/1282] Compiling mem.cc
[733/1282] Compiling md5.cc
[734/1282] Compiling md4.cc
[735/1282] Compiling lhash.cc
[736/1282] Compiling kyber.cc
[737/1282] Compiling ex_data.cc
[738/1282] Compiling hpke.cc
[739/1282] Compiling hrss.cc
[740/1282] Compiling scrypt.cc
[741/1282] Compiling sign.cc
[742/1282] Compiling print.cc
[743/1282] Compiling pbkdf.cc
[744/1282] Compiling p_x25519.cc
[745/1282] Compiling p_x25519_asn1.cc
[746/1282] Compiling p_rsa_asn1.cc
[747/1282] Compiling p_hkdf.cc
[748/1282] Compiling p_rsa.cc
[749/1282] Compiling p_ed25519.cc
[750/1282] Compiling p_ed25519_asn1.cc
[751/1282] Compiling p_ec.cc
[752/1282] Compiling p_dh_asn1.cc
[753/1282] Compiling p_ec_asn1.cc
[754/1282] Compiling p_dh.cc
[755/1282] Compiling evp_ctx.cc
[756/1282] Compiling evp_asn1.cc
[757/1282] Compiling p_dsa_asn1.cc
[758/1282] Compiling err.cc
[759/1282] Compiling engine.cc
[760/1282] Compiling evp.cc
[761/1282] Compiling hash_to_curve.cc
[762/1282] Compiling ecdh.cc
[763/1282] Compiling ecdsa_asn1.cc
[764/1282] Compiling ec_derive.cc
[765/1282] Compiling dsa.cc
[766/1282] Compiling bcm.cc
[767/1282] Compiling params.cc
[768/1282] Compiling ec_asn1.cc
[769/1282] Compiling dsa_asn1.cc
[770/1282] Compiling x25519-asm-arm.S
[771/1282] Compiling des.cc
[772/1282] Compiling digest_extra.cc
[773/1282] Compiling dh_asn1.cc
[774/1282] Compiling curve25519_64_adx.cc
[775/1282] Compiling cpu_intel.cc
[776/1282] Compiling crypto.cc
[777/1282] Compiling cpu_arm_freebsd.cc
[778/1282] Compiling spake25519.cc
[779/1282] Compiling cpu_arm_linux.cc
[780/1282] Compiling cpu_aarch64_win.cc
[781/1282] Compiling curve25519.cc
[782/1282] Compiling cpu_aarch64_sysreg.cc
[783/1282] Compiling cpu_aarch64_linux.cc
[784/1282] Compiling cpu_aarch64_openbsd.cc
[785/1282] Compiling cpu_aarch64_fuchsia.cc
[786/1282] Compiling cpu_aarch64_apple.cc
[787/1282] Compiling conf.cc
[788/1282] Compiling tls_cbc.cc
[789/1282] Compiling e_tls.cc
[790/1282] Compiling get_cipher.cc
[791/1282] Compiling e_rc4.cc
[792/1282] Compiling e_rc2.cc
[793/1282] Compiling e_null.cc
[794/1282] Compiling e_des.cc
[795/1282] Compiling e_aesgcmsiv.cc
[796/1282] Compiling e_chacha20poly1305.cc
[797/1282] Compiling chacha.cc
[798/1282] Compiling derive_key.cc
[799/1282] Compiling e_aesctrhmac.cc
[800/1282] Compiling unicode.cc
[801/1282] Compiling buf.cc
[802/1282] Compiling cbs.cc
[803/1282] Compiling ber.cc
[804/1282] Compiling cbb.cc
[805/1282] Compiling bn_asn1.cc
[806/1282] Compiling asn1_compat.cc
[807/1282] Compiling convert.cc
[808/1282] Compiling blake2.cc
[809/1282] Compiling socket_helper.cc
[810/1282] Compiling printf.cc
[811/1282] Compiling socket.cc
[812/1282] Compiling hexdump.cc
[813/1282] Compiling pair.cc
[814/1282] Compiling file.cc
[815/1282] Compiling fd.cc
[816/1282] Compiling errno.cc
[817/1282] Compiling connect.cc
[818/1282] Compiling bio_mem.cc
[819/1282] Compiling bio.cc
[820/1282] Compiling base64.cc
[821/1282] Compiling tasn_typ.cc
[822/1282] Compiling tasn_fre.cc
[823/1282] Compiling tasn_utl.cc
[824/1282] Compiling tasn_new.cc
[825/1282] Compiling tasn_enc.cc
[826/1282] Compiling posix_time.cc
[827/1282] Compiling f_string.cc
[828/1282] Compiling f_int.cc
[829/1282] Compiling tasn_dec.cc
[830/1282] Compiling asn_pack.cc
[831/1282] Compiling asn1_par.cc
[832/1282] Compiling asn1_lib.cc
[833/1282] Compiling a_utctm.cc
[834/1282] Compiling a_time.cc
[835/1282] Compiling a_type.cc
[836/1282] Compiling a_octet.cc
[837/1282] Compiling a_strnid.cc
[838/1282] Compiling a_strex.cc
[839/1282] Compiling a_object.cc
[840/1282] Compiling a_i2d_fp.cc
[841/1282] Compiling a_int.cc
[842/1282] Compiling a_mbstr.cc
[843/1282] Compiling a_dup.cc
[844/1282] Compiling CGoogleGaxCRC32C CGoogleGaxCRC32C.c
[845/1282] Compiling fiat_p256_adx_sqr.S
[846/1282] Compiling a_gentm.cc
[847/1282] Compiling fiat_p256_adx_mul.S
[848/1282] Compiling fiat_curve25519_adx_square.S
[849/1282] Compiling fiat_curve25519_adx_mul.S
[850/1282] Compiling md5-x86_64-linux.S
[851/1282] Compiling md5-x86_64-apple.S
[852/1282] Compiling a_d2i_fp.cc
[853/1282] Compiling md5-586-apple.S
[854/1282] Compiling md5-586-linux.S
[855/1282] Compiling chacha20_poly1305_x86_64-apple.S
[856/1282] Compiling chacha20_poly1305_x86_64-linux.S
[857/1282] Compiling chacha20_poly1305_armv8-win.S
[858/1282] Compiling chacha20_poly1305_armv8-linux.S
[859/1282] Compiling CCryptoBoringSSLShims shims.c
[860/1282] Compiling chacha20_poly1305_armv8-apple.S
[861/1282] Compiling chacha-x86_64-linux.S
[862/1282] Compiling a_bool.cc
[862/1282] Compiling a_bitstr.cc
[864/1282] Compiling chacha-x86_64-apple.S
[865/1282] Compiling chacha-x86-linux.S
[866/1282] Compiling chacha-x86-apple.S
[867/1282] Compiling chacha-armv8-win.S
[868/1282] Compiling chacha-armv4-linux.S
[869/1282] Compiling chacha-armv8-apple.S
[870/1282] Compiling aes128gcmsiv-x86_64-linux.S
[871/1282] Compiling aes128gcmsiv-x86_64-apple.S
[872/1282] Compiling chacha-armv8-linux.S
[873/1282] Compiling x86_64-mont-apple.S
[874/1282] Compiling x86_64-mont5-linux.S
[875/1282] Compiling x86_64-mont-linux.S
[876/1282] Compiling x86_64-mont5-apple.S
[877/1282] Compiling x86-mont-apple.S
[878/1282] Compiling x86-mont-linux.S
[879/1282] Compiling vpaes-x86_64-linux.S
[880/1282] Compiling vpaes-x86_64-apple.S
[881/1282] Compiling vpaes-x86-apple.S
[882/1282] Compiling vpaes-x86-linux.S
[883/1282] Compiling vpaes-armv7-linux.S
[884/1282] Compiling vpaes-armv8-win.S
[885/1282] Compiling vpaes-armv8-apple.S
[886/1282] Compiling vpaes-armv8-linux.S
[887/1282] Compiling sha512-x86_64-linux.S
[888/1282] Compiling sha512-x86_64-apple.S
[889/1282] Compiling sha512-armv8-win.S
[890/1282] Compiling sha512-armv4-linux.S
[891/1282] Compiling sha512-586-apple.S
[892/1282] Compiling sha512-586-linux.S
[893/1282] Compiling sha512-armv8-linux.S
[894/1282] Compiling sha512-armv8-apple.S
[895/1282] Compiling sha256-x86_64-apple.S
[896/1282] Compiling sha256-x86_64-linux.S
[897/1282] Compiling sha256-armv8-win.S
[898/1282] Compiling sha256-armv8-apple.S
[899/1282] Compiling sha256-armv8-linux.S
[900/1282] Compiling sha256-armv4-linux.S
[901/1282] Compiling sha1-x86_64-linux.S
[902/1282] Compiling sha256-586-linux.S
[903/1282] Compiling sha256-586-apple.S
[904/1282] Compiling err_data.cc
[905/1282] Compiling sha1-x86_64-apple.S
[906/1282] Compiling sha1-armv8-win.S
[907/1282] Compiling sha1-armv8-linux.S
[908/1282] Compiling sha1-armv8-apple.S
[909/1282] Compiling sha1-586-linux.S
[910/1282] Compiling sha1-armv4-large-linux.S
[911/1282] Compiling sha1-586-apple.S
[912/1282] Compiling rsaz-avx2-linux.S
[913/1282] Compiling rsaz-avx2-apple.S
[914/1282] Compiling rdrand-x86_64-linux.S
[915/1282] Compiling p256_beeu-armv8-asm-win.S
[916/1282] Compiling rdrand-x86_64-apple.S
[916/1282] Compiling p256_beeu-x86_64-asm-linux.S
[918/1282] Compiling p256_beeu-x86_64-asm-apple.S
[919/1282] Compiling p256_beeu-armv8-asm-linux.S
[920/1282] Compiling p256_beeu-armv8-asm-apple.S
[921/1282] Compiling p256-armv8-asm-win.S
[922/1282] Compiling p256-x86_64-asm-linux.S
[923/1282] Compiling p256-x86_64-asm-apple.S
[924/1282] Compiling p256-armv8-asm-apple.S
[925/1282] Compiling ghashv8-armv8-win.S
[926/1282] Compiling p256-armv8-asm-linux.S
[927/1282] Compiling ghashv8-armv8-linux.S
[928/1282] Compiling ghashv8-armv8-apple.S
[929/1282] Compiling ghashv8-armv7-linux.S
[930/1282] Compiling ghash-x86_64-apple.S
[931/1282] Compiling ghash-x86-linux.S
[932/1282] Compiling ghash-x86_64-linux.S
[933/1282] Compiling ghash-ssse3-x86_64-linux.S
[934/1282] Compiling ghash-ssse3-x86_64-apple.S
[935/1282] Compiling ghash-x86-apple.S
[936/1282] Compiling ghash-ssse3-x86-apple.S
[937/1282] Compiling ghash-neon-armv8-win.S
[938/1282] Compiling ghash-ssse3-x86-linux.S
[939/1282] Compiling ghash-neon-armv8-apple.S
[940/1282] Compiling ghash-neon-armv8-linux.S
[941/1282] Compiling co-586-linux.S
[941/1282] Compiling ghash-armv4-linux.S
[943/1282] Compiling co-586-apple.S
[944/1282] Compiling bn-armv8-linux.S
[945/1282] Compiling bn-armv8-win.S
[946/1282] Compiling bsaes-armv7-linux.S
[947/1282] Compiling bn-586-linux.S
[948/1282] Compiling bn-armv8-apple.S
[949/1282] Compiling bn-586-apple.S
[950/1282] Compiling armv8-mont-win.S
[951/1282] Compiling armv8-mont-apple.S
[952/1282] Compiling armv4-mont-linux.S
[953/1282] Compiling armv8-mont-linux.S
[954/1282] Compiling aesv8-gcm-armv8-apple.S
[955/1282] Compiling aesv8-gcm-armv8-win.S
[956/1282] Compiling aesv8-armv8-win.S
[957/1282] Compiling aesv8-gcm-armv8-linux.S
[958/1282] Compiling aesv8-armv8-apple.S
[959/1282] Compiling aesv8-armv7-linux.S
[960/1282] Compiling aesv8-armv8-linux.S
[961/1282] Compiling aesni-x86_64-apple.S
[962/1282] Compiling aesni-gcm-x86_64-apple.S
[963/1282] Compiling aesni-x86-linux.S
[964/1282] Compiling aesni-x86_64-linux.S
[965/1282] Compiling aesni-gcm-x86_64-linux.S
[966/1282] Compiling aes-gcm-avx512-x86_64-linux.S
[967/1282] Compiling aesni-x86-apple.S
[968/1282] Compiling aes-gcm-avx512-x86_64-apple.S
[969/1282] Compiling aes-gcm-avx2-x86_64-apple.S
[970/1282] Compiling aes-gcm-avx2-x86_64-linux.S
[971/1282] Compiling xwing.cc
[972/1282] Compiling x_req.cc
[973/1282] Compiling x_sig.cc
[974/1282] Compiling x_spki.cc
[975/1282] Compiling x_x509a.cc
[976/1282] Compiling x_x509.cc
[977/1282] Compiling c-nioatomics.c
[978/1282] Compiling c-atomics.c
[979/1282] Compiling x_crl.cc
[980/1282] Compiling x_pubkey.cc
[981/1289] Compiling x_exten.cc
[982/1289] Compiling x_name.cc
[983/1289] Compiling x_attrib.cc
[985/1289] Compiling NIOConcurrencyHelpers NIOThreadPoolWorkAvailable.swift
[985/1289] Compiling x_all.cc
[986/1289] Compiling x_algor.cc
[988/1289] Compiling NIOConcurrencyHelpers lock.swift
[989/1289] Compiling NIOConcurrencyHelpers NIOLockedValueBox.swift
[990/1289] Compiling NIOConcurrencyHelpers atomics.swift
[991/1289] Compiling NIOConcurrencyHelpers NIOLock.swift
[992/1289] Compiling NIOConcurrencyHelpers NIOAtomic.swift
[993/1289] Emitting module NIOConcurrencyHelpers
[994/1290] Wrapping AST for NIOConcurrencyHelpers for debugging
[995/1290] Compiling x509rset.cc
[996/1290] Compiling x509spki.cc
[997/1290] Compiling x509name.cc
[998/1290] Compiling x509cset.cc
[999/1290] Compiling x509_vpm.cc
[1000/1290] Compiling x509_v3.cc
[1001/1290] Compiling x509_vfy.cc
[1002/1290] Compiling x509_txt.cc
[1003/1290] Compiling x509_trs.cc
[1004/1290] Compiling x509_obj.cc
[1005/1290] Compiling x509_set.cc
[1006/1290] Compiling x509_req.cc
[1007/1290] Compiling x509_def.cc
[1007/1290] Compiling x509_lu.cc
[1009/1290] Compiling x509_ext.cc
[1010/1290] Compiling x509_d2.cc
[1011/1290] Compiling x509_cmp.cc
[1012/1290] Compiling x509.cc
[1013/1290] Compiling x509_att.cc
[1014/1290] Compiling v3_utl.cc
[1015/1290] Compiling v3_skey.cc
[1016/1290] Compiling v3_purp.cc
[1017/1290] Compiling v3_prn.cc
[1018/1290] Compiling v3_pmaps.cc
[1019/1290] Compiling v3_pcons.cc
[1019/1290] Compiling v3_ncons.cc
[1021/1290] Compiling v3_lib.cc
[1022/1290] Compiling v3_ocsp.cc
[1023/1290] Compiling v3_int.cc
[1024/1290] Compiling v3_info.cc
[1025/1290] Compiling v3_genn.cc
[1026/1290] Compiling v3_ia5.cc
[1027/1290] Compiling v3_enum.cc
[1028/1290] Compiling v3_extku.cc
[1029/1290] Compiling v3_crld.cc
[1030/1290] Compiling v3_cpols.cc
[1031/1290] Compiling v3_conf.cc
[1032/1290] Compiling v3_bitst.cc
[1033/1290] Compiling v3_alt.cc
[1034/1290] Compiling v3_bcons.cc
[1035/1290] Compiling v3_akeya.cc
[1036/1290] Compiling v3_akey.cc
[1037/1290] Compiling t_x509a.cc
[1038/1290] Compiling t_x509.cc
[1039/1290] Compiling t_req.cc
[1040/1290] Compiling t_crl.cc
[1041/1290] Compiling rsa_pss.cc
[1042/1290] Compiling policy.cc
[1043/1290] Compiling i2d_pr.cc
[1044/1290] Compiling name_print.cc
[1045/1290] Compiling by_file.cc
[1046/1290] Compiling by_dir.cc
[1047/1290] Compiling asn1_gen.cc
[1048/1290] Compiling algorithm.cc
[1049/1290] Compiling a_verify.cc
[1050/1290] Compiling a_digest.cc
[1051/1290] Compiling a_sign.cc
[1052/1290] Compiling voprf.cc
[1053/1290] Compiling thread_win.cc
[1054/1290] Compiling thread_pthread.cc
[1055/1290] Compiling thread_none.cc
[1056/1290] Compiling trust_token.cc
[1057/1290] Compiling thread.cc
[1058/1290] Compiling stack.cc
[1059/1290] Compiling pmbtoken.cc
[1060/1290] Compiling siphash.cc
[1061/1290] Compiling sha512.cc
[1062/1290] Compiling sha1.cc
[1063/1290] Compiling sha256.cc
[1064/1290] Compiling slhdsa.cc
[1065/1290] Compiling spake2plus.cc
[1066/1290] Compiling rsa_extra.cc
[1067/1290] Compiling rsa_print.cc
[1068/1290] Compiling windows.cc
[1069/1290] Compiling rc4.cc
[1070/1290] Compiling rsa_crypt.cc
[1071/1290] Compiling refcount.cc
[1072/1290] Compiling trusty.cc
[1073/1290] Compiling rand.cc
[1074/1290] Compiling passive.cc
[1075/1290] Compiling poly1305_vec.cc
[1076/1290] Compiling poly1305_arm_asm.S
[1077/1290] Compiling getentropy.cc
[1078/1290] Compiling ios.cc
[1079/1290] Compiling rsa_asn1.cc
[1080/1290] Compiling deterministic.cc
[1081/1290] Compiling fork_detect.cc
[1082/1290] Compiling forkunsafe.cc
[1083/1290] Compiling pool.cc
[1084/1290] Compiling poly1305_arm.cc
[1085/1290] Compiling poly1305.cc
[1086/1290] Compiling pkcs8_x509.cc
[1087/1290] Compiling p5_pbev2.cc
[1088/1290] Compiling pkcs8.cc
[1089/1290] Compiling pkcs7_x509.cc
[1090/1290] Compiling pem_x509.cc
[1091/1290] Compiling pem_pkey.cc
[1092/1290] Compiling pem_pk8.cc
[1093/1290] Compiling pem_oth.cc
[1094/1290] Compiling obj.cc
[1095/1290] Compiling obj_xref.cc
[1096/1290] Compiling mlkem.cc
[1097/1290] Compiling pem_info.cc
[1098/1290] Compiling pem_lib.cc
[1099/1290] Compiling mldsa.cc
[1100/1290] Compiling pem_all.cc
[1101/1290] Compiling poly_rq_mul.S
[1102/1290] Compiling mem.cc
[1103/1290] Compiling fips_shared_support.cc
[1104/1290] Compiling lhash.cc
[1105/1290] Compiling fuzzer_mode.cc
[1106/1290] Compiling md5.cc
[1107/1290] Compiling md4.cc
[1108/1290] Compiling kyber.cc
[1109/1290] Compiling hpke.cc
[1110/1290] Compiling hrss.cc
[1111/1290] Compiling ex_data.cc
[1112/1290] Compiling scrypt.cc
[1113/1290] Compiling sign.cc
[1114/1290] Compiling print.cc
[1115/1290] Compiling pbkdf.cc
[1116/1290] Compiling p_x25519_asn1.cc
[1117/1290] Compiling p_rsa_asn1.cc
[1118/1290] Compiling p_x25519.cc
[1119/1290] Compiling p_rsa.cc
[1120/1290] Compiling p_hkdf.cc
[1121/1290] Compiling p_ed25519.cc
[1122/1290] Compiling p_ed25519_asn1.cc
[1123/1290] Compiling p_ec_asn1.cc
[1124/1290] Compiling p_ec.cc
[1125/1290] Compiling p_dh_asn1.cc
[1126/1290] Compiling p_dsa_asn1.cc
[1127/1290] Compiling p_dh.cc
[1128/1290] Compiling evp_ctx.cc
[1129/1290] Compiling evp.cc
[1130/1290] Compiling err.cc
[1131/1290] Compiling evp_asn1.cc
[1132/1290] Compiling engine.cc
[1133/1290] Compiling ecdsa_p1363.cc
[1134/1290] Compiling ec_derive.cc
[1135/1290] Compiling ecdh.cc
[1136/1290] Compiling ecdsa_asn1.cc
[1137/1290] Compiling dsa.cc
[1138/1290] Compiling hash_to_curve.cc
[1139/1290] Compiling dsa_asn1.cc
[1140/1290] Compiling digest_extra.cc
[1141/1290] Compiling x25519-asm-arm.S
[1142/1290] Compiling spake25519.cc
[1143/1290] Compiling des.cc
[1144/1290] Compiling curve25519_64_adx.cc
[1145/1290] Compiling params.cc
[1146/1290] Compiling dh_asn1.cc
[1147/1290] Compiling cpu_intel.cc
[1148/1290] Compiling crypto.cc
[1149/1290] Compiling curve25519.cc
[1150/1290] Compiling cpu_arm_linux.cc
[1151/1290] Compiling cpu_arm_freebsd.cc
[1152/1290] Compiling cpu_aarch64_win.cc
[1153/1290] Compiling cpu_aarch64_sysreg.cc
[1154/1290] Compiling cpu_aarch64_linux.cc
[1155/1290] Compiling cpu_aarch64_fuchsia.cc
[1156/1290] Compiling cpu_aarch64_apple.cc
[1157/1290] Compiling conf.cc
[1158/1290] Compiling tls_cbc.cc
[1159/1290] Compiling get_cipher.cc
[1160/1290] Compiling e_tls.cc
[1161/1290] Compiling e_rc4.cc
[1162/1290] Compiling e_null.cc
[1163/1290] Compiling e_rc2.cc
[1164/1290] Compiling cms.cc
[1165/1290] Compiling e_des.cc
[1166/1290] Compiling e_chacha20poly1305.cc
[1167/1290] Compiling e_aesctrhmac.cc
[1168/1290] Compiling e_aeseax.cc
[1169/1290] Compiling e_aesgcmsiv.cc
[1170/1290] Compiling chacha.cc
[1171/1290] Compiling derive_key.cc
[1172/1290] Compiling sqrt.cc
[1173/1290] Compiling buf.cc
[1174/1290] Compiling cbs.cc
[1175/1290] Compiling unicode.cc
[1176/1290] Compiling cbb.cc
[1177/1290] Compiling ber.cc
[1178/1290] Compiling asn1_compat.cc
[1179/1290] Compiling exponentiation.cc
[1180/1290] Compiling div.cc
[1181/1290] Compiling blake2.cc
[1182/1290] Compiling printf.cc
[1183/1290] Compiling bn_asn1.cc
[1184/1290] Compiling pair.cc
[1185/1290] Compiling convert.cc
[1186/1290] Compiling hexdump.cc
[1187/1290] Compiling file.cc
[1188/1290] Compiling fd.cc
[1189/1290] Compiling errno.cc
[1190/1290] Compiling base64.cc
[1191/1290] Compiling bio_mem.cc
[1192/1290] Compiling bio.cc
[1193/1290] Compiling posix_time.cc
[1194/1290] Compiling tasn_typ.cc
[1195/1290] Compiling tasn_dec.cc
[1196/1290] Compiling f_string.cc
[1197/1290] Compiling tasn_utl.cc
[1198/1290] Compiling f_int.cc
[1199/1290] Compiling asn1_par.cc
[1200/1290] Compiling asn_pack.cc
[1201/1290] Compiling asn1_lib.cc
[1202/1290] Compiling a_octet.cc
[1203/1290] Compiling a_strnid.cc
[1204/1290] Compiling a_utctm.cc
[1204/1290] Compiling a_time.cc
[1206/1290] Compiling a_type.cc
[1207/1290] Compiling a_strex.cc
[1208/1290] Compiling bcm.cc
[1209/1290] Compiling a_i2d_fp.cc
[1210/1290] Compiling a_object.cc
[1211/1290] Compiling a_dup.cc
[1212/1290] Compiling CAsyncHTTPClient CAsyncHTTPClient.c
[1212/1290] Write sources
[1216/1290] Compiling a_d2i_fp.cc
[1217/1333] Compiling a_mbstr.cc
[1218/1333] Compiling a_gentm.cc
[1219/1333] Compiling a_int.cc
[1220/1333] Compiling a_bool.cc
[1222/1333] Compiling Algorithms Intersperse.swift
[1223/1333] Compiling Algorithms Joined.swift
[1224/1333] Compiling Algorithms Keyed.swift
[1225/1333] Compiling Algorithms MinMax.swift
[1226/1335] Compiling Algorithms RandomSample.swift
[1227/1335] Compiling Algorithms Reductions.swift
[1228/1335] Compiling Algorithms Grouped.swift
[1229/1335] Compiling Algorithms Indexed.swift
[1229/1335] Compiling aes.cc
[1231/1335] Compiling Algorithms AdjacentPairs.swift
[1232/1335] Compiling Algorithms Chain.swift
[1233/1335] Compiling Algorithms Chunked.swift
[1234/1335] Compiling Atomics IntegerOperations.swift
[1235/1335] Compiling Atomics Unmanaged extensions.swift
[1236/1335] Compiling Algorithms EitherSequence.swift
[1237/1335] Compiling Algorithms FirstNonNil.swift
[1238/1335] Compiling Algorithms FlattenCollection.swift
[1238/1335] Compiling a_bitstr.cc
[1240/1343] Compiling Algorithms Split.swift
[1241/1343] Compiling Algorithms Stride.swift
[1242/1343] Compiling Algorithms Suffix.swift
[1250/1346] Compiling Algorithms Permutations.swift
[1251/1346] Compiling Algorithms Product.swift
[1252/1346] Compiling CryptoBoringWrapper RandomBytes.swift
[1257/1346] Compiling Algorithms Compacted.swift
[1258/1346] Compiling Algorithms Cycle.swift
[1261/1346] Compiling Algorithms Trim.swift
[1262/1346] Compiling Algorithms Unique.swift
[1263/1346] Compiling Algorithms Windows.swift
[1264/1346] Compiling CryptoBoringWrapper ArbitraryPrecisionInteger.swift
[1265/1346] Compiling CryptoBoringWrapper CryptoKitErrors_boring.swift
[1266/1346] Compiling CryptoBoringWrapper FiniteFieldArithmeticContext.swift
[1267/1346] Emitting module Atomics
[1268/1346] Compiling CryptoBoringWrapper EllipticCurvePoint.swift
[1269/1346] Compiling CryptoBoringWrapper EllipticCurve.swift
[1270/1346] Emitting module CryptoBoringWrapper
[1271/1346] Compiling CryptoBoringWrapper BoringSSLAEAD.swift
[1276/1347] Compiling Algorithms Combinations.swift
[1276/1347] Wrapping AST for CryptoBoringWrapper for debugging
[1278/1431] Compiling Crypto ChaChaPoly.swift
[1279/1431] Compiling Crypto Cipher.swift
[1280/1431] Compiling Crypto Nonces.swift
[1281/1432] Wrapping AST for Atomics for debugging
[1283/1496] Emitting module Algorithms
[1284/1497] Wrapping AST for Algorithms for debugging
[1286/1497] Compiling NIOCore NIOCoreSendableMetatype.swift
[1287/1497] Compiling NIOCore NIODecodedAsyncSequence.swift
[1288/1497] Compiling NIOCore NIOLoopBound.swift
[1289/1497] Compiling NIOCore NIOPooledRecvBufferAllocator.swift
[1290/1497] Compiling NIOCore NIOScheduledCallback.swift
[1291/1497] Compiling NIOCore NIOSendable.swift
[1292/1497] Compiling NIOCore NIOSplitLinesMessageDecoder.swift
[1293/1497] Compiling NIOCore NIOTransportAccessibleChannelCore.swift
[1294/1497] Compiling NIOCore RecvByteBufferAllocator.swift
[1295/1501] Compiling NIOCore MulticastChannel.swift
[1296/1501] Compiling NIOCore NIOAny.swift
[1297/1501] Compiling NIOCore NIOCloseOnErrorHandler.swift
[1298/1501] Compiling NIOCore EventLoopFuture+Deprecated.swift
[1299/1501] Compiling NIOCore EventLoopFuture+WithEventLoop.swift
[1300/1501] Compiling NIOCore EventLoopFuture.swift
[1301/1501] Compiling NIOCore FileDescriptor.swift
[1302/1501] Compiling NIOCore FileHandle.swift
[1303/1501] Compiling NIOCore FileRegion.swift
[1304/1501] Compiling NIOCore GlobalSingletons.swift
[1305/1505] Compiling NIOCore IO.swift
[1306/1505] Compiling NIOCore IOData.swift
[1307/1516] Compiling NIOCore ByteBuffer-multi-int.swift
[1308/1516] Compiling NIOCore ByteBuffer-quicBinaryEncodingStrategy.swift
[1309/1516] Compiling NIOCore ByteBuffer-views.swift
[1310/1516] Compiling NIOCore Channel.swift
[1311/1516] Compiling NIOCore ChannelHandler.swift
[1312/1516] Compiling NIOCore ChannelHandlers.swift
[1313/1516] Compiling NIOCore ChannelInvoker.swift
[1314/1516] Compiling NIOCore ChannelOption.swift
[1315/1516] Compiling NIOCore ChannelPipeline.swift
[1316/1516] Compiling NIOCore NIOThrowingAsyncSequenceProducer.swift
[1317/1516] Compiling NIOCore BSDSocketAPI.swift
[1318/1516] Compiling NIOCore ByteBuffer-aux.swift
[1319/1516] Emitting module Crypto
[1320/1516] Compiling NIOCore IPProtocol.swift
[1321/1516] Compiling NIOCore IntegerBitPacking.swift
[1322/1516] Compiling NIOCore IntegerTypes.swift
[1323/1516] Compiling NIOCore Interfaces.swift
[1324/1516] Compiling NIOCore Linux.swift
[1325/1516] Compiling NIOCore MarkedCircularBuffer.swift
[1341/1516] Compiling NIOCore CircularBuffer.swift
[1342/1516] Compiling NIOCore Codec.swift
[1343/1516] Compiling NIOCore ConvenienceOptionSupport.swift
[1344/1516] Compiling NIOCore DeadChannel.swift
[1345/1516] Compiling NIOCore DispatchQueue+WithFuture.swift
[1346/1516] Compiling NIOCore EventLoop+Deprecated.swift
[1347/1516] Compiling NIOCore EventLoop+SerialExecutor.swift
[1348/1516] Compiling NIOCore EventLoop.swift
[1349/1516] Compiling NIOCore EventLoopFuture+AssumeIsolated.swift
[1353/1516] Compiling Crypto Signature.swift
[1354/1516] Compiling Crypto CryptoKitErrors_boring.swift
[1355/1516] Compiling Crypto Optional+withUnsafeBytes_boring.swift
[1356/1516] Compiling Crypto RNG_boring.swift
[1357/1516] Compiling Crypto SafeCompare_boring.swift
[1358/1516] Compiling Crypto Zeroization_boring.swift
[1359/1516] Compiling Crypto _CryptoModuleAnchor.swift
[1360/1516] Compiling Crypto PrettyBytes.swift
[1361/1516] Compiling Crypto SafeCompare.swift
[1362/1516] Compiling Crypto SecureBytes.swift
[1363/1516] Compiling Crypto Zeroization.swift
[1364/1516] Compiling NIOCore ByteBuffer-binaryEncodedLengthPrefix.swift
[1365/1516] Compiling NIOCore ByteBuffer-conversions.swift
[1366/1516] Compiling NIOCore ByteBuffer-core.swift
[1367/1516] Compiling NIOCore ByteBuffer-hex.swift
[1368/1516] Compiling NIOCore ByteBuffer-int.swift
[1369/1516] Compiling NIOCore ByteBuffer-lengthPrefix.swift
[1370/1516] Compiling NIOCore AddressedEnvelope.swift
[1371/1516] Compiling NIOCore AsyncAwaitSupport.swift
[1372/1516] Compiling NIOCore AsyncChannel.swift
[1373/1516] Compiling NIOCore AsyncChannelHandler.swift
[1374/1516] Compiling NIOCore AsyncChannelInboundStream.swift
[1375/1516] Compiling NIOCore AsyncChannelOutboundWriter.swift
[1376/1516] Compiling Crypto MACFunctions.swift
[1377/1516] Compiling Crypto MessageAuthenticationCode.swift
[1378/1516] Compiling Crypto AES.swift
[1379/1516] Compiling Crypto ECDSASignature_boring.swift
[1380/1516] Compiling Crypto ECDSA_boring.swift
[1381/1516] Compiling Crypto EdDSA_boring.swift
[1382/1516] Compiling Crypto MLDSA_boring.swift
[1383/1516] Compiling Crypto MLDSA_wrapper.swift
[1384/1516] Compiling Crypto ECDSA.swift
[1385/1516] Compiling Crypto Ed25519.swift
[1386/1516] Compiling Crypto MLDSA.swift
[1387/1516] Compiling NIOCore NIOAsyncSequenceProducer.swift
[1388/1516] Compiling NIOCore NIOAsyncSequenceProducerStrategies.swift
[1389/1516] Compiling NIOCore NIOAsyncWriter.swift
[1390/1516] Compiling NIOCore SingleStepByteToMessageDecoder.swift
[1391/1516] Compiling NIOCore SocketAddresses.swift
[1392/1516] Compiling NIOCore SocketOptionProvider.swift
[1393/1516] Compiling NIOCore SystemCallHelpers.swift
[1394/1516] Compiling NIOCore TimeAmount+Duration.swift
[1395/1516] Compiling NIOCore TypeAssistedChannelHandler.swift
[1396/1516] Compiling NIOCore UniversalBootstrapSupport.swift
[1397/1516] Compiling NIOCore Utilities.swift
[1398/1516] Compiling Crypto HMAC.swift
[1399/1517] Wrapping AST for Crypto for debugging
[1409/1579] Compiling CryptoExtras Data+Extensions.swift
[1410/1579] Compiling CryptoExtras DigestType.swift
[1411/1579] Compiling CryptoExtras Error.swift
[1412/1579] Compiling CryptoExtras I2OSP.swift
[1413/1579] Compiling CryptoExtras IntegerEncoding.swift
[1414/1579] Compiling CryptoExtras PEMDocument.swift
[1415/1579] Compiling CryptoExtras PrettyBytes.swift
[1416/1579] Compiling CryptoExtras SubjectPublicKeyInfo.swift
[1417/1587] Compiling CryptoExtras AES_CBC.swift
[1418/1587] Compiling CryptoExtras AES_CFB.swift
[1419/1587] Compiling CryptoExtras AES_CTR.swift
[1420/1587] Compiling CryptoExtras AES_GCM_SIV.swift
[1421/1587] Compiling CryptoExtras Block Function.swift
[1422/1587] Compiling CryptoExtras AES_CBC_boring.swift
[1423/1587] Compiling CryptoExtras AES_CFB_boring.swift
[1424/1587] Compiling CryptoExtras AES_CTR_boring.swift
[1425/1587] Compiling CryptoExtras AES_GCM_SIV_boring.swift
[1426/1587] Compiling CryptoExtras ThreadOps.swift
[1427/1587] Compiling CryptoExtras ThreadPosix.swift
[1428/1587] Compiling CryptoExtras ThreadSpecific.swift
[1429/1587] Compiling CryptoExtras ThreadWindows.swift
[1430/1587] Compiling CryptoExtras DLEQ.swift
[1431/1587] Compiling CryptoExtras Prover.swift
[1432/1587] Compiling CryptoExtras Verifier.swift
[1433/1587] Compiling CryptoExtras ZKPToolbox.swift
[1434/1587] Compiling CryptoExtras PKCS8DERRepresentation.swift
[1435/1587] Compiling CryptoExtras PKCS8PrivateKey.swift
[1436/1587] Compiling CryptoExtras RFC8410AlgorithmIdentifier.swift
[1437/1587] Compiling CryptoExtras ECToolbox_boring.swift
[1438/1587] Compiling CryptoExtras ECToolbox.swift
[1439/1587] Compiling CryptoExtras HashToField.swift
[1440/1587] Compiling CryptoExtras KDF.swift
[1441/1587] Compiling CryptoExtras PBKDF2_boring.swift
[1442/1587] Compiling CryptoExtras PBKDF2_commoncrypto.swift
[1443/1587] Compiling CryptoExtras BoringSSLPassphraseCallbackManager.swift
[1444/1587] Compiling CryptoExtras RSA+BlindSigning.swift
[1445/1587] Compiling CryptoExtras RSA.swift
[1446/1587] Compiling CryptoExtras RSA_boring.swift
[1447/1587] Compiling CryptoExtras Reexport.swift
[1448/1587] Compiling CryptoExtras Zeroization_boring.swift
[1449/1587] Compiling CryptoExtras BoringSSLHelpers.swift
[1450/1587] Compiling CryptoExtras CryptoKitErrors_boring.swift
[1451/1587] Compiling CryptoExtras PBKDF2.swift
[1452/1587] Compiling CryptoExtras Scrypt_boring.swift
[1453/1587] Compiling CryptoExtras Scrypt.swift
[1454/1587] Compiling CryptoExtras OPRF.swift
[1455/1587] Compiling CryptoExtras OPRFClient.swift
[1456/1587] Compiling CryptoExtras OPRFServer.swift
[1457/1587] Compiling CryptoExtras VOPRF+API.swift
[1458/1587] Compiling CryptoExtras VOPRFClient.swift
[1459/1587] Compiling CryptoExtras VOPRFServer.swift
[1460/1587] Compiling CryptoExtras ARCServer.swift
[1461/1587] Compiling CryptoExtras ChaCha20CTR_boring.swift
[1462/1587] Compiling CryptoExtras ChaCha20CTR.swift
[1463/1587] Compiling CryptoExtras BoringSSLSHA512256Context.swift
[1464/1587] Compiling CryptoExtras BoringSSLSHA512256HashFunction.swift
[1465/1587] Compiling CryptoExtras SHA512256.swift
[1466/1587] Compiling CryptoExtras SHA512256Digest.swift
[1467/1587] Compiling CryptoExtras Curve25519+PEM.swift
[1468/1587] Compiling CryptoExtras ObjectIdentifier.swift
[1469/1587] Compiling CryptoExtras CMAC.swift
[1470/1587] Compiling CryptoExtras ARC+API.swift
[1471/1587] Compiling CryptoExtras ARC.swift
[1472/1587] Compiling CryptoExtras ARCCredential.swift
[1473/1587] Compiling CryptoExtras ARCEncoding.swift
[1474/1587] Compiling CryptoExtras ARCPrecredential.swift
[1475/1587] Compiling CryptoExtras ARCPresentation.swift
[1476/1587] Compiling CryptoExtras ARCRequest.swift
[1477/1587] Compiling CryptoExtras ARCResponse.swift
[1478/1587] Emitting module CryptoExtras
[1479/1588] Wrapping AST for CryptoExtras for debugging
[1481/1590] Emitting module _CryptoExtras
[1482/1590] Compiling _CryptoExtras Exports.swift
[1483/1591] Wrapping AST for _CryptoExtras for debugging
[1485/1686] Compiling X509 OCSPExtensionID.swift
[1486/1686] Compiling X509 OCSPNonce.swift
[1487/1686] Compiling X509 OCSPPolicy.swift
[1488/1686] Compiling X509 OCSPRequest.swift
[1489/1686] Compiling X509 OCSPResponse.swift
[1490/1686] Compiling X509 OCSPResponseBytes.swift
[1491/1686] Compiling X509 OCSPResponseData.swift
[1492/1686] Compiling X509 OCSPResponseStatus.swift
[1493/1686] Compiling X509 OCSPSignature.swift
[1494/1686] Compiling X509 RelativeDistinguishedName.swift
[1495/1686] Compiling X509 SEC1PrivateKey.swift
[1496/1686] Compiling X509 SecKeyWrapper.swift
[1497/1686] Compiling X509 Signature.swift
[1498/1686] Compiling X509 SignatureAlgorithm.swift
[1499/1686] Compiling X509 AllOfPolicies.swift
[1500/1686] Compiling X509 AnyPolicy.swift
[1501/1686] Compiling X509 CertificateStore.swift
[1502/1686] Compiling X509 CustomCertificateStore.swift
[1503/1686] Compiling X509 DNBuilder.swift
[1504/1686] Compiling X509 OneOfPolicies.swift
[1505/1686] Compiling X509 PolicyBuilder.swift
[1506/1686] Compiling X509 BasicConstraintsPolicy.swift
[1507/1686] Compiling X509 DNSNames.swift
[1508/1686] Compiling X509 ExpiryPolicy.swift
[1509/1686] Compiling X509 IPConstraints.swift
[1510/1686] Compiling X509 NameConstraintsPolicy.swift
[1511/1686] Compiling X509 RFC5280Policy.swift
[1512/1686] Compiling X509 URIConstraints.swift
[1513/1686] Compiling X509 VersionPolicy.swift
[1514/1686] Compiling X509 ServerIdentityPolicy.swift
[1515/1686] Compiling X509 TrustRootLoading.swift
[1516/1686] Compiling X509 UnverifiedChain.swift
[1517/1686] Compiling X509 PKCS8PrivateKey.swift
[1518/1686] Compiling X509 PromiseAndFuture.swift
[1519/1686] Compiling X509 RDNAttribute.swift
[1520/1686] Compiling X509 RandomNumberGenerator+bytes.swift
[1521/1686] Compiling X509 DomainComponent.swift
[1522/1686] Compiling X509 EmailAddress.swift
[1523/1686] Compiling X509 LocalityName.swift
[1524/1686] Compiling X509 OrganizationName.swift
[1525/1686] Compiling X509 OrganizationalUnitName.swift
[1526/1686] Compiling X509 StateOrProvinceName.swift
[1527/1686] Compiling X509 StreetAddress.swift
[1528/1686] Compiling X509 Error.swift
[1529/1686] Compiling X509 AuthorityInformationAccess.swift
[1530/1686] Emitting module NIOCore
[1531/1693] Wrapping AST for NIOCore for debugging
[1533/1744] Emitting module NIOFoundationEssentialsCompat
[1534/1744] Emitting module NIOEmbedded
[1535/1744] Compiling NIOEmbedded AsyncTestingChannel.swift
[1536/1744] Compiling NIOFoundationEssentialsCompat ByteBuffer-foundation.swift
[1537/1744] Compiling NIOFoundationEssentialsCompat Codable+ByteBuffer.swift
[1538/1745] Compiling NIOPosix HappyEyeballs.swift
[1539/1745] Compiling NIOPosix IO.swift
[1540/1745] Compiling NIOPosix IntegerBitPacking.swift
[1541/1745] Compiling NIOPosix IntegerTypes.swift
[1542/1745] Compiling NIOPosix Linux.swift
[1543/1745] Compiling NIOPosix LinuxCPUSet.swift
[1544/1745] Compiling NIOPosix LinuxUring.swift
[1546/1752] Compiling NIOEmbedded AsyncTestingEventLoop.swift
[1547/1752] Compiling NIOEmbedded Embedded.swift
[1547/1753] Wrapping AST for NIOFoundationEssentialsCompat for debugging
[1549/1753] Wrapping AST for NIOEmbedded for debugging
[1551/1753] Compiling NIOPosix MultiThreadedEventLoopGroup.swift
[1552/1753] Compiling NIOPosix NIOPosixSendableMetatype.swift
[1553/1753] Compiling NIOPosix NIORandomizedDNSResolver.swift
[1554/1753] Compiling NIOPosix NIOThreadPool.swift
[1555/1753] Compiling NIOPosix NonBlockingFileIO.swift
[1556/1753] Compiling NIOPosix PendingDatagramWritesManager.swift
[1557/1753] Compiling NIOPosix PendingWritesManager.swift
[1558/1753] Compiling NIOPosix Selectable.swift
[1559/1753] Compiling NIOPosix SelectableChannel.swift
[1560/1753] Compiling NIOPosix SelectableEventLoop.swift
[1561/1753] Compiling NIOPosix SelectorEpoll.swift
[1562/1753] Compiling NIOPosix SelectorGeneric.swift
[1563/1753] Compiling NIOPosix SelectorKqueue.swift
[1564/1753] Compiling NIOPosix SelectorUring.swift
[1565/1753] Compiling NIOPosix SelectorWSAPoll.swift
[1566/1753] Compiling NIOPosix ServerSocket.swift
[1567/1753] Compiling NIOPosix Socket.swift
[1568/1753] Compiling NIOPosix SocketChannel.swift
[1569/1753] Compiling NIOPosix SocketProtocols.swift
[1570/1753] Compiling NIOPosix StructuredConcurrencyHelpers.swift
[1571/1753] Compiling NIOPosix System.swift
[1572/1753] Compiling NIOPosix Thread.swift
[1573/1753] Compiling NIOPosix ThreadPosix.swift
[1574/1753] Compiling NIOPosix ThreadWindows.swift
[1575/1753] Compiling NIOPosix Utilities.swift
[1576/1753] Compiling NIOPosix VsockAddress.swift
[1577/1753] Compiling NIOPosix VsockChannelEvents.swift
[1578/1753] Compiling NIOPosix Windows.swift
[1586/1753] Compiling X509 OCSPSingleRequest.swift
[1587/1753] Compiling X509 OCSPSingleResponse.swift
[1588/1753] Compiling X509 OCSPTBSRequest.swift
[1589/1753] Compiling X509 OCSPVersion.swift
[1590/1753] Compiling NIOPosix PipeChannel.swift
[1591/1753] Compiling NIOPosix PipePair.swift
[1592/1753] Compiling NIOPosix Pool.swift
[1593/1753] Compiling NIOPosix PosixSingletons+ConcurrencyTakeOver.swift
[1594/1753] Compiling NIOPosix PosixSingletons.swift
[1595/1753] Compiling NIOPosix RawSocketBootstrap.swift
[1596/1753] Compiling NIOPosix Resolver.swift
[1597/1753] Compiling NIOPosix BSDSocketAPICommon.swift
[1598/1753] Compiling NIOPosix BSDSocketAPIPosix.swift
[1599/1753] Compiling NIOPosix BSDSocketAPIWindows.swift
[1600/1753] Compiling NIOPosix BaseSocket.swift
[1601/1753] Compiling NIOPosix BaseSocketChannel+AccessibleTransport.swift
[1602/1753] Compiling NIOPosix BaseSocketChannel+SocketOptionProvider.swift
[1603/1753] Compiling NIOPosix BaseSocketChannel.swift
[1618/1766] Compiling NIOPosix BaseStreamSocketChannel.swift
[1619/1766] Compiling NIOPosix Bootstrap.swift
[1620/1766] Compiling NIOPosix ControlMessage.swift
[1621/1766] Compiling NIOPosix DatagramVectorReadManager.swift
[1622/1766] Compiling NIOPosix Errors+Any.swift
[1623/1766] Compiling NIOPosix FileDescriptor.swift
[1624/1766] Compiling NIOPosix GetaddrinfoResolver.swift
[1632/1766] Emitting module X509
[1633/1766] Compiling X509 NameConstraints.swift
[1634/1766] Compiling X509 SubjectAlternativeName.swift
[1635/1766] Compiling X509 SubjectKeyIdentifier.swift
[1636/1766] Compiling X509 Extension.swift
[1637/1766] Compiling X509 Extensions.swift
[1638/1766] Compiling X509 ExtensionsBuilder.swift
[1639/1766] Compiling X509 GeneralName.swift
[1640/1766] Compiling X509 Lock.swift
[1641/1766] Compiling X509 LockedValueBox.swift
[1642/1766] Compiling X509 BasicOCSPResponse.swift
[1643/1766] Compiling X509 DirectoryString.swift
[1644/1766] Compiling X509 OCSPCertID.swift
[1645/1766] Compiling X509 OCSPCertStatus.swift
[1646/1766] Compiling X509 CSRAttribute.swift
[1647/1766] Compiling X509 CSRAttributes.swift
[1648/1766] Compiling X509 CSRVersion.swift
[1649/1766] Compiling X509 CertificateSigningRequest.swift
[1650/1766] Compiling X509 CertificationRequestInfo.swift
[1651/1766] Compiling X509 ExtensionRequest.swift
[1652/1766] Compiling X509 Certificate.swift
[1653/1766] Compiling X509 CertificatePrivateKey.swift
[1654/1766] Compiling X509 CertificatePublicKey.swift
[1655/1766] Compiling X509 CertificateSerialNumber.swift
[1656/1766] Compiling X509 CertificateVersion.swift
[1657/1766] Compiling X509 CMSAttribute.swift
[1658/1766] Compiling X509 CMSContentInfo.swift
[1659/1766] Compiling X509 CMSEncapsulatedContentInfo.swift
[1674/1766] Emitting module NIOPosix
[1696/1767] Wrapping AST for NIOPosix for debugging
[1698/1769] Emitting module NIO
[1699/1769] Compiling NIO Exports.swift
[1700/1770] Wrapping AST for NIO for debugging
[1702/1809] Compiling NIOFoundationCompat JSONSerialization+ByteBuffer.swift
[1703/1809] Compiling NIOTLS ProtocolNegotiationHandlerStateMachine.swift
[1704/1809] Compiling NIOFoundationCompat Exports.swift
[1705/1809] Compiling NIOFoundationCompat WaitSpinningRunLoop.swift
[1706/1809] Emitting module NIOFoundationCompat
[1707/1810] Compiling NIOSOCKS SOCKSResponse.swift
[1708/1811] Compiling NIOTLS NIOTypedApplicationProtocolNegotiationHandler.swift
[1709/1811] Compiling NIOTLS ApplicationProtocolNegotiationHandler.swift
[1710/1811] Compiling NIOSOCKS ClientStateMachine.swift
[1711/1811] Emitting module NIOTLS
[1712/1811] Compiling NIOSOCKS SelectedAuthenticationMethod.swift
[1714/1811] Compiling NIOHTTP1 ByteCollectionUtils.swift
[1715/1811] Compiling NIOHTTP1 HTTPDecoder.swift
[1715/1811] Wrapping AST for NIOFoundationCompat for debugging
[1717/1811] Compiling NIOHTTP1 HTTPEncoder.swift
[1718/1811] Compiling NIOHTTP1 HTTPHeaderValidator.swift
[1719/1811] Emitting module NIOSOCKS
[1720/1811] Compiling NIOHTTP1 HTTPServerRequestMethodQueue.swift
[1721/1811] Compiling NIOHTTP1 HTTPServerUpgradeHandler.swift
[1722/1813] Compiling NIOSOCKS ServerStateMachine.swift
[1723/1813] Compiling NIOHTTP1 HTTPServerPipelineHandler.swift
[1724/1813] Compiling NIOHTTP1 HTTPServerProtocolErrorHandler.swift
[1725/1813] Compiling NIOHTTP1 HTTPHeaders+Validation.swift
[1726/1813] Compiling NIOHTTP1 HTTPPipelineSetup.swift
[1728/1814] Emitting module NIOHTTP1
[1729/1814] Compiling NIOTLS SNIHandler.swift
[1730/1814] Compiling NIOTLS TLSEvents.swift
[1732/1815] Compiling NIOHTTP1 NIOTypedHTTPClientUpgradeHandler.swift
[1733/1815] Compiling NIOHTTP1 NIOTypedHTTPClientUpgraderStateMachine.swift
[1733/1815] Wrapping AST for NIOSOCKS for debugging
[1739/1815] Wrapping AST for NIOTLS for debugging
[1741/1845] Compiling NIOSSL SSLCallbacks.swift
[1742/1845] Compiling NIOSSL SSLCertificate.swift
[1743/1845] Compiling X509 ValidatedCertificateChain.swift
[1744/1845] Compiling X509 VerificationDiagnostic.swift
[1745/1845] Compiling X509 Verifier.swift
[1746/1845] Compiling X509 VerifierPolicy.swift
[1747/1845] Compiling X509 AlgorithmIdentifier.swift
[1748/1845] Compiling X509 ECDSASignature.swift
[1749/1845] Compiling X509 RSAPKCS1PublicKey.swift
[1750/1845] Compiling X509 SubjectPublicKeyInfo.swift
[1751/1845] Compiling X509 TBSCertificate.swift
[1752/1845] Compiling X509 Time.swift
[1753/1845] Compiling X509 TimeCalculations.swift
[1754/1845] Compiling X509 Validity.swift
[1755/1845] Compiling X509 X509SendableMetatype.swift
[1757/1846] Compiling NIOSSL SSLConnection.swift
[1758/1846] Compiling NIOSSL SSLContext.swift
[1758/1846] Wrapping AST for X509 for debugging
[1760/1913] Compiling JWTKit AudienceClaim.swift
[1761/1913] Compiling JWTKit BoolClaim.swift
[1762/1913] Compiling JWTKit ExpirationClaim.swift
[1763/1913] Compiling JWTKit LocaleClaim.swift
[1764/1913] Compiling JWTKit NotBeforeClaim.swift
[1765/1919] Wrapping AST for NIOHTTP1 for debugging
[1767/1931] Emitting module NIOHTTPCompression
[1768/1931] Compiling NIOHPACK DynamicHeaderTable.swift
[1769/1931] Compiling NIOHPACK HPACKDecoder.swift
[1770/1931] Compiling NIOHPACK HPACKEncoder.swift
[1771/1931] Compiling NIOHPACK HPACKErrors.swift
[1772/1931] Compiling NIOHPACK HPACKHeader.swift
[1773/1931] Compiling NIOHPACK HeaderTables.swift
[1774/1931] Compiling JWTKit IssuerClaim.swift
[1775/1931] Compiling JWTKit JWTClaim.swift
[1776/1931] Compiling JWTKit JWTMultiValueClaim.swift
[1777/1931] Compiling JWTKit JWTUnixEpochClaim.swift
[1778/1940] Compiling JWTKit MLDSAType.swift
[1779/1940] Compiling JWTKit JWTKeyCollection+UnsecuredNone.swift
[1780/1940] Compiling JWTKit UnsecuredNoneSigner.swift
[1781/1940] Compiling JWTKit JWTKeyCollection+RSA.swift
[1782/1940] Compiling JWTKit RSA.swift
[1783/1940] Compiling JWTKit RSAError.swift
[1784/1940] Compiling JWTKit RSASigner.swift
[1785/1940] Compiling JWTKit Base64URL.swift
[1786/1940] Compiling JWTKit CryptoSigner.swift
[1787/1940] Emitting module JWTKit
[1790/1940] Compiling JWTKit SubjectClaim.swift
[1791/1940] Compiling JWTKit TenantIDClaim.swift
[1792/1940] Compiling JWTKit ECDSA.swift
[1793/1940] Compiling JWTKit ECDSACurve.swift
[1794/1940] Compiling JWTKit ECDSACurveType.swift
[1795/1940] Compiling JWTKit ECDSAError.swift
[1796/1940] Compiling JWTKit ECDSAKeyTypes.swift
[1797/1940] Compiling JWTKit ECDSASigner.swift
[1798/1940] Compiling NIOHPACK IndexedHeaderTable.swift
[1799/1941] Compiling NIOHPACK IntegerCoding.swift
[1800/1941] Compiling JWTKit ECDSASigningAlgorithm.swift
[1801/1941] Compiling JWTKit JWTKeyCollection+ECDSA.swift
[1802/1941] Compiling JWTKit P256+CurveType.swift
[1803/1941] Compiling JWTKit P384+CurveType.swift
[1804/1941] Compiling JWTKit P521+CurveType.swift
[1805/1941] Compiling JWTKit EdDSA.swift
[1806/1941] Compiling JWTKit EdDSACurve.swift
[1807/1941] Compiling JWTKit EdDSAError.swift
[1808/1941] Compiling JWTKit EdDSASigner.swift
[1809/1941] Compiling JWTKit JWTKeyCollection+EdDSA.swift
[1810/1941] Compiling JWTKit HMAC.swift
[1811/1941] Compiling JWTKit HMACError.swift
[1812/1941] Compiling JWTKit HMACSigner.swift
[1813/1941] Compiling JWTKit JWTKeyCollection+HMAC.swift
[1814/1941] Compiling JWTKit Insecure.swift
[1815/1941] Compiling JWTKit JWK.swift
[1816/1941] Compiling JWTKit JWKIdentifier.swift
[1817/1941] Compiling JWTKit JWKS.swift
[1818/1941] Compiling JWTKit JWKSigner.swift
[1819/1941] Compiling NIOHPACK HuffmanTables.swift
[1820/1941] Compiling NIOHTTPCompression HTTPCompression.swift
[1821/1941] Compiling NIOHTTPCompression HTTPDecompression.swift
[1822/1941] Compiling NIOHTTPCompression HTTPResponseCompressor.swift
[1823/1941] Compiling NIOHTTPCompression HTTPRequestCompressor.swift
[1824/1941] Compiling NIOHTTPCompression HTTPDecompressor.swift
[1826/1942] Compiling NIOHPACK HuffmanCoding.swift
[1828/1942] Wrapping AST for NIOHTTPCompression for debugging
[1830/1942] Compiling NIOHPACK StaticHeaderTable.swift
[1831/1942] Emitting module NIOSSL
[1836/1946] Emitting module NIOHPACK
[1845/1947] Wrapping AST for NIOHPACK for debugging
[1856/2010] Compiling NIOHTTP2 OutboundFlowControlBuffer.swift
[1857/2010] Compiling NIOHTTP2 OutboundFrameBuffer.swift
[1858/2010] Compiling NIOHTTP2 GlitchesMonitor.swift
[1859/2010] Compiling NIOHTTP2 HPACKHeaders+Validation.swift
[1860/2010] Compiling NIOHTTP2 HTTP2ChannelHandler+InboundStreamMultiplexer.swift
[1861/2010] Compiling NIOHTTP2 HTTP2FrameParser.swift
[1862/2010] Compiling NIOHTTP2 HTTP2PingData.swift
[1863/2010] Compiling NIOHTTP2 HTTP2PipelineHelpers.swift
[1864/2010] Compiling NIOHTTP2 HTTP2Settings.swift
[1865/2010] Compiling NIOHTTP2 HTTP2Stream.swift
[1866/2010] Compiling NIOHTTP2 HTTP2StreamChannel+OutboundStreamMultiplexer.swift
[1867/2010] Compiling NIOHTTP2 HTTP2StreamChannel.swift
[1868/2010] Compiling NIOHTTP2 HTTP2StreamDelegate.swift
[1869/2010] Compiling NIOHTTP2 HTTP2StreamID.swift
[1870/2010] Compiling NIOHTTP2 HasFlowControlWindows.swift
[1871/2010] Compiling NIOHTTP2 HasLocalSettings.swift
[1872/2010] Compiling NIOHTTP2 HasRemoteSettings.swift
[1873/2010] Compiling NIOHTTP2 LocallyQuiescingState.swift
[1874/2010] Compiling NIOHTTP2 MaySendFrames.swift
[1875/2010] Compiling NIOHTTP2 SendingDataState.swift
[1876/2010] Compiling NIOHTTP2 SendingGoawayState.swift
[1877/2010] Compiling NIOHTTP2 SendingHeadersState.swift
[1878/2010] Compiling NIOHTTP2 SendingPushPromiseState.swift
[1879/2010] Compiling NIOHTTP2 SendingRstStreamState.swift
[1880/2010] Compiling NIOHTTP2 SendingWindowUpdateState.swift
[1881/2010] Compiling NIOHTTP2 HTTP2SettingsState.swift
[1882/2010] Compiling NIOHTTP2 HasExtendedConnectSettings.swift
[1883/2010] Compiling NIOHTTP2 HTTP2ChannelHandler+InlineStreamMultiplexer.swift
[1884/2010] Compiling NIOHTTP2 HTTP2ChannelHandler.swift
[1885/2010] Compiling NIOHTTP2 HTTP2CommonInboundStreamMultiplexer.swift
[1886/2010] Compiling JWTKit CustomizedJSONCoders.swift
[1887/2010] Compiling JWTKit Utilities.swift
[1888/2010] Compiling JWTKit AppleIdentityToken.swift
[1889/2010] Compiling JWTKit FirebaseAuthIdentityToken.swift
[1890/2010] Compiling JWTKit GoogleIdentityToken.swift
[1891/2010] Compiling JWTKit MicrosoftIdentityToken.swift
[1892/2010] Compiling JWTKit EmptyPolicy.swift
[1893/2010] Compiling JWTKit ValidationTimePayload.swift
[1894/2010] Compiling JWTKit X5CVerifier.swift
[1895/2011] Wrapping AST for JWTKit for debugging
[1897/2011] Compiling NIOHTTP2 HTTP2UserEvents.swift
[1898/2011] Compiling NIOHTTP2 InboundEventBuffer.swift
[1899/2011] Compiling NIOHTTP2 InboundWindowManager.swift
[1900/2011] Compiling NIOHTTP2 MultiplexerAbstractChannel.swift
[1901/2012] Wrapping AST for NIOSSL for debugging
[1903/2012] Compiling NIOHTTP2 HTTP2StreamMultiplexer.swift
[1904/2012] Compiling NIOHTTP2 HTTP2ToHTTP1Codec.swift
[1909/2012] Compiling NIOHTTP2 NIOHTTP2FrameDelegate.swift
[1910/2012] Compiling NIOHTTP2 NIOHTTP2ServerConnectionManagementHandler+StateMachine.swift
[1920/2020] Emitting module NIOHTTP2
[1921/2020] Compiling NIOHTTP2 ConnectionStateMachine.swift
[1922/2020] Compiling NIOHTTP2 ConnectionStreamsState.swift
[1923/2020] Compiling NIOHTTP2 MayReceiveFrames.swift
[1924/2020] Compiling NIOHTTP2 ReceivingDataState.swift
[1925/2020] Compiling NIOHTTP2 ReceivingGoAwayState.swift
[1926/2020] Compiling NIOHTTP2 ReceivingHeadersState.swift
[1927/2020] Compiling NIOHTTP2 ReceivingPushPromiseState.swift
[1928/2020] Compiling NIOHTTP2 ReceivingRstStreamState.swift
[1929/2020] Compiling NIOHTTP2 ReceivingWindowUpdateState.swift
[1930/2020] Compiling NIOHTTP2 NIOHTTP2ServerConnectionManagementHandler.swift
[1931/2020] Compiling NIOHTTP2 StreamChannelFlowController.swift
[1932/2020] Compiling NIOHTTP2 StreamChannelList.swift
[1933/2020] Compiling NIOHTTP2 StreamMap.swift
[1934/2020] Compiling NIOHTTP2 StreamStateMachine.swift
[1935/2020] Compiling NIOHTTP2 Timer.swift
[1936/2020] Compiling NIOHTTP2 UnsafeTransfer.swift
[1937/2020] Compiling NIOHTTP2 WatermarkedFlowController.swift
[1950/2020] Compiling NIOHTTP2 HTTP2ConnectionStateChange.swift
[1951/2020] Compiling NIOHTTP2 HTTP2Error.swift
[1952/2020] Compiling NIOHTTP2 HTTP2ErrorCode.swift
[1953/2020] Compiling NIOHTTP2 HTTP2FlowControlWindow.swift
[1954/2020] Compiling NIOHTTP2 HTTP2Frame.swift
[1955/2020] Compiling NIOHTTP2 HTTP2FrameEncoder.swift
[1956/2020] Compiling NIOHTTP2 DOSHeuristics.swift
[1957/2020] Compiling NIOHTTP2 Error+Any.swift
[1958/2020] Compiling NIOHTTP2 ConcurrentStreamBuffer.swift
[1959/2020] Compiling NIOHTTP2 ControlFrameBuffer.swift
[1969/2020] Compiling NIOHTTP2 QuiescingState.swift
[1970/2020] Compiling NIOHTTP2 RemotelyQuiescingState.swift
[1971/2020] Compiling NIOHTTP2 SendAndReceiveGoawayState.swift
[1972/2020] Compiling NIOHTTP2 StateMachineResult.swift
[1973/2020] Compiling NIOHTTP2 ContentLengthVerifier.swift
[1974/2021] Wrapping AST for NIOHTTP2 for debugging
[1976/2085] Compiling AsyncHTTPClient AnyAsyncSequence.swift
[1977/2085] Compiling AsyncHTTPClient AnyAsyncSequenceProucerDelete.swift
[1978/2085] Compiling AsyncHTTPClient AsyncLazySequence.swift
[1979/2085] Compiling AsyncHTTPClient HTTPClient+execute.swift
[1980/2085] Compiling AsyncHTTPClient HTTPClient+shutdown.swift
[1981/2085] Compiling AsyncHTTPClient HTTPClient+tracing.swift
[1982/2085] Compiling AsyncHTTPClient HTTPClientRequest+Prepared.swift
[1983/2085] Compiling AsyncHTTPClient HTTPClientRequest+auth.swift
[1984/2085] Compiling AsyncHTTPClient HTTPClientRequest.swift
[1985/2093] Emitting module AsyncHTTPClient
[1986/2093] Compiling AsyncHTTPClient RequestValidation.swift
[1987/2093] Compiling AsyncHTTPClient SSLContextCache.swift
[1988/2093] Compiling AsyncHTTPClient Scheme.swift
[1989/2093] Compiling AsyncHTTPClient Singleton.swift
[1990/2093] Compiling AsyncHTTPClient StringConvertibleInstances.swift
[1991/2093] Compiling AsyncHTTPClient StructuredConcurrencyHelpers.swift
[1992/2093] Compiling AsyncHTTPClient TracingSupport.swift
[1993/2093] Compiling AsyncHTTPClient Utils.swift
[1994/2093] Compiling AsyncHTTPClient HTTP1ProxyConnectHandler.swift
[1995/2093] Compiling AsyncHTTPClient SOCKSEventsHandler.swift
[1996/2093] Compiling AsyncHTTPClient TLSEventsHandler.swift
[1997/2093] Compiling AsyncHTTPClient HTTP1ClientChannelHandler.swift
[1998/2093] Compiling AsyncHTTPClient HTTP1Connection.swift
[1999/2093] Compiling AsyncHTTPClient HTTP1ConnectionStateMachine.swift
[2000/2093] Compiling AsyncHTTPClient HTTP2ClientRequestHandler.swift
[2001/2093] Compiling AsyncHTTPClient HTTP2Connection.swift
[2002/2093] Compiling AsyncHTTPClient HTTP2IdleHandler.swift
[2003/2093] Compiling AsyncHTTPClient HTTPClientResponse.swift
[2004/2093] Compiling AsyncHTTPClient SingleIteratorPrecondition.swift
[2005/2093] Compiling AsyncHTTPClient Transaction+StateMachine.swift
[2006/2093] Compiling AsyncHTTPClient Transaction.swift
[2007/2093] Compiling AsyncHTTPClient Base64.swift
[2008/2093] Compiling AsyncHTTPClient BasicAuth.swift
[2009/2093] Compiling AsyncHTTPClient BestEffortHashableTLSConfiguration.swift
[2010/2093] Compiling AsyncHTTPClient Configuration+BrowserLike.swift
[2011/2093] Compiling AsyncHTTPClient ConnectionPool.swift
[2012/2093] Compiling AsyncHTTPClient HTTPConnectionEvent.swift
[2013/2093] Compiling AsyncHTTPClient HTTPConnectionPool+Factory.swift
[2014/2093] Compiling AsyncHTTPClient HTTPConnectionPool+Manager.swift
[2015/2093] Compiling AsyncHTTPClient HTTPConnectionPool.swift
[2016/2093] Compiling AsyncHTTPClient HTTPExecutableRequest.swift
[2017/2093] Compiling AsyncHTTPClient HTTPRequestStateMachine+Demand.swift
[2018/2093] Compiling AsyncHTTPClient HTTPRequestStateMachine.swift
[2019/2093] Compiling AsyncHTTPClient RequestBodyLength.swift
[2020/2093] Compiling AsyncHTTPClient RequestFramingMetadata.swift
[2021/2093] Compiling AsyncHTTPClient LRUCache.swift
[2022/2093] Compiling AsyncHTTPClient NIOLoopBound+Execute.swift
[2023/2093] Compiling AsyncHTTPClient NWErrorHandler.swift
[2024/2093] Compiling AsyncHTTPClient NWWaitingHandler.swift
[2025/2093] Compiling AsyncHTTPClient TLSConfiguration.swift
[2026/2093] Compiling AsyncHTTPClient RedirectState.swift
[2027/2093] Compiling AsyncHTTPClient RequestBag+StateMachine.swift
[2028/2093] Compiling AsyncHTTPClient RequestBag+Tracing.swift
[2029/2093] Compiling AsyncHTTPClient RequestBag.swift
[2030/2093] Compiling AsyncHTTPClient RequestOptions.swift
[2031/2093] Compiling AsyncHTTPClient HTTPConnectionPool+Backoff.swift
[2032/2093] Compiling AsyncHTTPClient HTTPConnectionPool+HTTP1Connections.swift
[2033/2093] Compiling AsyncHTTPClient HTTPConnectionPool+HTTP1StateMachine.swift
[2034/2093] Compiling AsyncHTTPClient HTTPConnectionPool+HTTP2Connections.swift
[2035/2093] Compiling AsyncHTTPClient HTTPConnectionPool+HTTP2StateMachine.swift
[2036/2093] Compiling AsyncHTTPClient HTTPConnectionPool+RequestQueue.swift
[2037/2093] Compiling AsyncHTTPClient HTTPConnectionPool+StateMachine.swift
[2038/2093] Compiling AsyncHTTPClient ConnectionTarget.swift
[2039/2093] Compiling AsyncHTTPClient DeconstructedURL.swift
[2040/2093] Compiling AsyncHTTPClient FileDownloadDelegate.swift
[2041/2093] Compiling AsyncHTTPClient FoundationExtensions.swift
[2042/2093] Compiling AsyncHTTPClient HTTPClient+HTTPCookie.swift
[2043/2093] Compiling AsyncHTTPClient HTTPClient+Proxy.swift
[2044/2093] Compiling AsyncHTTPClient HTTPClient+StructuredConcurrency.swift
[2045/2093] Compiling AsyncHTTPClient HTTPClient.swift
[2046/2093] Compiling AsyncHTTPClient HTTPClientConfiguration+SwiftConfiguration.swift
[2047/2093] Compiling AsyncHTTPClient HTTPHandler.swift
[2048/2094] Wrapping AST for AsyncHTTPClient for debugging
[2050/2117] Compiling GoogleAuth ServiceAccountCredentials.swift
[2051/2117] Compiling GoogleAuth ServiceAccountData.swift
[2052/2117] Compiling GoogleAuth ServiceAccountTokenProvider.swift
[2053/2117] Compiling GoogleAuth ADC.swift
[2054/2117] Compiling GoogleAuth ADCPath.swift
[2055/2117] Compiling GoogleAuth ADCResolver.swift
[2056/2117] Compiling GoogleAuth AuthHeaders.swift
[2057/2120] Compiling GoogleAuth UserAccountData.swift
[2058/2120] Compiling GoogleAuth UserAccountTokenProvider.swift
[2059/2120] Compiling GoogleAuth UserCredentials.swift
[2060/2120] Compiling GoogleAuth SubjectTokenProvider.swift
[2061/2120] Compiling GoogleAuth MDSAccessTokenProvider.swift
[2062/2120] Compiling GoogleAuth MDSCredentials.swift
[2063/2120] Emitting module GoogleAuth
[2064/2120] Compiling GoogleAuth AuthHTTPClient.swift
[2065/2120] Compiling GoogleAuth AuthHTTPError.swift
[2066/2120] Compiling GoogleAuth RetryEngine.swift
[2067/2120] Compiling GoogleAuth AnonymousCredentials.swift
[2068/2120] Compiling GoogleAuth ApiKeyCredentials.swift
[2069/2120] Compiling GoogleAuth ExternalAccountCredentials.swift
[2070/2120] Compiling GoogleAuth CredentialParserRegistry.swift
[2071/2120] Compiling GoogleAuth Credentials.swift
[2072/2120] Compiling GoogleAuth CredentialsError.swift
[2073/2120] Compiling GoogleAuth STSHandler.swift
[2074/2120] Compiling GoogleAuth TokenCache.swift
[2075/2120] Compiling GoogleAuth PackageVersion.swift
[2076/2121] Wrapping AST for GoogleAuth for debugging
[2078/2179] Compiling GoogleGax LimitedAttemptCount+PollingErrorPolicy.swift
[2079/2179] Compiling GoogleGax LimitedAttemptCount+RetryPolicy.swift
[2080/2179] Compiling GoogleGax LimitedAttemptCount.swift
[2081/2179] Compiling GoogleGax LimitedElapsedTime+PollingErrorPolicy.swift
[2082/2179] Compiling GoogleGax LimitedElapsedTime+RetryPolicy.swift
[2083/2179] Compiling GoogleGax LimitedElapsedTime.swift
[2084/2179] Compiling GoogleGax LongRunningOperations.swift
[2085/2179] Compiling GoogleGax NeverRetry.swift
[2086/2187] Emitting module GoogleGax
[2087/2187] Compiling GoogleGax RequestOptions.swift
[2088/2187] Compiling GoogleGax RetryLoop.swift
[2089/2187] Compiling GoogleGax RetryPolicy.swift
[2090/2187] Compiling GoogleGax RetryResult.swift
[2091/2187] Compiling GoogleGax RetryState.swift
[2092/2187] Compiling GoogleGax RetryThrottler.swift
[2093/2187] Compiling GoogleGax RetryThrottlerError.swift
[2094/2187] Compiling GoogleGax RoutingMatcher.swift
[2095/2187] Compiling GoogleGax ContinueOnIO.swift
[2096/2187] Compiling GoogleGax CredentialsProtocol.swift
[2097/2187] Compiling GoogleGax ErrorWrapper.swift
[2098/2187] Compiling GoogleGax ExponentialBackoff+BackoffPolicy.swift
[2099/2187] Compiling GoogleGax ExponentialBackoff+PollingBackoffPolicy.swift
[2100/2187] Compiling GoogleGax ExponentialBackoff.swift
[2101/2187] Compiling GoogleGax HTTPClient.swift
[2102/2187] Compiling GoogleGax HTTPClientHolder.swift
[2103/2187] Compiling GoogleGax AIP194+PollingErrorPolicy.swift
[2104/2187] Compiling GoogleGax AIP194+RetryPolicy.swift
[2105/2187] Compiling GoogleGax AIP194.swift
[2106/2187] Compiling GoogleGax AdaptiveThrottler.swift
[2107/2187] Compiling GoogleGax AlwaysPoll.swift
[2108/2187] Compiling GoogleGax AlwaysRetry.swift
[2109/2187] Compiling GoogleGax ApiClientHeader.swift
[2110/2187] Compiling GoogleGax BackoffPolicy.swift
[2111/2187] Compiling GoogleGax BasePollingErrorPolicy.swift
[2112/2187] Compiling GoogleGax HTTPClientProtocol.swift
[2113/2187] Compiling GoogleGax HTTPClientRequest.swift
[2114/2187] Compiling GoogleGax HTTPClientResponse.swift
[2115/2187] Compiling GoogleGax HTTPHeaders.swift
[2116/2187] Compiling GoogleGax HTTPResponseBody.swift
[2117/2187] Compiling GoogleGax HeaderNames.swift
[2118/2187] Compiling GoogleGax Host.swift
[2119/2187] Compiling GoogleGax InProgressResult.swift
[2120/2187] Compiling GoogleGax Pagination.swift
/host/spi-builder-workspace/.build/checkouts/swift-google-gax/Sources/GoogleGax/Pagination.swift:44:22: error: cannot convert '@Sendable (String) async throws -> (response: ResponseType, items: [Item], nextToken: String)' to 'nonisolated(nonsending) @Sendable (String) async throws -> (response: ResponseType, items: [Item], nextToken: String)' because crossing of an isolation boundary requires parameter and result types to conform to 'Sendable' protocol
 42 |   ) where ResponseType: _PaginatedResponse<Item> {
 43 |     self.initialPageToken = initialPageToken ?? ""
 44 |     self.fetchPage = { token in
    |                      |- error: cannot convert '@Sendable (String) async throws -> (response: ResponseType, items: [Item], nextToken: String)' to 'nonisolated(nonsending) @Sendable (String) async throws -> (response: ResponseType, items: [Item], nextToken: String)' because crossing of an isolation boundary requires parameter and result types to conform to 'Sendable' protocol
    |                      `- note: type 'Item' does not conform to 'Sendable' protocol
 45 |       let response = try await listRpc(token)
 46 |       return (response, response._getPaginatedItems(), response._nextPageToken())
[2121/2187] Compiling GoogleGax PollingBackoffPolicy.swift
/host/spi-builder-workspace/.build/checkouts/swift-google-gax/Sources/GoogleGax/Pagination.swift:44:22: error: cannot convert '@Sendable (String) async throws -> (response: ResponseType, items: [Item], nextToken: String)' to 'nonisolated(nonsending) @Sendable (String) async throws -> (response: ResponseType, items: [Item], nextToken: String)' because crossing of an isolation boundary requires parameter and result types to conform to 'Sendable' protocol
 42 |   ) where ResponseType: _PaginatedResponse<Item> {
 43 |     self.initialPageToken = initialPageToken ?? ""
 44 |     self.fetchPage = { token in
    |                      |- error: cannot convert '@Sendable (String) async throws -> (response: ResponseType, items: [Item], nextToken: String)' to 'nonisolated(nonsending) @Sendable (String) async throws -> (response: ResponseType, items: [Item], nextToken: String)' because crossing of an isolation boundary requires parameter and result types to conform to 'Sendable' protocol
    |                      `- note: type 'Item' does not conform to 'Sendable' protocol
 45 |       let response = try await listRpc(token)
 46 |       return (response, response._getPaginatedItems(), response._nextPageToken())
[2122/2187] Compiling GoogleGax PollingErrorPolicy.swift
/host/spi-builder-workspace/.build/checkouts/swift-google-gax/Sources/GoogleGax/Pagination.swift:44:22: error: cannot convert '@Sendable (String) async throws -> (response: ResponseType, items: [Item], nextToken: String)' to 'nonisolated(nonsending) @Sendable (String) async throws -> (response: ResponseType, items: [Item], nextToken: String)' because crossing of an isolation boundary requires parameter and result types to conform to 'Sendable' protocol
 42 |   ) where ResponseType: _PaginatedResponse<Item> {
 43 |     self.initialPageToken = initialPageToken ?? ""
 44 |     self.fetchPage = { token in
    |                      |- error: cannot convert '@Sendable (String) async throws -> (response: ResponseType, items: [Item], nextToken: String)' to 'nonisolated(nonsending) @Sendable (String) async throws -> (response: ResponseType, items: [Item], nextToken: String)' because crossing of an isolation boundary requires parameter and result types to conform to 'Sendable' protocol
    |                      `- note: type 'Item' does not conform to 'Sendable' protocol
 45 |       let response = try await listRpc(token)
 46 |       return (response, response._getPaginatedItems(), response._nextPageToken())
[2123/2187] Compiling GoogleGax PollingResult.swift
/host/spi-builder-workspace/.build/checkouts/swift-google-gax/Sources/GoogleGax/Pagination.swift:44:22: error: cannot convert '@Sendable (String) async throws -> (response: ResponseType, items: [Item], nextToken: String)' to 'nonisolated(nonsending) @Sendable (String) async throws -> (response: ResponseType, items: [Item], nextToken: String)' because crossing of an isolation boundary requires parameter and result types to conform to 'Sendable' protocol
 42 |   ) where ResponseType: _PaginatedResponse<Item> {
 43 |     self.initialPageToken = initialPageToken ?? ""
 44 |     self.fetchPage = { token in
    |                      |- error: cannot convert '@Sendable (String) async throws -> (response: ResponseType, items: [Item], nextToken: String)' to 'nonisolated(nonsending) @Sendable (String) async throws -> (response: ResponseType, items: [Item], nextToken: String)' because crossing of an isolation boundary requires parameter and result types to conform to 'Sendable' protocol
    |                      `- note: type 'Item' does not conform to 'Sendable' protocol
 45 |       let response = try await listRpc(token)
 46 |       return (response, response._getPaginatedItems(), response._nextPageToken())
[2124/2187] Compiling GoogleGax PollingState.swift
/host/spi-builder-workspace/.build/checkouts/swift-google-gax/Sources/GoogleGax/Pagination.swift:44:22: error: cannot convert '@Sendable (String) async throws -> (response: ResponseType, items: [Item], nextToken: String)' to 'nonisolated(nonsending) @Sendable (String) async throws -> (response: ResponseType, items: [Item], nextToken: String)' because crossing of an isolation boundary requires parameter and result types to conform to 'Sendable' protocol
 42 |   ) where ResponseType: _PaginatedResponse<Item> {
 43 |     self.initialPageToken = initialPageToken ?? ""
 44 |     self.fetchPage = { token in
    |                      |- error: cannot convert '@Sendable (String) async throws -> (response: ResponseType, items: [Item], nextToken: String)' to 'nonisolated(nonsending) @Sendable (String) async throws -> (response: ResponseType, items: [Item], nextToken: String)' because crossing of an isolation boundary requires parameter and result types to conform to 'Sendable' protocol
    |                      `- note: type 'Item' does not conform to 'Sendable' protocol
 45 |       let response = try await listRpc(token)
 46 |       return (response, response._getPaginatedItems(), response._nextPageToken())
[2125/2187] Compiling GoogleGax ProtobufConversionError.swift
/host/spi-builder-workspace/.build/checkouts/swift-google-gax/Sources/GoogleGax/Pagination.swift:44:22: error: cannot convert '@Sendable (String) async throws -> (response: ResponseType, items: [Item], nextToken: String)' to 'nonisolated(nonsending) @Sendable (String) async throws -> (response: ResponseType, items: [Item], nextToken: String)' because crossing of an isolation boundary requires parameter and result types to conform to 'Sendable' protocol
 42 |   ) where ResponseType: _PaginatedResponse<Item> {
 43 |     self.initialPageToken = initialPageToken ?? ""
 44 |     self.fetchPage = { token in
    |                      |- error: cannot convert '@Sendable (String) async throws -> (response: ResponseType, items: [Item], nextToken: String)' to 'nonisolated(nonsending) @Sendable (String) async throws -> (response: ResponseType, items: [Item], nextToken: String)' because crossing of an isolation boundary requires parameter and result types to conform to 'Sendable' protocol
    |                      `- note: type 'Item' does not conform to 'Sendable' protocol
 45 |       let response = try await listRpc(token)
 46 |       return (response, response._getPaginatedItems(), response._nextPageToken())
[2126/2187] Compiling GoogleGax QueryParameter.swift
/host/spi-builder-workspace/.build/checkouts/swift-google-gax/Sources/GoogleGax/Pagination.swift:44:22: error: cannot convert '@Sendable (String) async throws -> (response: ResponseType, items: [Item], nextToken: String)' to 'nonisolated(nonsending) @Sendable (String) async throws -> (response: ResponseType, items: [Item], nextToken: String)' because crossing of an isolation boundary requires parameter and result types to conform to 'Sendable' protocol
 42 |   ) where ResponseType: _PaginatedResponse<Item> {
 43 |     self.initialPageToken = initialPageToken ?? ""
 44 |     self.fetchPage = { token in
    |                      |- error: cannot convert '@Sendable (String) async throws -> (response: ResponseType, items: [Item], nextToken: String)' to 'nonisolated(nonsending) @Sendable (String) async throws -> (response: ResponseType, items: [Item], nextToken: String)' because crossing of an isolation boundary requires parameter and result types to conform to 'Sendable' protocol
    |                      `- note: type 'Item' does not conform to 'Sendable' protocol
 45 |       let response = try await listRpc(token)
 46 |       return (response, response._getPaginatedItems(), response._nextPageToken())
[2127/2187] Compiling GoogleGax RequestError.swift
/host/spi-builder-workspace/.build/checkouts/swift-google-gax/Sources/GoogleGax/Pagination.swift:44:22: error: cannot convert '@Sendable (String) async throws -> (response: ResponseType, items: [Item], nextToken: String)' to 'nonisolated(nonsending) @Sendable (String) async throws -> (response: ResponseType, items: [Item], nextToken: String)' because crossing of an isolation boundary requires parameter and result types to conform to 'Sendable' protocol
 42 |   ) where ResponseType: _PaginatedResponse<Item> {
 43 |     self.initialPageToken = initialPageToken ?? ""
 44 |     self.fetchPage = { token in
    |                      |- error: cannot convert '@Sendable (String) async throws -> (response: ResponseType, items: [Item], nextToken: String)' to 'nonisolated(nonsending) @Sendable (String) async throws -> (response: ResponseType, items: [Item], nextToken: String)' because crossing of an isolation boundary requires parameter and result types to conform to 'Sendable' protocol
    |                      `- note: type 'Item' does not conform to 'Sendable' protocol
 45 |       let response = try await listRpc(token)
 46 |       return (response, response._getPaginatedItems(), response._nextPageToken())
[2128/2187] Compiling GoogleGax BaseRetryPolicy.swift
[2129/2187] Compiling GoogleGax BindingError.swift
[2130/2187] Compiling GoogleGax CRC32C.swift
[2131/2187] Compiling GoogleGax CircuitBreaker.swift
[2132/2187] Compiling GoogleGax ClientError.swift
[2133/2187] Compiling GoogleGax ClientOptions.swift
[2134/2187] Compiling GoogleGax ContinueOnIO+PollingErrorPolicy.swift
[2135/2187] Compiling GoogleGax ContinueOnIO+RetryPolicy.swift
[2136/2187] Compiling GoogleGax ServiceError.swift
[2137/2187] Compiling GoogleGax StatusDetail.swift
[2138/2187] Compiling GoogleGax StrictIdempotency.swift
[2139/2187] Compiling GoogleGax ThrottleResult.swift
[2140/2187] Compiling GoogleGax TooManyRequests+PollingErrorPolicy.swift
[2141/2187] Compiling GoogleGax TooManyRequests+RetryPolicy.swift
[2142/2187] Compiling GoogleGax TooManyRequests.swift
[2143/2187] Compiling GoogleGax PackageVersion.swift
BUILD FAILURE 6.2 android