The Swift Package Index logo.Swift Package Index

Build Information

Failed to build OCCTSwiftInteraction, reference v3.0.0-beta.5 (58964b), with Swift 6.1 for Wasm on 13 Oct 2026 06:02:59 UTC.

Build Command

bash -c docker run --pull=always --rm -v "checkouts-54344843-0":/host -w "$PWD" -e JAVA_HOME="/root/.sdkman/candidates/java/current" -e SPI_BUILD="1" -e SPI_PROCESSING="1" registry.gitlab.com/saguaro1/spi-images:wasm-6.1-latest swift build --swift-sdk wasm32-unknown-wasi 2>&1

Build Log

========================================
RunAll
========================================
Builder version: 5.1.1
Interrupt handler set up.
========================================
Checkout
========================================
Clone URL: https://github.com/SecondMouseAU/OCCTSwiftInteraction.git
Reference: v3.0.0-beta.5
Initialized empty Git repository in /host/spi-builder-workspace/.git/
hint: Using 'master' as the name for the initial branch. This default branch name
hint: is subject to change. To configure the initial branch name to use in all
hint: of your new repositories, which will suppress this warning, call:
hint:
hint: 	git config --global init.defaultBranch <name>
hint:
hint: Names commonly chosen instead of 'master' are 'main', 'trunk' and
hint: 'development'. The just-created branch can be renamed via this command:
hint:
hint: 	git branch -m <name>
From https://github.com/SecondMouseAU/OCCTSwiftInteraction
 * tag               v3.0.0-beta.5 -> FETCH_HEAD
HEAD is now at 58964bd Merge pull request #38 from SecondMouseAU/release/beta.5
Cloned https://github.com/SecondMouseAU/OCCTSwiftInteraction.git
Revision (git rev-parse @):
58964bd681620e1386003e94493e9913dd6c9e5f
SPI manifest file found: $PWD/.spi.yml
SUCCESS checkout https://github.com/SecondMouseAU/OCCTSwiftInteraction.git at v3.0.0-beta.5
========================================
Build
========================================
Selected platform:         wasm
Swift version:             6.1
Building package at path:  $PWD
https://github.com/SecondMouseAU/OCCTSwiftInteraction.git
https://github.com/SecondMouseAU/OCCTSwiftInteraction.git
WARNING: environment variable SUPPRESS_SWIFT_6_FLAGS is not set
Running build ...
bash -c docker run --pull=always --rm -v "checkouts-54344843-0":/host -w "$PWD" -e JAVA_HOME="/root/.sdkman/candidates/java/current" -e SPI_BUILD="1" -e SPI_PROCESSING="1" registry.gitlab.com/saguaro1/spi-images:wasm-6.1-latest swift build --swift-sdk wasm32-unknown-wasi -Xswiftc -Xfrontend -Xswiftc -stats-output-dir -Xswiftc -Xfrontend -Xswiftc .stats -Xswiftc -strict-concurrency=complete -Xswiftc -enable-upcoming-feature -Xswiftc StrictConcurrency -Xswiftc -enable-upcoming-feature -Xswiftc DisableOutwardActorInference -Xswiftc -enable-upcoming-feature -Xswiftc GlobalActorIsolatedTypesUsability -Xswiftc -enable-upcoming-feature -Xswiftc InferSendableFromCaptures 2>&1
wasm-6.1-latest: Pulling from saguaro1/spi-images
Digest: sha256:005e294ea72e7f7733559677ac003354f37dc6afb35c5bbab6bc9a95fc174f44
Status: Image is up to date for registry.gitlab.com/saguaro1/spi-images:wasm-6.1-latest
Fetching https://github.com/SecondMouseAU/OCCTSwiftIO.git
Fetching https://github.com/SecondMouseAU/OCCTSwift.git
Fetching https://github.com/SecondMouseAU/OCCTSwiftViewport.git
[1/499] Fetching occtswiftio
[500/2884] Fetching occtswiftio, occtswiftviewport
Fetched https://github.com/SecondMouseAU/OCCTSwiftIO.git from cache (0.87s)
[2/72220] Fetching occtswiftviewport, occtswift
Fetched https://github.com/SecondMouseAU/OCCTSwiftViewport.git from cache (1.47s)
[11872/69835] Fetching occtswift
Fetched https://github.com/SecondMouseAU/OCCTSwift.git from cache (5.30s)
Computing version for https://github.com/SecondMouseAU/OCCTSwiftViewport.git
Computed https://github.com/SecondMouseAU/OCCTSwiftViewport.git at 1.2.1 (5.58s)
Computing version for https://github.com/SecondMouseAU/OCCTSwiftIO.git
Computed https://github.com/SecondMouseAU/OCCTSwiftIO.git at 2.0.0-beta.3 (0.25s)
Fetching https://github.com/SecondMouseAU/SwiftPMX.git
Fetching https://github.com/schwa/SwiftGLTF.git
Fetching https://github.com/tomasf/ThreeMF.git
Fetching https://github.com/SecondMouseAU/SwiftX.git
Fetching https://github.com/SecondMouseAU/SwiftJWW.git
[1/160] Fetching swiftjww
[30/308] Fetching swiftjww, swiftpmx
[57/427] Fetching swiftjww, swiftpmx, swiftx
[281/1583] Fetching swiftjww, swiftpmx, swiftx, swiftgltf
[452/2408] Fetching swiftjww, swiftpmx, swiftx, swiftgltf, threemf
Fetched https://github.com/SecondMouseAU/SwiftX.git from cache (0.40s)
Fetched https://github.com/SecondMouseAU/SwiftJWW.git from cache (0.39s)
[534/2129] Fetching swiftpmx, swiftgltf, threemf
Fetching https://github.com/SecondMouseAU/SwiftDXF.git
Fetched https://github.com/SecondMouseAU/SwiftPMX.git from cache (0.81s)
Fetched https://github.com/schwa/SwiftGLTF.git from cache (0.82s)
Fetched https://github.com/tomasf/ThreeMF.git from cache (0.82s)
[2/155] Fetching swiftdxf
Fetched https://github.com/SecondMouseAU/SwiftDXF.git from cache (0.39s)
Computing version for https://github.com/schwa/SwiftGLTF.git
Computed https://github.com/schwa/SwiftGLTF.git at 1.0.3 (2.26s)
Fetching https://github.com/apple/swift-argument-parser.git
[1/19112] Fetching swift-argument-parser
Fetched https://github.com/apple/swift-argument-parser.git from cache (0.96s)
Computing version for https://github.com/SecondMouseAU/SwiftDXF.git
Computed https://github.com/SecondMouseAU/SwiftDXF.git at 0.2.1 (1.19s)
Computing version for https://github.com/SecondMouseAU/SwiftJWW.git
Computed https://github.com/SecondMouseAU/SwiftJWW.git at 1.2.2 (0.22s)
Computing version for https://github.com/SecondMouseAU/SwiftX.git
Computed https://github.com/SecondMouseAU/SwiftX.git at 1.0.1 (0.22s)
Computing version for https://github.com/SecondMouseAU/SwiftPMX.git
Computed https://github.com/SecondMouseAU/SwiftPMX.git at 1.1.1 (0.22s)
Computing version for https://github.com/tomasf/ThreeMF.git
Computed https://github.com/tomasf/ThreeMF.git at 0.3.3 (0.23s)
Fetching https://github.com/tomasf/Nodal.git
Fetching https://github.com/tomasf/Zip.git
[1/224] Fetching zip
[42/1104] Fetching zip, nodal
Fetched https://github.com/tomasf/Zip.git from cache (0.35s)
[660/880] Fetching nodal
Fetched https://github.com/tomasf/Nodal.git from cache (0.37s)
Computing version for https://github.com/tomasf/Nodal.git
Computed https://github.com/tomasf/Nodal.git at 1.0.3 (0.61s)
Computing version for https://github.com/tomasf/Zip.git
Computed https://github.com/tomasf/Zip.git at 2.1.3 (0.22s)
Computing version for https://github.com/apple/swift-argument-parser.git
Computed https://github.com/apple/swift-argument-parser.git at 1.8.2 (0.24s)
Computing version for https://github.com/SecondMouseAU/OCCTSwift.git
Computed https://github.com/SecondMouseAU/OCCTSwift.git at 4.0.0-beta.5 (1.10s)
Creating working copy for https://github.com/SecondMouseAU/SwiftDXF.git
Working copy of https://github.com/SecondMouseAU/SwiftDXF.git resolved at 0.2.1
Creating working copy for https://github.com/SecondMouseAU/OCCTSwift.git
Working copy of https://github.com/SecondMouseAU/OCCTSwift.git resolved at 4.0.0-beta.5
Creating working copy for https://github.com/tomasf/Nodal.git
Working copy of https://github.com/tomasf/Nodal.git resolved at 1.0.3
Creating working copy for https://github.com/SecondMouseAU/OCCTSwiftIO.git
Working copy of https://github.com/SecondMouseAU/OCCTSwiftIO.git resolved at 2.0.0-beta.3
Creating working copy for https://github.com/SecondMouseAU/SwiftJWW.git
Working copy of https://github.com/SecondMouseAU/SwiftJWW.git resolved at 1.2.2
Creating working copy for https://github.com/SecondMouseAU/SwiftPMX.git
Working copy of https://github.com/SecondMouseAU/SwiftPMX.git resolved at 1.1.1
Creating working copy for https://github.com/SecondMouseAU/SwiftX.git
Working copy of https://github.com/SecondMouseAU/SwiftX.git resolved at 1.0.1
Creating working copy for https://github.com/tomasf/ThreeMF.git
Working copy of https://github.com/tomasf/ThreeMF.git resolved at 0.3.3
Creating working copy for https://github.com/schwa/SwiftGLTF.git
Working copy of https://github.com/schwa/SwiftGLTF.git resolved at 1.0.3
Creating working copy for https://github.com/apple/swift-argument-parser.git
Working copy of https://github.com/apple/swift-argument-parser.git resolved at 1.8.2
Creating working copy for https://github.com/SecondMouseAU/OCCTSwiftViewport.git
Working copy of https://github.com/SecondMouseAU/OCCTSwiftViewport.git resolved at 1.2.1
Creating working copy for https://github.com/tomasf/Zip.git
Working copy of https://github.com/tomasf/Zip.git resolved at 2.1.3
Downloading binary artifact https://github.com/SecondMouseAU/OCCTSwift/releases/download/v4.0.0-kernel.6/OCCT.xcframework.zip
[16375/149428849] Downloading https://github.com/SecondMouseAU/OCCTSwift/releases/download/v4.0.0-kernel.6/OCCT.xcframework.zip
Downloaded https://github.com/SecondMouseAU/OCCTSwift/releases/download/v4.0.0-kernel.6/OCCT.xcframework.zip (9.58s)
[1/1] Compiling plugin GenerateManual
[2/2] Compiling plugin GenerateDoccReference
Building for debugging...
[2/97] Write sources
[8/97] Write swift-version-24593BA9C3E375BF.txt
[8/97] Write sources
[8/97] Copying Shaders.metal
[8/97] Write sources
In file included from /host/spi-builder-workspace/.build/checkouts/OCCTSwift/Sources/OCCTBridge/src/OCCTBridge_Visualization_Presentation.mm:42:
/host/spi-builder-workspace/.build/checkouts/OCCTSwift/Sources/OCCTBridge/src/OCCTBridge_Internal.h:36:12: fatal error: 'wasi-std-threading.hpp' file not found
   36 |   #include "wasi-std-threading.hpp"
      |            ^~~~~~~~~~~~~~~~~~~~~~~~
1 error generated.
[18/97] Compiling OCCTBridge_Visualization_Presentation.mm
[18/97] Compiling pugixml.cpp
In file included from /host/spi-builder-workspace/.build/checkouts/OCCTSwift/Sources/OCCTBridge/src/OCCTBridge_Modeling_WireEdgeFaceBuilders.mm:36:
/host/spi-builder-workspace/.build/checkouts/OCCTSwift/Sources/OCCTBridge/src/OCCTBridge_Internal.h:36:12: fatal error: 'wasi-std-threading.hpp' file not found
   36 |   #include "wasi-std-threading.hpp"
      |            ^~~~~~~~~~~~~~~~~~~~~~~~
[18/97] Compiling OCCTBridge_Modeling_WireEdgeFaceBuilders.mm
In file included from /host/spi-builder-workspace/.build/checkouts/OCCTSwift/Sources/OCCTBridge/src/OCCTBridge_Curve3D_Approximation.mm:37:
/host/spi-builder-workspace/.build/checkouts/OCCTSwift/Sources/OCCTBridge/src/OCCTBridge_Internal.h:36:12: fatal error: 'wasi-std-threading.hpp' file not found
   36 |   #include "wasi-std-threading.hpp"
      |            ^~~~~~~~~~~~~~~~~~~~~~~~
[18/97] Compiling OCCTBridge_Curve3D_Approximation.mm
In file included from /host/spi-builder-workspace/.build/checkouts/OCCTSwift/Sources/OCCTBridge/src/OCCTBridge_Curve3D_Adaptor.mm:36:
/host/spi-builder-workspace/.build/checkouts/OCCTSwift/Sources/OCCTBridge/src/OCCTBridge_Internal.h:36:12: fatal error: 'wasi-std-threading.hpp' file not found
   36 |   #include "wasi-std-threading.hpp"
      |            ^~~~~~~~~~~~~~~~~~~~~~~~
[18/97] Compiling OCCTBridge_Curve3D_Adaptor.mm
In file included from /host/spi-builder-workspace/.build/checkouts/OCCTSwift/Sources/OCCTBridge/src/OCCTBridge_ProjLib_NLPlate.mm:21:
/host/spi-builder-workspace/.build/checkouts/OCCTSwift/Sources/OCCTBridge/src/OCCTBridge_Internal.h:36:12: fatal error: 'wasi-std-threading.hpp' file not found
   36 |   #include "wasi-std-threading.hpp"
      |            ^~~~~~~~~~~~~~~~~~~~~~~~
[18/97] Compiling OCCTBridge_ProjLib_NLPlate.mm
In file included from /host/spi-builder-workspace/.build/checkouts/OCCTSwift/Sources/OCCTBridge/src/OCCTBridge_BRepGraph.mm:17:
/host/spi-builder-workspace/.build/checkouts/OCCTSwift/Sources/OCCTBridge/src/OCCTBridge_Internal.h:36:12: fatal error: 'wasi-std-threading.hpp' file not found
   36 |   #include "wasi-std-threading.hpp"
      |            ^~~~~~~~~~~~~~~~~~~~~~~~
[18/97] Compiling OCCTBridge_BRepGraph.mm
In file included from /host/spi-builder-workspace/.build/checkouts/OCCTSwift/Sources/OCCTBridge/src/OCCTBridge_Curve3D_ArcLength.mm:36:
/host/spi-builder-workspace/.build/checkouts/OCCTSwift/Sources/OCCTBridge/src/OCCTBridge_Internal.h:36:12: fatal error: 'wasi-std-threading.hpp' file not found
   36 |   #include "wasi-std-threading.hpp"
      |            ^~~~~~~~~~~~~~~~~~~~~~~~
[18/97] Compiling OCCTBridge_Curve3D_ArcLength.mm
Running build ...
bash -c docker run --pull=always --rm -v "checkouts-54344843-0":/host -w "$PWD" -e JAVA_HOME="/root/.sdkman/candidates/java/current" -e SPI_BUILD="1" -e SPI_PROCESSING="1" registry.gitlab.com/saguaro1/spi-images:wasm-6.1-latest swift build --swift-sdk wasm32-unknown-wasi 2>&1
wasm-6.1-latest: Pulling from saguaro1/spi-images
Digest: sha256:005e294ea72e7f7733559677ac003354f37dc6afb35c5bbab6bc9a95fc174f44
Status: Image is up to date for registry.gitlab.com/saguaro1/spi-images:wasm-6.1-latest
[0/1] Planning build
[1/1] Compiling plugin GenerateManual
[2/2] Compiling plugin GenerateDoccReference
Building for debugging...
[2/81] Write sources
In file included from /host/spi-builder-workspace/.build/checkouts/OCCTSwift/Sources/OCCTBridge/src/OCCTBridge_Visualization_Presentation.mm:42:
/host/spi-builder-workspace/.build/checkouts/OCCTSwift/Sources/OCCTBridge/src/OCCTBridge_Internal.h:36:12: fatal error: 'wasi-std-threading.hpp' file not found
   36 |   #include "wasi-std-threading.hpp"
      |            ^~~~~~~~~~~~~~~~~~~~~~~~
1 error generated.
[4/82] Compiling OCCTBridge_Visualization_Presentation.mm
[4/82] Compiling pugixml.cpp
[4/82] Compiling Miniz miniz.c
In file included from /host/spi-builder-workspace/.build/checkouts/OCCTSwift/Sources/OCCTBridge/src/OCCTBridge_Visualization_Assets.mm:41:
/host/spi-builder-workspace/.build/checkouts/OCCTSwift/Sources/OCCTBridge/src/OCCTBridge_Internal.h:36:12: fatal error: 'wasi-std-threading.hpp' file not found
   36 |   #include "wasi-std-threading.hpp"
      |            ^~~~~~~~~~~~~~~~~~~~~~~~
[4/82] Compiling OCCTBridge_Visualization_Assets.mm
In file included from /host/spi-builder-workspace/.build/checkouts/OCCTSwift/Sources/OCCTBridge/src/OCCTBridge_Topology_Extrema.mm:30:
/host/spi-builder-workspace/.build/checkouts/OCCTSwift/Sources/OCCTBridge/src/OCCTBridge_Internal.h:36:12: fatal error: 'wasi-std-threading.hpp' file not found
   36 |   #include "wasi-std-threading.hpp"
      |            ^~~~~~~~~~~~~~~~~~~~~~~~
[4/82] Compiling OCCTBridge_Topology_Extrema.mm
In file included from /host/spi-builder-workspace/.build/checkouts/OCCTSwift/Sources/OCCTBridge/src/OCCTBridge_Topology_ShapeQueries.mm:31:
/host/spi-builder-workspace/.build/checkouts/OCCTSwift/Sources/OCCTBridge/src/OCCTBridge_Internal.h:36:12: fatal error: 'wasi-std-threading.hpp' file not found
   36 |   #include "wasi-std-threading.hpp"
      |            ^~~~~~~~~~~~~~~~~~~~~~~~
[4/82] Compiling OCCTBridge_Topology_ShapeQueries.mm
In file included from /host/spi-builder-workspace/.build/checkouts/OCCTSwift/Sources/OCCTBridge/src/OCCTBridge_Visualization_Camera.mm:41:
/host/spi-builder-workspace/.build/checkouts/OCCTSwift/Sources/OCCTBridge/src/OCCTBridge_Internal.h:36:12: fatal error: 'wasi-std-threading.hpp' file not found
   36 |   #include "wasi-std-threading.hpp"
      |            ^~~~~~~~~~~~~~~~~~~~~~~~
[4/82] Compiling OCCTBridge_Visualization_Camera.mm
In file included from /host/spi-builder-workspace/.build/checkouts/OCCTSwift/Sources/OCCTBridge/src/OCCTBridge_Visualization_Appearance.mm:41:
/host/spi-builder-workspace/.build/checkouts/OCCTSwift/Sources/OCCTBridge/src/OCCTBridge_Internal.h:36:12: fatal error: 'wasi-std-threading.hpp' file not found
   36 |   #include "wasi-std-threading.hpp"
      |            ^~~~~~~~~~~~~~~~~~~~~~~~
[4/82] Compiling OCCTBridge_Visualization_Appearance.mm
BUILD FAILURE 6.1 wasm