The Swift Package Index logo.Swift Package Index

Build Information

Failed to build UIDeviceComplete, reference main (7107f7), with Swift 6.3 for Wasm on 15 Sep 2026 05:37:18 UTC.

Build Command

bash -c docker run --pull=always --rm -v "checkouts-54344843-0":/host -w "$PWD" -e JAVA_HOME="/root/.sdkman/candidates/java/current" -e SPI_BUILD="1" -e SPI_PROCESSING="1" registry.gitlab.com/saguaro1/spi-images:wasm-6.3-latest swift build --swift-sdk swift-6.3.2-RELEASE_wasm 2>&1

Build Log

========================================
RunAll
========================================
Builder version: 5.0.2
Interrupt handler set up.
========================================
Checkout
========================================
Clone URL: https://github.com/Nirma/UIDeviceComplete.git
Reference: main
Initialized empty Git repository in /host/spi-builder-workspace/.git/
hint: Using 'master' as the name for the initial branch. This default branch name
hint: is subject to change. To configure the initial branch name to use in all
hint: of your new repositories, which will suppress this warning, call:
hint:
hint: 	git config --global init.defaultBranch <name>
hint:
hint: Names commonly chosen instead of 'master' are 'main', 'trunk' and
hint: 'development'. The just-created branch can be renamed via this command:
hint:
hint: 	git branch -m <name>
From https://github.com/Nirma/UIDeviceComplete
 * branch            main       -> FETCH_HEAD
 * [new branch]      main       -> origin/main
HEAD is now at 7107f7a fix notch and dynamic island tests
Cloned https://github.com/Nirma/UIDeviceComplete.git
Revision (git rev-parse @):
7107f7a0683158e6bb1de926f06353c1cd7fd70e
SUCCESS checkout https://github.com/Nirma/UIDeviceComplete.git at main
========================================
Build
========================================
Selected platform:         wasm
Swift version:             6.3
Building package at path:  $PWD
https://github.com/Nirma/UIDeviceComplete.git
Running build ...
bash -c docker run --pull=always --rm -v "checkouts-54344843-0":/host -w "$PWD" -e JAVA_HOME="/root/.sdkman/candidates/java/current" -e SPI_BUILD="1" -e SPI_PROCESSING="1" registry.gitlab.com/saguaro1/spi-images:wasm-6.3-latest swift build --swift-sdk swift-6.3.2-RELEASE_wasm 2>&1
wasm-6.3-latest: Pulling from saguaro1/spi-images
Digest: sha256:253aad7f5b11d25cf9eaef34120b94cd8a325782929c57fb304a7711494a3f9a
Status: Image is up to date for registry.gitlab.com/saguaro1/spi-images:wasm-6.3-latest
Building for debugging...
[0/2] Write sources
[1/2] Write swift-version-24593BA9C3E375BF.txt
[3/10] Compiling UIDeviceComplete UIDeviceExtensions.swift
/host/spi-builder-workspace/Sources/UIDeviceExtensions.swift:32:49: error: cannot find type 'DCDevice' in scope
30 | #endif
31 |
32 | public extension UIDeviceComplete where Base == DCDevice {
   |                                                 `- error: cannot find type 'DCDevice' in scope
33 |
34 |     private var identifier: Identifier? {
[4/10] Compiling UIDeviceComplete Identifier.swift
[5/10] Compiling UIDeviceComplete DeviceFamily.swift
[6/10] Compiling UIDeviceComplete DeviceModel.swift
[7/10] Compiling UIDeviceComplete Screen.swift
[8/10] Compiling UIDeviceComplete UIDeviceComplete.swift
error: emit-module command failed with exit code 1 (use -v to see invocation)
[9/10] Emitting module UIDeviceComplete
/host/spi-builder-workspace/Sources/UIDeviceExtensions.swift:32:49: error: cannot find type 'DCDevice' in scope
30 | #endif
31 |
32 | public extension UIDeviceComplete where Base == DCDevice {
   |                                                 `- error: cannot find type 'DCDevice' in scope
33 |
34 |     private var identifier: Identifier? {
[10/10] Compiling UIDeviceComplete System.swift
/host/spi-builder-workspace/Sources/System.swift:31:64: error: cannot find '_SYS_NAMELEN' in scope
29 |         uname(&systemInfo)
30 |         let identifier = withUnsafePointer(to: &systemInfo.machine, {
31 |             $0.withMemoryRebound(to: CChar.self, capacity: Int(_SYS_NAMELEN)) {
   |                                                                `- error: cannot find '_SYS_NAMELEN' in scope
32 |                 ptr in String(cString: ptr)
33 |             }
BUILD FAILURE 6.3 wasm