Build Information
Failed to build LibFido2Swift, reference 0.1.6 (ac8596), with Swift 6.4 for watchOS using Xcode 27.0 on 26 Sep 2026 02:55:26 UTC.
Build Command
No build command. This typically means the build failed at an early stage where we determine the build command.Build Log
========================================
RunAll
========================================
Builder version: 5.1.0
Interrupt handler set up.
========================================
Checkout
========================================
Clone URL: https://github.com/kinoroy/LibFido2Swift.git
Reference: 0.1.6
Initialized empty Git repository in /Users/admin/builder/spi-builder-workspace/.git/
From https://github.com/kinoroy/LibFido2Swift
* tag 0.1.6 -> FETCH_HEAD
HEAD is now at ac8596a Merge pull request #6 from arifali123/fix/optional-webauthn-user-handle
Cloned https://github.com/kinoroy/LibFido2Swift.git
Revision (git rev-parse @):
ac8596a852e2b008c5902a521cf4d9c7f0f05fba
SUCCESS checkout https://github.com/kinoroy/LibFido2Swift.git at 0.1.6
========================================
Build
========================================
Selected platform: watchOS
Swift version: 6.4
Building package at path: $PWD
https://github.com/kinoroy/LibFido2Swift.git
Command line invocation:
/Applications/Xcode-27.0.0-Release.Candidate.app/Contents/Developer/usr/bin/xcodebuild -IDEClonedSourcePackagesDirPathOverride=/Users/admin/builder/spi-builder-workspace/.dependencies -resolvePackageDependencies
Resolve Package Graph
the package at '/Users/admin/builder/LibFido2Swift' cannot be accessed (/Users/admin/builder/LibFido2Swift doesn't exist in file system)
2026-09-25 22:55:25.169 xcodebuild[529:3045] Writing error result bundle to /var/folders/xq/y_g06wb113726d38xsyx71_h0000gn/T/ResultBundle_2026-25-09_22-55-0025.xcresult
xcodebuild: error: Could not resolve package dependencies:
the package at '/Users/admin/builder/LibFido2Swift' cannot be accessed (/Users/admin/builder/LibFido2Swift doesn't exist in file system)
Command line invocation:
/Applications/Xcode-27.0.0-Release.Candidate.app/Contents/Developer/usr/bin/xcodebuild -IDEClonedSourcePackagesDirPathOverride=/Users/admin/builder/spi-builder-workspace/.dependencies -resolvePackageDependencies
Resolve Package Graph
the package at '/Users/admin/builder/LibFido2Swift' cannot be accessed (/Users/admin/builder/LibFido2Swift doesn't exist in file system)
2026-09-25 22:55:26.832 xcodebuild[574:3428] Writing error result bundle to /var/folders/xq/y_g06wb113726d38xsyx71_h0000gn/T/ResultBundle_2026-25-09_22-55-0026.xcresult
xcodebuild: error: Could not resolve package dependencies:
the package at '/Users/admin/builder/LibFido2Swift' cannot be accessed (/Users/admin/builder/LibFido2Swift doesn't exist in file system)
BUILD FAILURE 6.4 watchOS