The Swift Package Index logo.Swift Package Index

Build Information

Failed to build SwiftCardanoWallet, reference 1.7.2 (02b08a), with Swift 6.1 for visionOS using Xcode 16.3 on 5 Oct 2026 03:33:47 UTC.

Build Command

No build command. This typically means the build failed at an early stage where we determine the build command.

Build Log

========================================
RunAll
========================================
Builder version: 5.1.1
Interrupt handler set up.
========================================
Checkout
========================================
Clone URL: https://github.com/Kingpin-Apps/swift-cardano-wallet.git
Reference: 1.7.2
Initialized empty Git repository in /Users/admin/builder/spi-builder-workspace/.git/
From https://github.com/Kingpin-Apps/swift-cardano-wallet
 * tag               1.7.2      -> FETCH_HEAD
HEAD is now at 02b08a9 bump: version 1.7.1 → 1.7.2
Cloned https://github.com/Kingpin-Apps/swift-cardano-wallet.git
Revision (git rev-parse @):
02b08a9ecb6df528c5807f03d396f4f3e162403f
SPI manifest file found: $PWD/.spi.yml
SUCCESS checkout https://github.com/Kingpin-Apps/swift-cardano-wallet.git at 1.7.2
========================================
Build
========================================
Selected platform:         visionOS
Swift version:             6.1
Building package at path:  $PWD
https://github.com/Kingpin-Apps/swift-cardano-wallet.git
https://github.com/Kingpin-Apps/swift-cardano-wallet.git
error: 'spi-builder-workspace': package 'spi-builder-workspace' is using Swift tools version 6.2.0 but the installed version is 6.1.0
error: fatalError
Command line invocation:
    /Applications/Xcode-16.3.0.app/Contents/Developer/usr/bin/xcodebuild -IDEClonedSourcePackagesDirPathOverride=/Users/admin/builder/spi-builder-workspace/.dependencies -resolvePackageDependencies
Resolve Package Graph
package 'spi-builder-workspace' is using Swift tools version 6.2.0 but the installed version is 6.1.0
Resolved source packages:
  spi-builder-workspace: (null)
2026-10-04 20:33:46.685 xcodebuild[504:2900] Writing error result bundle to /var/folders/5k/5yc19ymj0jqd5v0zvgfqz0xw0000gn/T/ResultBundle_2026-04-10_20-33-0046.xcresult
xcodebuild: error: Could not resolve package dependencies:
  package 'spi-builder-workspace' is using Swift tools version 6.2.0 but the installed version is 6.1.0
Command line invocation:
    /Applications/Xcode-16.3.0.app/Contents/Developer/usr/bin/xcodebuild -IDEClonedSourcePackagesDirPathOverride=/Users/admin/builder/spi-builder-workspace/.dependencies -resolvePackageDependencies
Resolve Package Graph
package 'spi-builder-workspace' is using Swift tools version 6.2.0 but the installed version is 6.1.0
Resolved source packages:
  spi-builder-workspace: (null)
2026-10-04 20:33:47.415 xcodebuild[512:2979] Writing error result bundle to /var/folders/5k/5yc19ymj0jqd5v0zvgfqz0xw0000gn/T/ResultBundle_2026-04-10_20-33-0047.xcresult
xcodebuild: error: Could not resolve package dependencies:
  package 'spi-builder-workspace' is using Swift tools version 6.2.0 but the installed version is 6.1.0
BUILD FAILURE 6.1 visionOS