The Swift Package Index logo.Swift Package Index

Build Information

Failed to build KYPhotoLibrary, reference main (b58933), with Swift 6.2 for Wasm on 22 Sep 2026 07:12:51 UTC.

Build Command

bash -c docker run --pull=always --rm -v "checkouts-54344844-2":/host -w "$PWD" -e JAVA_HOME="/root/.sdkman/candidates/java/current" -e SPI_BUILD="1" -e SPI_PROCESSING="1" registry.gitlab.com/saguaro1/spi-images:wasm-6.2-latest swift build --swift-sdk swift-6.2-RELEASE_wasm 2>&1

Build Log

========================================
RunAll
========================================
Builder version: 5.1.0
Interrupt handler set up.
========================================
Checkout
========================================
Clone URL: https://github.com/Kjuly/KYPhotoLibrary.git
Reference: main
Initialized empty Git repository in /host/spi-builder-workspace/.git/
hint: Using 'master' as the name for the initial branch. This default branch name
hint: is subject to change. To configure the initial branch name to use in all
hint: of your new repositories, which will suppress this warning, call:
hint:
hint: 	git config --global init.defaultBranch <name>
hint:
hint: Names commonly chosen instead of 'master' are 'main', 'trunk' and
hint: 'development'. The just-created branch can be renamed via this command:
hint:
hint: 	git branch -m <name>
From https://github.com/Kjuly/KYPhotoLibrary
 * branch            main       -> FETCH_HEAD
 * [new branch]      main       -> origin/main
HEAD is now at b589333 Merge branch 'main' of github.com:Kjuly/KYPhotoLibrary
Cloned https://github.com/Kjuly/KYPhotoLibrary.git
Revision (git rev-parse @):
b589333f117ab4c29b9474fb5c8cb6a62a5bee73
SUCCESS checkout https://github.com/Kjuly/KYPhotoLibrary.git at main
========================================
Build
========================================
Selected platform:         wasm
Swift version:             6.2
Building package at path:  $PWD
https://github.com/Kjuly/KYPhotoLibrary.git
Running build ...
bash -c docker run --pull=always --rm -v "checkouts-54344844-2":/host -w "$PWD" -e JAVA_HOME="/root/.sdkman/candidates/java/current" -e SPI_BUILD="1" -e SPI_PROCESSING="1" registry.gitlab.com/saguaro1/spi-images:wasm-6.2-latest swift build --swift-sdk swift-6.2-RELEASE_wasm 2>&1
wasm-6.2-latest: Pulling from saguaro1/spi-images
Digest: sha256:ff44196b45f83e5a0a99a627b185f548850d9bc1242e3dee2178fb1570812fe8
Status: Image is up to date for registry.gitlab.com/saguaro1/spi-images:wasm-6.2-latest
Building for debugging...
[0/2] Write sources
[1/2] Write swift-version-24593BA9C3E375BF.txt
error: emit-module command failed with exit code 1 (use -v to see invocation)
[3/23] Emitting module KYPhotoLibrary
/host/spi-builder-workspace/KYPhotoLibrary/Sources/Asset/AssetRequestActor.swift:10:8: error: no such module 'Photos'
  8 |
  9 | import Foundation
 10 | import Photos
    |        `- error: no such module 'Photos'
 11 |
 12 | #if os(iOS)
[4/25] Compiling KYPhotoLibrary KYPhotoLibrary+ImageExport.swift
/host/spi-builder-workspace/KYPhotoLibrary/Sources/Asset/AssetRequestActor.swift:10:8: error: no such module 'Photos'
  8 |
  9 | import Foundation
 10 | import Photos
    |        `- error: no such module 'Photos'
 11 |
 12 | #if os(iOS)
[5/25] Compiling KYPhotoLibrary KYPhotoLibrary+Album.swift
/host/spi-builder-workspace/KYPhotoLibrary/Sources/Asset/AssetRequestActor.swift:10:8: error: no such module 'Photos'
  8 |
  9 | import Foundation
 10 | import Photos
    |        `- error: no such module 'Photos'
 11 |
 12 | #if os(iOS)
[6/25] Compiling KYPhotoLibrary KYPhotoLibrary.swift
/host/spi-builder-workspace/KYPhotoLibrary/Sources/Asset/AssetRequestActor.swift:10:8: error: no such module 'Photos'
  8 |
  9 | import Foundation
 10 | import Photos
    |        `- error: no such module 'Photos'
 11 |
 12 | #if os(iOS)
[7/25] Compiling KYPhotoLibrary AssetRequestActor.swift
/host/spi-builder-workspace/KYPhotoLibrary/Sources/Asset/AssetRequestActor.swift:10:8: error: no such module 'Photos'
  8 |
  9 | import Foundation
 10 | import Photos
    |        `- error: no such module 'Photos'
 11 |
 12 | #if os(iOS)
[8/25] Compiling KYPhotoLibrary KYPhotoLibrary+AssetChange.swift
/host/spi-builder-workspace/KYPhotoLibrary/Sources/Asset/AssetRequestActor.swift:10:8: error: no such module 'Photos'
  8 |
  9 | import Foundation
 10 | import Photos
    |        `- error: no such module 'Photos'
 11 |
 12 | #if os(iOS)
[9/25] Compiling KYPhotoLibrary KYPhotoLibrary+AssetQuery.swift
/host/spi-builder-workspace/KYPhotoLibrary/Sources/Asset/AssetRequestActor.swift:10:8: error: no such module 'Photos'
  8 |
  9 | import Foundation
 10 | import Photos
    |        `- error: no such module 'Photos'
 11 |
 12 | #if os(iOS)
[10/25] Compiling KYPhotoLibrary KYPhotoLibraryExportOptions+OutputURL.swift
/host/spi-builder-workspace/KYPhotoLibrary/Sources/Asset/AssetRequestActor.swift:10:8: error: no such module 'Photos'
  8 |
  9 | import Foundation
 10 | import Photos
    |        `- error: no such module 'Photos'
 11 |
 12 | #if os(iOS)
[11/25] Compiling KYPhotoLibrary KYPhotoLibraryExportOptions.swift
/host/spi-builder-workspace/KYPhotoLibrary/Sources/Asset/AssetRequestActor.swift:10:8: error: no such module 'Photos'
  8 |
  9 | import Foundation
 10 | import Photos
    |        `- error: no such module 'Photos'
 11 |
 12 | #if os(iOS)
[12/25] Compiling KYPhotoLibrary KYPhotoLibraryLogger.swift
/host/spi-builder-workspace/KYPhotoLibrary/Sources/Asset/AssetRequestActor.swift:10:8: error: no such module 'Photos'
  8 |
  9 | import Foundation
 10 | import Photos
    |        `- error: no such module 'Photos'
 11 |
 12 | #if os(iOS)
[13/25] Compiling KYPhotoLibrary KYPhotoLibrary+Video.swift
/host/spi-builder-workspace/KYPhotoLibrary/Sources/Asset/AssetRequestActor.swift:10:8: error: no such module 'Photos'
  8 |
  9 | import Foundation
 10 | import Photos
    |        `- error: no such module 'Photos'
 11 |
 12 | #if os(iOS)
[14/25] Compiling KYPhotoLibrary KYPhotoLibrary+VideoExport.swift
/host/spi-builder-workspace/KYPhotoLibrary/Sources/Asset/AssetRequestActor.swift:10:8: error: no such module 'Photos'
  8 |
  9 | import Foundation
 10 | import Photos
    |        `- error: no such module 'Photos'
 11 |
 12 | #if os(iOS)
[15/25] Compiling KYPhotoLibrary KYPhotoLibraryConfiguration.swift
/host/spi-builder-workspace/KYPhotoLibrary/Sources/Asset/AssetRequestActor.swift:10:8: error: no such module 'Photos'
  8 |
  9 | import Foundation
 10 | import Photos
    |        `- error: no such module 'Photos'
 11 |
 12 | #if os(iOS)
[16/25] Compiling KYPhotoLibrary KYPhotoLibraryDebug.swift
/host/spi-builder-workspace/KYPhotoLibrary/Sources/Asset/AssetRequestActor.swift:10:8: error: no such module 'Photos'
  8 |
  9 | import Foundation
 10 | import Photos
    |        `- error: no such module 'Photos'
 11 |
 12 | #if os(iOS)
[17/25] Compiling KYPhotoLibrary URL+KYPhotoLibrary.swift
/host/spi-builder-workspace/KYPhotoLibrary/Sources/Asset/AssetRequestActor.swift:10:8: error: no such module 'Photos'
  8 |
  9 | import Foundation
 10 | import Photos
    |        `- error: no such module 'Photos'
 11 |
 12 | #if os(iOS)
[18/25] Compiling KYPhotoLibrary UTType+KYPhotoLibrary.swift
/host/spi-builder-workspace/KYPhotoLibrary/Sources/Asset/AssetRequestActor.swift:10:8: error: no such module 'Photos'
  8 |
  9 | import Foundation
 10 | import Photos
    |        `- error: no such module 'Photos'
 11 |
 12 | #if os(iOS)
[19/25] Compiling KYPhotoLibrary KYPhotoLibrary+Image.swift
/host/spi-builder-workspace/KYPhotoLibrary/Sources/Asset/AssetRequestActor.swift:10:8: error: no such module 'Photos'
  8 |
  9 | import Foundation
 10 | import Photos
    |        `- error: no such module 'Photos'
 11 |
 12 | #if os(iOS)
[20/25] Compiling KYPhotoLibrary AVFileType+KYPhotoLibrary.swift
/host/spi-builder-workspace/KYPhotoLibrary/Sources/Asset/AssetRequestActor.swift:10:8: error: no such module 'Photos'
  8 |
  9 | import Foundation
 10 | import Photos
    |        `- error: no such module 'Photos'
 11 |
 12 | #if os(iOS)
[21/25] Compiling KYPhotoLibrary TimeInterval+KYPhotoLibrary.swift
/host/spi-builder-workspace/KYPhotoLibrary/Sources/Asset/AssetRequestActor.swift:10:8: error: no such module 'Photos'
  8 |
  9 | import Foundation
 10 | import Photos
    |        `- error: no such module 'Photos'
 11 |
 12 | #if os(iOS)
[22/25] Compiling KYPhotoLibrary UIDevice+KYPhotoLibrary.swift
/host/spi-builder-workspace/KYPhotoLibrary/Sources/Asset/AssetRequestActor.swift:10:8: error: no such module 'Photos'
  8 |
  9 | import Foundation
 10 | import Photos
    |        `- error: no such module 'Photos'
 11 |
 12 | #if os(iOS)
[23/25] Compiling KYPhotoLibrary KYPhotoLibrary+AssetResource.swift
/host/spi-builder-workspace/KYPhotoLibrary/Sources/Asset/AssetRequestActor.swift:10:8: error: no such module 'Photos'
  8 |
  9 | import Foundation
 10 | import Photos
    |        `- error: no such module 'Photos'
 11 |
 12 | #if os(iOS)
[24/25] Compiling KYPhotoLibrary KYPhotoLibrary+AssetURL.swift
/host/spi-builder-workspace/KYPhotoLibrary/Sources/Asset/AssetRequestActor.swift:10:8: error: no such module 'Photos'
  8 |
  9 | import Foundation
 10 | import Photos
    |        `- error: no such module 'Photos'
 11 |
 12 | #if os(iOS)
[25/25] Compiling KYPhotoLibrary KYPhotoLibrary+Thumbnail.swift
/host/spi-builder-workspace/KYPhotoLibrary/Sources/Asset/AssetRequestActor.swift:10:8: error: no such module 'Photos'
  8 |
  9 | import Foundation
 10 | import Photos
    |        `- error: no such module 'Photos'
 11 |
 12 | #if os(iOS)
BUILD FAILURE 6.2 wasm