The Swift Package Index logo.Swift Package Index

Build Information

Failed to build GoogleCloudApiHubV1, reference 0.5.0 (f6eb12), with Swift 6.2 for Android on 10 Oct 2026 20:01:58 UTC.

Build Command

bash -c docker run --pull=always --rm -v "checkouts-54344843-2":/host -w "$PWD" -e JAVA_HOME="/root/.sdkman/candidates/java/current" -e SPI_BUILD="1" -e SPI_PROCESSING="1" registry.gitlab.com/saguaro1/spi-images:android-6.2-latest swift build --swift-sdk aarch64-unknown-linux-android28 2>&1

Build Log

========================================
RunAll
========================================
Builder version: 5.1.1
Interrupt handler set up.
========================================
Checkout
========================================
Clone URL: https://github.com/googleapis/swift-google-cloud-apihub-v1.git
Reference: 0.5.0
Initialized empty Git repository in /host/spi-builder-workspace/.git/
hint: Using 'master' as the name for the initial branch. This default branch name
hint: is subject to change. To configure the initial branch name to use in all
hint: of your new repositories, which will suppress this warning, call:
hint:
hint: 	git config --global init.defaultBranch <name>
hint:
hint: Names commonly chosen instead of 'master' are 'main', 'trunk' and
hint: 'development'. The just-created branch can be renamed via this command:
hint:
hint: 	git branch -m <name>
From https://github.com/googleapis/swift-google-cloud-apihub-v1
 * tag               0.5.0      -> FETCH_HEAD
HEAD is now at f6eb12e chore: release circa 2026-10-07 (#1382)
Cloned https://github.com/googleapis/swift-google-cloud-apihub-v1.git
Revision (git rev-parse @):
f6eb12e8cc4de0a80025b35cdf9978207edfeaab
SPI manifest file found: $PWD/.spi.yml
SUCCESS checkout https://github.com/googleapis/swift-google-cloud-apihub-v1.git at 0.5.0
========================================
Build
========================================
Selected platform:         android
Swift version:             6.2
Building package at path:  $PWD
https://github.com/googleapis/swift-google-cloud-apihub-v1.git
Running build ...
bash -c docker run --pull=always --rm -v "checkouts-54344843-2":/host -w "$PWD" -e JAVA_HOME="/root/.sdkman/candidates/java/current" -e SPI_BUILD="1" -e SPI_PROCESSING="1" registry.gitlab.com/saguaro1/spi-images:android-6.2-latest swift build --swift-sdk aarch64-unknown-linux-android28 2>&1
android-6.2-latest: Pulling from saguaro1/spi-images
Digest: sha256:a839c9ce201f1dacc8eb056626ec7ab0a1c6d53d7b77c83feda395f4507c51be
Status: Image is up to date for registry.gitlab.com/saguaro1/spi-images:android-6.2-latest
Fetching https://github.com/googleapis/swift-google-longrunning
Fetching https://github.com/googleapis/swift-google-rpc
Fetching https://github.com/googleapis/swift-google-auth
Fetching https://github.com/googleapis/swift-google-gax
Fetching https://github.com/googleapis/swift-google-wkt
Fetching https://github.com/apple/swift-log
[1/8257] Fetching swift-log
[2/8679] Fetching swift-log, swift-google-rpc
[203/9702] Fetching swift-log, swift-google-rpc, swift-google-wkt
[214/11450] Fetching swift-log, swift-google-rpc, swift-google-wkt, swift-google-gax
[2705/12069] Fetching swift-log, swift-google-rpc, swift-google-wkt, swift-google-gax, swift-google-longrunning
[6951/13092] Fetching swift-log, swift-google-rpc, swift-google-wkt, swift-google-gax, swift-google-longrunning, swift-google-auth
Fetched https://github.com/googleapis/swift-google-wkt from cache (0.51s)
Fetched https://github.com/googleapis/swift-google-longrunning from cache (0.52s)
[6533/11450] Fetching swift-log, swift-google-rpc, swift-google-gax, swift-google-auth
Fetching https://github.com/googleapis/swift-google-cloud-location
Fetched https://github.com/googleapis/swift-google-rpc from cache (0.60s)
Fetched https://github.com/googleapis/swift-google-auth from cache (0.60s)
Fetched https://github.com/googleapis/swift-google-gax from cache (0.61s)
Fetched https://github.com/apple/swift-log from cache (0.70s)
[1/552] Fetching swift-google-cloud-location
Fetched https://github.com/googleapis/swift-google-cloud-location from cache (0.42s)
Computing version for https://github.com/googleapis/swift-google-wkt
Computed https://github.com/googleapis/swift-google-wkt at 0.5.0 (1.25s)
Fetching https://github.com/swift-extras/swift-extras-base64
[10/954] Fetching swift-extras-base64
Fetched https://github.com/swift-extras/swift-extras-base64 from cache (0.40s)
Computing version for https://github.com/googleapis/swift-google-rpc
Computed https://github.com/googleapis/swift-google-rpc at 0.5.0 (0.68s)
Computing version for https://github.com/googleapis/swift-google-longrunning
Computed https://github.com/googleapis/swift-google-longrunning at 0.5.0 (0.27s)
Computing version for https://github.com/googleapis/swift-google-gax
Computed https://github.com/googleapis/swift-google-gax at 0.5.0 (0.36s)
Fetching https://github.com/swift-server/async-http-client.git
Fetching https://github.com/apple/swift-nio
[1/16464] Fetching async-http-client
[16465/102838] Fetching async-http-client, swift-nio
Fetched https://github.com/swift-server/async-http-client.git from cache (5.35s)
Fetched https://github.com/apple/swift-nio from cache (5.39s)
Computing version for https://github.com/googleapis/swift-google-cloud-location
Computed https://github.com/googleapis/swift-google-cloud-location at 0.5.0 (5.71s)
Computing version for https://github.com/googleapis/swift-google-auth
Computed https://github.com/googleapis/swift-google-auth at 0.5.0 (0.27s)
Fetching https://github.com/vapor/jwt-kit.git
Fetching https://github.com/apple/swift-system.git
[1/7241] Fetching swift-system
[2608/17495] Fetching swift-system, jwt-kit
Fetched https://github.com/apple/swift-system.git from cache (0.74s)
[3282/10254] Fetching jwt-kit
Fetched https://github.com/vapor/jwt-kit.git from cache (1.15s)
Computing version for https://github.com/swift-extras/swift-extras-base64
Computed https://github.com/swift-extras/swift-extras-base64 at 1.2.0 (1.38s)
Computing version for https://github.com/swift-server/async-http-client.git
Computed https://github.com/swift-server/async-http-client.git at 1.36.2 (0.33s)
Fetching https://github.com/apple/swift-distributed-tracing.git
Fetching https://github.com/apple/swift-service-context.git
Fetching https://github.com/apple/swift-configuration.git
[15/1500] Fetching swift-service-context
[151/5428] Fetching swift-service-context, swift-configuration
[2444/11979] Fetching swift-service-context, swift-configuration, swift-distributed-tracing
Fetched https://github.com/apple/swift-service-context.git from cache (0.46s)
[2450/10479] Fetching swift-configuration, swift-distributed-tracing
Fetching https://github.com/apple/swift-nio-extras.git
Fetching https://github.com/apple/swift-atomics.git
Fetching https://github.com/apple/swift-nio-transport-services.git
Fetched https://github.com/apple/swift-configuration.git from cache (0.60s)
[6486/6551] Fetching swift-distributed-tracing
Fetching https://github.com/apple/swift-nio-http2.git
Fetching https://github.com/apple/swift-algorithms.git
Fetched https://github.com/apple/swift-distributed-tracing.git from cache (0.76s)
Fetching https://github.com/apple/swift-nio-ssl.git
[1/6703] Fetching swift-nio-extras
[1543/8592] Fetching swift-nio-extras, swift-atomics
[3608/11459] Fetching swift-nio-extras, swift-atomics, swift-nio-transport-services
[11460/23753] Fetching swift-nio-extras, swift-atomics, swift-nio-transport-services, swift-nio-http2
[11583/29917] Fetching swift-nio-extras, swift-atomics, swift-nio-transport-services, swift-nio-http2, swift-algorithms
[11584/46778] Fetching swift-nio-extras, swift-atomics, swift-nio-transport-services, swift-nio-http2, swift-algorithms, swift-nio-ssl
Fetched https://github.com/apple/swift-nio-extras.git from cache (0.76s)
Fetched https://github.com/apple/swift-nio-transport-services.git from cache (0.64s)
[3212/37208] Fetching swift-atomics, swift-nio-http2, swift-algorithms, swift-nio-ssl
Fetched https://github.com/apple/swift-atomics.git from cache (0.67s)
[4001/35319] Fetching swift-nio-http2, swift-algorithms, swift-nio-ssl
Fetched https://github.com/apple/swift-algorithms.git from cache (0.65s)
[4300/29155] Fetching swift-nio-http2, swift-nio-ssl
Fetched https://github.com/apple/swift-nio-http2.git from cache (1.74s)
Fetched https://github.com/apple/swift-nio-ssl.git from cache (2.28s)
Computing version for https://github.com/apple/swift-service-context.git
Computed https://github.com/apple/swift-service-context.git at 1.3.0 (3.31s)
Computing version for https://github.com/apple/swift-algorithms.git
Computed https://github.com/apple/swift-algorithms.git at 1.2.1 (1.51s)
Fetching https://github.com/apple/swift-numerics.git
[1/6728] Fetching swift-numerics
Fetched https://github.com/apple/swift-numerics.git from cache (0.62s)
Computing version for https://github.com/apple/swift-log
Computed https://github.com/apple/swift-log at 1.16.1 (0.94s)
Computing version for https://github.com/apple/swift-distributed-tracing.git
Computed https://github.com/apple/swift-distributed-tracing.git at 1.5.0 (0.31s)
Computing version for https://github.com/apple/swift-atomics.git
Computed https://github.com/apple/swift-atomics.git at 1.3.1 (0.29s)
Computing version for https://github.com/apple/swift-numerics.git
Computed https://github.com/apple/swift-numerics.git at 1.1.1 (0.27s)
Computing version for https://github.com/apple/swift-nio
Computed https://github.com/apple/swift-nio at 2.104.0 (0.55s)
Fetching https://github.com/apple/swift-collections.git
[1/28703] Fetching swift-collections
Fetched https://github.com/apple/swift-collections.git from cache (1.51s)
Computing version for https://github.com/apple/swift-configuration.git
Computed https://github.com/apple/swift-configuration.git at 1.2.2 (2.65s)
Fetching https://github.com/swift-server/swift-service-lifecycle
[1/2867] Fetching swift-service-lifecycle
Fetched https://github.com/swift-server/swift-service-lifecycle from cache (0.46s)
Computing version for https://github.com/apple/swift-nio-transport-services.git
Computed https://github.com/apple/swift-nio-transport-services.git at 1.28.0 (0.64s)
Computing version for https://github.com/swift-server/swift-service-lifecycle
Computed https://github.com/swift-server/swift-service-lifecycle at 2.12.1 (0.15s)
Fetching https://github.com/apple/swift-async-algorithms.git
[1/6820] Fetching swift-async-algorithms
Fetched https://github.com/apple/swift-async-algorithms.git from cache (0.57s)
Computing version for https://github.com/apple/swift-async-algorithms.git
Computed https://github.com/apple/swift-async-algorithms.git at 1.1.7 (0.79s)
Computing version for https://github.com/apple/swift-collections.git
Computed https://github.com/apple/swift-collections.git at 1.7.2 (0.25s)
Computing version for https://github.com/apple/swift-nio-http2.git
Computed https://github.com/apple/swift-nio-http2.git at 1.46.0 (0.18s)
Computing version for https://github.com/vapor/jwt-kit.git
Computed https://github.com/vapor/jwt-kit.git at 5.7.1 (0.15s)
Fetching https://github.com/apple/swift-crypto.git
Fetching https://github.com/apple/swift-certificates.git
[1/18629] Fetching swift-crypto
[2/26238] Fetching swift-crypto, swift-certificates
Fetched https://github.com/apple/swift-certificates.git from cache (0.56s)
[2050/18629] Fetching swift-crypto
Fetched https://github.com/apple/swift-crypto.git from cache (1.27s)
Computing version for https://github.com/apple/swift-crypto.git
Computed https://github.com/apple/swift-crypto.git at 4.5.2 (1.89s)
Fetching https://github.com/apple/swift-asn1.git
[1/2009] Fetching swift-asn1
Fetched https://github.com/apple/swift-asn1.git from cache (0.39s)
Computing version for https://github.com/apple/swift-asn1.git
Computed https://github.com/apple/swift-asn1.git at 1.7.3 (0.59s)
Computing version for https://github.com/apple/swift-certificates.git
Computed https://github.com/apple/swift-certificates.git at 1.21.0 (0.22s)
Computing version for https://github.com/apple/swift-nio-ssl.git
Computed https://github.com/apple/swift-nio-ssl.git at 2.37.5 (0.20s)
Computing version for https://github.com/apple/swift-system.git
Computed https://github.com/apple/swift-system.git at 1.8.1 (0.19s)
Computing version for https://github.com/apple/swift-nio-extras.git
Computed https://github.com/apple/swift-nio-extras.git at 1.35.1 (0.28s)
Fetching https://github.com/apple/swift-http-types.git
Fetching https://github.com/apple/swift-http-structured-headers.git
[1/1253] Fetching swift-http-structured-headers
[402/3192] Fetching swift-http-structured-headers, swift-http-types
Fetched https://github.com/apple/swift-http-structured-headers.git from cache (0.37s)
[427/1939] Fetching swift-http-types
Fetched https://github.com/apple/swift-http-types.git from cache (0.41s)
Computing version for https://github.com/apple/swift-http-structured-headers.git
Computed https://github.com/apple/swift-http-structured-headers.git at 1.7.0 (0.57s)
Computing version for https://github.com/apple/swift-http-types.git
Computed https://github.com/apple/swift-http-types.git at 1.8.0 (0.18s)
Creating working copy for https://github.com/apple/swift-collections.git
Working copy of https://github.com/apple/swift-collections.git resolved at 1.7.2
Creating working copy for https://github.com/apple/swift-crypto.git
Working copy of https://github.com/apple/swift-crypto.git resolved at 4.5.2
Creating working copy for https://github.com/apple/swift-nio
Working copy of https://github.com/apple/swift-nio resolved at 2.104.0
Creating working copy for https://github.com/apple/swift-distributed-tracing.git
Working copy of https://github.com/apple/swift-distributed-tracing.git resolved at 1.5.0
Creating working copy for https://github.com/apple/swift-nio-http2.git
Working copy of https://github.com/apple/swift-nio-http2.git resolved at 1.46.0
Creating working copy for https://github.com/swift-server/swift-service-lifecycle
Working copy of https://github.com/swift-server/swift-service-lifecycle resolved at 2.12.1
Creating working copy for https://github.com/apple/swift-configuration.git
Working copy of https://github.com/apple/swift-configuration.git resolved at 1.2.2
Creating working copy for https://github.com/apple/swift-system.git
Working copy of https://github.com/apple/swift-system.git resolved at 1.8.1
Creating working copy for https://github.com/googleapis/swift-google-cloud-location
Working copy of https://github.com/googleapis/swift-google-cloud-location resolved at 0.5.0
Creating working copy for https://github.com/apple/swift-http-types.git
Working copy of https://github.com/apple/swift-http-types.git resolved at 1.8.0
Creating working copy for https://github.com/apple/swift-algorithms.git
Working copy of https://github.com/apple/swift-algorithms.git resolved at 1.2.1
Creating working copy for https://github.com/apple/swift-atomics.git
Working copy of https://github.com/apple/swift-atomics.git resolved at 1.3.1
Creating working copy for https://github.com/apple/swift-async-algorithms.git
Working copy of https://github.com/apple/swift-async-algorithms.git resolved at 1.1.7
Creating working copy for https://github.com/swift-extras/swift-extras-base64
Working copy of https://github.com/swift-extras/swift-extras-base64 resolved at 1.2.0
Creating working copy for https://github.com/apple/swift-nio-extras.git
Working copy of https://github.com/apple/swift-nio-extras.git resolved at 1.35.1
Creating working copy for https://github.com/googleapis/swift-google-gax
Working copy of https://github.com/googleapis/swift-google-gax resolved at 0.5.0
Creating working copy for https://github.com/vapor/jwt-kit.git
Working copy of https://github.com/vapor/jwt-kit.git resolved at 5.7.1
Creating working copy for https://github.com/googleapis/swift-google-auth
Working copy of https://github.com/googleapis/swift-google-auth resolved at 0.5.0
Creating working copy for https://github.com/apple/swift-asn1.git
Working copy of https://github.com/apple/swift-asn1.git resolved at 1.7.3
Creating working copy for https://github.com/apple/swift-certificates.git
Working copy of https://github.com/apple/swift-certificates.git resolved at 1.21.0
Creating working copy for https://github.com/apple/swift-service-context.git
Working copy of https://github.com/apple/swift-service-context.git resolved at 1.3.0
Creating working copy for https://github.com/apple/swift-nio-transport-services.git
Working copy of https://github.com/apple/swift-nio-transport-services.git resolved at 1.28.0
Creating working copy for https://github.com/googleapis/swift-google-wkt
Working copy of https://github.com/googleapis/swift-google-wkt resolved at 0.5.0
Creating working copy for https://github.com/apple/swift-nio-ssl.git
Working copy of https://github.com/apple/swift-nio-ssl.git resolved at 2.37.5
Creating working copy for https://github.com/apple/swift-http-structured-headers.git
Working copy of https://github.com/apple/swift-http-structured-headers.git resolved at 1.7.0
Creating working copy for https://github.com/swift-server/async-http-client.git
Working copy of https://github.com/swift-server/async-http-client.git resolved at 1.36.2
Creating working copy for https://github.com/apple/swift-numerics.git
Working copy of https://github.com/apple/swift-numerics.git resolved at 1.1.1
Creating working copy for https://github.com/googleapis/swift-google-longrunning
Working copy of https://github.com/googleapis/swift-google-longrunning resolved at 0.5.0
Creating working copy for https://github.com/apple/swift-log
Working copy of https://github.com/apple/swift-log resolved at 1.16.1
Creating working copy for https://github.com/googleapis/swift-google-rpc
Working copy of https://github.com/googleapis/swift-google-rpc resolved at 0.5.0
Building for debugging...
[0/1462] Compiling CAsyncHTTPClient CAsyncHTTPClient.c
[1/1462] Write swift-version--11D90AFD9DD3AB2.txt
[2/1462] Compiling _NumericsShims _NumericsShims.c
[3/1462] Write sources
[7/1462] Compiling _AtomicsShims.c
[8/1466] Compiling aes.cc
[9/1466] Compiling a_dup.cc
[9/1466] Compiling f_string.cc
[9/1466] Write sources
[12/1466] Compiling a_d2i_fp.cc
[13/1466] Write sources
[19/1490] Compiling a_gentm.cc
[20/1490] Write sources
[22/1490] Compiling a_bool.cc
[23/1490] Write sources
[33/1490] Compiling a_bitstr.cc
[34/1490] Write sources
[72/1540] Emitting module Logging
[73/1541] Emitting module InternalCollectionsUtilities
[74/1544] Compiling InternalCollectionsUtilities BorrowingIteratorProtocol+Equality.swift
[75/1544] Compiling InternalCollectionsUtilities BorrowingIteratorProtocol+Extras.swift
[76/1544] Compiling InternalCollectionsUtilities Debugging.swift
[80/1546] Compiling InternalCollectionsUtilities Descriptions.swift
[81/1546] Compiling InternalCollectionsUtilities UnsafeRawBufferPointer+Extras.swift
[82/1546] Compiling InternalCollectionsUtilities _SortedCollection.swift
[83/1546] Compiling InternalCollectionsUtilities _UniqueCollection.swift
[84/1546] Compiling InternalCollectionsUtilities MutableSpan+Extras.swift
[85/1546] Compiling InternalCollectionsUtilities OutputSpan+Extras.swift
[86/1546] Compiling InternalCollectionsUtilities RandomAccessCollection+Offsets.swift
[87/1546] Compiling InternalCollectionsUtilities Span+Extras.swift
[88/1546] Compiling RealModule Real.swift
[89/1546] Compiling InternalCollectionsUtilities Strideable+LimitHelpers.swift
[90/1546] Compiling InternalCollectionsUtilities String+Padding.swift
[91/1546] Compiling InternalCollectionsUtilities TemporaryAllocation.swift
[92/1546] Compiling InternalCollectionsUtilities _UnsafeBitSet+Index.swift
[93/1546] Compiling InternalCollectionsUtilities Iterable+CopyContents.swift
[94/1546] Compiling InternalCollectionsUtilities Iterable+Equality.swift
[95/1546] Compiling InternalCollectionsUtilities LifetimeOverride.swift
[96/1546] Compiling InternalCollectionsUtilities MutableRef.swift
[97/1547] Compiling ServiceContextModule ServiceContextKey.swift
[98/1547] Compiling InternalCollectionsUtilities _UnsafeBitSet+_Word.swift
[99/1547] Compiling SwiftASN1 DER.swift
[100/1547] Compiling SwiftASN1 Errors.swift
[101/1547] Compiling InternalCollectionsUtilities UnsafeMutableBufferPointer+Extras.swift
[102/1547] Compiling InternalCollectionsUtilities UnsafeMutablePointer+Extras.swift
[103/1547] Compiling InternalCollectionsUtilities UnsafeMutableRawBufferPointer+Extras.swift
[104/1547] Compiling InternalCollectionsUtilities UnsafePointer+Extras.swift
[105/1547] Compiling InternalCollectionsUtilities FixedWidthInteger+roundUpToPowerOfTwo.swift
[106/1547] Compiling InternalCollectionsUtilities Integer rank.swift
[107/1547] Compiling InternalCollectionsUtilities UInt+first and last set bit.swift
[108/1547] Compiling InternalCollectionsUtilities UInt+reversed.swift
[109/1547] Emitting module RealModule
[116/1548] Emitting module _CertificateInternals
[117/1548] Compiling _CertificateInternals _TinyArray.swift
[121/1549] Compiling RealModule Float16+Real.swift
[122/1549] Compiling _NIODataStructures PriorityQueue.swift
[123/1549] Compiling _NIODataStructures _TinyArray.swift
[124/1549] Compiling RealModule Float80+Real.swift
[127/1549] Compiling RealModule RealFunctions.swift
[129/1549] Compiling _NIOBase64 Base64.swift
[130/1549] Emitting module _NIOBase64
[131/1550] Compiling RealModule RelaxedArithmetic.swift
[133/1551] Compiling Logging LoggingSystem.swift
[135/1551] Compiling ServiceContextModule ServiceContext.swift
[136/1551] Emitting module ServiceContextModule
[137/1551] Compiling _NIODataStructures Heap.swift
[138/1551] Emitting module _NIODataStructures
[140/1553] Compiling Logging Logger+With.swift
[142/1553] Compiling Logging Logger+Attributes.swift
[143/1553] Compiling Logging Logger.swift
[144/1553] Emitting module SwiftASN1
[144/1553] Write sources
[154/1560] Wrapping AST for RealModule for debugging
[155/1560] Wrapping AST for _NIOBase64 for debugging
[156/1562] Wrapping AST for _CertificateInternals for debugging
[157/1562] Write sources
[161/1562] Wrapping AST for _NIODataStructures for debugging
[162/1562] Write sources
[170/1563] Wrapping AST for ServiceContextModule for debugging
[171/1563] Wrapping AST for InternalCollectionsUtilities for debugging
[173/1568] Compiling SpanPreview MutableSpan+InputSpanHelpers.swift
[174/1568] Compiling SpanPreview InputSpan.swift
[175/1568] Compiling SpanPreview OutputSpan+InputSpanHelpers.swift
[176/1568] Emitting module SpanPreview
[180/1569] Compiling Instrumentation MultiplexInstrument.swift
[181/1569] Compiling Instrumentation NoOpInstrument.swift
[181/1569] Compiling CXKCPShims shims.c
[182/1569] Compiling SimpleFIPS202.c
[183/1569] Compiling KeccakSponge.c
[185/1569] Emitting module Instrumentation
[185/1569] Compiling KeccakHash.c
[187/1569] Compiling Instrumentation Instrument.swift
[187/1569] Wrapping AST for SpanPreview for debugging
[188/1592] Compiling CNIOWindows shim.c
[189/1611] Compiling CNIOWindows WSAStartup.c
[190/1611] Compiling CNIOWASI CNIOWASI.c
[191/1611] Compiling CNIOPosix event_loop_id.c
[192/1611] Compiling CNIOOpenBSD shim.c
[193/1611] Compiling CSystem shims.c
[194/1611] Compiling KeccakP-1600-opt64.c
[195/1611] Compiling CNIOLinux liburing_shims.c
[196/1648] Compiling CNIOLinux shim.c
[197/1648] Compiling CNIOLLHTTP c_nio_llhttp.c
[198/1648] Compiling CNIOLLHTTP c_nio_http.c
[199/1648] Compiling CNIOFreeBSD shim.c
[200/1648] Compiling CNIOLLHTTP c_nio_api.c
[201/1648] Compiling CNIOExtrasZlib zutil.c
[202/1648] Compiling CNIOExtrasZlib inftrees.c
[203/1648] Compiling CNIOExtrasZlib trees.c
[204/1648] Compiling CNIOExtrasZlib inffast.c
[205/1648] Compiling CNIOExtrasZlib deflate.c
[206/1648] Compiling CNIOExtrasZlib inflate.c
[208/1648] Compiling SystemPackage FileType.swift
[209/1648] Compiling SystemPackage Identifiers.swift
[210/1648] Compiling SystemPackage Stat.swift
[211/1648] Compiling SystemPackage IOCompletion.swift
[212/1648] Compiling SystemPackage IORequest.swift
[213/1648] Compiling SystemPackage IORing+Util.swift
[214/1653] Compiling SystemPackage FilePathTempPosix.swift
[215/1653] Compiling SystemPackage FilePathTempWindows.swift
[216/1653] Compiling SystemPackage FilePathWindows.swift
[217/1653] Compiling SystemPackage FilePermissions.swift
[218/1653] Compiling SystemPackage FileFlags.swift
[219/1653] Compiling SystemPackage FileMode.swift
[220/1653] Compiling SystemPackage IORing.swift
[221/1653] Compiling SystemPackage RawIORequest.swift
[222/1653] Compiling SystemPackage Backcompat.swift
[223/1653] Compiling SystemPackage CInterop.swift
[224/1653] Compiling SystemPackage Constants.swift
[225/1653] Compiling SystemPackage Exports.swift
[225/1653] Compiling CNIOExtrasZlib adler32.c
[226/1653] Compiling CNIOExtrasZlib crc32.c
[227/1653] Compiling CNIODarwin shim.c
[229/1653] Compiling SystemPackage Mocking.swift
[230/1653] Compiling SystemPackage RawBuffer.swift
[231/1653] Compiling SystemPackage Syscalls.swift
[232/1653] Compiling SystemPackage WindowsSyscallAdapters.swift
[233/1653] Compiling SystemPackage MachPort.swift
[234/1653] Compiling SystemPackage PlatformString.swift
[235/1653] Compiling DequeModule UniqueDeque+Initializers.swift
[236/1653] Compiling DequeModule UniqueDeque+Insertions.swift
[237/1653] Compiling DequeModule UniqueDeque+Iterable.swift
[238/1653] Compiling DequeModule UniqueDeque+Prepend.swift
[239/1653] Compiling DequeModule UniqueDeque+Removals.swift
[239/1653] Compiling fiat_p256_adx_sqr.S
[240/1653] Compiling fiat_p256_adx_mul.S
[241/1653] Compiling fiat_curve25519_adx_square.S
[242/1653] Compiling fiat_curve25519_adx_mul.S
[244/1653] Compiling SystemPackage Errno.swift
[245/1653] Compiling SystemPackage ErrnoWindows.swift
[246/1653] Compiling SystemPackage FileDescriptor.swift
[247/1653] Compiling SystemPackage FileHelpers.swift
[248/1653] Compiling SystemPackage FileOperations.swift
[249/1653] Compiling SystemPackage FilePath.swift
[249/1653] Compiling CNIOBoringSSLShims shims.c
[251/1653] Compiling Logging MetadataProvider.swift
[252/1653] Compiling Instrumentation InstrumentationSystem.swift
[253/1653] Compiling Instrumentation Locks.swift
[281/1660] Compiling SystemPackage FilePathTemp.swift
[286/1660] Compiling SystemPackage FilePathSyntax.swift
[289/1660] Compiling SystemPackage FilePathParsing.swift
[290/1660] Compiling SystemPackage FilePathString.swift
[294/1660] Compiling SystemPackage FilePathComponentView.swift
[295/1660] Compiling SystemPackage FilePathComponents.swift
[303/1661] Emitting module SystemPackage
[308/1661] Wrapping AST for Logging for debugging
[309/1669] Wrapping AST for Instrumentation for debugging
[310/1669] Wrapping AST for SwiftASN1 for debugging
[311/1669] Compiling tls_record.cc
[313/1669] Compiling Tracing InstrumentationSystem+Tracing.swift
[314/1670] Compiling SystemPackage SystemString.swift
[315/1670] Compiling SystemPackage Util+StringArray.swift
[316/1670] Compiling SystemPackage Util.swift
[317/1670] Compiling SystemPackage UtilConsumers.swift
[318/1670] Compiling SystemPackage WinSDK+Overlay.swift
[319/1671] Compiling Tracing TracingTime.swift
[321/1671] Emitting module Tracing
[322/1671] Compiling Tracing Tracer.swift
[323/1671] Compiling Tracing TracerProtocol.swift
[324/1671] Compiling Tracing WithTracer.swift
[325/1671] Compiling Tracing TracerProtocol+Legacy.swift
[332/1671] Emitting module DequeModule
[332/1671] Compiling tls_method.cc
[333/1671] Wrapping AST for SystemPackage for debugging
[334/1671] Compiling tls13_server.cc
[336/1671] Compiling Tracing NoOpTracer.swift
[337/1671] Compiling Tracing SpanProtocol.swift
[338/1672] Compiling tls13_both.cc
[339/1672] Compiling tls13_enc.cc
[341/1672] Compiling DequeModule UniqueDeque+Replacements.swift
[342/1672] Compiling DequeModule UniqueDeque.swift
[343/1672] Compiling DequeModule _DequeSlot.swift
[344/1672] Compiling DequeModule _UnsafeDequeHandle.swift
[345/1672] Compiling DequeModule _UnsafeDequeSegments.swift
[345/1673] Wrapping AST for Tracing for debugging
[347/1673] Compiling t1_enc.cc
[349/1716] Compiling Configuration JSONSnapshot.swift
[350/1716] Compiling Configuration PropertyListSnapshot.swift
[351/1716] Compiling Configuration ReloadingFileProvider.swift
[352/1716] Compiling Configuration ReloadingFileProviderMetrics.swift
[353/1716] Compiling Configuration YAMLSnapshot.swift
[354/1716] Compiling Configuration InMemoryProvider.swift
[355/1721] Compiling Configuration Deprecations.swift
[356/1721] Compiling Configuration ExpressibleByConfigInt.swift
[357/1721] Compiling Configuration ExpressibleByConfigString.swift
[358/1721] Compiling Configuration CLIKeyEncoder.swift
[359/1721] Compiling Configuration ConfigKeyEncoder.swift
[360/1721] Compiling Configuration DotSeparatorKeyDecoder.swift
[360/1721] Compiling ssl_versions.cc
[361/1721] Wrapping AST for DequeModule for debugging
[362/1721] Compiling ssl_stat.cc
[363/1721] Compiling tls13_client.cc
[364/1721] Compiling ssl_x509.cc
[366/1721] Emitting module Configuration
[366/1721] Compiling ssl_transcript.cc
[367/1721] Compiling ssl_session.cc
[369/1721] Compiling Configuration EnvironmentKeyEncoder.swift
[370/1721] Compiling Configuration EnvironmentVariablesProvider.swift
[371/1721] Compiling Configuration CommonProviderFileSystem.swift
[372/1721] Compiling Configuration DirectoryFilesProvider.swift
[373/1721] Compiling Configuration FileProvider.swift
[374/1721] Compiling Configuration FileProviderSnapshot.swift
[374/1721] Compiling ssl_key_share.cc
[375/1721] Compiling ssl_cipher.cc
[377/1721] Compiling ExtrasBase64 Base32+Span.swift
[378/1721] Compiling ExtrasBase64 Base64+Span.swift
[379/1721] Compiling ExtrasBase64 Base64.swift
[380/1721] Compiling ExtrasBase64 Base32.swift
[381/1721] Emitting module ExtrasBase64
[381/1722] Compiling ssl_file.cc
[383/1722] Compiling ssl_privkey.cc
[384/1722] Compiling ssl_lib.cc
[385/1749] Wrapping AST for ExtrasBase64 for debugging
[386/1753] Compiling ssl_credential.cc
[387/1753] Compiling ssl_cert.cc
[389/1753] Compiling GoogleWKT WKTInt64Value.swift
[390/1753] Compiling GoogleWKT WKTRecursive.swift
[391/1753] Compiling GoogleWKT WKTField.swift
[392/1753] Compiling GoogleWKT WKTMethod.swift
[393/1753] Compiling GoogleWKT WKTMixin.swift
[394/1753] Compiling GoogleWKT WKTOption.swift
[395/1753] Compiling Configuration CombineLatestManyStorage.swift
[396/1753] Compiling Configuration AsyncSequences.swift
[397/1753] Compiling Configuration FoundationExtensions.swift
[398/1753] Compiling Configuration Span.swift
[399/1753] Compiling Configuration ConfigBytesFromStringDecoder.swift
[399/1753] Compiling ssl_buffer.cc
[400/1753] Compiling ssl_asn1.cc
[402/1753] Compiling Configuration MutableInMemoryProvider.swift
[403/1753] Compiling Configuration ConfigProvider+Operators.swift
[404/1753] Compiling Configuration KeyMappingProvider.swift
[405/1753] Compiling Configuration SecretsSpecifier.swift
[406/1753] Compiling Configuration AsyncCombineLatestManySequence.swift
[407/1753] Compiling Configuration CombineLatestManyStateMachine.swift
[407/1753] Compiling ssl_aead_ctx.cc
[408/1753] Compiling s3_pkt.cc
[409/1753] Compiling s3_lib.cc
[411/1753] Compiling GoogleWKT WKTUInt32Value.swift
[412/1753] Compiling GoogleWKT WKTUInt64Value.swift
[413/1753] Compiling GoogleWKT WKTDoubleValue.swift
[414/1753] Compiling GoogleWKT WKTDuration.swift
[415/1753] Compiling GoogleWKT WKTEmpty.swift
[416/1753] Compiling GoogleWKT WKTFieldMask.swift
[417/1753] Compiling GoogleWKT WKTAny.swift
[418/1753] Compiling GoogleWKT WKTAnyError.swift
[419/1753] Compiling GoogleWKT WKTBoolValue.swift
[420/1753] Compiling GoogleWKT WKTBytesValue.swift
[421/1753] Compiling GoogleWKT WKTStringValue.swift
[422/1753] Compiling GoogleWKT WKTTimestamp.swift
[423/1754] Compiling s3_both.cc
[424/1754] Wrapping AST for Configuration for debugging
[425/1754] Compiling handshake_client.cc
[426/1754] Compiling handshake.cc
[428/1754] Emitting module GoogleWKT
[428/1758] Compiling extensions.cc
[430/1758] Compiling GoogleWKT UnknownFields.swift
[435/1758] Compiling GoogleWKT WKTValue.swift
[436/1758] Compiling GoogleWKT WKTApi.swift
[437/1758] Compiling GoogleWKT WKTEnum.swift
[438/1758] Compiling GoogleWKT WKTEnumValue.swift
[443/1758] Compiling GoogleWKT WKTSourceContext.swift
[444/1758] Compiling GoogleWKT WKTSyntax.swift
[445/1758] Compiling GoogleWKT WKTType.swift
[446/1758] Compiling GoogleWKT PackageVersion.swift
[446/1758] Compiling handshake_server.cc
[448/1758] Compiling GoogleWKT WKTFloatValue.swift
[449/1758] Compiling GoogleWKT WKTInt32Value.swift
[459/1758] Compiling handoff.cc
[461/1758] Compiling GoogleWKT AnyPackable.swift
[462/1758] Compiling GoogleWKT DecodeToDefault.swift
[463/1758] Compiling GoogleWKT DiscoveryBase64.swift
[464/1758] Compiling GoogleWKT ProtoJSONDecoder.swift
[465/1758] Compiling GoogleWKT ProtoJSONEncoder.swift
[466/1759] Compiling encrypted_client_hello.cc
[467/1759] Compiling d1_srtp.cc
[468/1759] Compiling md5-x86_64-linux.S
[469/1759] Compiling md5-x86_64-apple.S
[470/1759] Compiling dtls_record.cc
[471/1759] Wrapping AST for GoogleWKT for debugging
[472/1774] Compiling md5-586-linux.S
[473/1774] Compiling md5-586-apple.S
[474/1774] Compiling dtls_method.cc
[475/1774] Compiling d1_pkt.cc
[476/1774] Compiling chacha20_poly1305_x86_64-linux.S
[477/1774] Compiling chacha20_poly1305_x86_64-apple.S
[478/1774] Compiling chacha20_poly1305_armv8-win.S
[479/1774] Compiling chacha20_poly1305_armv8-apple.S
[480/1774] Compiling chacha-x86_64-linux.S
[481/1774] Compiling chacha-x86_64-apple.S
[482/1774] Compiling chacha-x86-apple.S
[483/1774] Compiling chacha-x86-linux.S
[484/1774] Compiling chacha20_poly1305_armv8-linux.S
[485/1774] Compiling chacha-armv8-win.S
[486/1774] Compiling err_data.cc
[486/1774] Compiling chacha-armv8-linux.S
[488/1774] Compiling chacha-armv8-apple.S
[489/1774] Compiling chacha-armv4-linux.S
[490/1774] Compiling x86_64-mont5-linux.S
[492/1774] Compiling GoogleRpc Help.swift
[493/1774] Compiling GoogleRpc HttpHeader.swift
[494/1776] Compiling GoogleRpc RequestInfo.swift
[495/1776] Compiling GoogleRpc ResourceInfo.swift
[495/1776] Compiling aes128gcmsiv-x86_64-apple.S
[496/1776] Compiling aes128gcmsiv-x86_64-linux.S
[497/1776] Compiling x86_64-mont5-apple.S
[498/1776] Compiling x86_64-mont-linux.S
[499/1776] Compiling x86-mont-linux.S
[500/1776] Compiling x86_64-mont-apple.S
[502/1776] Compiling GoogleRpc LocalizedMessage.swift
[503/1776] Compiling GoogleRpc PackageVersion.swift
[503/1776] Compiling x86-mont-apple.S
[505/1776] Compiling GoogleRpc DebugInfo.swift
[506/1776] Compiling GoogleRpc ErrorInfo.swift
[506/1776] Compiling vpaes-x86_64-linux.S
[507/1776] Compiling vpaes-x86_64-apple.S
[508/1776] Compiling vpaes-x86-apple.S
[510/1776] Emitting module GoogleRpc
[511/1776] Compiling GoogleRpc BadRequest.swift
[512/1776] Compiling GoogleRpc Code.swift
[512/1776] Compiling vpaes-x86-linux.S
[513/1776] Compiling vpaes-armv8-win.S
[514/1776] Compiling d1_lib.cc
[515/1776] Compiling vpaes-armv8-apple.S
[516/1776] Compiling vpaes-armv8-linux.S
[517/1776] Compiling vpaes-armv7-linux.S
[518/1776] Compiling sha512-x86_64-linux.S
[519/1776] Compiling sha512-x86_64-apple.S
[520/1776] Compiling sha512-armv8-win.S
[521/1776] Compiling sha512-armv8-linux.S
[523/1776] Compiling GoogleRpc RetryInfo.swift
[524/1776] Compiling GoogleRpc Status.swift
[524/1776] Compiling sha512-armv8-apple.S
[525/1776] Compiling bio_ssl.cc
[526/1776] Compiling sha512-armv4-linux.S
[527/1776] Compiling sha256-x86_64-linux.S
[527/1776] Compiling sha512-586-apple.S
[529/1776] Compiling sha512-586-linux.S
[530/1776] Compiling d1_both.cc
[531/1776] Compiling sha256-x86_64-apple.S
[533/1776] Compiling GoogleRpc PreconditionFailure.swift
[534/1776] Compiling GoogleRpc QuotaFailure.swift
[535/1776] Compiling GoogleRpc HttpRequest.swift
[536/1776] Compiling GoogleRpc HttpResponse.swift
[536/1776] Compiling sha256-armv8-win.S
[537/1776] Compiling sha256-armv8-apple.S
[538/1777] Compiling sha256-586-linux.S
[539/1777] Compiling sha256-armv8-linux.S
[540/1777] Compiling sha256-armv4-linux.S
[541/1777] Compiling sha256-586-apple.S
[542/1777] Compiling sha1-x86_64-linux.S
[544/1777] Compiling sha1-armv8-win.S
[545/1777] Compiling sha1-x86_64-apple.S
[546/1777] Compiling sha1-armv8-apple.S
[547/1777] Compiling sha1-armv4-large-linux.S
[548/1777] Compiling sha1-armv8-linux.S
[549/1777] Compiling rsaz-avx2-linux.S
[550/1777] Compiling rdrand-x86_64-linux.S
[550/1777] Compiling sha1-586-linux.S
[552/1777] Compiling sha1-586-apple.S
[553/1777] Compiling rsaz-avx2-apple.S
[554/1777] Compiling rdrand-x86_64-apple.S
[555/1777] Compiling p256_beeu-x86_64-asm-linux.S
[556/1777] Compiling p256_beeu-x86_64-asm-apple.S
[557/1777] Compiling p256_beeu-armv8-asm-apple.S
[557/1777] Wrapping AST for GoogleRpc for debugging
[559/1777] Compiling p256_beeu-armv8-asm-win.S
[560/1777] Compiling p256-x86_64-asm-linux.S
[560/1777] Compiling p256-x86_64-asm-apple.S
[560/1777] Compiling p256_beeu-armv8-asm-linux.S
[563/1777] Compiling p256-armv8-asm-win.S
[564/1777] Compiling ghashv8-armv8-win.S
[565/1777] Compiling p256-armv8-asm-linux.S
[566/1777] Compiling p256-armv8-asm-apple.S
[567/1777] Compiling ghashv8-armv8-linux.S
[568/1777] Compiling ghashv8-armv8-apple.S
[569/1777] Compiling ghash-x86_64-linux.S
[570/1777] Compiling ghashv8-armv7-linux.S
[571/1777] Compiling ghash-x86_64-apple.S
[572/1777] Compiling ghash-x86-linux.S
[573/1777] Compiling ghash-x86-apple.S
[574/1777] Compiling ghash-ssse3-x86_64-linux.S
[575/1777] Compiling ghash-ssse3-x86_64-apple.S
[576/1777] Compiling ghash-ssse3-x86-linux.S
[577/1777] Compiling ghash-ssse3-x86-apple.S
[578/1777] Compiling ghash-neon-armv8-win.S
[579/1777] Compiling ghash-armv4-linux.S
[580/1777] Compiling ghash-neon-armv8-linux.S
[581/1777] Compiling ghash-neon-armv8-apple.S
[582/1777] Compiling bsaes-armv7-linux.S
[583/1777] Compiling co-586-linux.S
[584/1777] Compiling bn-armv8-win.S
[585/1777] Compiling co-586-apple.S
[586/1777] Compiling bn-armv8-linux.S
[586/1777] Compiling bn-586-apple.S
[588/1777] Compiling bn-armv8-apple.S
[589/1777] Compiling bn-586-linux.S
[589/1777] Compiling armv8-mont-win.S
[591/1777] Compiling armv4-mont-linux.S
[592/1777] Compiling armv8-mont-apple.S
[592/1777] Compiling armv8-mont-linux.S
[594/1777] Compiling aesv8-gcm-armv8-apple.S
[595/1777] Compiling aesv8-gcm-armv8-linux.S
[596/1777] Compiling aesv8-gcm-armv8-win.S
[597/1777] Compiling aesv8-armv8-win.S
[598/1777] Compiling aesv8-armv8-linux.S
[599/1777] Compiling aesv8-armv8-apple.S
[600/1777] Compiling aesni-x86_64-linux.S
[601/1777] Compiling aesv8-armv7-linux.S
[602/1777] Compiling aesni-x86-linux.S
[603/1777] Compiling aesni-x86_64-apple.S
[604/1777] Compiling aesni-x86-apple.S
[605/1777] Compiling aesni-gcm-x86_64-apple.S
[606/1777] Compiling aesni-gcm-x86_64-linux.S
[607/1777] Compiling aes-gcm-avx2-x86_64-linux.S
[608/1777] Compiling aes-gcm-avx2-x86_64-apple.S
[609/1777] Compiling aes-gcm-avx10-x86_64-linux.S
[610/1777] Compiling aes-gcm-avx10-x86_64-apple.S
[611/1777] Compiling x_name.cc
[612/1777] Compiling x_x509.cc
[613/1777] Compiling x_spki.cc
[614/1777] Compiling x_sig.cc
[615/1777] Compiling x_val.cc
[616/1777] Compiling x_req.cc
[617/1777] Compiling x_x509a.cc
[618/1777] Compiling x_pubkey.cc
[619/1777] Compiling x_attrib.cc
[620/1777] Compiling x_crl.cc
[621/1777] Compiling x509spki.cc
[622/1777] Compiling x_exten.cc
[623/1777] Compiling x509rset.cc
[624/1777] Compiling x_algor.cc
[625/1777] Compiling x509name.cc
[626/1777] Compiling x509_vpm.cc
[627/1777] Compiling x_all.cc
[628/1777] Compiling x509_v3.cc
[629/1777] Compiling x509cset.cc
[630/1777] Compiling x509_txt.cc
[631/1777] Compiling x509_trs.cc
[632/1777] Compiling x509_set.cc
[633/1777] Compiling x509_vfy.cc
[634/1777] Compiling x509_def.cc
[635/1777] Compiling x509_d2.cc
[636/1777] Compiling x509_ext.cc
[637/1777] Compiling x509_lu.cc
[638/1777] Compiling x509_req.cc
[639/1777] Compiling x509_att.cc
[640/1777] Compiling x509_obj.cc
[641/1777] Compiling x509.cc
[642/1777] Compiling x509_cmp.cc
[643/1777] Compiling v3_skey.cc
[644/1777] Compiling v3_prn.cc
[645/1777] Compiling v3_pmaps.cc
[646/1777] Compiling v3_utl.cc
[647/1777] Compiling v3_pcons.cc
[648/1777] Compiling v3_purp.cc
[649/1777] Compiling v3_ncons.cc
[650/1777] Compiling v3_int.cc
[651/1777] Compiling v3_ocsp.cc
[652/1777] Compiling v3_ia5.cc
[653/1777] Compiling v3_info.cc
[654/1777] Compiling v3_lib.cc
[655/1777] Compiling v3_extku.cc
[656/1777] Compiling v3_genn.cc
[657/1777] Compiling v3_bcons.cc
[658/1777] Compiling v3_akeya.cc
[659/1777] Compiling v3_crld.cc
[660/1777] Compiling v3_enum.cc
[661/1777] Compiling v3_conf.cc
[662/1777] Compiling v3_cpols.cc
[663/1777] Compiling v3_alt.cc
[664/1777] Compiling v3_bitst.cc
[665/1777] Compiling v3_akey.cc
[666/1777] Compiling t_x509a.cc
[667/1777] Compiling t_req.cc
[668/1777] Compiling t_crl.cc
[669/1777] Compiling policy.cc
[670/1777] Compiling name_print.cc
[671/1777] Compiling t_x509.cc
[672/1777] Compiling rsa_pss.cc
[673/1777] Compiling i2d_pr.cc
[674/1777] Compiling by_file.cc
[675/1777] Compiling algorithm.cc
[676/1777] Compiling asn1_gen.cc
[677/1777] Compiling a_verify.cc
[678/1777] Compiling by_dir.cc
[679/1777] Compiling a_sign.cc
[680/1777] Compiling voprf.cc
[681/1777] Compiling thread_win.cc
[682/1777] Compiling pmbtoken.cc
[683/1777] Compiling thread_pthread.cc
[684/1777] Compiling thread_none.cc
[685/1777] Compiling a_digest.cc
[686/1777] Compiling trust_token.cc
[687/1777] Compiling thread.cc
[688/1777] Compiling stack.cc
[689/1777] Compiling slhdsa.cc
[690/1777] Compiling sha256.cc
[691/1777] Compiling spake2plus.cc
[692/1777] Compiling siphash.cc
[693/1777] Compiling rsa_extra.cc
[694/1777] Compiling rsa_print.cc
[695/1777] Compiling sha512.cc
[696/1777] Compiling sha1.cc
[697/1777] Compiling refcount.cc
[698/1777] Compiling rsa_crypt.cc
[699/1777] Compiling windows.cc
[700/1777] Compiling passive.cc
[701/1777] Compiling trusty.cc
[702/1777] Compiling rand.cc
[703/1777] Compiling ios.cc
[704/1777] Compiling rc4.cc
[705/1777] Compiling urandom.cc
[706/1777] Compiling rsa_asn1.cc
[707/1777] Compiling poly1305_arm_asm.S
[708/1777] Compiling deterministic.cc
[709/1777] Compiling getentropy.cc
[710/1777] Compiling fork_detect.cc
[711/1777] Compiling poly1305_vec.cc
[712/1777] Compiling forkunsafe.cc
[713/1777] Compiling poly1305_arm.cc
[713/1777] Compiling poly1305.cc
[715/1777] Compiling pool.cc
[716/1777] Compiling pkcs8.cc
[717/1777] Compiling pkcs7.cc
[718/1777] Compiling pkcs8_x509.cc
[719/1777] Compiling pkcs7_x509.cc
[720/1777] Compiling pem_x509.cc
[721/1777] Compiling p5_pbev2.cc
[722/1777] Compiling pem_xaux.cc
[723/1777] Compiling pem_pkey.cc
[724/1777] Compiling pem_pk8.cc
[725/1777] Compiling obj_xref.cc
[726/1777] Compiling pem_oth.cc
[727/1777] Compiling pem_info.cc
[728/1777] Compiling obj.cc
[729/1777] Compiling pem_all.cc
[730/1777] Compiling mlkem.cc
[731/1777] Compiling pem_lib.cc
[732/1777] Compiling poly_rq_mul.S
[733/1777] Compiling mldsa.cc
[734/1777] Compiling fips_shared_support.cc
[735/1777] Compiling md4.cc
[736/1777] Compiling md5.cc
[737/1777] Compiling lhash.cc
[738/1777] Compiling mem.cc
[739/1777] Compiling hpke.cc
[740/1777] Compiling kyber.cc
[741/1777] Compiling scrypt.cc
[742/1777] Compiling ex_data.cc
[743/1777] Compiling sign.cc
[744/1777] Compiling hrss.cc
[745/1777] Compiling print.cc
[746/1777] Compiling pbkdf.cc
[747/1777] Compiling p_x25519.cc
[748/1777] Compiling p_x25519_asn1.cc
[749/1777] Compiling p_ed25519_asn1.cc
[750/1777] Compiling p_rsa_asn1.cc
[751/1777] Compiling p_rsa.cc
[752/1777] Compiling p_ed25519.cc
[753/1777] Compiling p_hkdf.cc
[754/1777] Compiling p_ec.cc
[755/1777] Compiling evp_ctx.cc
[756/1777] Compiling p_dh_asn1.cc
[757/1777] Compiling p_ec_asn1.cc
[758/1777] Compiling p_dh.cc
[759/1777] Compiling evp.cc
[760/1777] Compiling evp_asn1.cc
[761/1777] Compiling engine.cc
[762/1777] Compiling ecdh.cc
[763/1777] Compiling err.cc
[764/1777] Compiling p_dsa_asn1.cc
[765/1777] Compiling hash_to_curve.cc
[766/1777] Compiling dsa.cc
[767/1777] Compiling ecdsa_asn1.cc
[768/1777] Compiling dsa_asn1.cc
[769/1777] Compiling ec_derive.cc
[770/1777] Compiling digest_extra.cc
[771/1777] Compiling params.cc
[772/1777] Compiling ec_asn1.cc
[773/1777] Compiling x25519-asm-arm.S
[774/1777] Compiling des.cc
[775/1777] Compiling curve25519_64_adx.cc
[776/1777] Compiling dh_asn1.cc
[777/1777] Compiling spake25519.cc
[778/1777] Compiling cpu_intel.cc
[779/1777] Compiling crypto.cc
[780/1777] Compiling cpu_arm_linux.cc
[781/1777] Compiling curve25519.cc
[782/1777] Compiling cpu_aarch64_win.cc
[783/1777] Compiling cpu_arm_freebsd.cc
[784/1777] Compiling cpu_aarch64_sysreg.cc
[785/1777] Compiling cpu_aarch64_openbsd.cc
[786/1777] Compiling cpu_aarch64_linux.cc
[787/1777] Compiling conf.cc
[788/1777] Compiling cpu_aarch64_apple.cc
[789/1777] Compiling cpu_aarch64_fuchsia.cc
[790/1777] Compiling get_cipher.cc
[791/1777] Compiling tls_cbc.cc
[792/1777] Compiling e_tls.cc
[793/1777] Compiling bcm.cc
[794/1777] Compiling e_rc4.cc
[795/1777] Compiling e_rc2.cc
[796/1777] Compiling e_null.cc
[797/1777] Compiling e_des.cc
[798/1777] Compiling e_chacha20poly1305.cc
[799/1777] Compiling derive_key.cc
[800/1777] Compiling chacha.cc
[801/1777] Compiling e_aesgcmsiv.cc
[802/1777] Compiling e_aesctrhmac.cc
[803/1777] Compiling unicode.cc
[804/1777] Compiling cbb.cc
[805/1777] Compiling asn1_compat.cc
[806/1777] Compiling ber.cc
[807/1777] Compiling buf.cc
[808/1777] Compiling cbs.cc
[809/1777] Compiling bn_asn1.cc
[810/1777] Compiling convert.cc
[811/1777] Compiling socket.cc
[812/1777] Compiling blake2.cc
[813/1777] Compiling printf.cc
[814/1777] Compiling hexdump.cc
[815/1777] Compiling pair.cc
[816/1777] Compiling socket_helper.cc
[817/1777] Compiling file.cc
[818/1777] Compiling errno.cc
[819/1777] Compiling fd.cc
[820/1777] Compiling connect.cc
[821/1777] Compiling base64.cc
[822/1777] Compiling bio_mem.cc
[823/1777] Compiling bio.cc
[824/1777] Compiling tasn_typ.cc
[825/1777] Compiling tasn_fre.cc
[826/1777] Compiling tasn_utl.cc
[827/1777] Compiling f_string.cc
[828/1777] Compiling f_int.cc
[829/1777] Compiling posix_time.cc
[830/1777] Compiling tasn_new.cc
[831/1777] Compiling tasn_enc.cc
[832/1777] Compiling tasn_dec.cc
[833/1777] Compiling asn1_par.cc
[834/1777] Compiling asn_pack.cc
[835/1777] Compiling a_type.cc
[836/1777] Compiling a_time.cc
[837/1777] Compiling a_strnid.cc
[838/1777] Compiling a_octet.cc
[839/1777] Compiling asn1_lib.cc
[840/1777] Compiling a_strex.cc
[841/1777] Compiling a_utctm.cc
[842/1777] Compiling a_object.cc
[843/1777] Compiling a_mbstr.cc
[844/1777] Compiling a_dup.cc
[845/1777] Compiling a_i2d_fp.cc
[846/1777] Compiling a_d2i_fp.cc
[846/1777] Compiling CGoogleGaxCRC32C CGoogleGaxCRC32C.c
[848/1777] Compiling a_gentm.cc
[849/1777] Compiling fiat_p256_adx_sqr.S
[850/1777] Compiling a_int.cc
[851/1777] Compiling fiat_p256_adx_mul.S
[852/1777] Compiling fiat_curve25519_adx_square.S
[853/1777] Compiling a_bitstr.cc
[854/1777] Compiling a_bool.cc
[855/1777] Compiling fiat_curve25519_adx_mul.S
[856/1777] Compiling md5-x86_64-linux.S
[857/1777] Compiling md5-586-linux.S
[858/1777] Compiling md5-x86_64-apple.S
[859/1777] Compiling md5-586-apple.S
[860/1777] Compiling chacha20_poly1305_x86_64-linux.S
[861/1777] Compiling chacha20_poly1305_armv8-win.S
[862/1777] Compiling chacha20_poly1305_x86_64-apple.S
[863/1777] Compiling chacha20_poly1305_armv8-apple.S
[864/1777] Compiling chacha20_poly1305_armv8-linux.S
[865/1777] Compiling chacha-x86_64-apple.S
[866/1777] Compiling chacha-x86_64-linux.S
[867/1777] Compiling chacha-x86-linux.S
[868/1777] Compiling chacha-x86-apple.S
[869/1777] Compiling chacha-armv8-win.S
[870/1777] Compiling chacha-armv8-apple.S
[871/1777] Compiling chacha-armv4-linux.S
[872/1777] Compiling chacha-armv8-linux.S
[873/1777] Compiling aes128gcmsiv-x86_64-apple.S
[873/1777] Compiling x86_64-mont5-linux.S
[875/1777] Compiling aes128gcmsiv-x86_64-linux.S
[876/1777] Compiling err_data.cc
[877/1777] Compiling x86_64-mont5-apple.S
[878/1777] Compiling x86-mont-apple.S
[879/1777] Compiling x86-mont-linux.S
[880/1777] Compiling x86_64-mont-linux.S
[881/1777] Compiling x86_64-mont-apple.S
[882/1777] Compiling vpaes-x86_64-apple.S
[883/1777] Compiling vpaes-x86-linux.S
[884/1777] Compiling vpaes-x86_64-linux.S
[885/1777] Compiling vpaes-armv8-win.S
[886/1777] Compiling vpaes-x86-apple.S
[887/1777] Compiling vpaes-armv8-apple.S
[888/1777] Compiling vpaes-armv8-linux.S
[889/1777] Compiling vpaes-armv7-linux.S
[890/1777] Compiling sha512-x86_64-apple.S
[891/1777] Compiling sha512-x86_64-linux.S
[892/1777] Compiling sha512-armv8-apple.S
[893/1777] Compiling sha512-armv4-linux.S
[894/1777] Compiling sha512-armv8-win.S
[895/1777] Compiling sha512-586-linux.S
[896/1777] Compiling sha512-armv8-linux.S
[897/1777] Compiling sha512-586-apple.S
[898/1777] Compiling CCryptoBoringSSLShims shims.c
[899/1777] Compiling sha256-x86_64-linux.S
[900/1777] Compiling sha256-x86_64-apple.S
[900/1777] Compiling sha256-armv8-win.S
[902/1777] Compiling sha256-armv8-apple.S
[903/1777] Compiling sha256-armv8-linux.S
[904/1777] Compiling sha256-armv4-linux.S
[905/1777] Compiling sha256-586-linux.S
[906/1777] Compiling sha256-586-apple.S
[907/1777] Compiling sha1-x86_64-apple.S
[908/1777] Compiling sha1-x86_64-linux.S
[909/1777] Compiling sha1-armv8-win.S
[910/1777] Compiling sha1-armv4-large-linux.S
[911/1777] Compiling sha1-armv8-linux.S
[912/1777] Compiling sha1-armv8-apple.S
[913/1777] Compiling rsaz-avx2-linux.S
[914/1777] Compiling sha1-586-linux.S
[915/1777] Compiling sha1-586-apple.S
[916/1777] Compiling rsaz-avx2-apple.S
[917/1777] Compiling rdrand-x86_64-apple.S
[918/1777] Compiling rdrand-x86_64-linux.S
[919/1777] Compiling p256_beeu-x86_64-asm-apple.S
[920/1777] Compiling p256_beeu-armv8-asm-win.S
[921/1777] Compiling p256_beeu-x86_64-asm-linux.S
[922/1777] Compiling p256_beeu-armv8-asm-linux.S
[923/1777] Compiling p256-armv8-asm-win.S
[924/1777] Compiling p256_beeu-armv8-asm-apple.S
[925/1777] Compiling p256-x86_64-asm-linux.S
[926/1777] Compiling p256-x86_64-asm-apple.S
[927/1777] Compiling p256-armv8-asm-linux.S
[928/1777] Compiling ghashv8-armv8-win.S
[929/1777] Compiling ghashv8-armv8-linux.S
[930/1777] Compiling p256-armv8-asm-apple.S
[931/1777] Compiling ghashv8-armv8-apple.S
[932/1777] Compiling ghashv8-armv7-linux.S
[933/1777] Compiling ghash-x86_64-linux.S
[934/1777] Compiling ghash-x86-linux.S
[934/1777] Compiling ghash-x86-apple.S
[936/1777] Compiling ghash-x86_64-apple.S
[937/1777] Compiling ghash-ssse3-x86_64-linux.S
[938/1777] Compiling ghash-ssse3-x86_64-apple.S
[939/1777] Compiling ghash-ssse3-x86-linux.S
[940/1777] Compiling ghash-ssse3-x86-apple.S
[941/1777] Compiling ghash-neon-armv8-win.S
[942/1777] Compiling ghash-neon-armv8-linux.S
[943/1777] Compiling ghash-neon-armv8-apple.S
[944/1777] Compiling ghash-armv4-linux.S
[945/1777] Compiling co-586-linux.S
[946/1777] Compiling bsaes-armv7-linux.S
[947/1777] Compiling co-586-apple.S
[948/1777] Compiling bn-armv8-win.S
[949/1777] Compiling bn-armv8-linux.S
[950/1777] Compiling bn-586-linux.S
[951/1777] Compiling bn-586-apple.S
[952/1777] Compiling bn-armv8-apple.S
[953/1777] Compiling armv8-mont-apple.S
[954/1777] Compiling armv8-mont-win.S
[955/1777] Compiling armv8-mont-linux.S
[956/1777] Compiling aesv8-gcm-armv8-win.S
[957/1777] Compiling aesv8-gcm-armv8-linux.S
[958/1777] Compiling aesv8-armv8-win.S
[959/1777] Compiling aesv8-armv8-linux.S
[960/1777] Compiling armv4-mont-linux.S
[961/1777] Compiling aesv8-gcm-armv8-apple.S
[962/1777] Compiling aesv8-armv8-apple.S
[963/1777] Compiling aesv8-armv7-linux.S
[964/1777] Compiling aesni-x86_64-apple.S
[965/1777] Compiling aesni-x86-apple.S
[966/1777] Compiling aesni-x86_64-linux.S
[967/1777] Compiling aesni-x86-linux.S
[968/1777] Compiling aesni-gcm-x86_64-linux.S
[969/1777] Compiling aes-gcm-avx512-x86_64-linux.S
[970/1777] Compiling aesni-gcm-x86_64-apple.S
[971/1777] Compiling aes-gcm-avx512-x86_64-apple.S
[972/1777] Compiling aes-gcm-avx2-x86_64-linux.S
[973/1777] Compiling aes-gcm-avx2-x86_64-apple.S
[974/1777] Compiling c-nioatomics.c
[975/1777] Compiling x_req.cc
[976/1777] Compiling c-atomics.c
[977/1777] Compiling x_spki.cc
[978/1777] Compiling xwing.cc
[979/1777] Compiling x_sig.cc
[980/1777] Compiling x_x509.cc
[981/1777] Compiling x_x509a.cc
[982/1784] Compiling x_pubkey.cc
[983/1784] Compiling x_name.cc
[984/1784] Compiling x_exten.cc
[985/1784] Compiling x_attrib.cc
[986/1784] Compiling x_crl.cc
[987/1784] Compiling x_all.cc
[988/1784] Compiling x_algor.cc
[989/1784] Compiling x509spki.cc
[990/1784] Compiling x509name.cc
[991/1784] Compiling x509rset.cc
[992/1784] Compiling x509_vpm.cc
[993/1784] Compiling x509cset.cc
[994/1784] Compiling x509_v3.cc
[995/1784] Compiling x509_vfy.cc
[996/1784] Compiling x509_txt.cc
[997/1784] Compiling x509_set.cc
[999/1784] Compiling NIOConcurrencyHelpers NIOAtomic.swift
[1000/1784] Compiling NIOConcurrencyHelpers atomics.swift
[1001/1784] Emitting module NIOConcurrencyHelpers
[1002/1784] Compiling NIOConcurrencyHelpers NIOThreadPoolWorkAvailable.swift
[1003/1784] Compiling NIOConcurrencyHelpers NIOLock.swift
[1004/1784] Compiling NIOConcurrencyHelpers NIOLockedValueBox.swift
[1005/1784] Compiling NIOConcurrencyHelpers lock.swift
[1005/1784] Compiling x509_trs.cc
[1007/1785] Compiling x509_obj.cc
[1008/1785] Compiling x509_req.cc
[1009/1785] Compiling x509_lu.cc
[1010/1785] Compiling x509_def.cc
[1011/1785] Compiling x509_ext.cc
[1012/1785] Wrapping AST for NIOConcurrencyHelpers for debugging
[1013/1785] Compiling x509_d2.cc
[1014/1785] Compiling x509_cmp.cc
[1015/1785] Compiling x509_att.cc
[1016/1785] Compiling x509.cc
[1017/1785] Compiling v3_utl.cc
[1018/1785] Compiling v3_prn.cc
[1019/1785] Compiling v3_skey.cc
[1020/1785] Compiling v3_pmaps.cc
[1021/1785] Compiling v3_purp.cc
[1022/1785] Compiling v3_pcons.cc
[1023/1785] Compiling v3_int.cc
[1024/1785] Compiling v3_info.cc
[1025/1785] Compiling v3_ocsp.cc
[1026/1785] Compiling v3_ncons.cc
[1027/1785] Compiling v3_lib.cc
[1028/1785] Compiling v3_ia5.cc
[1029/1785] Compiling v3_genn.cc
[1030/1785] Compiling v3_extku.cc
[1031/1785] Compiling v3_enum.cc
[1032/1785] Compiling v3_crld.cc
[1033/1785] Compiling v3_bcons.cc
[1034/1785] Compiling v3_bitst.cc
[1035/1785] Compiling v3_conf.cc
[1036/1785] Compiling v3_cpols.cc
[1037/1785] Compiling v3_alt.cc
[1038/1785] Compiling v3_akey.cc
[1039/1785] Compiling v3_akeya.cc
[1040/1785] Compiling t_crl.cc
[1041/1785] Compiling t_x509a.cc
[1042/1785] Compiling t_req.cc
[1043/1785] Compiling rsa_pss.cc
[1044/1785] Compiling t_x509.cc
[1045/1785] Compiling policy.cc
[1046/1785] Compiling i2d_pr.cc
[1047/1785] Compiling name_print.cc
[1048/1785] Compiling by_file.cc
[1049/1785] Compiling asn1_gen.cc
[1050/1785] Compiling by_dir.cc
[1051/1785] Compiling algorithm.cc
[1052/1785] Compiling a_sign.cc
[1053/1785] Compiling a_verify.cc
[1054/1785] Compiling a_digest.cc
[1055/1785] Compiling thread_win.cc
[1056/1785] Compiling thread_pthread.cc
[1057/1785] Compiling thread.cc
[1058/1785] Compiling trust_token.cc
[1059/1785] Compiling voprf.cc
[1060/1785] Compiling thread_none.cc
[1061/1785] Compiling pmbtoken.cc
[1062/1785] Compiling stack.cc
[1063/1785] Compiling sha256.cc
[1064/1785] Compiling siphash.cc
[1065/1785] Compiling rsa_print.cc
[1066/1785] Compiling sha512.cc
[1067/1785] Compiling spake2plus.cc
[1067/1785] Compiling slhdsa.cc
[1069/1785] Compiling rsa_extra.cc
[1070/1785] Compiling sha1.cc
[1071/1785] Compiling refcount.cc
[1072/1785] Compiling rsa_crypt.cc
[1073/1785] Compiling rc4.cc
[1074/1785] Compiling trusty.cc
[1075/1785] Compiling windows.cc
[1076/1785] Compiling urandom.cc
[1077/1785] Compiling rand.cc
[1078/1785] Compiling passive.cc
[1079/1785] Compiling rsa_asn1.cc
[1080/1785] Compiling getentropy.cc
[1081/1785] Compiling ios.cc
[1082/1785] Compiling poly1305_arm_asm.S
[1083/1785] Compiling fork_detect.cc
[1084/1785] Compiling forkunsafe.cc
[1085/1785] Compiling deterministic.cc
[1086/1785] Compiling pool.cc
[1087/1785] Compiling poly1305_vec.cc
[1088/1785] Compiling poly1305_arm.cc
[1089/1785] Compiling poly1305.cc
[1090/1785] Compiling pkcs8.cc
[1091/1785] Compiling p5_pbev2.cc
[1092/1785] Compiling pkcs8_x509.cc
[1093/1785] Compiling pkcs7.cc
[1094/1785] Compiling pkcs7_x509.cc
[1095/1785] Compiling pem_xaux.cc
[1096/1785] Compiling pem_pkey.cc
[1097/1785] Compiling pem_x509.cc
[1098/1785] Compiling pem_oth.cc
[1099/1785] Compiling mlkem.cc
[1100/1785] Compiling pem_info.cc
[1101/1785] Compiling obj_xref.cc
[1102/1785] Compiling pem_lib.cc
[1103/1785] Compiling pem_pk8.cc
[1104/1785] Compiling pem_all.cc
[1105/1785] Compiling obj.cc
[1106/1785] Compiling mldsa.cc
[1107/1785] Compiling mem.cc
[1108/1785] Compiling poly_rq_mul.S
[1109/1785] Compiling fips_shared_support.cc
[1110/1785] Compiling lhash.cc
[1111/1785] Compiling md5.cc
[1112/1785] Compiling fuzzer_mode.cc
[1113/1785] Compiling md4.cc
[1114/1785] Compiling kyber.cc
[1115/1785] Compiling ex_data.cc
[1116/1785] Compiling hrss.cc
[1117/1785] Compiling hpke.cc
[1118/1785] Compiling sign.cc
[1119/1785] Compiling scrypt.cc
[1120/1785] Compiling print.cc
[1121/1785] Compiling pbkdf.cc
[1122/1785] Compiling p_x25519.cc
[1123/1785] Compiling p_x25519_asn1.cc
[1124/1785] Compiling p_ed25519_asn1.cc
[1125/1785] Compiling p_hkdf.cc
[1126/1785] Compiling p_rsa_asn1.cc
[1127/1785] Compiling p_rsa.cc
[1128/1785] Compiling p_ed25519.cc
[1129/1785] Compiling p_ec_asn1.cc
[1130/1785] Compiling evp_ctx.cc
[1131/1785] Compiling p_dh.cc
[1132/1785] Compiling p_ec.cc
[1133/1785] Compiling p_dh_asn1.cc
[1134/1785] Compiling p_dsa_asn1.cc
[1135/1785] Compiling evp.cc
[1136/1785] Compiling ecdsa_p1363.cc
[1137/1785] Compiling engine.cc
[1138/1785] Compiling err.cc
[1139/1785] Compiling evp_asn1.cc
[1140/1785] Compiling ecdh.cc
[1141/1785] Compiling ecdsa_asn1.cc
[1142/1785] Compiling hash_to_curve.cc
[1143/1785] Compiling ec_derive.cc
[1144/1785] Compiling dsa.cc
[1145/1785] Compiling ec_asn1.cc
[1146/1785] Compiling dsa_asn1.cc
[1147/1785] Compiling digest_extra.cc
[1148/1785] Compiling x25519-asm-arm.S
[1149/1785] Compiling dh_asn1.cc
[1150/1785] Compiling params.cc
[1151/1785] Compiling des.cc
[1152/1785] Compiling curve25519_64_adx.cc
[1153/1785] Compiling cpu_intel.cc
[1154/1785] Compiling crypto.cc
[1155/1785] Compiling spake25519.cc
[1156/1785] Compiling cpu_arm_linux.cc
[1157/1785] Compiling curve25519.cc
[1158/1785] Compiling cpu_arm_freebsd.cc
[1159/1785] Compiling cpu_aarch64_sysreg.cc
[1160/1785] Compiling cpu_aarch64_win.cc
[1161/1785] Compiling cpu_aarch64_openbsd.cc
[1162/1785] Compiling cpu_aarch64_linux.cc
[1163/1785] Compiling conf.cc
[1164/1785] Compiling cpu_aarch64_apple.cc
[1165/1785] Compiling cpu_aarch64_fuchsia.cc
[1166/1785] Compiling tls_cbc.cc
[1167/1785] Compiling get_cipher.cc
[1168/1785] Compiling e_null.cc
[1169/1785] Compiling e_tls.cc
[1170/1785] Compiling e_rc2.cc
[1171/1785] Compiling e_rc4.cc
[1172/1785] Compiling cms.cc
[1173/1785] Compiling e_aesgcmsiv.cc
[1174/1785] Compiling e_des.cc
[1175/1785] Compiling e_aeseax.cc
[1176/1785] Compiling e_chacha20poly1305.cc
[1177/1785] Compiling derive_key.cc
[1178/1785] Compiling e_aesctrhmac.cc
[1179/1785] Compiling chacha.cc
[1180/1785] Compiling cbs.cc
[1181/1785] Compiling unicode.cc
[1182/1785] Compiling cbb.cc
[1183/1785] Compiling buf.cc
[1184/1785] Compiling ber.cc
[1185/1785] Compiling asn1_compat.cc
[1186/1785] Compiling sqrt.cc
[1187/1785] Compiling exponentiation.cc
[1188/1785] Compiling div.cc
[1189/1785] Compiling bn_asn1.cc
[1190/1785] Compiling printf.cc
[1191/1785] Compiling blake2.cc
[1192/1785] Compiling convert.cc
[1193/1785] Compiling pair.cc
[1194/1785] Compiling hexdump.cc
[1195/1785] Compiling file.cc
[1196/1785] Compiling errno.cc
[1197/1785] Compiling fd.cc
[1198/1785] Compiling base64.cc
[1199/1785] Compiling bio_mem.cc
[1200/1785] Compiling bio.cc
[1201/1785] Compiling tasn_typ.cc
[1202/1785] Compiling tasn_utl.cc
[1203/1785] Compiling tasn_fre.cc
[1204/1785] Compiling tasn_enc.cc
[1205/1785] Compiling asn_pack.cc
[1206/1785] Compiling f_int.cc
[1207/1785] Compiling posix_time.cc
[1208/1785] Compiling tasn_new.cc
[1209/1785] Compiling tasn_dec.cc
[1210/1785] Compiling asn1_par.cc
[1211/1785] Compiling a_time.cc
[1212/1785] Compiling asn1_lib.cc
[1213/1785] Compiling a_type.cc
[1214/1785] Compiling a_octet.cc
[1215/1785] Compiling a_utctm.cc
[1216/1785] Write sources
[1218/1785] Compiling a_strnid.cc
[1219/1785] Write sources
[1222/1785] Compiling a_strex.cc
[1223/1785] Write sources
[1241/1785] Compiling a_object.cc
[1242/1785] Compiling a_i2d_fp.cc
[1243/1785] Write sources
[1251/1785] Compiling a_int.cc
[1252/1785] Write sources
[1267/1785] Compiling a_mbstr.cc
[1268/1785] Write sources
[1328/1785] Compiling bcm.cc
[1330/1836] Compiling Algorithms AdjacentPairs.swift
[1331/1836] Compiling Algorithms Chain.swift
[1332/1838] Compiling Algorithms Rotate.swift
[1333/1838] Compiling Algorithms Joined.swift
[1334/1838] Compiling Algorithms Keyed.swift
[1335/1838] Compiling Algorithms MinMax.swift
[1336/1838] Compiling Algorithms Compacted.swift
[1337/1838] Compiling Atomics AtomicStorage.swift
[1338/1838] Compiling Atomics AtomicValue.swift
[1339/1838] Compiling Atomics AtomicInteger.swift
[1340/1838] Compiling Atomics AtomicOptionalWrappable.swift
[1341/1838] Compiling Algorithms Intersperse.swift
[1342/1838] Compiling Atomics IntegerOperations.swift
[1343/1838] Compiling Atomics Unmanaged extensions.swift
[1344/1838] Compiling Algorithms RandomSample.swift
[1345/1838] Compiling Algorithms Reductions.swift
[1351/1841] Compiling Algorithms Partition.swift
[1352/1841] Compiling Algorithms Permutations.swift
[1353/1841] Compiling Algorithms Product.swift
[1358/1841] Compiling Algorithms Stride.swift
[1359/1841] Compiling Algorithms Suffix.swift
[1360/1841] Compiling Algorithms Trim.swift
[1361/1841] Compiling Algorithms Unique.swift
[1362/1841] Compiling Algorithms Windows.swift
[1365/1841] Compiling Algorithms Chunked.swift
[1366/1841] Compiling Algorithms Combinations.swift
[1369/1841] Compiling Atomics Primitives.native.swift
[1370/1841] Emitting module Atomics
[1374/1842] Emitting module Algorithms
[1379/1843] Wrapping AST for Atomics for debugging
[1380/1843] Wrapping AST for Algorithms for debugging
[1382/1907] Compiling CryptoBoringWrapper RandomBytes.swift
[1383/1907] Compiling CryptoBoringWrapper FiniteFieldArithmeticContext.swift
[1384/1907] Compiling CryptoBoringWrapper CryptoKitErrors_boring.swift
[1385/1907] Compiling CryptoBoringWrapper BoringSSLAEAD.swift
[1386/1907] Emitting module CryptoBoringWrapper
[1387/1907] Compiling CryptoBoringWrapper EllipticCurve.swift
[1388/1907] Compiling CryptoBoringWrapper ArbitraryPrecisionInteger.swift
[1389/1907] Compiling CryptoBoringWrapper EllipticCurvePoint.swift
[1390/1908] Wrapping AST for CryptoBoringWrapper for debugging
[1392/1992] Emitting module Crypto
[1393/2003] Compiling Crypto HKDF.swift
[1394/2003] Compiling Crypto AESWrap.swift
[1395/2003] Compiling Crypto AESWrap_boring.swift
[1396/2003] Compiling Crypto Ed25519_boring.swift
[1397/2003] Compiling Crypto NISTCurvesKeys_boring.swift
[1398/2003] Compiling Crypto X25519Keys_boring.swift
[1399/2003] Compiling Crypto Curve25519.swift
[1400/2003] Compiling Crypto Ed25519Keys.swift
[1401/2003] Compiling Crypto NISTCurvesKeys.swift
[1402/2003] Compiling Crypto X25519Keys.swift
[1403/2003] Compiling Crypto SymmetricKeys.swift
[1404/2003] Compiling Crypto HMAC.swift
[1405/2003] Compiling Crypto ASN1Null.swift
[1406/2003] Compiling Crypto ASN1OctetString.swift
[1407/2003] Compiling Crypto ASN1Strings.swift
[1408/2003] Compiling Crypto ArraySliceBigint.swift
[1409/2003] Compiling Crypto GeneralizedTime.swift
[1410/2003] Compiling Crypto ObjectIdentifier.swift
[1411/2003] Compiling Crypto ECDSASignature.swift
[1412/2003] Compiling Crypto PEMDocument.swift
[1413/2003] Compiling Crypto PKCS8PrivateKey.swift
[1414/2003] Compiling Crypto SEC1PrivateKey.swift
[1415/2003] Compiling Crypto SubjectPublicKeyInfo.swift
[1416/2003] Compiling Crypto CryptoError_boring.swift
[1417/2003] Compiling Crypto MACFunctions.swift
[1418/2003] Compiling Crypto MessageAuthenticationCode.swift
[1419/2003] Compiling Crypto AES.swift
[1420/2003] Compiling Crypto ECDSASignature_boring.swift
[1421/2003] Compiling Crypto ECDSA_boring.swift
[1422/2003] Compiling Crypto EdDSA_boring.swift
[1423/2003] Compiling Crypto MLDSA_boring.swift
[1424/2003] Compiling Crypto MLDSA_wrapper.swift
[1425/2003] Compiling Crypto ECDSA.swift
[1426/2003] Compiling Crypto Ed25519.swift
[1427/2003] Compiling Crypto MLDSA.swift
[1428/2003] Compiling Crypto XWing.swift
[1429/2003] Compiling Crypto ECDH_boring.swift
[1430/2003] Compiling Crypto DH.swift
[1431/2003] Compiling Crypto ECDH.swift
[1432/2003] Compiling Crypto ANSIx963.swift
[1433/2003] Compiling Crypto HPKE-LabeledExtract.swift
[1434/2003] Compiling Crypto HPKE-Utils.swift
[1435/2003] Compiling Crypto DHKEM.swift
[1436/2003] Compiling Crypto HPKE-KEM-Curve25519.swift
[1437/2011] Compiling Crypto Signature.swift
[1438/2011] Compiling Crypto CryptoKitErrors_boring.swift
[1439/2011] Compiling Crypto Optional+withUnsafeBytes_boring.swift
[1440/2011] Compiling Crypto RNG_boring.swift
[1441/2011] Compiling Crypto SafeCompare_boring.swift
[1442/2011] Compiling Crypto Zeroization_boring.swift
[1443/2011] Compiling Crypto _CryptoModuleAnchor.swift
[1444/2011] Compiling Crypto PrettyBytes.swift
[1445/2011] Compiling Crypto SafeCompare.swift
[1446/2011] Compiling Crypto SecureBytes.swift
[1447/2011] Compiling Crypto Zeroization.swift
[1448/2011] Compiling Crypto AES-GCM.swift
[1449/2011] Compiling Crypto AES-GCM_boring.swift
[1450/2011] Compiling Crypto ChaChaPoly_boring.swift
[1451/2011] Compiling Crypto ChaChaPoly.swift
[1452/2011] Compiling Crypto Cipher.swift
[1453/2011] Compiling Crypto Nonces.swift
[1454/2011] Compiling Crypto ASN1.swift
[1455/2011] Compiling Crypto ASN1Any.swift
[1456/2011] Compiling Crypto ASN1BitString.swift
[1457/2011] Compiling Crypto ASN1Boolean.swift
[1458/2011] Compiling Crypto ASN1Identifier.swift
[1459/2011] Compiling Crypto ASN1Integer.swift
[1464/2011] Compiling NIOCore SingleStepByteToMessageDecoder.swift
[1465/2011] Compiling NIOCore SocketAddresses.swift
[1466/2011] Compiling NIOCore SocketOptionProvider.swift
[1467/2011] Compiling NIOCore SystemCallHelpers.swift
[1468/2011] Compiling NIOCore TimeAmount+Duration.swift
[1469/2011] Compiling NIOCore TypeAssistedChannelHandler.swift
[1470/2011] Compiling NIOCore UniversalBootstrapSupport.swift
[1471/2011] Compiling NIOCore Utilities.swift
[1472/2011] Compiling Crypto Insecure_HashFunctions.swift
[1473/2011] Compiling Crypto MLKEM_boring.swift
[1474/2011] Compiling Crypto MLKEM_wrapper.swift
[1475/2011] Compiling Crypto XWing_boring.swift
[1476/2011] Compiling Crypto KEM-Errors.swift
[1477/2011] Compiling Crypto KEM.swift
[1478/2011] Compiling Crypto MLKEM.swift
[1484/2011] Compiling Crypto CryptoKitErrors.swift
[1485/2011] Compiling Crypto Digest_boring.swift
[1486/2011] Compiling Crypto Digest.swift
[1487/2011] Compiling Crypto Digests.swift
[1488/2011] Compiling Crypto HashFunctions.swift
[1489/2011] Compiling Crypto HashFunctions_SHA2.swift
[1490/2011] Compiling Crypto HashFunctions_SHA3.swift
[1491/2011] Compiling Crypto Digest_xkcp.swift
[1492/2011] Compiling Crypto HPKE-AEAD.swift
[1493/2011] Compiling Crypto HPKE-Ciphersuite.swift
[1494/2011] Compiling Crypto HPKE-KDF.swift
[1495/2011] Compiling Crypto HPKE-KexKeyDerivation.swift
[1505/2012] Wrapping AST for Crypto for debugging
[1507/2074] Compiling CryptoExtras ARCServer.swift
[1508/2074] Compiling CryptoExtras ChaCha20CTR_boring.swift
[1509/2074] Compiling CryptoExtras ChaCha20CTR.swift
[1510/2074] Compiling CryptoExtras BoringSSLSHA512256Context.swift
[1511/2074] Compiling CryptoExtras BoringSSLSHA512256HashFunction.swift
[1512/2074] Compiling CryptoExtras SHA512256.swift
[1513/2074] Compiling CryptoExtras SHA512256Digest.swift
[1514/2074] Compiling CryptoExtras Curve25519+PEM.swift
[1515/2074] Compiling CryptoExtras ObjectIdentifier.swift
[1524/2074] Compiling CryptoExtras CMAC.swift
[1525/2074] Compiling CryptoExtras ARC+API.swift
[1526/2074] Compiling CryptoExtras ARC.swift
[1527/2074] Compiling CryptoExtras ARCCredential.swift
[1528/2074] Compiling CryptoExtras ARCEncoding.swift
[1529/2074] Compiling CryptoExtras ARCPrecredential.swift
[1530/2074] Compiling CryptoExtras ARCPresentation.swift
[1531/2074] Compiling CryptoExtras ARCRequest.swift
[1532/2074] Compiling CryptoExtras ARCResponse.swift
[1533/2074] Compiling CryptoExtras PKCS8DERRepresentation.swift
[1534/2074] Compiling CryptoExtras PKCS8PrivateKey.swift
[1535/2074] Compiling CryptoExtras RFC8410AlgorithmIdentifier.swift
[1536/2074] Compiling CryptoExtras ECToolbox_boring.swift
[1537/2074] Compiling CryptoExtras ECToolbox.swift
[1538/2074] Compiling CryptoExtras HashToField.swift
[1539/2074] Compiling CryptoExtras KDF.swift
[1540/2074] Compiling CryptoExtras PBKDF2_boring.swift
[1541/2074] Compiling CryptoExtras PBKDF2_commoncrypto.swift
[1542/2074] Compiling CryptoExtras Scrypt_boring.swift
[1543/2074] Compiling CryptoExtras Scrypt.swift
[1544/2074] Compiling CryptoExtras OPRF.swift
[1545/2074] Compiling CryptoExtras OPRFClient.swift
[1546/2074] Compiling CryptoExtras OPRFServer.swift
[1547/2074] Compiling CryptoExtras VOPRF+API.swift
[1548/2074] Compiling CryptoExtras VOPRFClient.swift
[1549/2074] Compiling CryptoExtras VOPRFServer.swift
[1550/2074] Compiling CryptoExtras Data+Extensions.swift
[1551/2074] Compiling CryptoExtras BoringSSLPassphraseCallbackManager.swift
[1552/2074] Compiling CryptoExtras RSA+BlindSigning.swift
[1553/2074] Compiling CryptoExtras RSA.swift
[1554/2074] Compiling CryptoExtras RSA_boring.swift
[1555/2074] Compiling CryptoExtras Reexport.swift
[1556/2074] Compiling CryptoExtras Zeroization_boring.swift
[1557/2074] Compiling CryptoExtras BoringSSLHelpers.swift
[1558/2074] Compiling CryptoExtras CryptoKitErrors_boring.swift
[1559/2074] Compiling CryptoExtras PBKDF2.swift
[1569/2082] Emitting module CryptoExtras
[1571/2082] Compiling CryptoExtras DigestType.swift
[1572/2082] Compiling CryptoExtras Error.swift
[1573/2082] Compiling CryptoExtras I2OSP.swift
[1574/2082] Compiling CryptoExtras IntegerEncoding.swift
[1575/2082] Compiling CryptoExtras PEMDocument.swift
[1576/2082] Compiling CryptoExtras PrettyBytes.swift
[1577/2082] Compiling CryptoExtras SubjectPublicKeyInfo.swift
[1578/2082] Emitting module NIOCore
[1580/2083] Compiling CryptoExtras AES_CBC.swift
[1581/2083] Compiling CryptoExtras AES_CFB.swift
[1582/2083] Compiling CryptoExtras AES_CTR.swift
[1583/2083] Compiling CryptoExtras AES_GCM_SIV.swift
[1584/2083] Compiling CryptoExtras Block Function.swift
[1585/2083] Compiling CryptoExtras AES_CBC_boring.swift
[1586/2083] Compiling CryptoExtras AES_CFB_boring.swift
[1587/2083] Compiling CryptoExtras AES_CTR_boring.swift
[1588/2083] Compiling CryptoExtras AES_GCM_SIV_boring.swift
[1588/2083] Wrapping AST for NIOCore for debugging
[1590/2133] Compiling NIOFoundationEssentialsCompat Codable+ByteBuffer.swift
[1591/2140] Compiling CryptoExtras ThreadOps.swift
[1592/2140] Compiling CryptoExtras ThreadPosix.swift
[1593/2140] Compiling CryptoExtras ThreadSpecific.swift
[1594/2140] Compiling CryptoExtras ThreadWindows.swift
[1595/2140] Compiling CryptoExtras DLEQ.swift
[1596/2140] Compiling CryptoExtras Prover.swift
[1597/2140] Compiling CryptoExtras Verifier.swift
[1598/2140] Compiling CryptoExtras ZKPToolbox.swift
[1599/2140] Compiling NIOPosix SelectableChannel.swift
[1600/2140] Compiling NIOPosix SelectableEventLoop.swift
[1601/2140] Compiling NIOPosix SelectorEpoll.swift
[1602/2140] Compiling NIOPosix SelectorGeneric.swift
[1603/2140] Compiling NIOPosix SelectorKqueue.swift
[1604/2140] Compiling NIOPosix SelectorUring.swift
[1605/2140] Compiling NIOPosix PipeChannel.swift
[1606/2140] Compiling NIOPosix PipePair.swift
[1607/2140] Compiling NIOPosix Pool.swift
[1608/2140] Compiling NIOPosix PosixSingletons+ConcurrencyTakeOver.swift
[1609/2140] Compiling NIOPosix PosixSingletons.swift
[1610/2140] Compiling NIOPosix RawSocketBootstrap.swift
[1611/2140] Compiling NIOPosix Resolver.swift
[1616/2140] Compiling NIOPosix IntegerBitPacking.swift
[1617/2140] Compiling NIOPosix IntegerTypes.swift
[1618/2140] Compiling NIOPosix Linux.swift
[1619/2140] Compiling NIOPosix LinuxCPUSet.swift
[1620/2140] Compiling NIOPosix LinuxUring.swift
[1621/2140] Compiling NIOPosix BaseStreamSocketChannel.swift
[1622/2140] Compiling NIOPosix Bootstrap.swift
[1623/2140] Compiling NIOPosix ControlMessage.swift
[1624/2140] Compiling NIOPosix DatagramVectorReadManager.swift
[1625/2140] Compiling NIOPosix Errors+Any.swift
[1626/2140] Compiling NIOPosix FileDescriptor.swift
[1627/2140] Compiling NIOPosix GetaddrinfoResolver.swift
[1628/2140] Compiling NIOPosix MultiThreadedEventLoopGroup.swift
[1629/2140] Compiling NIOPosix NIOPosixSendableMetatype.swift
[1630/2140] Compiling NIOPosix NIORandomizedDNSResolver.swift
[1631/2140] Compiling NIOPosix NIOThreadPool.swift
[1632/2140] Compiling NIOPosix NonBlockingFileIO.swift
[1633/2140] Compiling NIOPosix PendingDatagramWritesManager.swift
[1635/2141] Compiling NIOEmbedded AsyncTestingEventLoop.swift
[1635/2141] Wrapping AST for CryptoExtras for debugging
[1637/2143] Compiling NIOFoundationEssentialsCompat ByteBuffer-foundation.swift
[1638/2143] Emitting module NIOFoundationEssentialsCompat
[1640/2144] Emitting module _CryptoExtras
[1641/2144] Compiling _CryptoExtras Exports.swift
[1641/2144] Wrapping AST for NIOFoundationEssentialsCompat for debugging
[1644/2145] Compiling NIOEmbedded Embedded.swift
[1645/2145] Emitting module NIOEmbedded
[1646/2145] Compiling NIOEmbedded AsyncTestingChannel.swift
[1647/2146] Wrapping AST for _CryptoExtras for debugging
[1648/2146] Wrapping AST for NIOEmbedded for debugging
[1650/2241] Emitting module NIOPosix
[1651/2248] Compiling X509 Lock.swift
[1652/2248] Compiling X509 LockedValueBox.swift
[1653/2248] Compiling X509 BasicOCSPResponse.swift
[1654/2248] Compiling X509 DirectoryString.swift
[1655/2248] Compiling X509 OCSPCertID.swift
[1656/2248] Compiling X509 OCSPCertStatus.swift
[1657/2248] Compiling X509 DomainComponent.swift
[1658/2248] Compiling X509 NameConstraints.swift
[1659/2248] Compiling X509 SubjectAlternativeName.swift
[1660/2248] Compiling X509 SubjectKeyIdentifier.swift
[1661/2248] Compiling X509 Extension.swift
[1662/2248] Compiling X509 Extensions.swift
[1663/2248] Compiling X509 ExtensionsBuilder.swift
[1664/2248] Compiling X509 GeneralName.swift
[1665/2248] Compiling NIOPosix Thread.swift
[1666/2248] Compiling NIOPosix ThreadPosix.swift
[1667/2248] Compiling NIOPosix ThreadWindows.swift
[1668/2248] Compiling NIOPosix Utilities.swift
[1669/2248] Compiling NIOPosix VsockAddress.swift
[1670/2248] Compiling NIOPosix VsockChannelEvents.swift
[1671/2248] Compiling NIOPosix Windows.swift
[1672/2248] Compiling X509 EmailAddress.swift
[1673/2248] Compiling X509 LocalityName.swift
[1674/2248] Compiling X509 OrganizationName.swift
[1675/2248] Compiling X509 OrganizationalUnitName.swift
[1676/2248] Compiling X509 StateOrProvinceName.swift
[1677/2248] Compiling X509 StreetAddress.swift
[1678/2248] Compiling X509 Error.swift
[1679/2248] Compiling X509 CertificatePrivateKey.swift
[1680/2248] Compiling X509 CertificatePublicKey.swift
[1681/2248] Compiling X509 CertificateSerialNumber.swift
[1682/2248] Compiling X509 CertificateVersion.swift
[1683/2248] Compiling X509 CMSAttribute.swift
[1684/2248] Compiling X509 CMSContentInfo.swift
[1685/2248] Compiling X509 CMSEncapsulatedContentInfo.swift
[1686/2248] Compiling X509 CMSIssuerAndSerialNumber.swift
[1687/2248] Compiling X509 CMSOperations.swift
[1688/2248] Compiling X509 CMSSignature.swift
[1689/2248] Compiling X509 CMSSignedData.swift
[1690/2248] Compiling X509 CMSSignerIdentifier.swift
[1691/2248] Compiling X509 CMSSignerInfo.swift
[1692/2248] Compiling X509 CMSVersion.swift
[1693/2248] Compiling X509 CSRAttribute.swift
[1694/2248] Compiling X509 CSRAttributes.swift
[1695/2248] Compiling X509 CSRVersion.swift
[1696/2248] Compiling X509 CertificateSigningRequest.swift
[1697/2248] Compiling X509 CertificationRequestInfo.swift
[1698/2248] Compiling X509 ExtensionRequest.swift
[1699/2248] Compiling X509 Certificate.swift
[1700/2248] Compiling X509 Curve25519+DER.swift
[1701/2248] Compiling X509 CustomPrivateKey.swift
[1702/2248] Compiling X509 Digests.swift
[1703/2248] Compiling X509 DistinguishedName.swift
[1704/2248] Compiling X509 CommonName.swift
[1705/2248] Compiling X509 CountryName.swift
[1706/2248] Compiling X509 DNBuilder.swift
[1707/2249] Wrapping AST for NIOPosix for debugging
[1709/2251] Emitting module NIO
[1710/2251] Compiling NIO Exports.swift
[1711/2252] Wrapping AST for NIO for debugging
[1713/2291] Compiling NIOTLS TLSEvents.swift
[1714/2291] Emitting module NIOTLS
[1715/2291] Compiling NIOTLS ApplicationProtocolNegotiationHandler.swift
[1716/2291] Compiling NIOFoundationCompat Exports.swift
[1717/2291] Compiling NIOFoundationCompat JSONSerialization+ByteBuffer.swift
[1718/2291] Emitting module NIOFoundationCompat
[1719/2291] Compiling NIOFoundationCompat WaitSpinningRunLoop.swift
[1721/2292] Compiling NIOSOCKS SOCKSResponse.swift
[1722/2293] Compiling NIOSOCKS SelectedAuthenticationMethod.swift
[1723/2293] Compiling NIOSOCKS ClientStateMachine.swift
[1724/2293] Compiling NIOSOCKS Errors.swift
[1725/2293] Compiling NIOSOCKS Helpers.swift
[1726/2293] Compiling NIOSOCKS Messages.swift
[1727/2293] Compiling NIOSOCKS SOCKSRequest.swift
[1728/2293] Compiling NIOHTTP1 HTTPTypedPipelineSetup.swift
[1729/2293] Compiling NIOHTTP1 HTTPTypes.swift
[1742/2296] Compiling NIOTLS ProtocolNegotiationHandlerStateMachine.swift
[1743/2296] Compiling NIOTLS NIOTypedApplicationProtocolNegotiationHandler.swift
[1744/2297] Compiling NIOTLS SNIHandler.swift
[1744/2307] Wrapping AST for NIOFoundationCompat for debugging
[1746/2307] Wrapping AST for NIOTLS for debugging
[1748/2307] Compiling NIOSOCKS SOCKSClientHandler.swift
[1749/2307] Compiling NIOSOCKS SOCKSServerHandshakeHandler.swift
[1750/2307] Compiling NIOSOCKS AuthenticationMethod.swift
[1751/2307] Compiling NIOSOCKS ClientGreeting.swift
[1752/2307] Emitting module NIOSOCKS
[1755/2335] Compiling NIOSOCKS ServerStateMachine.swift
[1756/2336] Compiling NIOSSL LinuxCABundle.swift
[1757/2336] Compiling NIOSSL NIOSSLClientHandler.swift
[1758/2336] Compiling NIOSSL NIOSSLHandler+Configuration.swift
[1759/2336] Emitting module NIOHTTP1
[1764/2340] Compiling NIOSSL NIOSSLHandler.swift
[1765/2340] Compiling NIOSSL NIOSSLServerHandler.swift
[1766/2340] Compiling NIOSSL ObjectIdentifier.swift
[1767/2340] Compiling NIOSSL PosixPort.swift
[1768/2340] Compiling NIOSSL SSLCallbacks.swift
[1769/2340] Compiling NIOSSL AndroidCABundle.swift
[1770/2340] Compiling NIOSSL ByteBufferBIO.swift
[1771/2340] Compiling NIOSSL CustomPrivateKey.swift
[1772/2340] Compiling NIOSSL FreeBSDCABundle.swift
[1773/2340] Compiling NIOSSL IdentityVerification.swift
[1774/2340] Compiling NIOSSL SSLCertificate.swift
[1776/2340] Compiling X509 OCSPNonce.swift
[1777/2340] Compiling X509 OCSPPolicy.swift
[1778/2340] Compiling X509 OCSPRequest.swift
[1779/2340] Compiling X509 OCSPResponse.swift
[1780/2340] Compiling X509 OCSPResponseBytes.swift
[1781/2340] Compiling X509 OCSPResponseData.swift
[1782/2340] Compiling X509 OCSPResponseStatus.swift
[1783/2340] Compiling X509 OCSPSignature.swift
[1784/2340] Compiling X509 OCSPSingleRequest.swift
[1785/2340] Compiling X509 OCSPSingleResponse.swift
[1786/2340] Compiling X509 OCSPTBSRequest.swift
[1787/2340] Compiling X509 OCSPVersion.swift
[1787/2340] Wrapping AST for NIOSOCKS for debugging
[1793/2340] Compiling X509 PKCS8PrivateKey.swift
[1794/2340] Compiling X509 PromiseAndFuture.swift
[1795/2340] Compiling X509 RDNAttribute.swift
[1796/2340] Compiling X509 RandomNumberGenerator+bytes.swift
[1797/2340] Compiling X509 RelativeDistinguishedName.swift
[1798/2340] Compiling X509 SEC1PrivateKey.swift
[1799/2340] Compiling X509 SecKeyWrapper.swift
[1800/2340] Compiling X509 Signature.swift
[1801/2340] Compiling X509 SignatureAlgorithm.swift
[1802/2340] Compiling X509 AllOfPolicies.swift
[1803/2340] Compiling X509 AnyPolicy.swift
[1804/2340] Compiling X509 CertificateStore.swift
[1805/2340] Compiling X509 CustomCertificateStore.swift
[1806/2340] Compiling X509 OneOfPolicies.swift
[1807/2340] Compiling X509 PolicyBuilder.swift
[1808/2340] Compiling X509 BasicConstraintsPolicy.swift
[1809/2340] Compiling X509 DNSNames.swift
[1810/2340] Compiling X509 ExpiryPolicy.swift
[1811/2340] Compiling X509 IPConstraints.swift
[1812/2340] Compiling X509 NameConstraintsPolicy.swift
[1813/2340] Compiling X509 RFC5280Policy.swift
[1814/2340] Compiling X509 URIConstraints.swift
[1815/2340] Compiling X509 VersionPolicy.swift
[1816/2340] Compiling X509 ServerIdentityPolicy.swift
[1817/2340] Compiling X509 TrustRootLoading.swift
[1818/2340] Compiling X509 UnverifiedChain.swift
[1819/2340] Compiling NIOSSL SSLConnection.swift
[1820/2340] Compiling NIOSSL SSLContext.swift
[1821/2340] Compiling NIOSSL SafeCompare.swift
[1848/2340] Emitting module X509
[1849/2340] Compiling NIOSSL SSLCertificateExtensions.swift
[1850/2340] Compiling NIOSSL SSLCertificateName.swift
[1856/2341] Wrapping AST for NIOHTTP1 for debugging
[1858/2358] Compiling NIOHTTPCompression HTTPResponseCompressor.swift
[1859/2358] Compiling NIOHTTPCompression HTTPRequestCompressor.swift
[1860/2358] Compiling NIOHPACK IntegerCoding.swift
[1861/2358] Compiling NIOHPACK IndexedHeaderTable.swift
[1862/2359] Compiling NIOHPACK DynamicHeaderTable.swift
[1863/2359] Compiling NIOHPACK HPACKDecoder.swift
[1864/2359] Compiling NIOHTTPCompression HTTPDecompressor.swift
[1865/2359] Compiling NIOHPACK StaticHeaderTable.swift
[1866/2359] Compiling NIOHPACK HuffmanTables.swift
[1867/2359] Compiling NIOHPACK HuffmanCoding.swift
[1868/2359] Emitting module NIOHTTPCompression
[1869/2359] Compiling NIOHTTPCompression HTTPCompression.swift
[1870/2359] Compiling NIOHTTPCompression HTTPDecompression.swift
[1871/2359] Compiling NIOHPACK HPACKHeader.swift
[1872/2359] Compiling NIOHPACK HeaderTables.swift
[1873/2359] Compiling NIOHPACK HPACKEncoder.swift
[1874/2359] Compiling NIOHPACK HPACKErrors.swift
[1875/2359] Emitting module NIOHPACK
[1877/2361] Compiling X509 ValidatedCertificateChain.swift
[1878/2361] Compiling X509 VerificationDiagnostic.swift
[1879/2361] Compiling X509 Verifier.swift
[1880/2361] Compiling X509 VerifierPolicy.swift
[1881/2361] Compiling X509 AlgorithmIdentifier.swift
[1882/2361] Compiling X509 ECDSASignature.swift
[1883/2361] Compiling X509 RSAPKCS1PublicKey.swift
[1884/2361] Compiling X509 SubjectPublicKeyInfo.swift
[1885/2361] Compiling X509 TBSCertificate.swift
[1886/2361] Compiling X509 Time.swift
[1887/2361] Compiling X509 TimeCalculations.swift
[1888/2361] Compiling X509 Validity.swift
[1889/2361] Compiling X509 X509SendableMetatype.swift
[1891/2362] Wrapping AST for NIOHTTPCompression for debugging
[1892/2362] Wrapping AST for NIOHPACK for debugging
[1893/2401] Wrapping AST for X509 for debugging
[1895/2492] Compiling JWTKit AudienceClaim.swift
[1896/2492] Compiling JWTKit BoolClaim.swift
[1897/2492] Compiling JWTKit ExpirationClaim.swift
[1898/2492] Compiling JWTKit GoogleHostedDomainClaim.swift
[1899/2496] Compiling JWTKit IDClaim.swift
[1900/2496] Compiling JWTKit IssuedAtClaim.swift
[1901/2496] Compiling JWTKit IssuerClaim.swift
[1902/2496] Compiling JWTKit JWTClaim.swift
[1903/2496] Compiling JWTKit TenantIDClaim.swift
[1904/2496] Compiling JWTKit ECDSA.swift
[1905/2496] Compiling JWTKit ECDSACurve.swift
[1906/2496] Compiling JWTKit ECDSACurveType.swift
[1907/2496] Compiling JWTKit JWTMultiValueClaim.swift
[1908/2496] Compiling JWTKit JWTUnixEpochClaim.swift
[1909/2496] Compiling JWTKit LocaleClaim.swift
[1910/2496] Compiling JWTKit NotBeforeClaim.swift
[1911/2496] Compiling JWTKit SubjectClaim.swift
[1912/2496] Emitting module NIOSSL
[1913/2496] Compiling JWTKit JWTKeyCollection+ECDSA.swift
[1914/2496] Compiling JWTKit P256+CurveType.swift
[1915/2496] Compiling JWTKit P384+CurveType.swift
[1916/2496] Compiling JWTKit P521+CurveType.swift
[1917/2496] Compiling JWTKit EdDSA.swift
[1918/2496] Compiling JWTKit EdDSACurve.swift
[1919/2496] Compiling JWTKit EdDSAError.swift
[1920/2496] Compiling JWTKit EdDSASigner.swift
[1929/2496] Compiling JWTKit ECDSAError.swift
[1931/2504] Compiling JWTKit ECDSAKeyTypes.swift
[1932/2504] Compiling JWTKit ECDSASigner.swift
[1933/2504] Compiling JWTKit ECDSASigningAlgorithm.swift
[1934/2504] Compiling JWTKit MLDSAType.swift
[1935/2504] Compiling JWTKit JWTKeyCollection+UnsecuredNone.swift
[1936/2504] Compiling JWTKit UnsecuredNoneSigner.swift
[1937/2504] Compiling JWTKit JWTKeyCollection+RSA.swift
[1938/2504] Compiling JWTKit RSA.swift
[1939/2504] Compiling JWTKit RSAError.swift
[1940/2504] Compiling JWTKit RSASigner.swift
[1941/2504] Compiling JWTKit Base64URL.swift
[1942/2504] Compiling JWTKit CryptoSigner.swift
[1943/2513] Compiling JWTKit JWTSerializer.swift
[1944/2513] Compiling JWTKit JWTSigner.swift
[1945/2513] Compiling JWTKit JWTKeyCollection+MLDSA.swift
[1946/2513] Compiling JWTKit MLDSA.swift
[1947/2513] Compiling JWTKit MLDSA65+MLDSAKey.swift
[1948/2513] Compiling JWTKit MLDSA87+MLDSAKey.swift
[1949/2513] Compiling JWTKit MLDSAError.swift
[1950/2513] Compiling JWTKit MLDSAKey.swift
[1951/2513] Compiling JWTKit MLDSASigner.swift
[1972/2513] Emitting module JWTKit
[1973/2513] Compiling NIOSSL Zeroization.swift
[1974/2513] Compiling NIOSSL TLSConfiguration.swift
[1975/2513] Compiling NIOSSL UniversalBootstrapSupport.swift
[1976/2513] Compiling NIOSSL UnsafeKeyAndChainTarget.swift
[1988/2514] Compiling NIOHTTP2 NIOHTTP2ServerConnectionManagementHandler.swift
[1989/2514] Compiling NIOHTTP2 StreamChannelFlowController.swift
[1990/2514] Compiling NIOHTTP2 StreamChannelList.swift
[1991/2514] Compiling NIOHTTP2 StreamMap.swift
[1992/2514] Compiling JWTKit CustomizedJSONCoders.swift
[1993/2514] Compiling JWTKit Utilities.swift
[1994/2514] Compiling JWTKit AppleIdentityToken.swift
[1995/2514] Compiling JWTKit FirebaseAuthIdentityToken.swift
[1995/2514] Wrapping AST for NIOSSL for debugging
[2000/2514] Compiling JWTKit JWTAlgorithm.swift
[2001/2514] Compiling JWTKit JWTError.swift
[2002/2514] Compiling JWTKit JWTHeader+CommonFields.swift
[2003/2514] Compiling JWTKit JWTHeader.swift
[2004/2514] Compiling JWTKit JWTHeaderField.swift
[2008/2514] Compiling JWTKit JWTKeyCollection+HMAC.swift
[2009/2514] Compiling JWTKit Insecure.swift
[2010/2514] Compiling JWTKit JWK.swift
[2011/2514] Compiling JWTKit JWKIdentifier.swift
[2012/2514] Compiling JWTKit JWKS.swift
[2013/2514] Compiling JWTKit JWKSigner.swift
[2027/2514] Compiling JWTKit GoogleIdentityToken.swift
[2028/2514] Compiling JWTKit MicrosoftIdentityToken.swift
[2029/2514] Compiling JWTKit EmptyPolicy.swift
[2030/2514] Compiling JWTKit ValidationTimePayload.swift
[2031/2514] Compiling JWTKit X5CVerifier.swift
[2032/2515] Wrapping AST for JWTKit for debugging
[2034/2515] Emitting module NIOHTTP2
[2080/2516] Wrapping AST for NIOHTTP2 for debugging
[2082/2580] Compiling AsyncHTTPClient AnyAsyncSequence.swift
[2083/2580] Compiling AsyncHTTPClient AnyAsyncSequenceProucerDelete.swift
[2084/2580] Compiling AsyncHTTPClient AsyncLazySequence.swift
[2085/2580] Compiling AsyncHTTPClient HTTPClient+execute.swift
[2086/2580] Compiling AsyncHTTPClient HTTPClient+shutdown.swift
[2087/2580] Compiling AsyncHTTPClient HTTPClient+tracing.swift
[2088/2580] Compiling AsyncHTTPClient HTTPClientRequest+Prepared.swift
[2089/2580] Compiling AsyncHTTPClient HTTPClientRequest+auth.swift
[2090/2580] Compiling AsyncHTTPClient HTTPClientRequest.swift
[2091/2580] Emitting module AsyncHTTPClient
[2092/2588] Compiling AsyncHTTPClient LRUCache.swift
[2093/2588] Compiling AsyncHTTPClient NIOLoopBound+Execute.swift
[2094/2588] Compiling AsyncHTTPClient NWErrorHandler.swift
[2095/2588] Compiling AsyncHTTPClient NWWaitingHandler.swift
[2096/2588] Compiling AsyncHTTPClient TLSConfiguration.swift
[2097/2588] Compiling AsyncHTTPClient RedirectState.swift
[2098/2588] Compiling AsyncHTTPClient RequestBag+StateMachine.swift
[2099/2588] Compiling AsyncHTTPClient RequestBag+Tracing.swift
[2100/2588] Compiling AsyncHTTPClient RequestBag.swift
[2101/2588] Compiling AsyncHTTPClient RequestValidation.swift
[2102/2588] Compiling AsyncHTTPClient SSLContextCache.swift
[2103/2588] Compiling AsyncHTTPClient Scheme.swift
[2104/2588] Compiling AsyncHTTPClient Singleton.swift
[2105/2588] Compiling AsyncHTTPClient StringConvertibleInstances.swift
[2106/2588] Compiling AsyncHTTPClient StructuredConcurrencyHelpers.swift
[2107/2588] Compiling AsyncHTTPClient TracingSupport.swift
[2108/2588] Compiling AsyncHTTPClient Utils.swift
[2109/2588] Compiling AsyncHTTPClient RequestOptions.swift
[2110/2588] Compiling AsyncHTTPClient HTTPConnectionPool+Backoff.swift
[2111/2588] Compiling AsyncHTTPClient HTTPConnectionPool+HTTP1Connections.swift
[2112/2588] Compiling AsyncHTTPClient HTTPConnectionPool+HTTP1StateMachine.swift
[2113/2588] Compiling AsyncHTTPClient HTTPConnectionPool+HTTP2Connections.swift
[2114/2588] Compiling AsyncHTTPClient HTTPConnectionPool+HTTP2StateMachine.swift
[2115/2588] Compiling AsyncHTTPClient HTTPConnectionPool+RequestQueue.swift
[2116/2588] Compiling AsyncHTTPClient HTTPConnectionPool+StateMachine.swift
[2117/2588] Compiling AsyncHTTPClient ConnectionTarget.swift
[2118/2588] Compiling AsyncHTTPClient HTTPClientResponse.swift
[2119/2588] Compiling AsyncHTTPClient SingleIteratorPrecondition.swift
[2120/2588] Compiling AsyncHTTPClient Transaction+StateMachine.swift
[2121/2588] Compiling AsyncHTTPClient Transaction.swift
[2122/2588] Compiling AsyncHTTPClient Base64.swift
[2123/2588] Compiling AsyncHTTPClient BasicAuth.swift
[2124/2588] Compiling AsyncHTTPClient BestEffortHashableTLSConfiguration.swift
[2125/2588] Compiling AsyncHTTPClient Configuration+BrowserLike.swift
[2126/2588] Compiling AsyncHTTPClient ConnectionPool.swift
[2127/2588] Compiling AsyncHTTPClient HTTP1ProxyConnectHandler.swift
[2128/2588] Compiling AsyncHTTPClient SOCKSEventsHandler.swift
[2129/2588] Compiling AsyncHTTPClient TLSEventsHandler.swift
[2130/2588] Compiling AsyncHTTPClient HTTP1ClientChannelHandler.swift
[2131/2588] Compiling AsyncHTTPClient HTTP1Connection.swift
[2132/2588] Compiling AsyncHTTPClient HTTP1ConnectionStateMachine.swift
[2133/2588] Compiling AsyncHTTPClient HTTP2ClientRequestHandler.swift
[2134/2588] Compiling AsyncHTTPClient HTTP2Connection.swift
[2135/2588] Compiling AsyncHTTPClient HTTP2IdleHandler.swift
[2136/2588] Compiling AsyncHTTPClient HTTPConnectionEvent.swift
[2137/2588] Compiling AsyncHTTPClient HTTPConnectionPool+Factory.swift
[2138/2588] Compiling AsyncHTTPClient HTTPConnectionPool+Manager.swift
[2139/2588] Compiling AsyncHTTPClient HTTPConnectionPool.swift
[2140/2588] Compiling AsyncHTTPClient HTTPExecutableRequest.swift
[2141/2588] Compiling AsyncHTTPClient HTTPRequestStateMachine+Demand.swift
[2142/2588] Compiling AsyncHTTPClient HTTPRequestStateMachine.swift
[2143/2588] Compiling AsyncHTTPClient RequestBodyLength.swift
[2144/2588] Compiling AsyncHTTPClient RequestFramingMetadata.swift
[2145/2588] Compiling AsyncHTTPClient DeconstructedURL.swift
[2146/2588] Compiling AsyncHTTPClient FileDownloadDelegate.swift
[2147/2588] Compiling AsyncHTTPClient FoundationExtensions.swift
[2148/2588] Compiling AsyncHTTPClient HTTPClient+HTTPCookie.swift
[2149/2588] Compiling AsyncHTTPClient HTTPClient+Proxy.swift
[2150/2588] Compiling AsyncHTTPClient HTTPClient+StructuredConcurrency.swift
[2151/2588] Compiling AsyncHTTPClient HTTPClient.swift
[2152/2588] Compiling AsyncHTTPClient HTTPClientConfiguration+SwiftConfiguration.swift
[2153/2588] Compiling AsyncHTTPClient HTTPHandler.swift
[2154/2589] Wrapping AST for AsyncHTTPClient for debugging
[2156/2612] Emitting module GoogleAuth
[2157/2615] Compiling GoogleAuth ADC.swift
[2158/2615] Compiling GoogleAuth ADCPath.swift
[2159/2615] Compiling GoogleAuth ADCResolver.swift
[2160/2615] Compiling GoogleAuth AuthHeaders.swift
[2161/2615] Compiling GoogleAuth CredentialParserRegistry.swift
[2162/2615] Compiling GoogleAuth Credentials.swift
[2163/2615] Compiling GoogleAuth CredentialsError.swift
[2164/2615] Compiling GoogleAuth SubjectTokenProvider.swift
[2165/2615] Compiling GoogleAuth MDSAccessTokenProvider.swift
[2166/2615] Compiling GoogleAuth MDSCredentials.swift
[2167/2615] Compiling GoogleAuth AnonymousCredentials.swift
[2168/2615] Compiling GoogleAuth ApiKeyCredentials.swift
[2169/2615] Compiling GoogleAuth ExternalAccountCredentials.swift
[2170/2615] Compiling GoogleAuth UserAccountData.swift
[2171/2615] Compiling GoogleAuth UserAccountTokenProvider.swift
[2172/2615] Compiling GoogleAuth UserCredentials.swift
[2173/2615] Compiling GoogleAuth ServiceAccountCredentials.swift
[2174/2615] Compiling GoogleAuth ServiceAccountData.swift
[2175/2615] Compiling GoogleAuth ServiceAccountTokenProvider.swift
[2176/2615] Compiling GoogleAuth AuthHTTPClient.swift
[2177/2615] Compiling GoogleAuth AuthHTTPError.swift
[2178/2615] Compiling GoogleAuth RetryEngine.swift
[2179/2615] Compiling GoogleAuth STSHandler.swift
[2180/2615] Compiling GoogleAuth TokenCache.swift
[2181/2615] Compiling GoogleAuth PackageVersion.swift
[2182/2616] Wrapping AST for GoogleAuth for debugging
[2184/2674] Compiling GoogleGax AIP194+PollingErrorPolicy.swift
[2185/2674] Compiling GoogleGax AIP194+RetryPolicy.swift
[2186/2674] Compiling GoogleGax AIP194.swift
[2187/2674] Compiling GoogleGax AdaptiveThrottler.swift
[2188/2674] Compiling GoogleGax AlwaysPoll.swift
[2189/2674] Compiling GoogleGax AlwaysRetry.swift
[2190/2674] Compiling GoogleGax ApiClientHeader.swift
[2191/2674] Compiling GoogleGax BackoffPolicy.swift
[2192/2674] Compiling GoogleGax BasePollingErrorPolicy.swift
[2193/2674] Compiling GoogleGax LimitedAttemptCount+PollingErrorPolicy.swift
[2194/2674] Compiling GoogleGax LimitedAttemptCount+RetryPolicy.swift
[2195/2674] Compiling GoogleGax LimitedAttemptCount.swift
[2196/2674] Compiling GoogleGax LimitedElapsedTime+PollingErrorPolicy.swift
[2197/2674] Compiling GoogleGax LimitedElapsedTime+RetryPolicy.swift
[2198/2674] Compiling GoogleGax LimitedElapsedTime.swift
[2199/2674] Compiling GoogleGax LongRunningOperations.swift
[2200/2674] Compiling GoogleGax NeverRetry.swift
[2201/2682] Compiling GoogleGax RequestOptions.swift
[2202/2682] Compiling GoogleGax RetryLoop.swift
[2203/2682] Compiling GoogleGax RetryPolicy.swift
[2204/2682] Compiling GoogleGax RetryResult.swift
[2205/2682] Compiling GoogleGax RetryState.swift
[2206/2682] Compiling GoogleGax RetryThrottler.swift
[2207/2682] Compiling GoogleGax RetryThrottlerError.swift
[2208/2682] Compiling GoogleGax RoutingMatcher.swift
[2209/2682] Compiling GoogleGax Pagination.swift
/host/spi-builder-workspace/.build/checkouts/swift-google-gax/Sources/GoogleGax/Pagination.swift:44:22: error: cannot convert '@Sendable (String) async throws -> (response: ResponseType, items: [Item], nextToken: String)' to 'nonisolated(nonsending) @Sendable (String) async throws -> (response: ResponseType, items: [Item], nextToken: String)' because crossing of an isolation boundary requires parameter and result types to conform to 'Sendable' protocol
 42 |   ) where ResponseType: _PaginatedResponse<Item> {
 43 |     self.initialPageToken = initialPageToken ?? ""
 44 |     self.fetchPage = { token in
    |                      |- error: cannot convert '@Sendable (String) async throws -> (response: ResponseType, items: [Item], nextToken: String)' to 'nonisolated(nonsending) @Sendable (String) async throws -> (response: ResponseType, items: [Item], nextToken: String)' because crossing of an isolation boundary requires parameter and result types to conform to 'Sendable' protocol
    |                      `- note: type 'Item' does not conform to 'Sendable' protocol
 45 |       let response = try await listRpc(token)
 46 |       return (response, response._getPaginatedItems(), response._nextPageToken())
[2210/2682] Compiling GoogleGax PollingBackoffPolicy.swift
/host/spi-builder-workspace/.build/checkouts/swift-google-gax/Sources/GoogleGax/Pagination.swift:44:22: error: cannot convert '@Sendable (String) async throws -> (response: ResponseType, items: [Item], nextToken: String)' to 'nonisolated(nonsending) @Sendable (String) async throws -> (response: ResponseType, items: [Item], nextToken: String)' because crossing of an isolation boundary requires parameter and result types to conform to 'Sendable' protocol
 42 |   ) where ResponseType: _PaginatedResponse<Item> {
 43 |     self.initialPageToken = initialPageToken ?? ""
 44 |     self.fetchPage = { token in
    |                      |- error: cannot convert '@Sendable (String) async throws -> (response: ResponseType, items: [Item], nextToken: String)' to 'nonisolated(nonsending) @Sendable (String) async throws -> (response: ResponseType, items: [Item], nextToken: String)' because crossing of an isolation boundary requires parameter and result types to conform to 'Sendable' protocol
    |                      `- note: type 'Item' does not conform to 'Sendable' protocol
 45 |       let response = try await listRpc(token)
 46 |       return (response, response._getPaginatedItems(), response._nextPageToken())
[2211/2682] Compiling GoogleGax PollingErrorPolicy.swift
/host/spi-builder-workspace/.build/checkouts/swift-google-gax/Sources/GoogleGax/Pagination.swift:44:22: error: cannot convert '@Sendable (String) async throws -> (response: ResponseType, items: [Item], nextToken: String)' to 'nonisolated(nonsending) @Sendable (String) async throws -> (response: ResponseType, items: [Item], nextToken: String)' because crossing of an isolation boundary requires parameter and result types to conform to 'Sendable' protocol
 42 |   ) where ResponseType: _PaginatedResponse<Item> {
 43 |     self.initialPageToken = initialPageToken ?? ""
 44 |     self.fetchPage = { token in
    |                      |- error: cannot convert '@Sendable (String) async throws -> (response: ResponseType, items: [Item], nextToken: String)' to 'nonisolated(nonsending) @Sendable (String) async throws -> (response: ResponseType, items: [Item], nextToken: String)' because crossing of an isolation boundary requires parameter and result types to conform to 'Sendable' protocol
    |                      `- note: type 'Item' does not conform to 'Sendable' protocol
 45 |       let response = try await listRpc(token)
 46 |       return (response, response._getPaginatedItems(), response._nextPageToken())
[2212/2682] Compiling GoogleGax PollingResult.swift
/host/spi-builder-workspace/.build/checkouts/swift-google-gax/Sources/GoogleGax/Pagination.swift:44:22: error: cannot convert '@Sendable (String) async throws -> (response: ResponseType, items: [Item], nextToken: String)' to 'nonisolated(nonsending) @Sendable (String) async throws -> (response: ResponseType, items: [Item], nextToken: String)' because crossing of an isolation boundary requires parameter and result types to conform to 'Sendable' protocol
 42 |   ) where ResponseType: _PaginatedResponse<Item> {
 43 |     self.initialPageToken = initialPageToken ?? ""
 44 |     self.fetchPage = { token in
    |                      |- error: cannot convert '@Sendable (String) async throws -> (response: ResponseType, items: [Item], nextToken: String)' to 'nonisolated(nonsending) @Sendable (String) async throws -> (response: ResponseType, items: [Item], nextToken: String)' because crossing of an isolation boundary requires parameter and result types to conform to 'Sendable' protocol
    |                      `- note: type 'Item' does not conform to 'Sendable' protocol
 45 |       let response = try await listRpc(token)
 46 |       return (response, response._getPaginatedItems(), response._nextPageToken())
[2213/2682] Compiling GoogleGax PollingState.swift
/host/spi-builder-workspace/.build/checkouts/swift-google-gax/Sources/GoogleGax/Pagination.swift:44:22: error: cannot convert '@Sendable (String) async throws -> (response: ResponseType, items: [Item], nextToken: String)' to 'nonisolated(nonsending) @Sendable (String) async throws -> (response: ResponseType, items: [Item], nextToken: String)' because crossing of an isolation boundary requires parameter and result types to conform to 'Sendable' protocol
 42 |   ) where ResponseType: _PaginatedResponse<Item> {
 43 |     self.initialPageToken = initialPageToken ?? ""
 44 |     self.fetchPage = { token in
    |                      |- error: cannot convert '@Sendable (String) async throws -> (response: ResponseType, items: [Item], nextToken: String)' to 'nonisolated(nonsending) @Sendable (String) async throws -> (response: ResponseType, items: [Item], nextToken: String)' because crossing of an isolation boundary requires parameter and result types to conform to 'Sendable' protocol
    |                      `- note: type 'Item' does not conform to 'Sendable' protocol
 45 |       let response = try await listRpc(token)
 46 |       return (response, response._getPaginatedItems(), response._nextPageToken())
[2214/2682] Compiling GoogleGax ProtobufConversionError.swift
/host/spi-builder-workspace/.build/checkouts/swift-google-gax/Sources/GoogleGax/Pagination.swift:44:22: error: cannot convert '@Sendable (String) async throws -> (response: ResponseType, items: [Item], nextToken: String)' to 'nonisolated(nonsending) @Sendable (String) async throws -> (response: ResponseType, items: [Item], nextToken: String)' because crossing of an isolation boundary requires parameter and result types to conform to 'Sendable' protocol
 42 |   ) where ResponseType: _PaginatedResponse<Item> {
 43 |     self.initialPageToken = initialPageToken ?? ""
 44 |     self.fetchPage = { token in
    |                      |- error: cannot convert '@Sendable (String) async throws -> (response: ResponseType, items: [Item], nextToken: String)' to 'nonisolated(nonsending) @Sendable (String) async throws -> (response: ResponseType, items: [Item], nextToken: String)' because crossing of an isolation boundary requires parameter and result types to conform to 'Sendable' protocol
    |                      `- note: type 'Item' does not conform to 'Sendable' protocol
 45 |       let response = try await listRpc(token)
 46 |       return (response, response._getPaginatedItems(), response._nextPageToken())
[2215/2682] Compiling GoogleGax QueryParameter.swift
/host/spi-builder-workspace/.build/checkouts/swift-google-gax/Sources/GoogleGax/Pagination.swift:44:22: error: cannot convert '@Sendable (String) async throws -> (response: ResponseType, items: [Item], nextToken: String)' to 'nonisolated(nonsending) @Sendable (String) async throws -> (response: ResponseType, items: [Item], nextToken: String)' because crossing of an isolation boundary requires parameter and result types to conform to 'Sendable' protocol
 42 |   ) where ResponseType: _PaginatedResponse<Item> {
 43 |     self.initialPageToken = initialPageToken ?? ""
 44 |     self.fetchPage = { token in
    |                      |- error: cannot convert '@Sendable (String) async throws -> (response: ResponseType, items: [Item], nextToken: String)' to 'nonisolated(nonsending) @Sendable (String) async throws -> (response: ResponseType, items: [Item], nextToken: String)' because crossing of an isolation boundary requires parameter and result types to conform to 'Sendable' protocol
    |                      `- note: type 'Item' does not conform to 'Sendable' protocol
 45 |       let response = try await listRpc(token)
 46 |       return (response, response._getPaginatedItems(), response._nextPageToken())
[2216/2682] Compiling GoogleGax RequestError.swift
/host/spi-builder-workspace/.build/checkouts/swift-google-gax/Sources/GoogleGax/Pagination.swift:44:22: error: cannot convert '@Sendable (String) async throws -> (response: ResponseType, items: [Item], nextToken: String)' to 'nonisolated(nonsending) @Sendable (String) async throws -> (response: ResponseType, items: [Item], nextToken: String)' because crossing of an isolation boundary requires parameter and result types to conform to 'Sendable' protocol
 42 |   ) where ResponseType: _PaginatedResponse<Item> {
 43 |     self.initialPageToken = initialPageToken ?? ""
 44 |     self.fetchPage = { token in
    |                      |- error: cannot convert '@Sendable (String) async throws -> (response: ResponseType, items: [Item], nextToken: String)' to 'nonisolated(nonsending) @Sendable (String) async throws -> (response: ResponseType, items: [Item], nextToken: String)' because crossing of an isolation boundary requires parameter and result types to conform to 'Sendable' protocol
    |                      `- note: type 'Item' does not conform to 'Sendable' protocol
 45 |       let response = try await listRpc(token)
 46 |       return (response, response._getPaginatedItems(), response._nextPageToken())
[2217/2682] Compiling GoogleGax HTTPClientProtocol.swift
[2218/2682] Compiling GoogleGax HTTPClientRequest.swift
[2219/2682] Compiling GoogleGax HTTPClientResponse.swift
[2220/2682] Compiling GoogleGax HTTPHeaders.swift
[2221/2682] Compiling GoogleGax HTTPResponseBody.swift
[2222/2682] Compiling GoogleGax HeaderNames.swift
[2223/2682] Compiling GoogleGax Host.swift
[2224/2682] Compiling GoogleGax InProgressResult.swift
[2225/2682] Compiling GoogleGax ContinueOnIO.swift
[2226/2682] Compiling GoogleGax CredentialsProtocol.swift
[2227/2682] Compiling GoogleGax ErrorWrapper.swift
[2228/2682] Compiling GoogleGax ExponentialBackoff+BackoffPolicy.swift
[2229/2682] Compiling GoogleGax ExponentialBackoff+PollingBackoffPolicy.swift
[2230/2682] Compiling GoogleGax ExponentialBackoff.swift
[2231/2682] Compiling GoogleGax HTTPClient.swift
[2232/2682] Compiling GoogleGax HTTPClientHolder.swift
[2233/2682] Compiling GoogleGax BaseRetryPolicy.swift
[2234/2682] Compiling GoogleGax BindingError.swift
[2235/2682] Compiling GoogleGax CRC32C.swift
[2236/2682] Compiling GoogleGax CircuitBreaker.swift
[2237/2682] Compiling GoogleGax ClientError.swift
[2238/2682] Compiling GoogleGax ClientOptions.swift
[2239/2682] Compiling GoogleGax ContinueOnIO+PollingErrorPolicy.swift
[2240/2682] Compiling GoogleGax ContinueOnIO+RetryPolicy.swift
[2241/2682] Emitting module GoogleGax
[2242/2682] Compiling GoogleGax ServiceError.swift
[2243/2682] Compiling GoogleGax StatusDetail.swift
[2244/2682] Compiling GoogleGax StrictIdempotency.swift
[2245/2682] Compiling GoogleGax ThrottleResult.swift
[2246/2682] Compiling GoogleGax TooManyRequests+PollingErrorPolicy.swift
[2247/2682] Compiling GoogleGax TooManyRequests+RetryPolicy.swift
[2248/2682] Compiling GoogleGax TooManyRequests.swift
[2249/2682] Compiling GoogleGax PackageVersion.swift
BUILD FAILURE 6.2 android