Build Information
Failed to build WhatsNewKit, reference main (6098bf), with Swift 6.4 for visionOS using Xcode 27.0 on 3 Oct 2026 12:27:30 UTC.
Build Command
env DEVELOPER_DIR=/Applications/Xcode-27.0.0-Release.Candidate.app xcrun xcodebuild -IDEClonedSourcePackagesDirPathOverride=$PWD/.dependencies -skipMacroValidation -skipPackagePluginValidation -derivedDataPath $PWD/.derivedData build -scheme WhatsNewKit -destination generic/platform=xrOSBuild Log
========================================
RunAll
========================================
Builder version: 5.1.1
Interrupt handler set up.
========================================
Checkout
========================================
Clone URL: https://github.com/AnimatedCoding/WhatsNewKit.git
Reference: main
Initialized empty Git repository in /Users/admin/builder/spi-builder-workspace/.git/
From https://github.com/AnimatedCoding/WhatsNewKit
* branch main -> FETCH_HEAD
* [new branch] main -> origin/main
HEAD is now at 6098bfb v3.0.4
Cloned https://github.com/AnimatedCoding/WhatsNewKit.git
Revision (git rev-parse @):
6098bfbb670afbacf5c125e9ec858b605c391535
SUCCESS checkout https://github.com/AnimatedCoding/WhatsNewKit.git at main
========================================
Build
========================================
Selected platform: visionOS
Swift version: 6.4
Building package at path: $PWD
https://github.com/AnimatedCoding/WhatsNewKit.git
Command line invocation:
/Applications/Xcode-27.0.0-Release.Candidate.app/Contents/Developer/usr/bin/xcodebuild -IDEClonedSourcePackagesDirPathOverride=/Users/admin/builder/spi-builder-workspace/.dependencies -resolvePackageDependencies
Resolve Package Graph
Resolve Package Graph
Resolved source packages:
WhatsNewKit: /Users/admin/builder/spi-builder-workspace
resolved source packages: WhatsNewKit
2026-10-03 08:26:39.798 xcodebuild[529:3016] [MT] IDERunDestination: Supported platforms for the buildables in the current scheme is empty.
{
"dependencies" : [
],
"manifest_display_name" : "WhatsNewKit",
"name" : "WhatsNewKit",
"path" : "/Users/admin/builder/spi-builder-workspace",
"platforms" : [
{
"name" : "ios",
"version" : "17.0"
},
{
"name" : "macos",
"version" : "14.0"
},
{
"name" : "visionos",
"version" : "1.0"
}
],
"products" : [
{
"name" : "WhatsNewKit",
"targets" : [
"WhatsNewKit"
],
"type" : {
"library" : [
"automatic"
]
}
}
],
"targets" : [
{
"c99name" : "WhatsNewKitTests",
"module_type" : "SwiftTarget",
"name" : "WhatsNewKitTests",
"path" : "Tests",
"sources" : [
"WhatsNewEnvironmentTests.swift",
"WhatsNewKitTestCase.swift",
"WhatsNewVersionStoreTests.swift",
"WhatsNewVersionTests.swift",
"WhatsNewViewControllerTests.swift"
],
"target_dependencies" : [
"WhatsNewKit"
],
"type" : "test"
},
{
"c99name" : "WhatsNewKit",
"module_type" : "SwiftTarget",
"name" : "WhatsNewKit",
"path" : "Sources",
"product_memberships" : [
"WhatsNewKit"
],
"resources" : [
{
"path" : "/Users/admin/builder/spi-builder-workspace/Sources/Resources/PrivacyInfo.xcprivacy",
"rule" : {
"process" : {
}
}
}
],
"sources" : [
"Environment/WhatsNewEnvironment+Key.swift",
"Extensions/View+WhatsNewSheet.swift",
"Models/WhatsNew+Feature.swift",
"Models/WhatsNew+FeatureGroup.swift",
"Models/WhatsNew+HapticFeedback.swift",
"Models/WhatsNew+Layout.swift",
"Models/WhatsNew+PrimaryAction.swift",
"Models/WhatsNew+SecondaryAction+Action.swift",
"Models/WhatsNew+SecondaryAction.swift",
"Models/WhatsNew.swift",
"View/FeatureView.swift",
"View/WhatsNewView+FeaturesPadding.swift",
"View/WhatsNewView.swift"
],
"type" : "library"
}
],
"tools_version" : "5.9"
}
{
"workspace" : {
"name" : "WhatsNewKit",
"schemes" : [
"WhatsNewKit"
]
}
}
2026-10-03 08:27:12.137 xcodebuild[626:3822] [MT] IDERunDestination: Supported platforms for the buildables in the current scheme is empty.
Running build ...
env DEVELOPER_DIR=/Applications/Xcode-27.0.0-Release.Candidate.app xcrun xcodebuild -IDEClonedSourcePackagesDirPathOverride=$PWD/.dependencies -skipMacroValidation -skipPackagePluginValidation -derivedDataPath $PWD/.derivedData build -scheme WhatsNewKit -destination generic/platform=xrOS
Command line invocation:
/Applications/Xcode-27.0.0-Release.Candidate.app/Contents/Developer/usr/bin/xcodebuild -IDEClonedSourcePackagesDirPathOverride=/Users/admin/builder/spi-builder-workspace/.dependencies -skipMacroValidation -skipPackagePluginValidation -derivedDataPath /Users/admin/builder/spi-builder-workspace/.derivedData build -scheme WhatsNewKit -destination generic/platform=xrOS
Resolve Package Graph
Resolved source packages:
WhatsNewKit: /Users/admin/builder/spi-builder-workspace
ComputePackagePrebuildTargetDependencyGraph
Prepare packages
CreateBuildRequest
SendProjectDescription
CreateBuildOperation
ComputeTargetDependencyGraph
note: Building targets in dependency order
note: Target dependency graph (3 targets)
Target 'WhatsNewKit-product' in project 'WhatsNewKit'
➜ Explicit dependency on target 'WhatsNewKit' in project 'WhatsNewKit'
➜ Explicit dependency on target 'WhatsNewKit_WhatsNewKit' in project 'WhatsNewKit'
Target 'WhatsNewKit' in project 'WhatsNewKit'
➜ Explicit dependency on target 'WhatsNewKit_WhatsNewKit' in project 'WhatsNewKit'
Target 'WhatsNewKit_WhatsNewKit' in project 'WhatsNewKit' (no dependencies)
GatherProvisioningInputs
CreateBuildDescription
ExecuteExternalTool /Applications/Xcode-27.0.0-Release.Candidate.app/Contents/Developer/Toolchains/XcodeDefault.xctoolchain/usr/bin/clang -v -E -dM -isysroot /Applications/Xcode-27.0.0-Release.Candidate.app/Contents/Developer/Platforms/XROS.platform/Developer/SDKs/XROS27.0.sdk -x c -c /dev/null
ExecuteExternalTool /Applications/Xcode-27.0.0-Release.Candidate.app/Contents/Developer/Toolchains/XcodeDefault.xctoolchain/usr/bin/swiftc --version
ExecuteExternalTool /Applications/Xcode-27.0.0-Release.Candidate.app/Contents/Developer/Toolchains/XcodeDefault.xctoolchain/usr/bin/ld -version_details
Build description signature: 9c88e2c4fb7ca5502213fc1216a85a36
Build description path: /Users/admin/builder/spi-builder-workspace/.derivedData/Build/Intermediates.noindex/XCBuildData/9c88e2c4fb7ca5502213fc1216a85a36.xcbuilddata
CreateBuildDirectory /Users/admin/builder/spi-builder-workspace/.derivedData/SDKExplicitPrecompiledModules
cd /Users/admin/builder/spi-builder-workspace/.swiftpm/xcode
builtin-create-build-directory /Users/admin/builder/spi-builder-workspace/.derivedData/SDKExplicitPrecompiledModules
CreateBuildDirectory /Users/admin/builder/spi-builder-workspace/.derivedData/ModuleCache.noindex
cd /Users/admin/builder/spi-builder-workspace/.swiftpm/xcode
builtin-create-build-directory /Users/admin/builder/spi-builder-workspace/.derivedData/ModuleCache.noindex
CreateBuildDirectory /Users/admin/builder/spi-builder-workspace/.derivedData/Build/Products
cd /Users/admin/builder/spi-builder-workspace/.swiftpm/xcode
builtin-create-build-directory /Users/admin/builder/spi-builder-workspace/.derivedData/Build/Products
CreateBuildDirectory /Users/admin/builder/spi-builder-workspace/.derivedData/Build/Intermediates.noindex
cd /Users/admin/builder/spi-builder-workspace/.swiftpm/xcode
builtin-create-build-directory /Users/admin/builder/spi-builder-workspace/.derivedData/Build/Intermediates.noindex
CreateBuildDirectory /Users/admin/builder/spi-builder-workspace/.derivedData/CompilationCache.noindex
cd /Users/admin/builder/spi-builder-workspace/.swiftpm/xcode
builtin-create-build-directory /Users/admin/builder/spi-builder-workspace/.derivedData/CompilationCache.noindex
ClangStatCache /Applications/Xcode-27.0.0-Release.Candidate.app/Contents/Developer/Toolchains/XcodeDefault.xctoolchain/usr/bin/clang-stat-cache /Applications/Xcode-27.0.0-Release.Candidate.app/Contents/Developer/Platforms/XROS.platform/Developer/SDKs/XROS27.0.sdk /Users/admin/builder/spi-builder-workspace/.derivedData/SDKStatCaches.noindex/xros27.0-24M361-e829b21a6f8c9b70876ba0858053c044735bd543db762f57723cac368afd1ce4.sdkstatcache
cd /Users/admin/builder/spi-builder-workspace/.swiftpm/xcode
/Applications/Xcode-27.0.0-Release.Candidate.app/Contents/Developer/Toolchains/XcodeDefault.xctoolchain/usr/bin/clang-stat-cache /Applications/Xcode-27.0.0-Release.Candidate.app/Contents/Developer/Platforms/XROS.platform/Developer/SDKs/XROS27.0.sdk -o /Users/admin/builder/spi-builder-workspace/.derivedData/SDKStatCaches.noindex/xros27.0-24M361-e829b21a6f8c9b70876ba0858053c044735bd543db762f57723cac368afd1ce4.sdkstatcache
CreateBuildDirectory /Users/admin/builder/spi-builder-workspace/.derivedData/Build/Products/Debug-xros
cd /Users/admin/builder/spi-builder-workspace/.swiftpm/xcode
builtin-create-build-directory /Users/admin/builder/spi-builder-workspace/.derivedData/Build/Products/Debug-xros
CreateBuildDirectory /Users/admin/builder/spi-builder-workspace/.derivedData/Build/Intermediates.noindex/SwiftExplicitPrecompiledModules
cd /Users/admin/builder/spi-builder-workspace/.swiftpm/xcode
builtin-create-build-directory /Users/admin/builder/spi-builder-workspace/.derivedData/Build/Intermediates.noindex/SwiftExplicitPrecompiledModules
CreateBuildDirectory /Users/admin/builder/spi-builder-workspace/.derivedData/Build/Intermediates.noindex/PrecompiledHeaders
cd /Users/admin/builder/spi-builder-workspace/.swiftpm/xcode
builtin-create-build-directory /Users/admin/builder/spi-builder-workspace/.derivedData/Build/Intermediates.noindex/PrecompiledHeaders
CreateBuildDirectory /Users/admin/builder/spi-builder-workspace/.derivedData/Build/Intermediates.noindex/ExplicitPrecompiledModules
cd /Users/admin/builder/spi-builder-workspace/.swiftpm/xcode
builtin-create-build-directory /Users/admin/builder/spi-builder-workspace/.derivedData/Build/Intermediates.noindex/ExplicitPrecompiledModules
CreateBuildDirectory /Users/admin/builder/spi-builder-workspace/.derivedData/Build/Intermediates.noindex/EagerLinkingTBDs/Debug-xros
cd /Users/admin/builder/spi-builder-workspace/.swiftpm/xcode
builtin-create-build-directory /Users/admin/builder/spi-builder-workspace/.derivedData/Build/Intermediates.noindex/EagerLinkingTBDs/Debug-xros
CreateBuildDirectory /Users/admin/builder/spi-builder-workspace/.derivedData/Build/Products/Debug-xros/PackageFrameworks
cd /Users/admin/builder/spi-builder-workspace/.swiftpm/xcode
builtin-create-build-directory /Users/admin/builder/spi-builder-workspace/.derivedData/Build/Products/Debug-xros/PackageFrameworks
MkDir /Users/admin/builder/spi-builder-workspace/.derivedData/Build/Products/Debug-xros/WhatsNewKit_WhatsNewKit.bundle (in target 'WhatsNewKit_WhatsNewKit' from project 'WhatsNewKit')
cd /Users/admin/builder/spi-builder-workspace
/bin/mkdir -p /Users/admin/builder/spi-builder-workspace/.derivedData/Build/Products/Debug-xros/WhatsNewKit_WhatsNewKit.bundle
WriteAuxiliaryFile /Users/admin/builder/spi-builder-workspace/.derivedData/Build/Intermediates.noindex/WhatsNewKit.build/Debug-xros/WhatsNewKit-t.build/WhatsNewKit.DependencyStaticMetadataFileList (in target 'WhatsNewKit' from project 'WhatsNewKit')
cd /Users/admin/builder/spi-builder-workspace
write-file /Users/admin/builder/spi-builder-workspace/.derivedData/Build/Intermediates.noindex/WhatsNewKit.build/Debug-xros/WhatsNewKit-t.build/WhatsNewKit.DependencyStaticMetadataFileList
WriteAuxiliaryFile /Users/admin/builder/spi-builder-workspace/.derivedData/Build/Intermediates.noindex/WhatsNewKit.build/Debug-xros/WhatsNewKit-t.build/WhatsNewKit.modulemap (in target 'WhatsNewKit' from project 'WhatsNewKit')
cd /Users/admin/builder/spi-builder-workspace
write-file /Users/admin/builder/spi-builder-workspace/.derivedData/Build/Intermediates.noindex/WhatsNewKit.build/Debug-xros/WhatsNewKit-t.build/WhatsNewKit.modulemap
WriteAuxiliaryFile /Users/admin/builder/spi-builder-workspace/.derivedData/Build/Intermediates.noindex/WhatsNewKit.build/Debug-xros/WhatsNewKit_WhatsNewKit-b.build/WhatsNewKit_WhatsNewKit.DependencyMetadataFileList (in target 'WhatsNewKit_WhatsNewKit' from project 'WhatsNewKit')
cd /Users/admin/builder/spi-builder-workspace
write-file /Users/admin/builder/spi-builder-workspace/.derivedData/Build/Intermediates.noindex/WhatsNewKit.build/Debug-xros/WhatsNewKit_WhatsNewKit-b.build/WhatsNewKit_WhatsNewKit.DependencyMetadataFileList
WriteAuxiliaryFile /Users/admin/builder/spi-builder-workspace/.derivedData/Build/Intermediates.noindex/WhatsNewKit.build/Debug-xros/WhatsNewKit_WhatsNewKit-b.build/WhatsNewKit_WhatsNewKit.DependencyStaticMetadataFileList (in target 'WhatsNewKit_WhatsNewKit' from project 'WhatsNewKit')
cd /Users/admin/builder/spi-builder-workspace
write-file /Users/admin/builder/spi-builder-workspace/.derivedData/Build/Intermediates.noindex/WhatsNewKit.build/Debug-xros/WhatsNewKit_WhatsNewKit-b.build/WhatsNewKit_WhatsNewKit.DependencyStaticMetadataFileList
WriteAuxiliaryFile /Users/admin/builder/spi-builder-workspace/.derivedData/Build/Intermediates.noindex/WhatsNewKit.build/Debug-xros/WhatsNewKit_WhatsNewKit-b.build/empty-WhatsNewKit_WhatsNewKit.plist (in target 'WhatsNewKit_WhatsNewKit' from project 'WhatsNewKit')
cd /Users/admin/builder/spi-builder-workspace
write-file /Users/admin/builder/spi-builder-workspace/.derivedData/Build/Intermediates.noindex/WhatsNewKit.build/Debug-xros/WhatsNewKit_WhatsNewKit-b.build/empty-WhatsNewKit_WhatsNewKit.plist
WriteAuxiliaryFile /Users/admin/builder/spi-builder-workspace/.derivedData/Build/Intermediates.noindex/WhatsNewKit.build/Debug-xros/WhatsNewKit-t.build/Objects-normal/arm64/WhatsNewKit_const_extract_protocols.json (in target 'WhatsNewKit' from project 'WhatsNewKit')
cd /Users/admin/builder/spi-builder-workspace
write-file /Users/admin/builder/spi-builder-workspace/.derivedData/Build/Intermediates.noindex/WhatsNewKit.build/Debug-xros/WhatsNewKit-t.build/Objects-normal/arm64/WhatsNewKit_const_extract_protocols.json
WriteAuxiliaryFile /Users/admin/builder/spi-builder-workspace/.derivedData/Build/Intermediates.noindex/WhatsNewKit.build/Debug-xros/WhatsNewKit-t.build/Objects-normal/arm64/WhatsNewKit-OutputFileMap.json (in target 'WhatsNewKit' from project 'WhatsNewKit')
cd /Users/admin/builder/spi-builder-workspace
write-file /Users/admin/builder/spi-builder-workspace/.derivedData/Build/Intermediates.noindex/WhatsNewKit.build/Debug-xros/WhatsNewKit-t.build/Objects-normal/arm64/WhatsNewKit-OutputFileMap.json
WriteAuxiliaryFile /Users/admin/builder/spi-builder-workspace/.derivedData/Build/Intermediates.noindex/WhatsNewKit.build/Debug-xros/WhatsNewKit-t.build/DerivedSources/resource_bundle_accessor.swift (in target 'WhatsNewKit' from project 'WhatsNewKit')
cd /Users/admin/builder/spi-builder-workspace
write-file /Users/admin/builder/spi-builder-workspace/.derivedData/Build/Intermediates.noindex/WhatsNewKit.build/Debug-xros/WhatsNewKit-t.build/DerivedSources/resource_bundle_accessor.swift
WriteAuxiliaryFile /Users/admin/builder/spi-builder-workspace/.derivedData/Build/Intermediates.noindex/WhatsNewKit.build/Debug-xros/WhatsNewKit-t.build/WhatsNewKit.DependencyMetadataFileList (in target 'WhatsNewKit' from project 'WhatsNewKit')
cd /Users/admin/builder/spi-builder-workspace
write-file /Users/admin/builder/spi-builder-workspace/.derivedData/Build/Intermediates.noindex/WhatsNewKit.build/Debug-xros/WhatsNewKit-t.build/WhatsNewKit.DependencyMetadataFileList
WriteAuxiliaryFile /Users/admin/builder/spi-builder-workspace/.derivedData/Build/Intermediates.noindex/WhatsNewKit.build/Debug-xros/WhatsNewKit-t.build/Objects-normal/arm64/WhatsNewKit.SwiftFileList (in target 'WhatsNewKit' from project 'WhatsNewKit')
cd /Users/admin/builder/spi-builder-workspace
write-file /Users/admin/builder/spi-builder-workspace/.derivedData/Build/Intermediates.noindex/WhatsNewKit.build/Debug-xros/WhatsNewKit-t.build/Objects-normal/arm64/WhatsNewKit.SwiftFileList
WriteAuxiliaryFile /Users/admin/builder/spi-builder-workspace/.derivedData/Build/Intermediates.noindex/WhatsNewKit.build/Debug-xros/WhatsNewKit-t.build/Objects-normal/arm64/WhatsNewKit.SwiftConstValuesFileList (in target 'WhatsNewKit' from project 'WhatsNewKit')
cd /Users/admin/builder/spi-builder-workspace
write-file /Users/admin/builder/spi-builder-workspace/.derivedData/Build/Intermediates.noindex/WhatsNewKit.build/Debug-xros/WhatsNewKit-t.build/Objects-normal/arm64/WhatsNewKit.SwiftConstValuesFileList
WriteAuxiliaryFile /Users/admin/builder/spi-builder-workspace/.derivedData/Build/Intermediates.noindex/WhatsNewKit.build/Debug-xros/WhatsNewKit-t.build/Objects-normal/arm64/WhatsNewKit.LinkFileList (in target 'WhatsNewKit' from project 'WhatsNewKit')
cd /Users/admin/builder/spi-builder-workspace
write-file /Users/admin/builder/spi-builder-workspace/.derivedData/Build/Intermediates.noindex/WhatsNewKit.build/Debug-xros/WhatsNewKit-t.build/Objects-normal/arm64/WhatsNewKit.LinkFileList
Copy /Users/admin/builder/spi-builder-workspace/.derivedData/Build/Intermediates.noindex/GeneratedModuleMaps-xros/WhatsNewKit.modulemap /Users/admin/builder/spi-builder-workspace/.derivedData/Build/Intermediates.noindex/WhatsNewKit.build/Debug-xros/WhatsNewKit-t.build/WhatsNewKit.modulemap (in target 'WhatsNewKit' from project 'WhatsNewKit')
cd /Users/admin/builder/spi-builder-workspace
builtin-copy -exclude .DS_Store -exclude CVS -exclude .svn -exclude .git -exclude .hg -resolve-src-symlinks /Users/admin/builder/spi-builder-workspace/.derivedData/Build/Intermediates.noindex/WhatsNewKit.build/Debug-xros/WhatsNewKit-t.build/WhatsNewKit.modulemap /Users/admin/builder/spi-builder-workspace/.derivedData/Build/Intermediates.noindex/GeneratedModuleMaps-xros
ProcessInfoPlistFile /Users/admin/builder/spi-builder-workspace/.derivedData/Build/Products/Debug-xros/WhatsNewKit_WhatsNewKit.bundle/Info.plist /Users/admin/builder/spi-builder-workspace/.derivedData/Build/Intermediates.noindex/WhatsNewKit.build/Debug-xros/WhatsNewKit_WhatsNewKit-b.build/empty-WhatsNewKit_WhatsNewKit.plist (in target 'WhatsNewKit_WhatsNewKit' from project 'WhatsNewKit')
cd /Users/admin/builder/spi-builder-workspace
builtin-infoPlistUtility /Users/admin/builder/spi-builder-workspace/.derivedData/Build/Intermediates.noindex/WhatsNewKit.build/Debug-xros/WhatsNewKit_WhatsNewKit-b.build/empty-WhatsNewKit_WhatsNewKit.plist -producttype com.apple.product-type.bundle -expandbuildsettings -format binary -platform xros -o /Users/admin/builder/spi-builder-workspace/.derivedData/Build/Products/Debug-xros/WhatsNewKit_WhatsNewKit.bundle/Info.plist
CpResource /Users/admin/builder/spi-builder-workspace/.derivedData/Build/Products/Debug-xros/WhatsNewKit_WhatsNewKit.bundle/PrivacyInfo.xcprivacy /Users/admin/builder/spi-builder-workspace/Sources/Resources/PrivacyInfo.xcprivacy (in target 'WhatsNewKit_WhatsNewKit' from project 'WhatsNewKit')
cd /Users/admin/builder/spi-builder-workspace
builtin-copy -exclude .DS_Store -exclude CVS -exclude .svn -exclude .git -exclude .hg -resolve-src-symlinks /Users/admin/builder/spi-builder-workspace/Sources/Resources/PrivacyInfo.xcprivacy /Users/admin/builder/spi-builder-workspace/.derivedData/Build/Products/Debug-xros/WhatsNewKit_WhatsNewKit.bundle
RegisterExecutionPolicyException /Users/admin/builder/spi-builder-workspace/.derivedData/Build/Products/Debug-xros/WhatsNewKit_WhatsNewKit.bundle (in target 'WhatsNewKit_WhatsNewKit' from project 'WhatsNewKit')
cd /Users/admin/builder/spi-builder-workspace
builtin-RegisterExecutionPolicyException /Users/admin/builder/spi-builder-workspace/.derivedData/Build/Products/Debug-xros/WhatsNewKit_WhatsNewKit.bundle
Touch /Users/admin/builder/spi-builder-workspace/.derivedData/Build/Products/Debug-xros/WhatsNewKit_WhatsNewKit.bundle (in target 'WhatsNewKit_WhatsNewKit' from project 'WhatsNewKit')
cd /Users/admin/builder/spi-builder-workspace
/usr/bin/touch -c /Users/admin/builder/spi-builder-workspace/.derivedData/Build/Products/Debug-xros/WhatsNewKit_WhatsNewKit.bundle
SwiftDriver WhatsNewKit normal arm64 com.apple.xcode.tools.swift.compiler (in target 'WhatsNewKit' from project 'WhatsNewKit')
cd /Users/admin/builder/spi-builder-workspace/.swiftpm/xcode
builtin-SwiftDriver -- /Applications/Xcode-27.0.0-Release.Candidate.app/Contents/Developer/Toolchains/XcodeDefault.xctoolchain/usr/bin/swiftc -parse-as-library -module-name WhatsNewKit -Onone @/Users/admin/builder/spi-builder-workspace/.derivedData/Build/Intermediates.noindex/WhatsNewKit.build/Debug-xros/WhatsNewKit-t.build/Objects-normal/arm64/WhatsNewKit.SwiftFileList -DSWIFT_PACKAGE -DDEBUG -DSWIFT_MODULE_RESOURCE_BUNDLE_AVAILABLE -DXcode -plugin-path /Applications/Xcode-27.0.0-Release.Candidate.app/Contents/Developer/Toolchains/XcodeDefault.xctoolchain/usr/lib/swift/host/plugins/testing -enable-experimental-feature DebugDescriptionMacro -sdk /Applications/Xcode-27.0.0-Release.Candidate.app/Contents/Developer/Platforms/XROS.platform/Developer/SDKs/XROS27.0.sdk -target arm64-apple-xros1.0 -g -module-cache-path /Users/admin/builder/spi-builder-workspace/.derivedData/ModuleCache.noindex -Xfrontend -serialize-debugging-options -profile-coverage-mapping -profile-generate -enable-testing -index-store-path /Users/admin/builder/spi-builder-workspace/.derivedData/Index.noindex/DataStore -Xcc -D_LIBCPP_HARDENING_MODE\=_LIBCPP_HARDENING_MODE_DEBUG -swift-version 5 -I /Users/admin/builder/spi-builder-workspace/.derivedData/Build/Products/Debug-xros -Isystem /Applications/Xcode-27.0.0-Release.Candidate.app/Contents/Developer/Platforms/XROS.platform/Developer/usr/lib -F /Users/admin/builder/spi-builder-workspace/.derivedData/Build/Products/Debug-xros -F /Applications/Xcode-27.0.0-Release.Candidate.app/Contents/Developer/Platforms/XROS.platform/Developer/Library/Frameworks -F /Applications/Xcode-27.0.0-Release.Candidate.app/Contents/Developer/Platforms/XROS.platform/Developer/SDKs/XROS27.0.sdk/Developer/Library/Frameworks -c -j10 -enable-batch-mode -incremental -Xcc -ivfsstatcache -Xcc /Users/admin/builder/spi-builder-workspace/.derivedData/SDKStatCaches.noindex/xros27.0-24M361-e829b21a6f8c9b70876ba0858053c044735bd543db762f57723cac368afd1ce4.sdkstatcache -output-file-map /Users/admin/builder/spi-builder-workspace/.derivedData/Build/Intermediates.noindex/WhatsNewKit.build/Debug-xros/WhatsNewKit-t.build/Objects-normal/arm64/WhatsNewKit-OutputFileMap.json -save-temps -no-color-diagnostics -explicit-module-build -module-cache-path /Users/admin/builder/spi-builder-workspace/.derivedData/Build/Intermediates.noindex/SwiftExplicitPrecompiledModules -clang-scanner-module-cache-path /Users/admin/builder/spi-builder-workspace/.derivedData/ModuleCache.noindex -sdk-module-cache-path /Users/admin/builder/spi-builder-workspace/.derivedData/SDKExplicitPrecompiledModules -emit-dependencies -emit-module -emit-module-path /Users/admin/builder/spi-builder-workspace/.derivedData/Build/Intermediates.noindex/WhatsNewKit.build/Debug-xros/WhatsNewKit-t.build/Objects-normal/arm64/WhatsNewKit.swiftmodule -serialize-diagnostics -dependency-scan-serialize-diagnostics-path /Users/admin/builder/spi-builder-workspace/.derivedData/Build/Intermediates.noindex/WhatsNewKit.build/Debug-xros/WhatsNewKit-t.build/Objects-normal/arm64/WhatsNewKit-dependency-scan.dia -validate-clang-modules-once -clang-build-session-file /Users/admin/builder/spi-builder-workspace/.derivedData/ModuleCache.noindex/Session.modulevalidation -Xcc -fmodules-prune-interval\=86400 -Xcc -fmodules-prune-after\=345600 -package-name spi_builder_workspace -emit-const-values -const-gather-protocols-list /Users/admin/builder/spi-builder-workspace/.derivedData/Build/Intermediates.noindex/WhatsNewKit.build/Debug-xros/WhatsNewKit-t.build/Objects-normal/arm64/WhatsNewKit_const_extract_protocols.json -Xcc -I/Users/admin/builder/spi-builder-workspace/.derivedData/Build/Products/Debug-xros/include -Xcc -I/Users/admin/builder/spi-builder-workspace/.derivedData/Build/Intermediates.noindex/WhatsNewKit.build/Debug-xros/WhatsNewKit-t.build/DerivedSources-normal/arm64 -Xcc -I/Users/admin/builder/spi-builder-workspace/.derivedData/Build/Intermediates.noindex/WhatsNewKit.build/Debug-xros/WhatsNewKit-t.build/DerivedSources/arm64 -Xcc -I/Users/admin/builder/spi-builder-workspace/.derivedData/Build/Intermediates.noindex/WhatsNewKit.build/Debug-xros/WhatsNewKit-t.build/DerivedSources -Xcc -DSWIFT_PACKAGE -Xcc -DDEBUG\=1 -emit-objc-header -emit-objc-header-path /Users/admin/builder/spi-builder-workspace/.derivedData/Build/Intermediates.noindex/WhatsNewKit.build/Debug-xros/WhatsNewKit-t.build/Objects-normal/arm64/WhatsNewKit-Swift.h -working-directory /Users/admin/builder/spi-builder-workspace/.swiftpm/xcode -experimental-emit-module-separately -disable-cmo
SwiftExplicitDependencyGeneratePcm arm64 /Users/admin/builder/spi-builder-workspace/.derivedData/SDKExplicitPrecompiledModules/_SwiftConcurrencyShims-C8XHKSHX96D5YYALNM4W70Z0O.pcm
SwiftExplicitDependencyGeneratePcm arm64 /Users/admin/builder/spi-builder-workspace/.derivedData/SDKExplicitPrecompiledModules/_Builtin_float-6WKHNW5S40U2QGHXXGETUDIRA.pcm
SwiftExplicitDependencyGeneratePcm arm64 /Users/admin/builder/spi-builder-workspace/.derivedData/SDKExplicitPrecompiledModules/ShaderGraph-AW1O397P711WTY8KSK8LZX9YA.pcm
SwiftExplicitDependencyGeneratePcm arm64 /Users/admin/builder/spi-builder-workspace/.derivedData/SDKExplicitPrecompiledModules/ptrcheck-BXA97MNLI4BB0HF5I8MJE403D.pcm
SwiftExplicitDependencyGeneratePcm arm64 /Users/admin/builder/spi-builder-workspace/.derivedData/SDKExplicitPrecompiledModules/_AvailabilityInternal-1Q8IQP6M38UWSGZ95UCEY2M44.pcm
SwiftExplicitDependencyGeneratePcm arm64 /Users/admin/builder/spi-builder-workspace/.derivedData/SDKExplicitPrecompiledModules/_Builtin_stdarg-CDA349K2K4US766844K8E0PVA.pcm
SwiftExplicitDependencyGeneratePcm arm64 /Users/admin/builder/spi-builder-workspace/.derivedData/SDKExplicitPrecompiledModules/_Builtin_stddef-5NQ9Z1GV07GBSRQGAQCGXGVRI.pcm
SwiftExplicitDependencyGeneratePcm arm64 /Users/admin/builder/spi-builder-workspace/.derivedData/SDKExplicitPrecompiledModules/SwiftShims-CI4H5RO9IYFFWQ2COB512Q2S9.pcm
SwiftExplicitDependencyGeneratePcm arm64 /Users/admin/builder/spi-builder-workspace/.derivedData/SDKExplicitPrecompiledModules/_Builtin_stdbool-5BU2ADS7JXQMYENKQHW9X8XOU.pcm
SwiftExplicitDependencyGeneratePcm arm64 /Users/admin/builder/spi-builder-workspace/.derivedData/SDKExplicitPrecompiledModules/ptrauth-1WBA714DZSVUL5JQDJ08CLKZ.pcm
SwiftExplicitDependencyGeneratePcm arm64 /Users/admin/builder/spi-builder-workspace/.derivedData/SDKExplicitPrecompiledModules/DeveloperToolsSupport-46GOQP8J1QTHLYQSJW81T8UZ3.pcm
SwiftExplicitDependencyGeneratePcm arm64 /Users/admin/builder/spi-builder-workspace/.derivedData/SDKExplicitPrecompiledModules/_DarwinFoundation1-5RGRVV2TZ6WC4WZW5IXF8NQ04.pcm
SwiftExplicitDependencyGeneratePcm arm64 /Users/admin/builder/spi-builder-workspace/.derivedData/SDKExplicitPrecompiledModules/_DarwinFoundation2-ENTECK156YEWITZRRBTOCE4KR.pcm
SwiftExplicitDependencyGeneratePcm arm64 /Users/admin/builder/spi-builder-workspace/.derivedData/SDKExplicitPrecompiledModules/_Builtin_limits-425JDMN5HPM3D0UEI8LEHP6NM.pcm
SwiftExplicitDependencyGeneratePcm arm64 /Users/admin/builder/spi-builder-workspace/.derivedData/SDKExplicitPrecompiledModules/_Builtin_stdint-8OR6T47OOYJA90ZBO3N1USDE.pcm
SwiftExplicitDependencyGeneratePcm arm64 /Users/admin/builder/spi-builder-workspace/.derivedData/SDKExplicitPrecompiledModules/string_h-2GT67HHHHK5CF1V1S31LH0PU2.pcm
SwiftExplicitDependencyGeneratePcm arm64 /Users/admin/builder/spi-builder-workspace/.derivedData/SDKExplicitPrecompiledModules/sys_types-AYM0BHR77VKMWZCO2T0XGV2HF.pcm
SwiftExplicitDependencyGeneratePcm arm64 /Users/admin/builder/spi-builder-workspace/.derivedData/SDKExplicitPrecompiledModules/_Builtin_tgmath-BPYSMHWI520EQRL2HW519ZY7Z.pcm
SwiftExplicitDependencyGeneratePcm arm64 /Users/admin/builder/spi-builder-workspace/.derivedData/SDKExplicitPrecompiledModules/_Builtin_intrinsics-BC5IJI3YI34RQ61ZNVDRDZ6RN.pcm
SwiftExplicitDependencyGeneratePcm arm64 /Users/admin/builder/spi-builder-workspace/.derivedData/SDKExplicitPrecompiledModules/_DarwinFoundation3-9ZHN6JKBS40BBA81RQMV8H0IC.pcm
SwiftExplicitDependencyGeneratePcm arm64 /Users/admin/builder/spi-builder-workspace/.derivedData/SDKExplicitPrecompiledModules/_Builtin_stdatomic-1VUZPM79PNCAHXVBERD53WRSF.pcm
SwiftExplicitDependencyGeneratePcm arm64 /Users/admin/builder/spi-builder-workspace/.derivedData/SDKExplicitPrecompiledModules/_Builtin_inttypes-11B64KJD36B3YOHBR1BBXBJY8.pcm
SwiftExplicitDependencyGeneratePcm arm64 /Users/admin/builder/spi-builder-workspace/.derivedData/SDKExplicitPrecompiledModules/Darwin-60P5LVNQO3ESRRM5DCJ05PFNK.pcm
SwiftExplicitDependencyGeneratePcm arm64 /Users/admin/builder/spi-builder-workspace/.derivedData/SDKExplicitPrecompiledModules/simd-9XXAB17Y6E4BBPQADD61NZ23.pcm
SwiftExplicitDependencyGeneratePcm arm64 /Users/admin/builder/spi-builder-workspace/.derivedData/SDKExplicitPrecompiledModules/ObjectiveC-26TIBFYCEJZVP216ZZAU1X8KN.pcm
SwiftExplicitDependencyGeneratePcm arm64 /Users/admin/builder/spi-builder-workspace/.derivedData/SDKExplicitPrecompiledModules/MachO-3XTHY7HWV6RF3KXKYQVHUBUXK.pcm
SwiftExplicitDependencyGeneratePcm arm64 /Users/admin/builder/spi-builder-workspace/.derivedData/SDKExplicitPrecompiledModules/os_object-692CJ8BG6RE5H04487EJJOVXW.pcm
SwiftExplicitDependencyGeneratePcm arm64 /Users/admin/builder/spi-builder-workspace/.derivedData/SDKExplicitPrecompiledModules/os_workgroup-4U1VXMWIZD80E7PRUQF2G7P9X.pcm
SwiftExplicitDependencyGeneratePcm arm64 /Users/admin/builder/spi-builder-workspace/.derivedData/SDKExplicitPrecompiledModules/Dispatch-CLT3466HKC22GCKAWSCNG0H7T.pcm
SwiftExplicitDependencyGeneratePcm arm64 /Users/admin/builder/spi-builder-workspace/.derivedData/SDKExplicitPrecompiledModules/Spatial-5E0I2846LO3ZE24CSVR2O57TI.pcm
SwiftExplicitDependencyGeneratePcm arm64 /Users/admin/builder/spi-builder-workspace/.derivedData/SDKExplicitPrecompiledModules/dnssd-CCUV1M8EULNEQJUXO7L0PJAL4.pcm
SwiftExplicitDependencyGeneratePcm arm64 /Users/admin/builder/spi-builder-workspace/.derivedData/SDKExplicitPrecompiledModules/CoreFoundation-AVLTZVCXBU2TO75JCN4AGU8XJ.pcm
SwiftExplicitDependencyGeneratePcm arm64 /Users/admin/builder/spi-builder-workspace/.derivedData/SDKExplicitPrecompiledModules/XPC-EP5EU7FNGP4VOA3EDM18P1KHO.pcm
SwiftExplicitDependencyGeneratePcm arm64 /Users/admin/builder/spi-builder-workspace/.derivedData/SDKExplicitPrecompiledModules/os-1004XEJ3IXOOAU0KL58SM3D0K.pcm
SwiftExplicitDependencyGeneratePcm arm64 /Users/admin/builder/spi-builder-workspace/.derivedData/SDKExplicitPrecompiledModules/Security-8TH2M8WJIQMET4SADWX0N8372.pcm
SwiftExplicitDependencyGeneratePcm arm64 /Users/admin/builder/spi-builder-workspace/.derivedData/SDKExplicitPrecompiledModules/CoreGraphics-BFUJ177R223UT2ZI327ZTZY91.pcm
SwiftExplicitDependencyGeneratePcm arm64 /Users/admin/builder/spi-builder-workspace/.derivedData/SDKExplicitPrecompiledModules/CFNetwork-5MI70N1VLDQSWTX4COWLMSIRO.pcm
SwiftExplicitDependencyGeneratePcm arm64 /Users/admin/builder/spi-builder-workspace/.derivedData/SDKExplicitPrecompiledModules/CoreAudioTypes-45UXYEQRN95KG6BF2CW0QIYK9.pcm
SwiftExplicitDependencyGeneratePcm arm64 /Users/admin/builder/spi-builder-workspace/.derivedData/SDKExplicitPrecompiledModules/CoreAudio-CXS3C78T5TQDGLEGXIBJ04WJ4.pcm
SwiftExplicitDependencyGeneratePcm arm64 /Users/admin/builder/spi-builder-workspace/.derivedData/SDKExplicitPrecompiledModules/Foundation-8GON1KVEKRN3NOQI8RETBRWJP.pcm
SwiftExplicitDependencyGeneratePcm arm64 /Users/admin/builder/spi-builder-workspace/.derivedData/SDKExplicitPrecompiledModules/ImageIO-5CC6COR9KJYI1UBL7CSHLU2OG.pcm
SwiftExplicitDependencyGeneratePcm arm64 /Users/admin/builder/spi-builder-workspace/.derivedData/SDKExplicitPrecompiledModules/CoreText-6F9TY5TEPCCZ1K2KYM4GMEGHD.pcm
SwiftExplicitDependencyGeneratePcm arm64 /Users/admin/builder/spi-builder-workspace/.derivedData/SDKExplicitPrecompiledModules/LocalAuthentication-9MSPUJ85OBXBTOD7NJCT1GZ0O.pcm
SwiftExplicitDependencyGeneratePcm arm64 /Users/admin/builder/spi-builder-workspace/.derivedData/SDKExplicitPrecompiledModules/CoreData-73N6Z547OZUEZ8ADGEC6XRHWN.pcm
SwiftExplicitDependencyGeneratePcm arm64 /Users/admin/builder/spi-builder-workspace/.derivedData/SDKExplicitPrecompiledModules/CoreMIDI-7L19IC4ZH9BPYLVTD8IIFWN9R.pcm
SwiftExplicitDependencyGeneratePcm arm64 /Users/admin/builder/spi-builder-workspace/.derivedData/SDKExplicitPrecompiledModules/UIUtilities-AOVGLUWEAN6CG2UZFNESGSP6C.pcm
SwiftExplicitDependencyGeneratePcm arm64 /Users/admin/builder/spi-builder-workspace/.derivedData/SDKExplicitPrecompiledModules/Network-EQPZZF3W6BWG89K0PY9NZO3T0.pcm
SwiftExplicitDependencyGeneratePcm arm64 /Users/admin/builder/spi-builder-workspace/.derivedData/SDKExplicitPrecompiledModules/IOSurface-5FE9U89GVFF9A7X7AGO2R8ENI.pcm
SwiftExplicitDependencyGeneratePcm arm64 /Users/admin/builder/spi-builder-workspace/.derivedData/SDKExplicitPrecompiledModules/FileProvider-C9I28SI56F2SEVH1BCWTKGODO.pcm
SwiftExplicitDependencyGeneratePcm arm64 /Users/admin/builder/spi-builder-workspace/.derivedData/SDKExplicitPrecompiledModules/_LocationEssentials-8GQGFVARUE99D8VJX3TINY0VP.pcm
SwiftExplicitDependencyGeneratePcm arm64 /Users/admin/builder/spi-builder-workspace/.derivedData/SDKExplicitPrecompiledModules/UniformTypeIdentifiers-E5KMWDZEKS4QW9RO1KBRDEXV6.pcm
SwiftExplicitDependencyGeneratePcm arm64 /Users/admin/builder/spi-builder-workspace/.derivedData/SDKExplicitPrecompiledModules/DataDetection-BANTQ3WXXGKZJYC0LLB3MD9K0.pcm
SwiftExplicitDependencyGeneratePcm arm64 /Users/admin/builder/spi-builder-workspace/.derivedData/SDKExplicitPrecompiledModules/Symbols-8G2XC01RPQ5HYIZE6JNUT864I.pcm
SwiftExplicitDependencyGeneratePcm arm64 /Users/admin/builder/spi-builder-workspace/.derivedData/SDKExplicitPrecompiledModules/Accessibility-1DR4J4YDVDGAYQTZ0FKZ1PU09.pcm
SwiftExplicitDependencyGeneratePcm arm64 /Users/admin/builder/spi-builder-workspace/.derivedData/SDKExplicitPrecompiledModules/CoreLocation-1SN37095DAPVJ068LLP9TBDQX.pcm
SwiftExplicitDependencyGeneratePcm arm64 /Users/admin/builder/spi-builder-workspace/.derivedData/SDKExplicitPrecompiledModules/OSLog-BNGT87TS0GMBFF7TY70HHB69.pcm
SwiftExplicitDependencyGeneratePcm arm64 /Users/admin/builder/spi-builder-workspace/.derivedData/SDKExplicitPrecompiledModules/CoreTransferable-8TBYAKHCX6UC8QQSS7BD8GQK5.pcm
SwiftExplicitDependencyGeneratePcm arm64 /Users/admin/builder/spi-builder-workspace/.derivedData/SDKExplicitPrecompiledModules/UserNotifications-8IIV1V1FPNAPA4LY1Y23LOM2N.pcm
SwiftExplicitDependencyGeneratePcm arm64 /Users/admin/builder/spi-builder-workspace/.derivedData/SDKExplicitPrecompiledModules/OpenGLES-56BKSYXNVAP91BYZRWAKQZKGI.pcm
SwiftExplicitDependencyGeneratePcm arm64 /Users/admin/builder/spi-builder-workspace/.derivedData/SDKExplicitPrecompiledModules/Metal-EKNUM9P3PRIBHZK1ZBD6BA2T7.pcm
SwiftExplicitDependencyGeneratePcm arm64 /Users/admin/builder/spi-builder-workspace/.derivedData/SDKExplicitPrecompiledModules/AudioToolbox-2K3S8EA590EB3GMH6D6784BWZ.pcm
SwiftExplicitDependencyGeneratePcm arm64 /Users/admin/builder/spi-builder-workspace/.derivedData/SDKExplicitPrecompiledModules/AVRouting-55P8FRNK50AFZOMMB2LBBOX33.pcm
SwiftExplicitDependencyGeneratePcm arm64 /Users/admin/builder/spi-builder-workspace/.derivedData/SDKExplicitPrecompiledModules/CoreMotion-10LV922UPGE28QX2SOIO7ALIZ.pcm
SwiftExplicitDependencyGeneratePcm arm64 /Users/admin/builder/spi-builder-workspace/.derivedData/SDKExplicitPrecompiledModules/CoreVideo-E12HJSJSLO0YKWYBES11UKJ02.pcm
SwiftExplicitDependencyCompileModuleFromInterface arm64 /Users/admin/builder/spi-builder-workspace/.derivedData/SDKExplicitPrecompiledModules/ShaderGraph-URHKVVOFZL5Z.swiftmodule
SwiftExplicitDependencyGeneratePcm arm64 /Users/admin/builder/spi-builder-workspace/.derivedData/SDKExplicitPrecompiledModules/ARKitFoundation-3N77COW7DLP77CM0PWZXSR9BD.pcm
SwiftExplicitDependencyGeneratePcm arm64 /Users/admin/builder/spi-builder-workspace/.derivedData/SDKExplicitPrecompiledModules/CoreImage-8WF1P230U10QM666EQMNV7OF1.pcm
SwiftExplicitDependencyGeneratePcm arm64 /Users/admin/builder/spi-builder-workspace/.derivedData/SDKExplicitPrecompiledModules/QuartzCore-12T8WVKUNCL1N7VXH87MM4YOB.pcm
SwiftExplicitDependencyGeneratePcm arm64 /Users/admin/builder/spi-builder-workspace/.derivedData/SDKExplicitPrecompiledModules/CoreMedia-D1IBHC28BRHWLNUG1Q75G5YN0.pcm
SwiftExplicitDependencyGeneratePcm arm64 /Users/admin/builder/spi-builder-workspace/.derivedData/SDKExplicitPrecompiledModules/CoreML-37QYERWC0RQN4IY4377UD0TY1.pcm
SwiftExplicitDependencyGeneratePcm arm64 /Users/admin/builder/spi-builder-workspace/.derivedData/SDKExplicitPrecompiledModules/SwiftUICore-6OBBMA39VFD4CB6SG2PE41FAP.pcm
SwiftExplicitDependencyGeneratePcm arm64 /Users/admin/builder/spi-builder-workspace/.derivedData/SDKExplicitPrecompiledModules/UIKit-2D2PMAAE45TMO6S28UCGCO5BR.pcm
SwiftExplicitDependencyGeneratePcm arm64 /Users/admin/builder/spi-builder-workspace/.derivedData/SDKExplicitPrecompiledModules/Vision-DVVG9MQGC3IMTVPTC1691MQ6Z.pcm
SwiftExplicitDependencyGeneratePcm arm64 /Users/admin/builder/spi-builder-workspace/.derivedData/SDKExplicitPrecompiledModules/MediaToolbox-1J5U29ERBPNPI1HKEJHXOP8EV.pcm
SwiftExplicitDependencyGeneratePcm arm64 /Users/admin/builder/spi-builder-workspace/.derivedData/SDKExplicitPrecompiledModules/VideoToolbox-7I4MDYIPJ4IWU1ZSL4JE3I7M6.pcm
SwiftExplicitDependencyGeneratePcm arm64 /Users/admin/builder/spi-builder-workspace/.derivedData/SDKExplicitPrecompiledModules/AVFAudio-E8GATWFYYBEBB41O9N0LRRGYC.pcm
SwiftExplicitDependencyGeneratePcm arm64 /Users/admin/builder/spi-builder-workspace/.derivedData/SDKExplicitPrecompiledModules/AVFoundation-DFCX8GQJWVA3CZBITWEHAZEFX.pcm
SwiftExplicitDependencyGeneratePcm arm64 /Users/admin/builder/spi-builder-workspace/.derivedData/SDKExplicitPrecompiledModules/ARKitCore-307YVPJLQNB66BTBIONHZNP86.pcm
SwiftExplicitDependencyGeneratePcm arm64 /Users/admin/builder/spi-builder-workspace/.derivedData/SDKExplicitPrecompiledModules/SwiftUI-77PUPXISY3V3TUF5FJEHUQC86.pcm
SwiftExplicitDependencyGeneratePcm arm64 /Users/admin/builder/spi-builder-workspace/.derivedData/SDKExplicitPrecompiledModules/GameController-7QL0VMQHE24OWQFUR0UFT89DW.pcm
SwiftExplicitDependencyGeneratePcm arm64 /Users/admin/builder/spi-builder-workspace/.derivedData/SDKExplicitPrecompiledModules/ARKit-27VDPOZ50FG2MJG7OFV6IFQYQ.pcm
SwiftEmitModule normal arm64 Emitting\ module\ for\ WhatsNewKit (in target 'WhatsNewKit' from project 'WhatsNewKit')
SwiftCompile normal arm64 (in target 'WhatsNewKit' from project 'WhatsNewKit')
cd /Users/admin/builder/spi-builder-workspace/.swiftpm/xcode
SwiftCompile normal arm64 Compiling\ WhatsNew.swift /Users/admin/builder/spi-builder-workspace/Sources/Models/WhatsNew.swift (in target 'WhatsNewKit' from project 'WhatsNewKit')
SwiftCompile normal arm64 /Users/admin/builder/spi-builder-workspace/Sources/Models/WhatsNew.swift (in target 'WhatsNewKit' from project 'WhatsNewKit')
cd /Users/admin/builder/spi-builder-workspace/.swiftpm/xcode
builtin-SwiftPerFileCompile WhatsNew.swift
SwiftCompile normal arm64 Compiling\ WhatsNew+Layout.swift,\ WhatsNew+PrimaryAction.swift /Users/admin/builder/spi-builder-workspace/Sources/Models/WhatsNew+Layout.swift /Users/admin/builder/spi-builder-workspace/Sources/Models/WhatsNew+PrimaryAction.swift (in target 'WhatsNewKit' from project 'WhatsNewKit')
SwiftCompile normal arm64 /Users/admin/builder/spi-builder-workspace/Sources/Models/WhatsNew+Layout.swift (in target 'WhatsNewKit' from project 'WhatsNewKit')
cd /Users/admin/builder/spi-builder-workspace/.swiftpm/xcode
builtin-SwiftPerFileCompile WhatsNew+Layout.swift
SwiftCompile normal arm64 /Users/admin/builder/spi-builder-workspace/Sources/Models/WhatsNew+PrimaryAction.swift (in target 'WhatsNewKit' from project 'WhatsNewKit')
cd /Users/admin/builder/spi-builder-workspace/.swiftpm/xcode
builtin-SwiftPerFileCompile WhatsNew+PrimaryAction.swift
SwiftCompile normal arm64 Compiling\ WhatsNew+SecondaryAction.swift /Users/admin/builder/spi-builder-workspace/Sources/Models/WhatsNew+SecondaryAction.swift (in target 'WhatsNewKit' from project 'WhatsNewKit')
SwiftCompile normal arm64 /Users/admin/builder/spi-builder-workspace/Sources/Models/WhatsNew+SecondaryAction.swift (in target 'WhatsNewKit' from project 'WhatsNewKit')
cd /Users/admin/builder/spi-builder-workspace/.swiftpm/xcode
builtin-SwiftPerFileCompile WhatsNew+SecondaryAction.swift
SwiftCompile normal arm64 Compiling\ WhatsNew+FeatureGroup.swift,\ WhatsNew+HapticFeedback.swift /Users/admin/builder/spi-builder-workspace/Sources/Models/WhatsNew+FeatureGroup.swift /Users/admin/builder/spi-builder-workspace/Sources/Models/WhatsNew+HapticFeedback.swift (in target 'WhatsNewKit' from project 'WhatsNewKit')
SwiftCompile normal arm64 /Users/admin/builder/spi-builder-workspace/Sources/Models/WhatsNew+FeatureGroup.swift (in target 'WhatsNewKit' from project 'WhatsNewKit')
cd /Users/admin/builder/spi-builder-workspace/.swiftpm/xcode
builtin-SwiftPerFileCompile WhatsNew+FeatureGroup.swift
SwiftCompile normal arm64 /Users/admin/builder/spi-builder-workspace/Sources/Models/WhatsNew+HapticFeedback.swift (in target 'WhatsNewKit' from project 'WhatsNewKit')
cd /Users/admin/builder/spi-builder-workspace/.swiftpm/xcode
builtin-SwiftPerFileCompile WhatsNew+HapticFeedback.swift
SwiftCompile normal arm64 Compiling\ WhatsNew+SecondaryAction+Action.swift /Users/admin/builder/spi-builder-workspace/Sources/Models/WhatsNew+SecondaryAction+Action.swift (in target 'WhatsNewKit' from project 'WhatsNewKit')
SwiftCompile normal arm64 /Users/admin/builder/spi-builder-workspace/Sources/Models/WhatsNew+SecondaryAction+Action.swift (in target 'WhatsNewKit' from project 'WhatsNewKit')
cd /Users/admin/builder/spi-builder-workspace/.swiftpm/xcode
builtin-SwiftPerFileCompile WhatsNew+SecondaryAction+Action.swift
SwiftCompile normal arm64 Compiling\ View+WhatsNewSheet.swift,\ WhatsNew+Feature.swift /Users/admin/builder/spi-builder-workspace/Sources/Extensions/View+WhatsNewSheet.swift /Users/admin/builder/spi-builder-workspace/Sources/Models/WhatsNew+Feature.swift (in target 'WhatsNewKit' from project 'WhatsNewKit')
SwiftCompile normal arm64 /Users/admin/builder/spi-builder-workspace/Sources/Extensions/View+WhatsNewSheet.swift (in target 'WhatsNewKit' from project 'WhatsNewKit')
cd /Users/admin/builder/spi-builder-workspace/.swiftpm/xcode
builtin-SwiftPerFileCompile View+WhatsNewSheet.swift
SwiftCompile normal arm64 /Users/admin/builder/spi-builder-workspace/Sources/Models/WhatsNew+Feature.swift (in target 'WhatsNewKit' from project 'WhatsNewKit')
cd /Users/admin/builder/spi-builder-workspace/.swiftpm/xcode
builtin-SwiftPerFileCompile WhatsNew+Feature.swift
SwiftCompile normal arm64 Compiling\ FeatureView.swift /Users/admin/builder/spi-builder-workspace/Sources/View/FeatureView.swift (in target 'WhatsNewKit' from project 'WhatsNewKit')
SwiftCompile normal arm64 /Users/admin/builder/spi-builder-workspace/Sources/View/FeatureView.swift (in target 'WhatsNewKit' from project 'WhatsNewKit')
cd /Users/admin/builder/spi-builder-workspace/.swiftpm/xcode
builtin-SwiftPerFileCompile FeatureView.swift
SwiftCompile normal arm64 Compiling\ WhatsNewView+FeaturesPadding.swift /Users/admin/builder/spi-builder-workspace/Sources/View/WhatsNewView+FeaturesPadding.swift (in target 'WhatsNewKit' from project 'WhatsNewKit')
SwiftCompile normal arm64 /Users/admin/builder/spi-builder-workspace/Sources/View/WhatsNewView+FeaturesPadding.swift (in target 'WhatsNewKit' from project 'WhatsNewKit')
cd /Users/admin/builder/spi-builder-workspace/.swiftpm/xcode
builtin-SwiftPerFileCompile WhatsNewView+FeaturesPadding.swift
SwiftCompile normal arm64 Compiling\ WhatsNewView.swift /Users/admin/builder/spi-builder-workspace/Sources/View/WhatsNewView.swift (in target 'WhatsNewKit' from project 'WhatsNewKit')
/Users/admin/builder/spi-builder-workspace/Sources/View/WhatsNewView.swift:40:16: warning: result builder 'ContentBuilder' (aka 'ViewBuilder') does not implement 'buildLimitedAvailability'; this code may crash on earlier versions of the OS [#ResultBuilderMethods]
38 | NavigationStack {
39 | // Content ScrollView
40 | if #available(iOS 18.0, macOS 15, *) {
| `- warning: result builder 'ContentBuilder' (aka 'ViewBuilder') does not implement 'buildLimitedAvailability'; this code may crash on earlier versions of the OS [#ResultBuilderMethods]
41 | ScrollView(
42 | .vertical,
/Users/admin/builder/spi-builder-workspace/Sources/View/WhatsNewView.swift:137:24: warning: result builder 'ContentBuilder' (aka 'ViewBuilder') does not implement 'buildLimitedAvailability'; this code may crash on earlier versions of the OS [#ResultBuilderMethods]
135 | .overlay(alignment: .bottom) {
136 | // Footer
137 | if #available(iOS 26, macOS 26, *) {
| `- warning: result builder 'ContentBuilder' (aka 'ViewBuilder') does not implement 'buildLimitedAvailability'; this code may crash on earlier versions of the OS [#ResultBuilderMethods]
138 | self.footer
139 | .buttonStyle(.glassProminent)
/Users/admin/builder/spi-builder-workspace/Sources/View/WhatsNewView.swift:292:8: warning: result builder 'ContentBuilder' (aka 'ViewBuilder') does not implement 'buildLimitedAvailability'; this code may crash on earlier versions of the OS [#ResultBuilderMethods]
290 | .if { view in
291 | Group {
292 | if #available(anyAppleOS 27, *) {
| `- warning: result builder 'ContentBuilder' (aka 'ViewBuilder') does not implement 'buildLimitedAvailability'; this code may crash on earlier versions of the OS [#ResultBuilderMethods]
293 | view
294 | .scrollEdgeEffectStyle(.soft, for: .top)
/Users/admin/builder/spi-builder-workspace/Sources/View/WhatsNewView.swift:38:9: warning: conformance of 'TupleContent<repeat each Content>' to 'View' is only available in visionOS 26.0 or newer; this is an error in the Swift 6 language mode
4 |
5 | /// A WhatsNewView
6 | public struct WhatsNewView: View {
| `- note: add '@available' attribute to enclosing struct
7 |
8 | // MARK: Properties
:
35 | }
36 |
37 | public var body: some View {
| `- note: add '@available' attribute to enclosing property
38 | NavigationStack {
| |- warning: conformance of 'TupleContent<repeat each Content>' to 'View' is only available in visionOS 26.0 or newer; this is an error in the Swift 6 language mode
| `- note: add 'if #available' version check
39 | // Content ScrollView
40 | if #available(iOS 18.0, macOS 15, *) {
/Users/admin/builder/spi-builder-workspace/Sources/View/WhatsNewView.swift:38:9: warning: conformance of 'TupleContent<repeat each Content>' to 'View' is only available in visionOS 26.0 or newer; this is an error in the Swift 6 language mode
4 |
5 | /// A WhatsNewView
6 | public struct WhatsNewView: View {
| `- note: add '@available' attribute to enclosing struct
7 |
8 | // MARK: Properties
:
35 | }
36 |
37 | public var body: some View {
| `- note: add '@available' attribute to enclosing property
38 | NavigationStack {
| |- warning: conformance of 'TupleContent<repeat each Content>' to 'View' is only available in visionOS 26.0 or newer; this is an error in the Swift 6 language mode
| `- note: add 'if #available' version check
39 | // Content ScrollView
40 | if #available(iOS 18.0, macOS 15, *) {
/Users/admin/builder/spi-builder-workspace/Sources/View/WhatsNewView.swift:38:9: warning: conformance of 'TupleContent<repeat each Content>' to 'View' is only available in visionOS 26.0 or newer; this is an error in the Swift 6 language mode
4 |
5 | /// A WhatsNewView
6 | public struct WhatsNewView: View {
| `- note: add '@available' attribute to enclosing struct
7 |
8 | // MARK: Properties
:
35 | }
36 |
37 | public var body: some View {
| `- note: add '@available' attribute to enclosing property
38 | NavigationStack {
| |- warning: conformance of 'TupleContent<repeat each Content>' to 'View' is only available in visionOS 26.0 or newer; this is an error in the Swift 6 language mode
| `- note: add 'if #available' version check
39 | // Content ScrollView
40 | if #available(iOS 18.0, macOS 15, *) {
/Users/admin/builder/spi-builder-workspace/Sources/View/WhatsNewView.swift:38:25: warning: conformance of 'TupleContent<repeat each Content>' to 'View' is only available in visionOS 26.0 or newer; this is an error in the Swift 6 language mode
4 |
5 | /// A WhatsNewView
6 | public struct WhatsNewView: View {
| `- note: add '@available' attribute to enclosing struct
7 |
8 | // MARK: Properties
:
35 | }
36 |
37 | public var body: some View {
| `- note: add '@available' attribute to enclosing property
38 | NavigationStack {
| |- warning: conformance of 'TupleContent<repeat each Content>' to 'View' is only available in visionOS 26.0 or newer; this is an error in the Swift 6 language mode
| `- note: add 'if #available' version check
39 | // Content ScrollView
40 | if #available(iOS 18.0, macOS 15, *) {
/Users/admin/builder/spi-builder-workspace/Sources/View/WhatsNewView.swift:38:25: warning: conformance of 'TupleContent<repeat each Content>' to 'View' is only available in visionOS 26.0 or newer; this is an error in the Swift 6 language mode
4 |
5 | /// A WhatsNewView
6 | public struct WhatsNewView: View {
| `- note: add '@available' attribute to enclosing struct
7 |
8 | // MARK: Properties
:
35 | }
36 |
37 | public var body: some View {
| `- note: add '@available' attribute to enclosing property
38 | NavigationStack {
| |- warning: conformance of 'TupleContent<repeat each Content>' to 'View' is only available in visionOS 26.0 or newer; this is an error in the Swift 6 language mode
| `- note: add 'if #available' version check
39 | // Content ScrollView
40 | if #available(iOS 18.0, macOS 15, *) {
/Users/admin/builder/spi-builder-workspace/Sources/View/WhatsNewView.swift:38:25: warning: conformance of 'TupleContent<repeat each Content>' to 'View' is only available in visionOS 26.0 or newer; this is an error in the Swift 6 language mode
4 |
5 | /// A WhatsNewView
6 | public struct WhatsNewView: View {
| `- note: add '@available' attribute to enclosing struct
7 |
8 | // MARK: Properties
:
35 | }
36 |
37 | public var body: some View {
| `- note: add '@available' attribute to enclosing property
38 | NavigationStack {
| |- warning: conformance of 'TupleContent<repeat each Content>' to 'View' is only available in visionOS 26.0 or newer; this is an error in the Swift 6 language mode
| `- note: add 'if #available' version check
39 | // Content ScrollView
40 | if #available(iOS 18.0, macOS 15, *) {
/Users/admin/builder/spi-builder-workspace/Sources/View/WhatsNewView.swift:123:18: error: 'onScrollTargetVisibilityChange(idType:threshold:_:)' is only available in visionOS 2.0 or newer
4 |
5 | /// A WhatsNewView
6 | public struct WhatsNewView: View {
| `- note: add '@available' attribute to enclosing struct
7 |
8 | // MARK: Properties
:
35 | }
36 |
37 | public var body: some View {
| `- note: add '@available' attribute to enclosing property
38 | NavigationStack {
39 | // Content ScrollView
:
121 | )
122 | }
123 | .onScrollTargetVisibilityChange(idType: UUID.self, { visible in
| |- error: 'onScrollTargetVisibilityChange(idType:threshold:_:)' is only available in visionOS 2.0 or newer
| `- note: add 'if #available' version check
124 | let newTop = visible.first
125 | guard newTop != top else { return }
/Users/admin/builder/spi-builder-workspace/Sources/View/WhatsNewView.swift:135:46: warning: conformance of 'TupleContent<repeat each Content>' to 'View' is only available in visionOS 26.0 or newer; this is an error in the Swift 6 language mode
4 |
5 | /// A WhatsNewView
6 | public struct WhatsNewView: View {
| `- note: add '@available' attribute to enclosing struct
7 |
8 | // MARK: Properties
:
35 | }
36 |
37 | public var body: some View {
| `- note: add '@available' attribute to enclosing property
38 | NavigationStack {
39 | // Content ScrollView
:
133 | }
134 | #endif
135 | .overlay(alignment: .bottom) {
| |- warning: conformance of 'TupleContent<repeat each Content>' to 'View' is only available in visionOS 26.0 or newer; this is an error in the Swift 6 language mode
| `- note: add 'if #available' version check
136 | // Footer
137 | if #available(iOS 26, macOS 26, *) {
/Users/admin/builder/spi-builder-workspace/Sources/View/WhatsNewView.swift:139:43: error: 'glassProminent' is unavailable in visionOS
137 | if #available(iOS 26, macOS 26, *) {
138 | self.footer
139 | .buttonStyle(.glassProminent)
| `- error: 'glassProminent' is unavailable in visionOS
140 | .padding(.bottom)
141 | .padding(.horizontal)
SwiftUI.PrimitiveButtonStyle.glassProminent:2:70: note: 'glassProminent' has been explicitly marked unavailable here
1 | protocol PrimitiveButtonStyle {
2 | @MainActor @export(implementation) @preconcurrency public static var glassProminent: GlassProminentButtonStyle { get }}
| `- note: 'glassProminent' has been explicitly marked unavailable here
3 |
/Users/admin/builder/spi-builder-workspace/Sources/View/WhatsNewView.swift:290:7: warning: conformance of 'TupleContent<repeat each Content>' to 'View' is only available in visionOS 26.0 or newer; this is an error in the Swift 6 language mode
4 |
5 | /// A WhatsNewView
6 | public struct WhatsNewView: View {
| `- note: add '@available' attribute to enclosing struct
7 |
8 | // MARK: Properties
:
35 | }
36 |
37 | public var body: some View {
| `- note: add '@available' attribute to enclosing property
38 | NavigationStack {
39 | // Content ScrollView
:
288 | }
289 | // So the title scale effect works
290 | .if { view in
| |- warning: conformance of 'TupleContent<repeat each Content>' to 'View' is only available in visionOS 26.0 or newer; this is an error in the Swift 6 language mode
| `- note: add 'if #available' version check
291 | Group {
292 | if #available(anyAppleOS 27, *) {
/Users/admin/builder/spi-builder-workspace/Sources/View/WhatsNewView.swift:290:7: warning: conformance of 'TupleContent<repeat each Content>' to 'View' is only available in visionOS 26.0 or newer; this is an error in the Swift 6 language mode
4 |
5 | /// A WhatsNewView
6 | public struct WhatsNewView: View {
| `- note: add '@available' attribute to enclosing struct
7 |
8 | // MARK: Properties
:
35 | }
36 |
37 | public var body: some View {
| `- note: add '@available' attribute to enclosing property
38 | NavigationStack {
39 | // Content ScrollView
:
288 | }
289 | // So the title scale effect works
290 | .if { view in
| |- warning: conformance of 'TupleContent<repeat each Content>' to 'View' is only available in visionOS 26.0 or newer; this is an error in the Swift 6 language mode
| `- note: add 'if #available' version check
291 | Group {
292 | if #available(anyAppleOS 27, *) {
/Users/admin/builder/spi-builder-workspace/Sources/View/WhatsNewView.swift:290:7: warning: conformance of 'TupleContent<repeat each Content>' to 'View' is only available in visionOS 26.0 or newer; this is an error in the Swift 6 language mode
4 |
5 | /// A WhatsNewView
6 | public struct WhatsNewView: View {
| `- note: add '@available' attribute to enclosing struct
7 |
8 | // MARK: Properties
:
35 | }
36 |
37 | public var body: some View {
| `- note: add '@available' attribute to enclosing property
38 | NavigationStack {
39 | // Content ScrollView
:
288 | }
289 | // So the title scale effect works
290 | .if { view in
| |- warning: conformance of 'TupleContent<repeat each Content>' to 'View' is only available in visionOS 26.0 or newer; this is an error in the Swift 6 language mode
| `- note: add 'if #available' version check
291 | Group {
292 | if #available(anyAppleOS 27, *) {
/Users/admin/builder/spi-builder-workspace/Sources/View/WhatsNewView.swift:290:7: warning: conformance of 'TupleContent<repeat each Content>' to 'View' is only available in visionOS 26.0 or newer; this is an error in the Swift 6 language mode
4 |
5 | /// A WhatsNewView
6 | public struct WhatsNewView: View {
| `- note: add '@available' attribute to enclosing struct
7 |
8 | // MARK: Properties
:
35 | }
36 |
37 | public var body: some View {
| `- note: add '@available' attribute to enclosing property
38 | NavigationStack {
39 | // Content ScrollView
:
288 | }
289 | // So the title scale effect works
290 | .if { view in
| |- warning: conformance of 'TupleContent<repeat each Content>' to 'View' is only available in visionOS 26.0 or newer; this is an error in the Swift 6 language mode
| `- note: add 'if #available' version check
291 | Group {
292 | if #available(anyAppleOS 27, *) {
/Users/admin/builder/spi-builder-workspace/Sources/View/WhatsNewView.swift:290:7: warning: conformance of 'TupleContent<repeat each Content>' to 'View' is only available in visionOS 26.0 or newer; this is an error in the Swift 6 language mode
4 |
5 | /// A WhatsNewView
6 | public struct WhatsNewView: View {
| `- note: add '@available' attribute to enclosing struct
7 |
8 | // MARK: Properties
:
35 | }
36 |
37 | public var body: some View {
| `- note: add '@available' attribute to enclosing property
38 | NavigationStack {
39 | // Content ScrollView
:
288 | }
289 | // So the title scale effect works
290 | .if { view in
| |- warning: conformance of 'TupleContent<repeat each Content>' to 'View' is only available in visionOS 26.0 or newer; this is an error in the Swift 6 language mode
| `- note: add 'if #available' version check
291 | Group {
292 | if #available(anyAppleOS 27, *) {
/Users/admin/builder/spi-builder-workspace/Sources/View/WhatsNewView.swift:290:7: warning: conformance of 'TupleContent<repeat each Content>' to 'View' is only available in visionOS 26.0 or newer; this is an error in the Swift 6 language mode
4 |
5 | /// A WhatsNewView
6 | public struct WhatsNewView: View {
| `- note: add '@available' attribute to enclosing struct
7 |
8 | // MARK: Properties
:
35 | }
36 |
37 | public var body: some View {
| `- note: add '@available' attribute to enclosing property
38 | NavigationStack {
39 | // Content ScrollView
:
288 | }
289 | // So the title scale effect works
290 | .if { view in
| |- warning: conformance of 'TupleContent<repeat each Content>' to 'View' is only available in visionOS 26.0 or newer; this is an error in the Swift 6 language mode
| `- note: add 'if #available' version check
291 | Group {
292 | if #available(anyAppleOS 27, *) {
/Users/admin/builder/spi-builder-workspace/Sources/View/WhatsNewView.swift:291:4: warning: conformance of 'TupleContent<repeat each Content>' to 'View' is only available in visionOS 26.0 or newer; this is an error in the Swift 6 language mode
4 |
5 | /// A WhatsNewView
6 | public struct WhatsNewView: View {
| `- note: add '@available' attribute to enclosing struct
7 |
8 | // MARK: Properties
:
35 | }
36 |
37 | public var body: some View {
| `- note: add '@available' attribute to enclosing property
38 | NavigationStack {
39 | // Content ScrollView
:
289 | // So the title scale effect works
290 | .if { view in
291 | Group {
| |- warning: conformance of 'TupleContent<repeat each Content>' to 'View' is only available in visionOS 26.0 or newer; this is an error in the Swift 6 language mode
| `- note: add 'if #available' version check
292 | if #available(anyAppleOS 27, *) {
293 | view
/Users/admin/builder/spi-builder-workspace/Sources/View/WhatsNewView.swift:291:4: warning: conformance of 'TupleContent<repeat each Content>' to 'View' is only available in visionOS 26.0 or newer; this is an error in the Swift 6 language mode
4 |
5 | /// A WhatsNewView
6 | public struct WhatsNewView: View {
| `- note: add '@available' attribute to enclosing struct
7 |
8 | // MARK: Properties
:
35 | }
36 |
37 | public var body: some View {
| `- note: add '@available' attribute to enclosing property
38 | NavigationStack {
39 | // Content ScrollView
:
289 | // So the title scale effect works
290 | .if { view in
291 | Group {
| |- warning: conformance of 'TupleContent<repeat each Content>' to 'View' is only available in visionOS 26.0 or newer; this is an error in the Swift 6 language mode
| `- note: add 'if #available' version check
292 | if #available(anyAppleOS 27, *) {
293 | view
/Users/admin/builder/spi-builder-workspace/Sources/View/WhatsNewView.swift:291:4: warning: conformance of 'TupleContent<repeat each Content>' to 'View' is only available in visionOS 26.0 or newer; this is an error in the Swift 6 language mode
4 |
5 | /// A WhatsNewView
6 | public struct WhatsNewView: View {
| `- note: add '@available' attribute to enclosing struct
7 |
8 | // MARK: Properties
:
35 | }
36 |
37 | public var body: some View {
| `- note: add '@available' attribute to enclosing property
38 | NavigationStack {
39 | // Content ScrollView
:
289 | // So the title scale effect works
290 | .if { view in
291 | Group {
| |- warning: conformance of 'TupleContent<repeat each Content>' to 'View' is only available in visionOS 26.0 or newer; this is an error in the Swift 6 language mode
| `- note: add 'if #available' version check
292 | if #available(anyAppleOS 27, *) {
293 | view
/Users/admin/builder/spi-builder-workspace/Sources/View/WhatsNewView.swift:291:10: warning: conformance of 'TupleContent<repeat each Content>' to 'View' is only available in visionOS 26.0 or newer; this is an error in the Swift 6 language mode
4 |
5 | /// A WhatsNewView
6 | public struct WhatsNewView: View {
| `- note: add '@available' attribute to enclosing struct
7 |
8 | // MARK: Properties
:
35 | }
36 |
37 | public var body: some View {
| `- note: add '@available' attribute to enclosing property
38 | NavigationStack {
39 | // Content ScrollView
:
289 | // So the title scale effect works
290 | .if { view in
291 | Group {
| |- warning: conformance of 'TupleContent<repeat each Content>' to 'View' is only available in visionOS 26.0 or newer; this is an error in the Swift 6 language mode
| `- note: add 'if #available' version check
292 | if #available(anyAppleOS 27, *) {
293 | view
/Users/admin/builder/spi-builder-workspace/Sources/View/WhatsNewView.swift:291:10: warning: conformance of 'TupleContent<repeat each Content>' to 'View' is only available in visionOS 26.0 or newer; this is an error in the Swift 6 language mode
4 |
5 | /// A WhatsNewView
6 | public struct WhatsNewView: View {
| `- note: add '@available' attribute to enclosing struct
7 |
8 | // MARK: Properties
:
35 | }
36 |
37 | public var body: some View {
| `- note: add '@available' attribute to enclosing property
38 | NavigationStack {
39 | // Content ScrollView
:
289 | // So the title scale effect works
290 | .if { view in
291 | Group {
| |- warning: conformance of 'TupleContent<repeat each Content>' to 'View' is only available in visionOS 26.0 or newer; this is an error in the Swift 6 language mode
| `- note: add 'if #available' version check
292 | if #available(anyAppleOS 27, *) {
293 | view
/Users/admin/builder/spi-builder-workspace/Sources/View/WhatsNewView.swift:291:10: warning: conformance of 'TupleContent<repeat each Content>' to 'View' is only available in visionOS 26.0 or newer; this is an error in the Swift 6 language mode
4 |
5 | /// A WhatsNewView
6 | public struct WhatsNewView: View {
| `- note: add '@available' attribute to enclosing struct
7 |
8 | // MARK: Properties
:
35 | }
36 |
37 | public var body: some View {
| `- note: add '@available' attribute to enclosing property
38 | NavigationStack {
39 | // Content ScrollView
:
289 | // So the title scale effect works
290 | .if { view in
291 | Group {
| |- warning: conformance of 'TupleContent<repeat each Content>' to 'View' is only available in visionOS 26.0 or newer; this is an error in the Swift 6 language mode
| `- note: add 'if #available' version check
292 | if #available(anyAppleOS 27, *) {
293 | view
/Users/admin/builder/spi-builder-workspace/Sources/View/WhatsNewView.swift:294:8: error: 'scrollEdgeEffectStyle(_:for:)' is unavailable in visionOS
292 | if #available(anyAppleOS 27, *) {
293 | view
294 | .scrollEdgeEffectStyle(.soft, for: .top)
| `- error: 'scrollEdgeEffectStyle(_:for:)' is unavailable in visionOS
295 | } else {
296 | view
SwiftUI.View.scrollEdgeEffectStyle:4:27: note: 'scrollEdgeEffectStyle(_:for:)' has been explicitly marked unavailable here
2 | @available(iOS 26.0, macOS 26.0, tvOS 26.0, watchOS 26.0, *)
3 | @available(visionOS, unavailable)
4 | nonisolated public func scrollEdgeEffectStyle(_ style: ScrollEdgeEffectStyle?, for edges: Edge.Set) -> some View
| `- note: 'scrollEdgeEffectStyle(_:for:)' has been explicitly marked unavailable here
5 | }
6 |
[#ResultBuilderMethods]: <https://docs.swift.org/compiler/documentation/diagnostics/result-builder-methods>
Failed frontend command:
/Applications/Xcode-27.0.0-Release.Candidate.app/Contents/Developer/Toolchains/XcodeDefault.xctoolchain/usr/bin/swift-frontend -frontend -c /Users/admin/builder/spi-builder-workspace/.derivedData/Build/Intermediates.noindex/WhatsNewKit.build/Debug-xros/WhatsNewKit-t.build/DerivedSources/resource_bundle_accessor.swift /Users/admin/builder/spi-builder-workspace/Sources/Environment/WhatsNewEnvironment+Key.swift /Users/admin/builder/spi-builder-workspace/Sources/Extensions/View+WhatsNewSheet.swift /Users/admin/builder/spi-builder-workspace/Sources/Models/WhatsNew+Feature.swift /Users/admin/builder/spi-builder-workspace/Sources/Models/WhatsNew+FeatureGroup.swift /Users/admin/builder/spi-builder-workspace/Sources/Models/WhatsNew+HapticFeedback.swift /Users/admin/builder/spi-builder-workspace/Sources/Models/WhatsNew+Layout.swift /Users/admin/builder/spi-builder-workspace/Sources/Models/WhatsNew+PrimaryAction.swift /Users/admin/builder/spi-builder-workspace/Sources/Models/WhatsNew+SecondaryAction+Action.swift /Users/admin/builder/spi-builder-workspace/Sources/Models/WhatsNew+SecondaryAction.swift /Users/admin/builder/spi-builder-workspace/Sources/Models/WhatsNew.swift /Users/admin/builder/spi-builder-workspace/Sources/View/FeatureView.swift /Users/admin/builder/spi-builder-workspace/Sources/View/WhatsNewView+FeaturesPadding.swift -primary-file /Users/admin/builder/spi-builder-workspace/Sources/View/WhatsNewView.swift -emit-dependencies-path /Users/admin/builder/spi-builder-workspace/.derivedData/Build/Intermediates.noindex/WhatsNewKit.build/Debug-xros/WhatsNewKit-t.build/Objects-normal/arm64/WhatsNewView.d -emit-const-values-path /Users/admin/builder/spi-builder-workspace/.derivedData/Build/Intermediates.noindex/WhatsNewKit.build/Debug-xros/WhatsNewKit-t.build/Objects-normal/arm64/WhatsNewView.swiftconstvalues -emit-reference-dependencies-path /Users/admin/builder/spi-builder-workspace/.derivedData/Build/Intermediates.noindex/WhatsNewKit.build/Debug-xros/WhatsNewKit-t.build/Objects-normal/arm64/WhatsNewView.swiftdeps -serialize-diagnostics-path /Users/admin/builder/spi-builder-workspace/.derivedData/Build/Intermediates.noindex/WhatsNewKit.build/Debug-xros/WhatsNewKit-t.build/Objects-normal/arm64/WhatsNewView.dia -target arm64-apple-xros1.0 -disable-cross-import-overlay-search -load-resolved-plugin /Applications/Xcode-27.0.0-Release.Candidate.app/Contents/Developer/Platforms/XROS.platform/Developer/usr/lib/swift/host/plugins/libFoundationMacros.dylib\#/Applications/Xcode-27.0.0-Release.Candidate.app/Contents/Developer/Platforms/XROS.platform/Developer/usr/bin/swift-plugin-server\#FoundationMacros -load-resolved-plugin /Applications/Xcode-27.0.0-Release.Candidate.app/Contents/Developer/Platforms/XROS.platform/Developer/usr/lib/swift/host/plugins/libObservationMacros.dylib\#/Applications/Xcode-27.0.0-Release.Candidate.app/Contents/Developer/Platforms/XROS.platform/Developer/usr/bin/swift-plugin-server\#ObservationMacros -load-resolved-plugin /Applications/Xcode-27.0.0-Release.Candidate.app/Contents/Developer/Platforms/XROS.platform/Developer/usr/lib/swift/host/plugins/libPreviewsMacros.dylib\#/Applications/Xcode-27.0.0-Release.Candidate.app/Contents/Developer/Platforms/XROS.platform/Developer/usr/bin/swift-plugin-server\#PreviewsMacros -load-resolved-plugin /Applications/Xcode-27.0.0-Release.Candidate.app/Contents/Developer/Platforms/XROS.platform/Developer/usr/lib/swift/host/plugins/libSwiftMacros.dylib\#/Applications/Xcode-27.0.0-Release.Candidate.app/Contents/Developer/Platforms/XROS.platform/Developer/usr/bin/swift-plugin-server\#SwiftMacros -load-resolved-plugin /Applications/Xcode-27.0.0-Release.Candidate.app/Contents/Developer/Platforms/XROS.platform/Developer/usr/lib/swift/host/plugins/libSwiftUIMacros.dylib\#/Applications/Xcode-27.0.0-Release.Candidate.app/Contents/Developer/Platforms/XROS.platform/Developer/usr/bin/swift-plugin-server\#SwiftUIMacros -disable-implicit-swift-modules -Xcc -fno-implicit-modules -Xcc -fno-implicit-module-maps -explicit-swift-module-map-file /Users/admin/builder/spi-builder-workspace/.derivedData/Build/Intermediates.noindex/WhatsNewKit.build/Debug-xros/WhatsNewKit-t.build/Objects-normal/arm64/WhatsNewKit-dependencies-1.json -Xllvm -aarch64-use-tbi -enable-objc-interop -stack-check -sdk /Applications/Xcode-27.0.0-Release.Candidate.app/Contents/Developer/Platforms/XROS.platform/Developer/SDKs/XROS27.0.sdk -I /Users/admin/builder/spi-builder-workspace/.derivedData/Build/Products/Debug-xros -Isystem /Applications/Xcode-27.0.0-Release.Candidate.app/Contents/Developer/Platforms/XROS.platform/Developer/usr/lib -F /Users/admin/builder/spi-builder-workspace/.derivedData/Build/Products/Debug-xros -F /Applications/Xcode-27.0.0-Release.Candidate.app/Contents/Developer/Platforms/XROS.platform/Developer/Library/Frameworks -F /Applications/Xcode-27.0.0-Release.Candidate.app/Contents/Developer/Platforms/XROS.platform/Developer/SDKs/XROS27.0.sdk/Developer/Library/Frameworks -module-cache-path /Users/admin/builder/spi-builder-workspace/.derivedData/Build/Intermediates.noindex/SwiftExplicitPrecompiledModules -no-color-diagnostics -Xcc -fno-color-diagnostics -enable-testing -g -debug-info-format\=dwarf -dwarf-version\=4 -profile-generate -profile-coverage-mapping -swift-version 5 -Onone -D SWIFT_PACKAGE -D DEBUG -D SWIFT_MODULE_RESOURCE_BUNDLE_AVAILABLE -D Xcode -serialize-debugging-options -enable-experimental-feature DebugDescriptionMacro -empty-abi-descriptor -validate-clang-modules-once -clang-build-session-file /Users/admin/builder/spi-builder-workspace/.derivedData/ModuleCache.noindex/Session.modulevalidation -Xcc -working-directory -Xcc /Users/admin/builder/spi-builder-workspace/.swiftpm/xcode -enable-anonymous-context-mangled-names -file-compilation-dir /Users/admin/builder/spi-builder-workspace/.swiftpm/xcode -Xcc -D_LIBCPP_HARDENING_MODE\=_LIBCPP_HARDENING_MODE_DEBUG -Xcc -ivfsstatcache -Xcc /Users/admin/builder/spi-builder-workspace/.derivedData/SDKStatCaches.noindex/xros27.0-24M361-e829b21a6f8c9b70876ba0858053c044735bd543db762f57723cac368afd1ce4.sdkstatcache -Xcc -fmodules-prune-interval\=86400 -Xcc -fmodules-prune-after\=345600 -Xcc -I/Users/admin/builder/spi-builder-workspace/.derivedData/Build/Products/Debug-xros/include -Xcc -I/Users/admin/builder/spi-builder-workspace/.derivedData/Build/Intermediates.noindex/WhatsNewKit.build/Debug-xros/WhatsNewKit-t.build/DerivedSources-normal/arm64 -Xcc -I/Users/admin/builder/spi-builder-workspace/.derivedData/Build/Intermediates.noindex/WhatsNewKit.build/Debug-xros/WhatsNewKit-t.build/DerivedSources/arm64 -Xcc -I/Users/admin/builder/spi-builder-workspace/.derivedData/Build/Intermediates.noindex/WhatsNewKit.build/Debug-xros/WhatsNewKit-t.build/DerivedSources -Xcc -DSWIFT_PACKAGE -Xcc -DDEBUG\=1 -no-auto-bridging-header-chaining -module-name WhatsNewKit -package-name spi_builder_workspace -const-gather-protocols-file /Users/admin/builder/spi-builder-workspace/.derivedData/Build/Intermediates.noindex/WhatsNewKit.build/Debug-xros/WhatsNewKit-t.build/Objects-normal/arm64/WhatsNewKit_const_extract_protocols.json -disable-clang-spi -clang-target arm64-apple-xros27.0 -target-sdk-version 27.0 -target-sdk-name xros27.0 -in-process-plugin-server-path /Applications/Xcode-27.0.0-Release.Candidate.app/Contents/Developer/Toolchains/XcodeDefault.xctoolchain/usr/lib/swift/host/libSwiftInProcPluginServer.dylib -parse-as-library -o /Users/admin/builder/spi-builder-workspace/.derivedData/Build/Intermediates.noindex/WhatsNewKit.build/Debug-xros/WhatsNewKit-t.build/Objects-normal/arm64/WhatsNewView.o -debug-module-path /Users/admin/builder/spi-builder-workspace/.derivedData/Build/Intermediates.noindex/WhatsNewKit.build/Debug-xros/WhatsNewKit-t.build/Objects-normal/arm64/WhatsNewKit.swiftmodule -index-unit-output-path /WhatsNewKit.build/Debug-xros/WhatsNewKit-t.build/Objects-normal/arm64/WhatsNewView.o -index-store-path /Users/admin/builder/spi-builder-workspace/.derivedData/Index.noindex/DataStore -index-system-modules
SwiftCompile normal arm64 /Users/admin/builder/spi-builder-workspace/Sources/View/WhatsNewView.swift (in target 'WhatsNewKit' from project 'WhatsNewKit')
cd /Users/admin/builder/spi-builder-workspace/.swiftpm/xcode
builtin-SwiftPerFileCompile WhatsNewView.swift
SwiftCompile normal arm64 Compiling\ resource_bundle_accessor.swift,\ WhatsNewEnvironment+Key.swift /Users/admin/builder/spi-builder-workspace/.derivedData/Build/Intermediates.noindex/WhatsNewKit.build/Debug-xros/WhatsNewKit-t.build/DerivedSources/resource_bundle_accessor.swift /Users/admin/builder/spi-builder-workspace/Sources/Environment/WhatsNewEnvironment+Key.swift (in target 'WhatsNewKit' from project 'WhatsNewKit')
SwiftCompile normal arm64 /Users/admin/builder/spi-builder-workspace/.derivedData/Build/Intermediates.noindex/WhatsNewKit.build/Debug-xros/WhatsNewKit-t.build/DerivedSources/resource_bundle_accessor.swift (in target 'WhatsNewKit' from project 'WhatsNewKit')
cd /Users/admin/builder/spi-builder-workspace/.swiftpm/xcode
builtin-SwiftPerFileCompile resource_bundle_accessor.swift
SwiftCompile normal arm64 /Users/admin/builder/spi-builder-workspace/Sources/Environment/WhatsNewEnvironment+Key.swift (in target 'WhatsNewKit' from project 'WhatsNewKit')
cd /Users/admin/builder/spi-builder-workspace/.swiftpm/xcode
builtin-SwiftPerFileCompile WhatsNewEnvironment+Key.swift
SwiftDriverJobDiscovery normal arm64 Emitting module for WhatsNewKit (in target 'WhatsNewKit' from project 'WhatsNewKit')
SwiftDriver\ Compilation\ Requirements WhatsNewKit normal arm64 com.apple.xcode.tools.swift.compiler (in target 'WhatsNewKit' from project 'WhatsNewKit')
cd /Users/admin/builder/spi-builder-workspace/.swiftpm/xcode
builtin-Swift-Compilation-Requirements -- /Applications/Xcode-27.0.0-Release.Candidate.app/Contents/Developer/Toolchains/XcodeDefault.xctoolchain/usr/bin/swiftc -parse-as-library -module-name WhatsNewKit -Onone @/Users/admin/builder/spi-builder-workspace/.derivedData/Build/Intermediates.noindex/WhatsNewKit.build/Debug-xros/WhatsNewKit-t.build/Objects-normal/arm64/WhatsNewKit.SwiftFileList -DSWIFT_PACKAGE -DDEBUG -DSWIFT_MODULE_RESOURCE_BUNDLE_AVAILABLE -DXcode -plugin-path /Applications/Xcode-27.0.0-Release.Candidate.app/Contents/Developer/Toolchains/XcodeDefault.xctoolchain/usr/lib/swift/host/plugins/testing -enable-experimental-feature DebugDescriptionMacro -sdk /Applications/Xcode-27.0.0-Release.Candidate.app/Contents/Developer/Platforms/XROS.platform/Developer/SDKs/XROS27.0.sdk -target arm64-apple-xros1.0 -g -module-cache-path /Users/admin/builder/spi-builder-workspace/.derivedData/ModuleCache.noindex -Xfrontend -serialize-debugging-options -profile-coverage-mapping -profile-generate -enable-testing -index-store-path /Users/admin/builder/spi-builder-workspace/.derivedData/Index.noindex/DataStore -Xcc -D_LIBCPP_HARDENING_MODE\=_LIBCPP_HARDENING_MODE_DEBUG -swift-version 5 -I /Users/admin/builder/spi-builder-workspace/.derivedData/Build/Products/Debug-xros -Isystem /Applications/Xcode-27.0.0-Release.Candidate.app/Contents/Developer/Platforms/XROS.platform/Developer/usr/lib -F /Users/admin/builder/spi-builder-workspace/.derivedData/Build/Products/Debug-xros -F /Applications/Xcode-27.0.0-Release.Candidate.app/Contents/Developer/Platforms/XROS.platform/Developer/Library/Frameworks -F /Applications/Xcode-27.0.0-Release.Candidate.app/Contents/Developer/Platforms/XROS.platform/Developer/SDKs/XROS27.0.sdk/Developer/Library/Frameworks -c -j10 -enable-batch-mode -incremental -Xcc -ivfsstatcache -Xcc /Users/admin/builder/spi-builder-workspace/.derivedData/SDKStatCaches.noindex/xros27.0-24M361-e829b21a6f8c9b70876ba0858053c044735bd543db762f57723cac368afd1ce4.sdkstatcache -output-file-map /Users/admin/builder/spi-builder-workspace/.derivedData/Build/Intermediates.noindex/WhatsNewKit.build/Debug-xros/WhatsNewKit-t.build/Objects-normal/arm64/WhatsNewKit-OutputFileMap.json -save-temps -no-color-diagnostics -explicit-module-build -module-cache-path /Users/admin/builder/spi-builder-workspace/.derivedData/Build/Intermediates.noindex/SwiftExplicitPrecompiledModules -clang-scanner-module-cache-path /Users/admin/builder/spi-builder-workspace/.derivedData/ModuleCache.noindex -sdk-module-cache-path /Users/admin/builder/spi-builder-workspace/.derivedData/SDKExplicitPrecompiledModules -emit-dependencies -emit-module -emit-module-path /Users/admin/builder/spi-builder-workspace/.derivedData/Build/Intermediates.noindex/WhatsNewKit.build/Debug-xros/WhatsNewKit-t.build/Objects-normal/arm64/WhatsNewKit.swiftmodule -serialize-diagnostics -dependency-scan-serialize-diagnostics-path /Users/admin/builder/spi-builder-workspace/.derivedData/Build/Intermediates.noindex/WhatsNewKit.build/Debug-xros/WhatsNewKit-t.build/Objects-normal/arm64/WhatsNewKit-dependency-scan.dia -validate-clang-modules-once -clang-build-session-file /Users/admin/builder/spi-builder-workspace/.derivedData/ModuleCache.noindex/Session.modulevalidation -Xcc -fmodules-prune-interval\=86400 -Xcc -fmodules-prune-after\=345600 -package-name spi_builder_workspace -emit-const-values -const-gather-protocols-list /Users/admin/builder/spi-builder-workspace/.derivedData/Build/Intermediates.noindex/WhatsNewKit.build/Debug-xros/WhatsNewKit-t.build/Objects-normal/arm64/WhatsNewKit_const_extract_protocols.json -Xcc -I/Users/admin/builder/spi-builder-workspace/.derivedData/Build/Products/Debug-xros/include -Xcc -I/Users/admin/builder/spi-builder-workspace/.derivedData/Build/Intermediates.noindex/WhatsNewKit.build/Debug-xros/WhatsNewKit-t.build/DerivedSources-normal/arm64 -Xcc -I/Users/admin/builder/spi-builder-workspace/.derivedData/Build/Intermediates.noindex/WhatsNewKit.build/Debug-xros/WhatsNewKit-t.build/DerivedSources/arm64 -Xcc -I/Users/admin/builder/spi-builder-workspace/.derivedData/Build/Intermediates.noindex/WhatsNewKit.build/Debug-xros/WhatsNewKit-t.build/DerivedSources -Xcc -DSWIFT_PACKAGE -Xcc -DDEBUG\=1 -emit-objc-header -emit-objc-header-path /Users/admin/builder/spi-builder-workspace/.derivedData/Build/Intermediates.noindex/WhatsNewKit.build/Debug-xros/WhatsNewKit-t.build/Objects-normal/arm64/WhatsNewKit-Swift.h -working-directory /Users/admin/builder/spi-builder-workspace/.swiftpm/xcode -experimental-emit-module-separately -disable-cmo
SwiftDriverJobDiscovery normal arm64 Compiling WhatsNew+FeatureGroup.swift, WhatsNew+HapticFeedback.swift (in target 'WhatsNewKit' from project 'WhatsNewKit')
SwiftMergeGeneratedHeaders /Users/admin/builder/spi-builder-workspace/.derivedData/Build/Intermediates.noindex/GeneratedModuleMaps-xros/WhatsNewKit-Swift.h /Users/admin/builder/spi-builder-workspace/.derivedData/Build/Intermediates.noindex/WhatsNewKit.build/Debug-xros/WhatsNewKit-t.build/Objects-normal/arm64/WhatsNewKit-Swift.h (in target 'WhatsNewKit' from project 'WhatsNewKit')
cd /Users/admin/builder/spi-builder-workspace
builtin-swiftHeaderTool -arch arm64 /Users/admin/builder/spi-builder-workspace/.derivedData/Build/Intermediates.noindex/WhatsNewKit.build/Debug-xros/WhatsNewKit-t.build/Objects-normal/arm64/WhatsNewKit-Swift.h -o /Users/admin/builder/spi-builder-workspace/.derivedData/Build/Intermediates.noindex/GeneratedModuleMaps-xros/WhatsNewKit-Swift.h
Copy /Users/admin/builder/spi-builder-workspace/.derivedData/Build/Products/Debug-xros/WhatsNewKit.swiftmodule/arm64-apple-xros.swiftmodule /Users/admin/builder/spi-builder-workspace/.derivedData/Build/Intermediates.noindex/WhatsNewKit.build/Debug-xros/WhatsNewKit-t.build/Objects-normal/arm64/WhatsNewKit.swiftmodule (in target 'WhatsNewKit' from project 'WhatsNewKit')
cd /Users/admin/builder/spi-builder-workspace
builtin-copy -exclude .DS_Store -exclude CVS -exclude .svn -exclude .git -exclude .hg -resolve-src-symlinks -rename /Users/admin/builder/spi-builder-workspace/.derivedData/Build/Intermediates.noindex/WhatsNewKit.build/Debug-xros/WhatsNewKit-t.build/Objects-normal/arm64/WhatsNewKit.swiftmodule /Users/admin/builder/spi-builder-workspace/.derivedData/Build/Products/Debug-xros/WhatsNewKit.swiftmodule/arm64-apple-xros.swiftmodule
Copy /Users/admin/builder/spi-builder-workspace/.derivedData/Build/Products/Debug-xros/WhatsNewKit.swiftmodule/arm64-apple-xros.swiftdoc /Users/admin/builder/spi-builder-workspace/.derivedData/Build/Intermediates.noindex/WhatsNewKit.build/Debug-xros/WhatsNewKit-t.build/Objects-normal/arm64/WhatsNewKit.swiftdoc (in target 'WhatsNewKit' from project 'WhatsNewKit')
cd /Users/admin/builder/spi-builder-workspace
builtin-copy -exclude .DS_Store -exclude CVS -exclude .svn -exclude .git -exclude .hg -resolve-src-symlinks -rename /Users/admin/builder/spi-builder-workspace/.derivedData/Build/Intermediates.noindex/WhatsNewKit.build/Debug-xros/WhatsNewKit-t.build/Objects-normal/arm64/WhatsNewKit.swiftdoc /Users/admin/builder/spi-builder-workspace/.derivedData/Build/Products/Debug-xros/WhatsNewKit.swiftmodule/arm64-apple-xros.swiftdoc
Copy /Users/admin/builder/spi-builder-workspace/.derivedData/Build/Products/Debug-xros/WhatsNewKit.swiftmodule/arm64-apple-xros.abi.json /Users/admin/builder/spi-builder-workspace/.derivedData/Build/Intermediates.noindex/WhatsNewKit.build/Debug-xros/WhatsNewKit-t.build/Objects-normal/arm64/WhatsNewKit.abi.json (in target 'WhatsNewKit' from project 'WhatsNewKit')
cd /Users/admin/builder/spi-builder-workspace
builtin-copy -exclude .DS_Store -exclude CVS -exclude .svn -exclude .git -exclude .hg -resolve-src-symlinks -rename /Users/admin/builder/spi-builder-workspace/.derivedData/Build/Intermediates.noindex/WhatsNewKit.build/Debug-xros/WhatsNewKit-t.build/Objects-normal/arm64/WhatsNewKit.abi.json /Users/admin/builder/spi-builder-workspace/.derivedData/Build/Products/Debug-xros/WhatsNewKit.swiftmodule/arm64-apple-xros.abi.json
SwiftDriverJobDiscovery normal arm64 Compiling WhatsNew.swift (in target 'WhatsNewKit' from project 'WhatsNewKit')
Copy /Users/admin/builder/spi-builder-workspace/.derivedData/Build/Products/Debug-xros/WhatsNewKit.swiftmodule/Project/arm64-apple-xros.swiftsourceinfo /Users/admin/builder/spi-builder-workspace/.derivedData/Build/Intermediates.noindex/WhatsNewKit.build/Debug-xros/WhatsNewKit-t.build/Objects-normal/arm64/WhatsNewKit.swiftsourceinfo (in target 'WhatsNewKit' from project 'WhatsNewKit')
cd /Users/admin/builder/spi-builder-workspace
builtin-copy -exclude .DS_Store -exclude CVS -exclude .svn -exclude .git -exclude .hg -resolve-src-symlinks -rename /Users/admin/builder/spi-builder-workspace/.derivedData/Build/Intermediates.noindex/WhatsNewKit.build/Debug-xros/WhatsNewKit-t.build/Objects-normal/arm64/WhatsNewKit.swiftsourceinfo /Users/admin/builder/spi-builder-workspace/.derivedData/Build/Products/Debug-xros/WhatsNewKit.swiftmodule/Project/arm64-apple-xros.swiftsourceinfo
SwiftDriverJobDiscovery normal arm64 Compiling WhatsNew+Layout.swift, WhatsNew+PrimaryAction.swift (in target 'WhatsNewKit' from project 'WhatsNewKit')
PruneExplicitPrecompiledModules /Users/admin/builder/spi-builder-workspace/.derivedData/SDKExplicitPrecompiledModules
PruneExplicitPrecompiledModules /Users/admin/builder/spi-builder-workspace/.derivedData/Build/Intermediates.noindex/ExplicitPrecompiledModules
PruneExplicitPrecompiledModules /Users/admin/builder/spi-builder-workspace/.derivedData/Build/Intermediates.noindex/SwiftExplicitPrecompiledModules
2026-10-03 08:27:13.710 xcodebuild[627:3867] [MT] IDERunDestination: Supported platforms for the buildables in the current scheme is empty.
** BUILD FAILED **
The following build commands failed:
SwiftCompile normal arm64 Compiling\ WhatsNewView.swift /Users/admin/builder/spi-builder-workspace/Sources/View/WhatsNewView.swift (in target 'WhatsNewKit' from project 'WhatsNewKit')
SwiftCompile normal arm64 /Users/admin/builder/spi-builder-workspace/Sources/View/WhatsNewView.swift (in target 'WhatsNewKit' from project 'WhatsNewKit')
Building workspace WhatsNewKit with scheme WhatsNewKit
(3 failures)
Command line invocation:
/Applications/Xcode-27.0.0-Release.Candidate.app/Contents/Developer/usr/bin/xcodebuild -IDEClonedSourcePackagesDirPathOverride=/Users/admin/builder/spi-builder-workspace/.dependencies -resolvePackageDependencies
Resolve Package Graph
Resolved source packages:
WhatsNewKit: /Users/admin/builder/spi-builder-workspace
resolved source packages: WhatsNewKit
2026-10-03 08:27:26.872 xcodebuild[799:4669] [MT] IDERunDestination: Supported platforms for the buildables in the current scheme is empty.
{
"dependencies" : [
],
"manifest_display_name" : "WhatsNewKit",
"name" : "WhatsNewKit",
"path" : "/Users/admin/builder/spi-builder-workspace",
"platforms" : [
{
"name" : "ios",
"version" : "17.0"
},
{
"name" : "macos",
"version" : "14.0"
},
{
"name" : "visionos",
"version" : "1.0"
}
],
"products" : [
{
"name" : "WhatsNewKit",
"targets" : [
"WhatsNewKit"
],
"type" : {
"library" : [
"automatic"
]
}
}
],
"targets" : [
{
"c99name" : "WhatsNewKitTests",
"module_type" : "SwiftTarget",
"name" : "WhatsNewKitTests",
"path" : "Tests",
"sources" : [
"WhatsNewEnvironmentTests.swift",
"WhatsNewKitTestCase.swift",
"WhatsNewVersionStoreTests.swift",
"WhatsNewVersionTests.swift",
"WhatsNewViewControllerTests.swift"
],
"target_dependencies" : [
"WhatsNewKit"
],
"type" : "test"
},
{
"c99name" : "WhatsNewKit",
"module_type" : "SwiftTarget",
"name" : "WhatsNewKit",
"path" : "Sources",
"product_memberships" : [
"WhatsNewKit"
],
"resources" : [
{
"path" : "/Users/admin/builder/spi-builder-workspace/Sources/Resources/PrivacyInfo.xcprivacy",
"rule" : {
"process" : {
}
}
}
],
"sources" : [
"Environment/WhatsNewEnvironment+Key.swift",
"Extensions/View+WhatsNewSheet.swift",
"Models/WhatsNew+Feature.swift",
"Models/WhatsNew+FeatureGroup.swift",
"Models/WhatsNew+HapticFeedback.swift",
"Models/WhatsNew+Layout.swift",
"Models/WhatsNew+PrimaryAction.swift",
"Models/WhatsNew+SecondaryAction+Action.swift",
"Models/WhatsNew+SecondaryAction.swift",
"Models/WhatsNew.swift",
"View/FeatureView.swift",
"View/WhatsNewView+FeaturesPadding.swift",
"View/WhatsNewView.swift"
],
"type" : "library"
}
],
"tools_version" : "5.9"
}
{
"workspace" : {
"name" : "WhatsNewKit",
"schemes" : [
"WhatsNewKit"
]
}
}
2026-10-03 08:27:28.094 xcodebuild[807:4738] [MT] IDERunDestination: Supported platforms for the buildables in the current scheme is empty.
Running build ...
env DEVELOPER_DIR=/Applications/Xcode-27.0.0-Release.Candidate.app xcrun xcodebuild -IDEClonedSourcePackagesDirPathOverride=$PWD/.dependencies -skipMacroValidation -skipPackagePluginValidation -derivedDataPath $PWD/.derivedData build -scheme WhatsNewKit -destination generic/platform=xrOS
Command line invocation:
/Applications/Xcode-27.0.0-Release.Candidate.app/Contents/Developer/usr/bin/xcodebuild -IDEClonedSourcePackagesDirPathOverride=/Users/admin/builder/spi-builder-workspace/.dependencies -skipMacroValidation -skipPackagePluginValidation -derivedDataPath /Users/admin/builder/spi-builder-workspace/.derivedData build -scheme WhatsNewKit -destination generic/platform=xrOS
Resolve Package Graph
Resolved source packages:
WhatsNewKit: /Users/admin/builder/spi-builder-workspace
ComputePackagePrebuildTargetDependencyGraph
Prepare packages
CreateBuildRequest
SendProjectDescription
CreateBuildOperation
ComputeTargetDependencyGraph
note: Building targets in dependency order
note: Target dependency graph (3 targets)
Target 'WhatsNewKit-product' in project 'WhatsNewKit'
➜ Explicit dependency on target 'WhatsNewKit' in project 'WhatsNewKit'
➜ Explicit dependency on target 'WhatsNewKit_WhatsNewKit' in project 'WhatsNewKit'
Target 'WhatsNewKit' in project 'WhatsNewKit'
➜ Explicit dependency on target 'WhatsNewKit_WhatsNewKit' in project 'WhatsNewKit'
Target 'WhatsNewKit_WhatsNewKit' in project 'WhatsNewKit' (no dependencies)
GatherProvisioningInputs
CreateBuildDescription
ClangStatCache /Applications/Xcode-27.0.0-Release.Candidate.app/Contents/Developer/Toolchains/XcodeDefault.xctoolchain/usr/bin/clang-stat-cache /Applications/Xcode-27.0.0-Release.Candidate.app/Contents/Developer/Platforms/XROS.platform/Developer/SDKs/XROS27.0.sdk /Users/admin/builder/spi-builder-workspace/.derivedData/SDKStatCaches.noindex/xros27.0-24M361-e829b21a6f8c9b70876ba0858053c044735bd543db762f57723cac368afd1ce4.sdkstatcache
cd /Users/admin/builder/spi-builder-workspace/.swiftpm/xcode
/Applications/Xcode-27.0.0-Release.Candidate.app/Contents/Developer/Toolchains/XcodeDefault.xctoolchain/usr/bin/clang-stat-cache /Applications/Xcode-27.0.0-Release.Candidate.app/Contents/Developer/Platforms/XROS.platform/Developer/SDKs/XROS27.0.sdk -o /Users/admin/builder/spi-builder-workspace/.derivedData/SDKStatCaches.noindex/xros27.0-24M361-e829b21a6f8c9b70876ba0858053c044735bd543db762f57723cac368afd1ce4.sdkstatcache
SwiftDriver WhatsNewKit normal arm64 com.apple.xcode.tools.swift.compiler (in target 'WhatsNewKit' from project 'WhatsNewKit')
cd /Users/admin/builder/spi-builder-workspace/.swiftpm/xcode
builtin-SwiftDriver -- /Applications/Xcode-27.0.0-Release.Candidate.app/Contents/Developer/Toolchains/XcodeDefault.xctoolchain/usr/bin/swiftc -parse-as-library -module-name WhatsNewKit -Onone @/Users/admin/builder/spi-builder-workspace/.derivedData/Build/Intermediates.noindex/WhatsNewKit.build/Debug-xros/WhatsNewKit-t.build/Objects-normal/arm64/WhatsNewKit.SwiftFileList -DSWIFT_PACKAGE -DDEBUG -DSWIFT_MODULE_RESOURCE_BUNDLE_AVAILABLE -DXcode -plugin-path /Applications/Xcode-27.0.0-Release.Candidate.app/Contents/Developer/Toolchains/XcodeDefault.xctoolchain/usr/lib/swift/host/plugins/testing -enable-experimental-feature DebugDescriptionMacro -sdk /Applications/Xcode-27.0.0-Release.Candidate.app/Contents/Developer/Platforms/XROS.platform/Developer/SDKs/XROS27.0.sdk -target arm64-apple-xros1.0 -g -module-cache-path /Users/admin/builder/spi-builder-workspace/.derivedData/ModuleCache.noindex -Xfrontend -serialize-debugging-options -profile-coverage-mapping -profile-generate -enable-testing -index-store-path /Users/admin/builder/spi-builder-workspace/.derivedData/Index.noindex/DataStore -Xcc -D_LIBCPP_HARDENING_MODE\=_LIBCPP_HARDENING_MODE_DEBUG -swift-version 5 -I /Users/admin/builder/spi-builder-workspace/.derivedData/Build/Products/Debug-xros -Isystem /Applications/Xcode-27.0.0-Release.Candidate.app/Contents/Developer/Platforms/XROS.platform/Developer/usr/lib -F /Users/admin/builder/spi-builder-workspace/.derivedData/Build/Products/Debug-xros -F /Applications/Xcode-27.0.0-Release.Candidate.app/Contents/Developer/Platforms/XROS.platform/Developer/Library/Frameworks -F /Applications/Xcode-27.0.0-Release.Candidate.app/Contents/Developer/Platforms/XROS.platform/Developer/SDKs/XROS27.0.sdk/Developer/Library/Frameworks -c -j10 -enable-batch-mode -incremental -Xcc -ivfsstatcache -Xcc /Users/admin/builder/spi-builder-workspace/.derivedData/SDKStatCaches.noindex/xros27.0-24M361-e829b21a6f8c9b70876ba0858053c044735bd543db762f57723cac368afd1ce4.sdkstatcache -output-file-map /Users/admin/builder/spi-builder-workspace/.derivedData/Build/Intermediates.noindex/WhatsNewKit.build/Debug-xros/WhatsNewKit-t.build/Objects-normal/arm64/WhatsNewKit-OutputFileMap.json -save-temps -no-color-diagnostics -explicit-module-build -module-cache-path /Users/admin/builder/spi-builder-workspace/.derivedData/Build/Intermediates.noindex/SwiftExplicitPrecompiledModules -clang-scanner-module-cache-path /Users/admin/builder/spi-builder-workspace/.derivedData/ModuleCache.noindex -sdk-module-cache-path /Users/admin/builder/spi-builder-workspace/.derivedData/SDKExplicitPrecompiledModules -emit-dependencies -emit-module -emit-module-path /Users/admin/builder/spi-builder-workspace/.derivedData/Build/Intermediates.noindex/WhatsNewKit.build/Debug-xros/WhatsNewKit-t.build/Objects-normal/arm64/WhatsNewKit.swiftmodule -serialize-diagnostics -dependency-scan-serialize-diagnostics-path /Users/admin/builder/spi-builder-workspace/.derivedData/Build/Intermediates.noindex/WhatsNewKit.build/Debug-xros/WhatsNewKit-t.build/Objects-normal/arm64/WhatsNewKit-dependency-scan.dia -validate-clang-modules-once -clang-build-session-file /Users/admin/builder/spi-builder-workspace/.derivedData/ModuleCache.noindex/Session.modulevalidation -Xcc -fmodules-prune-interval\=86400 -Xcc -fmodules-prune-after\=345600 -package-name spi_builder_workspace -emit-const-values -const-gather-protocols-list /Users/admin/builder/spi-builder-workspace/.derivedData/Build/Intermediates.noindex/WhatsNewKit.build/Debug-xros/WhatsNewKit-t.build/Objects-normal/arm64/WhatsNewKit_const_extract_protocols.json -Xcc -I/Users/admin/builder/spi-builder-workspace/.derivedData/Build/Products/Debug-xros/include -Xcc -I/Users/admin/builder/spi-builder-workspace/.derivedData/Build/Intermediates.noindex/WhatsNewKit.build/Debug-xros/WhatsNewKit-t.build/DerivedSources-normal/arm64 -Xcc -I/Users/admin/builder/spi-builder-workspace/.derivedData/Build/Intermediates.noindex/WhatsNewKit.build/Debug-xros/WhatsNewKit-t.build/DerivedSources/arm64 -Xcc -I/Users/admin/builder/spi-builder-workspace/.derivedData/Build/Intermediates.noindex/WhatsNewKit.build/Debug-xros/WhatsNewKit-t.build/DerivedSources -Xcc -DSWIFT_PACKAGE -Xcc -DDEBUG\=1 -emit-objc-header -emit-objc-header-path /Users/admin/builder/spi-builder-workspace/.derivedData/Build/Intermediates.noindex/WhatsNewKit.build/Debug-xros/WhatsNewKit-t.build/Objects-normal/arm64/WhatsNewKit-Swift.h -working-directory /Users/admin/builder/spi-builder-workspace/.swiftpm/xcode -experimental-emit-module-separately -disable-cmo
SwiftCompile normal arm64 Compiling\ resource_bundle_accessor.swift /Users/admin/builder/spi-builder-workspace/.derivedData/Build/Intermediates.noindex/WhatsNewKit.build/Debug-xros/WhatsNewKit-t.build/DerivedSources/resource_bundle_accessor.swift (in target 'WhatsNewKit' from project 'WhatsNewKit')
SwiftCompile normal arm64 /Users/admin/builder/spi-builder-workspace/.derivedData/Build/Intermediates.noindex/WhatsNewKit.build/Debug-xros/WhatsNewKit-t.build/DerivedSources/resource_bundle_accessor.swift (in target 'WhatsNewKit' from project 'WhatsNewKit')
cd /Users/admin/builder/spi-builder-workspace/.swiftpm/xcode
builtin-SwiftPerFileCompile resource_bundle_accessor.swift
SwiftCompile normal arm64 Compiling\ WhatsNew+SecondaryAction+Action.swift /Users/admin/builder/spi-builder-workspace/Sources/Models/WhatsNew+SecondaryAction+Action.swift (in target 'WhatsNewKit' from project 'WhatsNewKit')
SwiftCompile normal arm64 /Users/admin/builder/spi-builder-workspace/Sources/Models/WhatsNew+SecondaryAction+Action.swift (in target 'WhatsNewKit' from project 'WhatsNewKit')
cd /Users/admin/builder/spi-builder-workspace/.swiftpm/xcode
builtin-SwiftPerFileCompile WhatsNew+SecondaryAction+Action.swift
SwiftCompile normal arm64 Compiling\ WhatsNew+Feature.swift /Users/admin/builder/spi-builder-workspace/Sources/Models/WhatsNew+Feature.swift (in target 'WhatsNewKit' from project 'WhatsNewKit')
SwiftCompile normal arm64 /Users/admin/builder/spi-builder-workspace/Sources/Models/WhatsNew+Feature.swift (in target 'WhatsNewKit' from project 'WhatsNewKit')
cd /Users/admin/builder/spi-builder-workspace/.swiftpm/xcode
builtin-SwiftPerFileCompile WhatsNew+Feature.swift
SwiftCompile normal arm64 Compiling\ WhatsNewEnvironment+Key.swift /Users/admin/builder/spi-builder-workspace/Sources/Environment/WhatsNewEnvironment+Key.swift (in target 'WhatsNewKit' from project 'WhatsNewKit')
SwiftCompile normal arm64 /Users/admin/builder/spi-builder-workspace/Sources/Environment/WhatsNewEnvironment+Key.swift (in target 'WhatsNewKit' from project 'WhatsNewKit')
cd /Users/admin/builder/spi-builder-workspace/.swiftpm/xcode
builtin-SwiftPerFileCompile WhatsNewEnvironment+Key.swift
SwiftCompile normal arm64 Compiling\ WhatsNew+SecondaryAction.swift /Users/admin/builder/spi-builder-workspace/Sources/Models/WhatsNew+SecondaryAction.swift (in target 'WhatsNewKit' from project 'WhatsNewKit')
SwiftCompile normal arm64 /Users/admin/builder/spi-builder-workspace/Sources/Models/WhatsNew+SecondaryAction.swift (in target 'WhatsNewKit' from project 'WhatsNewKit')
cd /Users/admin/builder/spi-builder-workspace/.swiftpm/xcode
builtin-SwiftPerFileCompile WhatsNew+SecondaryAction.swift
SwiftCompile normal arm64 Compiling\ View+WhatsNewSheet.swift /Users/admin/builder/spi-builder-workspace/Sources/Extensions/View+WhatsNewSheet.swift (in target 'WhatsNewKit' from project 'WhatsNewKit')
SwiftCompile normal arm64 /Users/admin/builder/spi-builder-workspace/Sources/Extensions/View+WhatsNewSheet.swift (in target 'WhatsNewKit' from project 'WhatsNewKit')
cd /Users/admin/builder/spi-builder-workspace/.swiftpm/xcode
builtin-SwiftPerFileCompile View+WhatsNewSheet.swift
SwiftCompile normal arm64 Compiling\ WhatsNewView.swift /Users/admin/builder/spi-builder-workspace/Sources/View/WhatsNewView.swift (in target 'WhatsNewKit' from project 'WhatsNewKit')
/Users/admin/builder/spi-builder-workspace/Sources/View/WhatsNewView.swift:40:16: warning: result builder 'ContentBuilder' (aka 'ViewBuilder') does not implement 'buildLimitedAvailability'; this code may crash on earlier versions of the OS [#ResultBuilderMethods]
38 | NavigationStack {
39 | // Content ScrollView
40 | if #available(iOS 18.0, macOS 15, *) {
| `- warning: result builder 'ContentBuilder' (aka 'ViewBuilder') does not implement 'buildLimitedAvailability'; this code may crash on earlier versions of the OS [#ResultBuilderMethods]
41 | ScrollView(
42 | .vertical,
/Users/admin/builder/spi-builder-workspace/Sources/View/WhatsNewView.swift:137:24: warning: result builder 'ContentBuilder' (aka 'ViewBuilder') does not implement 'buildLimitedAvailability'; this code may crash on earlier versions of the OS [#ResultBuilderMethods]
135 | .overlay(alignment: .bottom) {
136 | // Footer
137 | if #available(iOS 26, macOS 26, *) {
| `- warning: result builder 'ContentBuilder' (aka 'ViewBuilder') does not implement 'buildLimitedAvailability'; this code may crash on earlier versions of the OS [#ResultBuilderMethods]
138 | self.footer
139 | .buttonStyle(.glassProminent)
/Users/admin/builder/spi-builder-workspace/Sources/View/WhatsNewView.swift:292:8: warning: result builder 'ContentBuilder' (aka 'ViewBuilder') does not implement 'buildLimitedAvailability'; this code may crash on earlier versions of the OS [#ResultBuilderMethods]
290 | .if { view in
291 | Group {
292 | if #available(anyAppleOS 27, *) {
| `- warning: result builder 'ContentBuilder' (aka 'ViewBuilder') does not implement 'buildLimitedAvailability'; this code may crash on earlier versions of the OS [#ResultBuilderMethods]
293 | view
294 | .scrollEdgeEffectStyle(.soft, for: .top)
/Users/admin/builder/spi-builder-workspace/Sources/View/WhatsNewView.swift:38:9: warning: conformance of 'TupleContent<repeat each Content>' to 'View' is only available in visionOS 26.0 or newer; this is an error in the Swift 6 language mode
4 |
5 | /// A WhatsNewView
6 | public struct WhatsNewView: View {
| `- note: add '@available' attribute to enclosing struct
7 |
8 | // MARK: Properties
:
35 | }
36 |
37 | public var body: some View {
| `- note: add '@available' attribute to enclosing property
38 | NavigationStack {
| |- warning: conformance of 'TupleContent<repeat each Content>' to 'View' is only available in visionOS 26.0 or newer; this is an error in the Swift 6 language mode
| `- note: add 'if #available' version check
39 | // Content ScrollView
40 | if #available(iOS 18.0, macOS 15, *) {
/Users/admin/builder/spi-builder-workspace/Sources/View/WhatsNewView.swift:38:9: warning: conformance of 'TupleContent<repeat each Content>' to 'View' is only available in visionOS 26.0 or newer; this is an error in the Swift 6 language mode
4 |
5 | /// A WhatsNewView
6 | public struct WhatsNewView: View {
| `- note: add '@available' attribute to enclosing struct
7 |
8 | // MARK: Properties
:
35 | }
36 |
37 | public var body: some View {
| `- note: add '@available' attribute to enclosing property
38 | NavigationStack {
| |- warning: conformance of 'TupleContent<repeat each Content>' to 'View' is only available in visionOS 26.0 or newer; this is an error in the Swift 6 language mode
| `- note: add 'if #available' version check
39 | // Content ScrollView
40 | if #available(iOS 18.0, macOS 15, *) {
/Users/admin/builder/spi-builder-workspace/Sources/View/WhatsNewView.swift:38:9: warning: conformance of 'TupleContent<repeat each Content>' to 'View' is only available in visionOS 26.0 or newer; this is an error in the Swift 6 language mode
4 |
5 | /// A WhatsNewView
6 | public struct WhatsNewView: View {
| `- note: add '@available' attribute to enclosing struct
7 |
8 | // MARK: Properties
:
35 | }
36 |
37 | public var body: some View {
| `- note: add '@available' attribute to enclosing property
38 | NavigationStack {
| |- warning: conformance of 'TupleContent<repeat each Content>' to 'View' is only available in visionOS 26.0 or newer; this is an error in the Swift 6 language mode
| `- note: add 'if #available' version check
39 | // Content ScrollView
40 | if #available(iOS 18.0, macOS 15, *) {
/Users/admin/builder/spi-builder-workspace/Sources/View/WhatsNewView.swift:38:25: warning: conformance of 'TupleContent<repeat each Content>' to 'View' is only available in visionOS 26.0 or newer; this is an error in the Swift 6 language mode
4 |
5 | /// A WhatsNewView
6 | public struct WhatsNewView: View {
| `- note: add '@available' attribute to enclosing struct
7 |
8 | // MARK: Properties
:
35 | }
36 |
37 | public var body: some View {
| `- note: add '@available' attribute to enclosing property
38 | NavigationStack {
| |- warning: conformance of 'TupleContent<repeat each Content>' to 'View' is only available in visionOS 26.0 or newer; this is an error in the Swift 6 language mode
| `- note: add 'if #available' version check
39 | // Content ScrollView
40 | if #available(iOS 18.0, macOS 15, *) {
/Users/admin/builder/spi-builder-workspace/Sources/View/WhatsNewView.swift:38:25: warning: conformance of 'TupleContent<repeat each Content>' to 'View' is only available in visionOS 26.0 or newer; this is an error in the Swift 6 language mode
4 |
5 | /// A WhatsNewView
6 | public struct WhatsNewView: View {
| `- note: add '@available' attribute to enclosing struct
7 |
8 | // MARK: Properties
:
35 | }
36 |
37 | public var body: some View {
| `- note: add '@available' attribute to enclosing property
38 | NavigationStack {
| |- warning: conformance of 'TupleContent<repeat each Content>' to 'View' is only available in visionOS 26.0 or newer; this is an error in the Swift 6 language mode
| `- note: add 'if #available' version check
39 | // Content ScrollView
40 | if #available(iOS 18.0, macOS 15, *) {
/Users/admin/builder/spi-builder-workspace/Sources/View/WhatsNewView.swift:38:25: warning: conformance of 'TupleContent<repeat each Content>' to 'View' is only available in visionOS 26.0 or newer; this is an error in the Swift 6 language mode
4 |
5 | /// A WhatsNewView
6 | public struct WhatsNewView: View {
| `- note: add '@available' attribute to enclosing struct
7 |
8 | // MARK: Properties
:
35 | }
36 |
37 | public var body: some View {
| `- note: add '@available' attribute to enclosing property
38 | NavigationStack {
| |- warning: conformance of 'TupleContent<repeat each Content>' to 'View' is only available in visionOS 26.0 or newer; this is an error in the Swift 6 language mode
| `- note: add 'if #available' version check
39 | // Content ScrollView
40 | if #available(iOS 18.0, macOS 15, *) {
/Users/admin/builder/spi-builder-workspace/Sources/View/WhatsNewView.swift:123:18: error: 'onScrollTargetVisibilityChange(idType:threshold:_:)' is only available in visionOS 2.0 or newer
4 |
5 | /// A WhatsNewView
6 | public struct WhatsNewView: View {
| `- note: add '@available' attribute to enclosing struct
7 |
8 | // MARK: Properties
:
35 | }
36 |
37 | public var body: some View {
| `- note: add '@available' attribute to enclosing property
38 | NavigationStack {
39 | // Content ScrollView
:
121 | )
122 | }
123 | .onScrollTargetVisibilityChange(idType: UUID.self, { visible in
| |- error: 'onScrollTargetVisibilityChange(idType:threshold:_:)' is only available in visionOS 2.0 or newer
| `- note: add 'if #available' version check
124 | let newTop = visible.first
125 | guard newTop != top else { return }
/Users/admin/builder/spi-builder-workspace/Sources/View/WhatsNewView.swift:135:46: warning: conformance of 'TupleContent<repeat each Content>' to 'View' is only available in visionOS 26.0 or newer; this is an error in the Swift 6 language mode
4 |
5 | /// A WhatsNewView
6 | public struct WhatsNewView: View {
| `- note: add '@available' attribute to enclosing struct
7 |
8 | // MARK: Properties
:
35 | }
36 |
37 | public var body: some View {
| `- note: add '@available' attribute to enclosing property
38 | NavigationStack {
39 | // Content ScrollView
:
133 | }
134 | #endif
135 | .overlay(alignment: .bottom) {
| |- warning: conformance of 'TupleContent<repeat each Content>' to 'View' is only available in visionOS 26.0 or newer; this is an error in the Swift 6 language mode
| `- note: add 'if #available' version check
136 | // Footer
137 | if #available(iOS 26, macOS 26, *) {
/Users/admin/builder/spi-builder-workspace/Sources/View/WhatsNewView.swift:139:43: error: 'glassProminent' is unavailable in visionOS
137 | if #available(iOS 26, macOS 26, *) {
138 | self.footer
139 | .buttonStyle(.glassProminent)
| `- error: 'glassProminent' is unavailable in visionOS
140 | .padding(.bottom)
141 | .padding(.horizontal)
SwiftUI.PrimitiveButtonStyle.glassProminent:2:70: note: 'glassProminent' has been explicitly marked unavailable here
1 | protocol PrimitiveButtonStyle {
2 | @MainActor @export(implementation) @preconcurrency public static var glassProminent: GlassProminentButtonStyle { get }}
| `- note: 'glassProminent' has been explicitly marked unavailable here
3 |
/Users/admin/builder/spi-builder-workspace/Sources/View/WhatsNewView.swift:290:7: warning: conformance of 'TupleContent<repeat each Content>' to 'View' is only available in visionOS 26.0 or newer; this is an error in the Swift 6 language mode
4 |
5 | /// A WhatsNewView
6 | public struct WhatsNewView: View {
| `- note: add '@available' attribute to enclosing struct
7 |
8 | // MARK: Properties
:
35 | }
36 |
37 | public var body: some View {
| `- note: add '@available' attribute to enclosing property
38 | NavigationStack {
39 | // Content ScrollView
:
288 | }
289 | // So the title scale effect works
290 | .if { view in
| |- warning: conformance of 'TupleContent<repeat each Content>' to 'View' is only available in visionOS 26.0 or newer; this is an error in the Swift 6 language mode
| `- note: add 'if #available' version check
291 | Group {
292 | if #available(anyAppleOS 27, *) {
/Users/admin/builder/spi-builder-workspace/Sources/View/WhatsNewView.swift:290:7: warning: conformance of 'TupleContent<repeat each Content>' to 'View' is only available in visionOS 26.0 or newer; this is an error in the Swift 6 language mode
4 |
5 | /// A WhatsNewView
6 | public struct WhatsNewView: View {
| `- note: add '@available' attribute to enclosing struct
7 |
8 | // MARK: Properties
:
35 | }
36 |
37 | public var body: some View {
| `- note: add '@available' attribute to enclosing property
38 | NavigationStack {
39 | // Content ScrollView
:
288 | }
289 | // So the title scale effect works
290 | .if { view in
| |- warning: conformance of 'TupleContent<repeat each Content>' to 'View' is only available in visionOS 26.0 or newer; this is an error in the Swift 6 language mode
| `- note: add 'if #available' version check
291 | Group {
292 | if #available(anyAppleOS 27, *) {
/Users/admin/builder/spi-builder-workspace/Sources/View/WhatsNewView.swift:290:7: warning: conformance of 'TupleContent<repeat each Content>' to 'View' is only available in visionOS 26.0 or newer; this is an error in the Swift 6 language mode
4 |
5 | /// A WhatsNewView
6 | public struct WhatsNewView: View {
| `- note: add '@available' attribute to enclosing struct
7 |
8 | // MARK: Properties
:
35 | }
36 |
37 | public var body: some View {
| `- note: add '@available' attribute to enclosing property
38 | NavigationStack {
39 | // Content ScrollView
:
288 | }
289 | // So the title scale effect works
290 | .if { view in
| |- warning: conformance of 'TupleContent<repeat each Content>' to 'View' is only available in visionOS 26.0 or newer; this is an error in the Swift 6 language mode
| `- note: add 'if #available' version check
291 | Group {
292 | if #available(anyAppleOS 27, *) {
/Users/admin/builder/spi-builder-workspace/Sources/View/WhatsNewView.swift:290:7: warning: conformance of 'TupleContent<repeat each Content>' to 'View' is only available in visionOS 26.0 or newer; this is an error in the Swift 6 language mode
4 |
5 | /// A WhatsNewView
6 | public struct WhatsNewView: View {
| `- note: add '@available' attribute to enclosing struct
7 |
8 | // MARK: Properties
:
35 | }
36 |
37 | public var body: some View {
| `- note: add '@available' attribute to enclosing property
38 | NavigationStack {
39 | // Content ScrollView
:
288 | }
289 | // So the title scale effect works
290 | .if { view in
| |- warning: conformance of 'TupleContent<repeat each Content>' to 'View' is only available in visionOS 26.0 or newer; this is an error in the Swift 6 language mode
| `- note: add 'if #available' version check
291 | Group {
292 | if #available(anyAppleOS 27, *) {
/Users/admin/builder/spi-builder-workspace/Sources/View/WhatsNewView.swift:290:7: warning: conformance of 'TupleContent<repeat each Content>' to 'View' is only available in visionOS 26.0 or newer; this is an error in the Swift 6 language mode
4 |
5 | /// A WhatsNewView
6 | public struct WhatsNewView: View {
| `- note: add '@available' attribute to enclosing struct
7 |
8 | // MARK: Properties
:
35 | }
36 |
37 | public var body: some View {
| `- note: add '@available' attribute to enclosing property
38 | NavigationStack {
39 | // Content ScrollView
:
288 | }
289 | // So the title scale effect works
290 | .if { view in
| |- warning: conformance of 'TupleContent<repeat each Content>' to 'View' is only available in visionOS 26.0 or newer; this is an error in the Swift 6 language mode
| `- note: add 'if #available' version check
291 | Group {
292 | if #available(anyAppleOS 27, *) {
/Users/admin/builder/spi-builder-workspace/Sources/View/WhatsNewView.swift:290:7: warning: conformance of 'TupleContent<repeat each Content>' to 'View' is only available in visionOS 26.0 or newer; this is an error in the Swift 6 language mode
4 |
5 | /// A WhatsNewView
6 | public struct WhatsNewView: View {
| `- note: add '@available' attribute to enclosing struct
7 |
8 | // MARK: Properties
:
35 | }
36 |
37 | public var body: some View {
| `- note: add '@available' attribute to enclosing property
38 | NavigationStack {
39 | // Content ScrollView
:
288 | }
289 | // So the title scale effect works
290 | .if { view in
| |- warning: conformance of 'TupleContent<repeat each Content>' to 'View' is only available in visionOS 26.0 or newer; this is an error in the Swift 6 language mode
| `- note: add 'if #available' version check
291 | Group {
292 | if #available(anyAppleOS 27, *) {
/Users/admin/builder/spi-builder-workspace/Sources/View/WhatsNewView.swift:291:4: warning: conformance of 'TupleContent<repeat each Content>' to 'View' is only available in visionOS 26.0 or newer; this is an error in the Swift 6 language mode
4 |
5 | /// A WhatsNewView
6 | public struct WhatsNewView: View {
| `- note: add '@available' attribute to enclosing struct
7 |
8 | // MARK: Properties
:
35 | }
36 |
37 | public var body: some View {
| `- note: add '@available' attribute to enclosing property
38 | NavigationStack {
39 | // Content ScrollView
:
289 | // So the title scale effect works
290 | .if { view in
291 | Group {
| |- warning: conformance of 'TupleContent<repeat each Content>' to 'View' is only available in visionOS 26.0 or newer; this is an error in the Swift 6 language mode
| `- note: add 'if #available' version check
292 | if #available(anyAppleOS 27, *) {
293 | view
/Users/admin/builder/spi-builder-workspace/Sources/View/WhatsNewView.swift:291:4: warning: conformance of 'TupleContent<repeat each Content>' to 'View' is only available in visionOS 26.0 or newer; this is an error in the Swift 6 language mode
4 |
5 | /// A WhatsNewView
6 | public struct WhatsNewView: View {
| `- note: add '@available' attribute to enclosing struct
7 |
8 | // MARK: Properties
:
35 | }
36 |
37 | public var body: some View {
| `- note: add '@available' attribute to enclosing property
38 | NavigationStack {
39 | // Content ScrollView
:
289 | // So the title scale effect works
290 | .if { view in
291 | Group {
| |- warning: conformance of 'TupleContent<repeat each Content>' to 'View' is only available in visionOS 26.0 or newer; this is an error in the Swift 6 language mode
| `- note: add 'if #available' version check
292 | if #available(anyAppleOS 27, *) {
293 | view
/Users/admin/builder/spi-builder-workspace/Sources/View/WhatsNewView.swift:291:4: warning: conformance of 'TupleContent<repeat each Content>' to 'View' is only available in visionOS 26.0 or newer; this is an error in the Swift 6 language mode
4 |
5 | /// A WhatsNewView
6 | public struct WhatsNewView: View {
| `- note: add '@available' attribute to enclosing struct
7 |
8 | // MARK: Properties
:
35 | }
36 |
37 | public var body: some View {
| `- note: add '@available' attribute to enclosing property
38 | NavigationStack {
39 | // Content ScrollView
:
289 | // So the title scale effect works
290 | .if { view in
291 | Group {
| |- warning: conformance of 'TupleContent<repeat each Content>' to 'View' is only available in visionOS 26.0 or newer; this is an error in the Swift 6 language mode
| `- note: add 'if #available' version check
292 | if #available(anyAppleOS 27, *) {
293 | view
/Users/admin/builder/spi-builder-workspace/Sources/View/WhatsNewView.swift:291:10: warning: conformance of 'TupleContent<repeat each Content>' to 'View' is only available in visionOS 26.0 or newer; this is an error in the Swift 6 language mode
4 |
5 | /// A WhatsNewView
6 | public struct WhatsNewView: View {
| `- note: add '@available' attribute to enclosing struct
7 |
8 | // MARK: Properties
:
35 | }
36 |
37 | public var body: some View {
| `- note: add '@available' attribute to enclosing property
38 | NavigationStack {
39 | // Content ScrollView
:
289 | // So the title scale effect works
290 | .if { view in
291 | Group {
| |- warning: conformance of 'TupleContent<repeat each Content>' to 'View' is only available in visionOS 26.0 or newer; this is an error in the Swift 6 language mode
| `- note: add 'if #available' version check
292 | if #available(anyAppleOS 27, *) {
293 | view
/Users/admin/builder/spi-builder-workspace/Sources/View/WhatsNewView.swift:291:10: warning: conformance of 'TupleContent<repeat each Content>' to 'View' is only available in visionOS 26.0 or newer; this is an error in the Swift 6 language mode
4 |
5 | /// A WhatsNewView
6 | public struct WhatsNewView: View {
| `- note: add '@available' attribute to enclosing struct
7 |
8 | // MARK: Properties
:
35 | }
36 |
37 | public var body: some View {
| `- note: add '@available' attribute to enclosing property
38 | NavigationStack {
39 | // Content ScrollView
:
289 | // So the title scale effect works
290 | .if { view in
291 | Group {
| |- warning: conformance of 'TupleContent<repeat each Content>' to 'View' is only available in visionOS 26.0 or newer; this is an error in the Swift 6 language mode
| `- note: add 'if #available' version check
292 | if #available(anyAppleOS 27, *) {
293 | view
/Users/admin/builder/spi-builder-workspace/Sources/View/WhatsNewView.swift:291:10: warning: conformance of 'TupleContent<repeat each Content>' to 'View' is only available in visionOS 26.0 or newer; this is an error in the Swift 6 language mode
4 |
5 | /// A WhatsNewView
6 | public struct WhatsNewView: View {
| `- note: add '@available' attribute to enclosing struct
7 |
8 | // MARK: Properties
:
35 | }
36 |
37 | public var body: some View {
| `- note: add '@available' attribute to enclosing property
38 | NavigationStack {
39 | // Content ScrollView
:
289 | // So the title scale effect works
290 | .if { view in
291 | Group {
| |- warning: conformance of 'TupleContent<repeat each Content>' to 'View' is only available in visionOS 26.0 or newer; this is an error in the Swift 6 language mode
| `- note: add 'if #available' version check
292 | if #available(anyAppleOS 27, *) {
293 | view
/Users/admin/builder/spi-builder-workspace/Sources/View/WhatsNewView.swift:294:8: error: 'scrollEdgeEffectStyle(_:for:)' is unavailable in visionOS
292 | if #available(anyAppleOS 27, *) {
293 | view
294 | .scrollEdgeEffectStyle(.soft, for: .top)
| `- error: 'scrollEdgeEffectStyle(_:for:)' is unavailable in visionOS
295 | } else {
296 | view
SwiftUI.View.scrollEdgeEffectStyle:4:27: note: 'scrollEdgeEffectStyle(_:for:)' has been explicitly marked unavailable here
2 | @available(iOS 26.0, macOS 26.0, tvOS 26.0, watchOS 26.0, *)
3 | @available(visionOS, unavailable)
4 | nonisolated public func scrollEdgeEffectStyle(_ style: ScrollEdgeEffectStyle?, for edges: Edge.Set) -> some View
| `- note: 'scrollEdgeEffectStyle(_:for:)' has been explicitly marked unavailable here
5 | }
6 |
[#ResultBuilderMethods]: <https://docs.swift.org/compiler/documentation/diagnostics/result-builder-methods>
Failed frontend command:
SwiftCompile normal arm64 /Users/admin/builder/spi-builder-workspace/Sources/View/WhatsNewView.swift (in target 'WhatsNewKit' from project 'WhatsNewKit')
cd /Users/admin/builder/spi-builder-workspace/.swiftpm/xcode
builtin-SwiftPerFileCompile WhatsNewView.swift
/Applications/Xcode-27.0.0-Release.Candidate.app/Contents/Developer/Toolchains/XcodeDefault.xctoolchain/usr/bin/swift-frontend -frontend -c /Users/admin/builder/spi-builder-workspace/.derivedData/Build/Intermediates.noindex/WhatsNewKit.build/Debug-xros/WhatsNewKit-t.build/DerivedSources/resource_bundle_accessor.swift /Users/admin/builder/spi-builder-workspace/Sources/Environment/WhatsNewEnvironment+Key.swift /Users/admin/builder/spi-builder-workspace/Sources/Extensions/View+WhatsNewSheet.swift /Users/admin/builder/spi-builder-workspace/Sources/Models/WhatsNew+Feature.swift /Users/admin/builder/spi-builder-workspace/Sources/Models/WhatsNew+FeatureGroup.swift /Users/admin/builder/spi-builder-workspace/Sources/Models/WhatsNew+HapticFeedback.swift /Users/admin/builder/spi-builder-workspace/Sources/Models/WhatsNew+Layout.swift /Users/admin/builder/spi-builder-workspace/Sources/Models/WhatsNew+PrimaryAction.swift /Users/admin/builder/spi-builder-workspace/Sources/Models/WhatsNew+SecondaryAction+Action.swift /Users/admin/builder/spi-builder-workspace/Sources/Models/WhatsNew+SecondaryAction.swift /Users/admin/builder/spi-builder-workspace/Sources/Models/WhatsNew.swift /Users/admin/builder/spi-builder-workspace/Sources/View/FeatureView.swift /Users/admin/builder/spi-builder-workspace/Sources/View/WhatsNewView+FeaturesPadding.swift -primary-file /Users/admin/builder/spi-builder-workspace/Sources/View/WhatsNewView.swift -emit-dependencies-path /Users/admin/builder/spi-builder-workspace/.derivedData/Build/Intermediates.noindex/WhatsNewKit.build/Debug-xros/WhatsNewKit-t.build/Objects-normal/arm64/WhatsNewView.d -emit-const-values-path /Users/admin/builder/spi-builder-workspace/.derivedData/Build/Intermediates.noindex/WhatsNewKit.build/Debug-xros/WhatsNewKit-t.build/Objects-normal/arm64/WhatsNewView.swiftconstvalues -emit-reference-dependencies-path /Users/admin/builder/spi-builder-workspace/.derivedData/Build/Intermediates.noindex/WhatsNewKit.build/Debug-xros/WhatsNewKit-t.build/Objects-normal/arm64/WhatsNewView.swiftdeps -serialize-diagnostics-path /Users/admin/builder/spi-builder-workspace/.derivedData/Build/Intermediates.noindex/WhatsNewKit.build/Debug-xros/WhatsNewKit-t.build/Objects-normal/arm64/WhatsNewView.dia -target arm64-apple-xros1.0 -disable-cross-import-overlay-search -load-resolved-plugin /Applications/Xcode-27.0.0-Release.Candidate.app/Contents/Developer/Platforms/XROS.platform/Developer/usr/lib/swift/host/plugins/libFoundationMacros.dylib\#/Applications/Xcode-27.0.0-Release.Candidate.app/Contents/Developer/Platforms/XROS.platform/Developer/usr/bin/swift-plugin-server\#FoundationMacros -load-resolved-plugin /Applications/Xcode-27.0.0-Release.Candidate.app/Contents/Developer/Platforms/XROS.platform/Developer/usr/lib/swift/host/plugins/libObservationMacros.dylib\#/Applications/Xcode-27.0.0-Release.Candidate.app/Contents/Developer/Platforms/XROS.platform/Developer/usr/bin/swift-plugin-server\#ObservationMacros -load-resolved-plugin /Applications/Xcode-27.0.0-Release.Candidate.app/Contents/Developer/Platforms/XROS.platform/Developer/usr/lib/swift/host/plugins/libPreviewsMacros.dylib\#/Applications/Xcode-27.0.0-Release.Candidate.app/Contents/Developer/Platforms/XROS.platform/Developer/usr/bin/swift-plugin-server\#PreviewsMacros -load-resolved-plugin /Applications/Xcode-27.0.0-Release.Candidate.app/Contents/Developer/Platforms/XROS.platform/Developer/usr/lib/swift/host/plugins/libSwiftMacros.dylib\#/Applications/Xcode-27.0.0-Release.Candidate.app/Contents/Developer/Platforms/XROS.platform/Developer/usr/bin/swift-plugin-server\#SwiftMacros -load-resolved-plugin /Applications/Xcode-27.0.0-Release.Candidate.app/Contents/Developer/Platforms/XROS.platform/Developer/usr/lib/swift/host/plugins/libSwiftUIMacros.dylib\#/Applications/Xcode-27.0.0-Release.Candidate.app/Contents/Developer/Platforms/XROS.platform/Developer/usr/bin/swift-plugin-server\#SwiftUIMacros -disable-implicit-swift-modules -Xcc -fno-implicit-modules -Xcc -fno-implicit-module-maps -explicit-swift-module-map-file /Users/admin/builder/spi-builder-workspace/.derivedData/Build/Intermediates.noindex/WhatsNewKit.build/Debug-xros/WhatsNewKit-t.build/Objects-normal/arm64/WhatsNewKit-dependencies-1.json -Xllvm -aarch64-use-tbi -enable-objc-interop -stack-check -sdk /Applications/Xcode-27.0.0-Release.Candidate.app/Contents/Developer/Platforms/XROS.platform/Developer/SDKs/XROS27.0.sdk -I /Users/admin/builder/spi-builder-workspace/.derivedData/Build/Products/Debug-xros -Isystem /Applications/Xcode-27.0.0-Release.Candidate.app/Contents/Developer/Platforms/XROS.platform/Developer/usr/lib -F /Users/admin/builder/spi-builder-workspace/.derivedData/Build/Products/Debug-xros -F /Applications/Xcode-27.0.0-Release.Candidate.app/Contents/Developer/Platforms/XROS.platform/Developer/Library/Frameworks -F /Applications/Xcode-27.0.0-Release.Candidate.app/Contents/Developer/Platforms/XROS.platform/Developer/SDKs/XROS27.0.sdk/Developer/Library/Frameworks -module-cache-path /Users/admin/builder/spi-builder-workspace/.derivedData/Build/Intermediates.noindex/SwiftExplicitPrecompiledModules -no-color-diagnostics -Xcc -fno-color-diagnostics -enable-testing -g -debug-info-format\=dwarf -dwarf-version\=4 -profile-generate -profile-coverage-mapping -swift-version 5 -Onone -D SWIFT_PACKAGE -D DEBUG -D SWIFT_MODULE_RESOURCE_BUNDLE_AVAILABLE -D Xcode -serialize-debugging-options -enable-experimental-feature DebugDescriptionMacro -empty-abi-descriptor -validate-clang-modules-once -clang-build-session-file /Users/admin/builder/spi-builder-workspace/.derivedData/ModuleCache.noindex/Session.modulevalidation -Xcc -working-directory -Xcc /Users/admin/builder/spi-builder-workspace/.swiftpm/xcode -enable-anonymous-context-mangled-names -file-compilation-dir /Users/admin/builder/spi-builder-workspace/.swiftpm/xcode -Xcc -D_LIBCPP_HARDENING_MODE\=_LIBCPP_HARDENING_MODE_DEBUG -Xcc -ivfsstatcache -Xcc /Users/admin/builder/spi-builder-workspace/.derivedData/SDKStatCaches.noindex/xros27.0-24M361-e829b21a6f8c9b70876ba0858053c044735bd543db762f57723cac368afd1ce4.sdkstatcache -Xcc -fmodules-prune-interval\=86400 -Xcc -fmodules-prune-after\=345600 -Xcc -I/Users/admin/builder/spi-builder-workspace/.derivedData/Build/Products/Debug-xros/include -Xcc -I/Users/admin/builder/spi-builder-workspace/.derivedData/Build/Intermediates.noindex/WhatsNewKit.build/Debug-xros/WhatsNewKit-t.build/DerivedSources-normal/arm64 -Xcc -I/Users/admin/builder/spi-builder-workspace/.derivedData/Build/Intermediates.noindex/WhatsNewKit.build/Debug-xros/WhatsNewKit-t.build/DerivedSources/arm64 -Xcc -I/Users/admin/builder/spi-builder-workspace/.derivedData/Build/Intermediates.noindex/WhatsNewKit.build/Debug-xros/WhatsNewKit-t.build/DerivedSources -Xcc -DSWIFT_PACKAGE -Xcc -DDEBUG\=1 -no-auto-bridging-header-chaining -module-name WhatsNewKit -package-name spi_builder_workspace -const-gather-protocols-file /Users/admin/builder/spi-builder-workspace/.derivedData/Build/Intermediates.noindex/WhatsNewKit.build/Debug-xros/WhatsNewKit-t.build/Objects-normal/arm64/WhatsNewKit_const_extract_protocols.json -disable-clang-spi -clang-target arm64-apple-xros27.0 -target-sdk-version 27.0 -target-sdk-name xros27.0 -in-process-plugin-server-path /Applications/Xcode-27.0.0-Release.Candidate.app/Contents/Developer/Toolchains/XcodeDefault.xctoolchain/usr/lib/swift/host/libSwiftInProcPluginServer.dylib -parse-as-library -o /Users/admin/builder/spi-builder-workspace/.derivedData/Build/Intermediates.noindex/WhatsNewKit.build/Debug-xros/WhatsNewKit-t.build/Objects-normal/arm64/WhatsNewView.o -debug-module-path /Users/admin/builder/spi-builder-workspace/.derivedData/Build/Intermediates.noindex/WhatsNewKit.build/Debug-xros/WhatsNewKit-t.build/Objects-normal/arm64/WhatsNewKit.swiftmodule -index-unit-output-path /WhatsNewKit.build/Debug-xros/WhatsNewKit-t.build/Objects-normal/arm64/WhatsNewView.o -index-store-path /Users/admin/builder/spi-builder-workspace/.derivedData/Index.noindex/DataStore -index-system-modules
SwiftCompile normal arm64 Compiling\ WhatsNewView+FeaturesPadding.swift /Users/admin/builder/spi-builder-workspace/Sources/View/WhatsNewView+FeaturesPadding.swift (in target 'WhatsNewKit' from project 'WhatsNewKit')
SwiftCompile normal arm64 /Users/admin/builder/spi-builder-workspace/Sources/View/WhatsNewView+FeaturesPadding.swift (in target 'WhatsNewKit' from project 'WhatsNewKit')
cd /Users/admin/builder/spi-builder-workspace/.swiftpm/xcode
builtin-SwiftPerFileCompile WhatsNewView+FeaturesPadding.swift
SwiftEmitModule normal arm64 Emitting\ module\ for\ WhatsNewKit (in target 'WhatsNewKit' from project 'WhatsNewKit')
SwiftCompile normal arm64 (in target 'WhatsNewKit' from project 'WhatsNewKit')
cd /Users/admin/builder/spi-builder-workspace/.swiftpm/xcode
SwiftCompile normal arm64 Compiling\ FeatureView.swift /Users/admin/builder/spi-builder-workspace/Sources/View/FeatureView.swift (in target 'WhatsNewKit' from project 'WhatsNewKit')
SwiftCompile normal arm64 /Users/admin/builder/spi-builder-workspace/Sources/View/FeatureView.swift (in target 'WhatsNewKit' from project 'WhatsNewKit')
cd /Users/admin/builder/spi-builder-workspace/.swiftpm/xcode
builtin-SwiftPerFileCompile FeatureView.swift
SwiftDriverJobDiscovery normal arm64 Compiling WhatsNewEnvironment+Key.swift (in target 'WhatsNewKit' from project 'WhatsNewKit')
SwiftDriverJobDiscovery normal arm64 Compiling resource_bundle_accessor.swift (in target 'WhatsNewKit' from project 'WhatsNewKit')
SwiftDriverJobDiscovery normal arm64 Compiling WhatsNew+SecondaryAction+Action.swift (in target 'WhatsNewKit' from project 'WhatsNewKit')
SwiftCompile normal arm64 Compiling\ WhatsNew+FeatureGroup.swift /Users/admin/builder/spi-builder-workspace/Sources/Models/WhatsNew+FeatureGroup.swift (in target 'WhatsNewKit' from project 'WhatsNewKit')
SwiftCompile normal arm64 /Users/admin/builder/spi-builder-workspace/Sources/Models/WhatsNew+FeatureGroup.swift (in target 'WhatsNewKit' from project 'WhatsNewKit')
cd /Users/admin/builder/spi-builder-workspace/.swiftpm/xcode
builtin-SwiftPerFileCompile WhatsNew+FeatureGroup.swift
SwiftCompile normal arm64 Compiling\ WhatsNew+PrimaryAction.swift /Users/admin/builder/spi-builder-workspace/Sources/Models/WhatsNew+PrimaryAction.swift (in target 'WhatsNewKit' from project 'WhatsNewKit')
SwiftCompile normal arm64 /Users/admin/builder/spi-builder-workspace/Sources/Models/WhatsNew+PrimaryAction.swift (in target 'WhatsNewKit' from project 'WhatsNewKit')
cd /Users/admin/builder/spi-builder-workspace/.swiftpm/xcode
builtin-SwiftPerFileCompile WhatsNew+PrimaryAction.swift
SwiftCompile normal arm64 Compiling\ WhatsNew.swift /Users/admin/builder/spi-builder-workspace/Sources/Models/WhatsNew.swift (in target 'WhatsNewKit' from project 'WhatsNewKit')
SwiftCompile normal arm64 /Users/admin/builder/spi-builder-workspace/Sources/Models/WhatsNew.swift (in target 'WhatsNewKit' from project 'WhatsNewKit')
cd /Users/admin/builder/spi-builder-workspace/.swiftpm/xcode
builtin-SwiftPerFileCompile WhatsNew.swift
SwiftCompile normal arm64 Compiling\ WhatsNew+HapticFeedback.swift /Users/admin/builder/spi-builder-workspace/Sources/Models/WhatsNew+HapticFeedback.swift (in target 'WhatsNewKit' from project 'WhatsNewKit')
SwiftCompile normal arm64 /Users/admin/builder/spi-builder-workspace/Sources/Models/WhatsNew+HapticFeedback.swift (in target 'WhatsNewKit' from project 'WhatsNewKit')
cd /Users/admin/builder/spi-builder-workspace/.swiftpm/xcode
builtin-SwiftPerFileCompile WhatsNew+HapticFeedback.swift
SwiftDriverJobDiscovery normal arm64 Compiling View+WhatsNewSheet.swift (in target 'WhatsNewKit' from project 'WhatsNewKit')
SwiftCompile normal arm64 Compiling\ WhatsNew+Layout.swift /Users/admin/builder/spi-builder-workspace/Sources/Models/WhatsNew+Layout.swift (in target 'WhatsNewKit' from project 'WhatsNewKit')
SwiftCompile normal arm64 /Users/admin/builder/spi-builder-workspace/Sources/Models/WhatsNew+Layout.swift (in target 'WhatsNewKit' from project 'WhatsNewKit')
cd /Users/admin/builder/spi-builder-workspace/.swiftpm/xcode
builtin-SwiftPerFileCompile WhatsNew+Layout.swift
SwiftDriverJobDiscovery normal arm64 Compiling WhatsNewView+FeaturesPadding.swift (in target 'WhatsNewKit' from project 'WhatsNewKit')
SwiftDriverJobDiscovery normal arm64 Compiling WhatsNew+SecondaryAction.swift (in target 'WhatsNewKit' from project 'WhatsNewKit')
SwiftDriverJobDiscovery normal arm64 Compiling WhatsNew+Feature.swift (in target 'WhatsNewKit' from project 'WhatsNewKit')
SwiftDriverJobDiscovery normal arm64 Compiling FeatureView.swift (in target 'WhatsNewKit' from project 'WhatsNewKit')
SwiftDriverJobDiscovery normal arm64 Compiling WhatsNew+HapticFeedback.swift (in target 'WhatsNewKit' from project 'WhatsNewKit')
PruneExplicitPrecompiledModules /Users/admin/builder/spi-builder-workspace/.derivedData/Build/Intermediates.noindex/ExplicitPrecompiledModules
PruneExplicitPrecompiledModules /Users/admin/builder/spi-builder-workspace/.derivedData/Build/Intermediates.noindex/SwiftExplicitPrecompiledModules
PruneExplicitPrecompiledModules /Users/admin/builder/spi-builder-workspace/.derivedData/SDKExplicitPrecompiledModules
2026-10-03 08:27:29.048 xcodebuild[808:4762] [MT] IDERunDestination: Supported platforms for the buildables in the current scheme is empty.
** BUILD FAILED **
The following build commands failed:
SwiftCompile normal arm64 /Users/admin/builder/spi-builder-workspace/Sources/View/WhatsNewView.swift (in target 'WhatsNewKit' from project 'WhatsNewKit')
SwiftCompile normal arm64 Compiling\ WhatsNewView.swift /Users/admin/builder/spi-builder-workspace/Sources/View/WhatsNewView.swift (in target 'WhatsNewKit' from project 'WhatsNewKit')
Building workspace WhatsNewKit with scheme WhatsNewKit
(3 failures)
BUILD FAILURE 6.4 visionOS