The Swift Package Index logo.Swift Package Index

Build Information

Failed to build GoogleCloudEdgeContainerV1, reference main (435512), with Swift 6.2 for Android on 11 Oct 2026 05:02:43 UTC.

Build Command

bash -c docker run --pull=always --rm -v "checkouts-54344845-0":/host -w "$PWD" -e JAVA_HOME="/root/.sdkman/candidates/java/current" -e SPI_BUILD="1" -e SPI_PROCESSING="1" registry.gitlab.com/saguaro1/spi-images:android-6.2-latest swift build --swift-sdk aarch64-unknown-linux-android28 2>&1

Build Log

========================================
RunAll
========================================
Builder version: 5.1.1
Interrupt handler set up.
========================================
Checkout
========================================
Clone URL: https://github.com/googleapis/swift-google-cloud-edgecontainer-v1.git
Reference: main
Initialized empty Git repository in /host/spi-builder-workspace/.git/
hint: Using 'master' as the name for the initial branch. This default branch name
hint: is subject to change. To configure the initial branch name to use in all
hint: of your new repositories, which will suppress this warning, call:
hint:
hint: 	git config --global init.defaultBranch <name>
hint:
hint: Names commonly chosen instead of 'master' are 'main', 'trunk' and
hint: 'development'. The just-created branch can be renamed via this command:
hint:
hint: 	git branch -m <name>
From https://github.com/googleapis/swift-google-cloud-edgecontainer-v1
 * branch            main       -> FETCH_HEAD
 * [new branch]      main       -> origin/main
HEAD is now at 4355127 chore: release circa 2026-10-07 (#1382)
Cloned https://github.com/googleapis/swift-google-cloud-edgecontainer-v1.git
Revision (git rev-parse @):
435512787e72e93aaeac02afa118527427312cf6
SPI manifest file found: $PWD/.spi.yml
SUCCESS checkout https://github.com/googleapis/swift-google-cloud-edgecontainer-v1.git at main
========================================
Build
========================================
Selected platform:         android
Swift version:             6.2
Building package at path:  $PWD
https://github.com/googleapis/swift-google-cloud-edgecontainer-v1.git
Running build ...
bash -c docker run --pull=always --rm -v "checkouts-54344845-0":/host -w "$PWD" -e JAVA_HOME="/root/.sdkman/candidates/java/current" -e SPI_BUILD="1" -e SPI_PROCESSING="1" registry.gitlab.com/saguaro1/spi-images:android-6.2-latest swift build --swift-sdk aarch64-unknown-linux-android28 2>&1
android-6.2-latest: Pulling from saguaro1/spi-images
Digest: sha256:a839c9ce201f1dacc8eb056626ec7ab0a1c6d53d7b77c83feda395f4507c51be
Status: Image is up to date for registry.gitlab.com/saguaro1/spi-images:android-6.2-latest
Fetching https://github.com/apple/swift-log
Fetching https://github.com/googleapis/swift-google-cloud-location
Fetching https://github.com/googleapis/swift-google-wkt
Fetching https://github.com/googleapis/swift-google-longrunning
Fetching https://github.com/googleapis/swift-google-gax
Fetching https://github.com/googleapis/swift-google-rpc
[1/1023] Fetching swift-google-wkt
[687/9280] Fetching swift-google-wkt, swift-log
[852/9702] Fetching swift-google-wkt, swift-log, swift-google-rpc
[3098/11450] Fetching swift-google-wkt, swift-log, swift-google-rpc, swift-google-gax
Fetched https://github.com/googleapis/swift-google-wkt from cache (0.41s)
[4897/10427] Fetching swift-log, swift-google-rpc, swift-google-gax
Fetching https://github.com/googleapis/swift-google-auth
[10181/10979] Fetching swift-log, swift-google-rpc, swift-google-gax, swift-google-cloud-location
Fetched https://github.com/googleapis/swift-google-gax from cache (0.50s)
Fetched https://github.com/apple/swift-log from cache (0.50s)
[1/619] Fetching swift-google-longrunning
Fetched https://github.com/googleapis/swift-google-longrunning from cache (0.80s)
Fetched https://github.com/googleapis/swift-google-cloud-location from cache (0.80s)
Fetched https://github.com/googleapis/swift-google-rpc from cache (0.80s)
[1/1023] Fetching swift-google-auth
Fetched https://github.com/googleapis/swift-google-auth from cache (0.46s)
Computing version for https://github.com/googleapis/swift-google-wkt
Computed https://github.com/googleapis/swift-google-wkt at 0.5.0 (1.02s)
Fetching https://github.com/swift-extras/swift-extras-base64
[1/954] Fetching swift-extras-base64
Fetched https://github.com/swift-extras/swift-extras-base64 from cache (0.41s)
Computing version for https://github.com/googleapis/swift-google-rpc
Computed https://github.com/googleapis/swift-google-rpc at 0.5.0 (0.58s)
Computing version for https://github.com/googleapis/swift-google-longrunning
Computed https://github.com/googleapis/swift-google-longrunning at 0.5.0 (0.16s)
Computing version for https://github.com/googleapis/swift-google-gax
Computed https://github.com/googleapis/swift-google-gax at 0.5.0 (0.16s)
Fetching https://github.com/swift-server/async-http-client.git
Fetching https://github.com/apple/swift-nio
[1/16464] Fetching async-http-client
[16465/102838] Fetching async-http-client, swift-nio
Fetched https://github.com/swift-server/async-http-client.git from cache (3.55s)
Fetched https://github.com/apple/swift-nio from cache (3.59s)
Computing version for https://github.com/googleapis/swift-google-cloud-location
Computed https://github.com/googleapis/swift-google-cloud-location at 0.5.0 (3.76s)
Computing version for https://github.com/googleapis/swift-google-auth
Computed https://github.com/googleapis/swift-google-auth at 0.5.0 (0.15s)
Fetching https://github.com/vapor/jwt-kit.git
Fetching https://github.com/apple/swift-system.git
[1/7241] Fetching swift-system
[7242/17495] Fetching swift-system, jwt-kit
Fetched https://github.com/apple/swift-system.git from cache (1.50s)
Fetched https://github.com/vapor/jwt-kit.git from cache (1.50s)
Computing version for https://github.com/swift-extras/swift-extras-base64
Computed https://github.com/swift-extras/swift-extras-base64 at 1.2.0 (1.65s)
Computing version for https://github.com/swift-server/async-http-client.git
Computed https://github.com/swift-server/async-http-client.git at 1.36.2 (0.17s)
Fetching https://github.com/apple/swift-nio-transport-services.git
Fetching https://github.com/apple/swift-configuration.git
Fetching https://github.com/apple/swift-nio-extras.git
Fetching https://github.com/apple/swift-service-context.git
Fetching https://github.com/apple/swift-algorithms.git
Fetching https://github.com/apple/swift-distributed-tracing.git
[1/1500] Fetching swift-service-context
[16/4367] Fetching swift-service-context, swift-nio-transport-services
[4083/8295] Fetching swift-service-context, swift-nio-transport-services, swift-configuration
Fetched https://github.com/apple/swift-nio-transport-services.git from cache (0.41s)
[2482/5428] Fetching swift-service-context, swift-configuration
[2483/12131] Fetching swift-service-context, swift-configuration, swift-nio-extras
Fetching https://github.com/apple/swift-nio-http2.git
[3185/18682] Fetching swift-service-context, swift-configuration, swift-nio-extras, swift-distributed-tracing
[3906/24846] Fetching swift-service-context, swift-configuration, swift-nio-extras, swift-distributed-tracing, swift-algorithms
Fetched https://github.com/apple/swift-service-context.git from cache (0.54s)
Fetched https://github.com/apple/swift-algorithms.git from cache (0.54s)
Fetching https://github.com/apple/swift-atomics.git
Fetching https://github.com/apple/swift-nio-ssl.git
[11179/17182] Fetching swift-configuration, swift-nio-extras, swift-distributed-tracing
Fetched https://github.com/apple/swift-configuration.git from cache (0.62s)
Fetched https://github.com/apple/swift-distributed-tracing.git from cache (0.62s)
[5296/6703] Fetching swift-nio-extras
Fetched https://github.com/apple/swift-nio-extras.git from cache (0.71s)
[1/12294] Fetching swift-nio-http2
[2/29165] Fetching swift-nio-http2, swift-nio-ssl
[6126/31054] Fetching swift-nio-http2, swift-nio-ssl, swift-atomics
Fetched https://github.com/apple/swift-atomics.git from cache (0.73s)
[11575/29165] Fetching swift-nio-http2, swift-nio-ssl
Fetched https://github.com/apple/swift-nio-http2.git from cache (1.20s)
Fetched https://github.com/apple/swift-nio-ssl.git from cache (1.27s)
Computing version for https://github.com/apple/swift-service-context.git
Computed https://github.com/apple/swift-service-context.git at 1.3.0 (1.97s)
Computing version for https://github.com/apple/swift-algorithms.git
Computed https://github.com/apple/swift-algorithms.git at 1.2.1 (0.89s)
Fetching https://github.com/apple/swift-numerics.git
[1/6728] Fetching swift-numerics
Fetched https://github.com/apple/swift-numerics.git from cache (0.56s)
Computing version for https://github.com/apple/swift-log
Computed https://github.com/apple/swift-log at 1.16.1 (0.72s)
Computing version for https://github.com/apple/swift-distributed-tracing.git
Computed https://github.com/apple/swift-distributed-tracing.git at 1.5.0 (0.16s)
Computing version for https://github.com/apple/swift-atomics.git
Computed https://github.com/apple/swift-atomics.git at 1.3.1 (0.15s)
Computing version for https://github.com/apple/swift-numerics.git
Computed https://github.com/apple/swift-numerics.git at 1.1.1 (0.14s)
Computing version for https://github.com/apple/swift-nio
Computed https://github.com/apple/swift-nio at 2.104.0 (0.35s)
Fetching https://github.com/apple/swift-collections.git
[1/28703] Fetching swift-collections
Fetched https://github.com/apple/swift-collections.git from cache (1.43s)
Computing version for https://github.com/apple/swift-configuration.git
Computed https://github.com/apple/swift-configuration.git at 1.2.2 (2.24s)
Fetching https://github.com/swift-server/swift-service-lifecycle
[1/2867] Fetching swift-service-lifecycle
Fetched https://github.com/swift-server/swift-service-lifecycle from cache (0.48s)
Computing version for https://github.com/apple/swift-nio-transport-services.git
Computed https://github.com/apple/swift-nio-transport-services.git at 1.28.0 (0.65s)
Computing version for https://github.com/swift-server/swift-service-lifecycle
Computed https://github.com/swift-server/swift-service-lifecycle at 2.12.1 (0.14s)
Fetching https://github.com/apple/swift-async-algorithms.git
[1/6820] Fetching swift-async-algorithms
Fetched https://github.com/apple/swift-async-algorithms.git from cache (0.54s)
Computing version for https://github.com/apple/swift-async-algorithms.git
Computed https://github.com/apple/swift-async-algorithms.git at 1.1.7 (0.75s)
Computing version for https://github.com/apple/swift-collections.git
Computed https://github.com/apple/swift-collections.git at 1.7.2 (0.24s)
Computing version for https://github.com/apple/swift-nio-http2.git
Computed https://github.com/apple/swift-nio-http2.git at 1.46.0 (0.16s)
Computing version for https://github.com/vapor/jwt-kit.git
Computed https://github.com/vapor/jwt-kit.git at 5.7.1 (0.14s)
Fetching https://github.com/apple/swift-certificates.git
Fetching https://github.com/apple/swift-crypto.git
[1/18629] Fetching swift-crypto
[560/26238] Fetching swift-crypto, swift-certificates
Fetched https://github.com/apple/swift-certificates.git from cache (0.54s)
[2050/18629] Fetching swift-crypto
Fetched https://github.com/apple/swift-crypto.git from cache (1.20s)
Computing version for https://github.com/apple/swift-crypto.git
Computed https://github.com/apple/swift-crypto.git at 4.5.2 (1.81s)
Fetching https://github.com/apple/swift-asn1.git
[1/2009] Fetching swift-asn1
Fetched https://github.com/apple/swift-asn1.git from cache (0.42s)
Computing version for https://github.com/apple/swift-asn1.git
Computed https://github.com/apple/swift-asn1.git at 1.7.3 (0.61s)
Computing version for https://github.com/apple/swift-certificates.git
Computed https://github.com/apple/swift-certificates.git at 1.21.0 (0.21s)
Computing version for https://github.com/apple/swift-nio-ssl.git
Computed https://github.com/apple/swift-nio-ssl.git at 2.37.5 (0.19s)
Computing version for https://github.com/apple/swift-system.git
Computed https://github.com/apple/swift-system.git at 1.8.1 (0.18s)
Computing version for https://github.com/apple/swift-nio-extras.git
Computed https://github.com/apple/swift-nio-extras.git at 1.35.1 (0.26s)
Fetching https://github.com/apple/swift-http-types.git
Fetching https://github.com/apple/swift-http-structured-headers.git
[1/1939] Fetching swift-http-types
[60/3192] Fetching swift-http-types, swift-http-structured-headers
Fetched https://github.com/apple/swift-http-structured-headers.git from cache (0.42s)
Fetched https://github.com/apple/swift-http-types.git from cache (0.42s)
Computing version for https://github.com/apple/swift-http-structured-headers.git
Computed https://github.com/apple/swift-http-structured-headers.git at 1.7.0 (0.58s)
Computing version for https://github.com/apple/swift-http-types.git
Computed https://github.com/apple/swift-http-types.git at 1.8.0 (0.17s)
Creating working copy for https://github.com/apple/swift-log
Working copy of https://github.com/apple/swift-log resolved at 1.16.1
Creating working copy for https://github.com/apple/swift-nio-http2.git
Working copy of https://github.com/apple/swift-nio-http2.git resolved at 1.46.0
Creating working copy for https://github.com/apple/swift-asn1.git
Working copy of https://github.com/apple/swift-asn1.git resolved at 1.7.3
Creating working copy for https://github.com/apple/swift-http-types.git
Working copy of https://github.com/apple/swift-http-types.git resolved at 1.8.0
Creating working copy for https://github.com/apple/swift-async-algorithms.git
Working copy of https://github.com/apple/swift-async-algorithms.git resolved at 1.1.7
Creating working copy for https://github.com/apple/swift-atomics.git
Working copy of https://github.com/apple/swift-atomics.git resolved at 1.3.1
Creating working copy for https://github.com/apple/swift-numerics.git
Working copy of https://github.com/apple/swift-numerics.git resolved at 1.1.1
Creating working copy for https://github.com/apple/swift-service-context.git
Working copy of https://github.com/apple/swift-service-context.git resolved at 1.3.0
Creating working copy for https://github.com/apple/swift-crypto.git
Working copy of https://github.com/apple/swift-crypto.git resolved at 4.5.2
Creating working copy for https://github.com/googleapis/swift-google-longrunning
Working copy of https://github.com/googleapis/swift-google-longrunning resolved at 0.5.0
Creating working copy for https://github.com/googleapis/swift-google-wkt
Working copy of https://github.com/googleapis/swift-google-wkt resolved at 0.5.0
Creating working copy for https://github.com/swift-server/swift-service-lifecycle
Working copy of https://github.com/swift-server/swift-service-lifecycle resolved at 2.12.1
Creating working copy for https://github.com/swift-extras/swift-extras-base64
Working copy of https://github.com/swift-extras/swift-extras-base64 resolved at 1.2.0
Creating working copy for https://github.com/apple/swift-configuration.git
Working copy of https://github.com/apple/swift-configuration.git resolved at 1.2.2
Creating working copy for https://github.com/apple/swift-distributed-tracing.git
Working copy of https://github.com/apple/swift-distributed-tracing.git resolved at 1.5.0
Creating working copy for https://github.com/apple/swift-collections.git
Working copy of https://github.com/apple/swift-collections.git resolved at 1.7.2
Creating working copy for https://github.com/apple/swift-nio-ssl.git
Working copy of https://github.com/apple/swift-nio-ssl.git resolved at 2.37.5
Creating working copy for https://github.com/apple/swift-algorithms.git
Working copy of https://github.com/apple/swift-algorithms.git resolved at 1.2.1
Creating working copy for https://github.com/googleapis/swift-google-cloud-location
Working copy of https://github.com/googleapis/swift-google-cloud-location resolved at 0.5.0
Creating working copy for https://github.com/swift-server/async-http-client.git
Working copy of https://github.com/swift-server/async-http-client.git resolved at 1.36.2
Creating working copy for https://github.com/googleapis/swift-google-auth
Working copy of https://github.com/googleapis/swift-google-auth resolved at 0.5.0
Creating working copy for https://github.com/vapor/jwt-kit.git
Working copy of https://github.com/vapor/jwt-kit.git resolved at 5.7.1
Creating working copy for https://github.com/apple/swift-certificates.git
Working copy of https://github.com/apple/swift-certificates.git resolved at 1.21.0
Creating working copy for https://github.com/googleapis/swift-google-rpc
Working copy of https://github.com/googleapis/swift-google-rpc resolved at 0.5.0
Creating working copy for https://github.com/apple/swift-http-structured-headers.git
Working copy of https://github.com/apple/swift-http-structured-headers.git resolved at 1.7.0
Creating working copy for https://github.com/apple/swift-nio-extras.git
Working copy of https://github.com/apple/swift-nio-extras.git resolved at 1.35.1
Creating working copy for https://github.com/googleapis/swift-google-gax
Working copy of https://github.com/googleapis/swift-google-gax resolved at 0.5.0
Creating working copy for https://github.com/apple/swift-nio
Working copy of https://github.com/apple/swift-nio resolved at 2.104.0
Creating working copy for https://github.com/apple/swift-nio-transport-services.git
Working copy of https://github.com/apple/swift-nio-transport-services.git resolved at 1.28.0
Creating working copy for https://github.com/apple/swift-system.git
Working copy of https://github.com/apple/swift-system.git resolved at 1.8.1
Building for debugging...
[0/994] Compiling aes-gcm-avx512-x86_64-linux.S
[1/994] Compiling aes-gcm-avx512-x86_64-apple.S
[2/994] Compiling aesni-gcm-x86_64-apple.S
[2/994] Write sources
[7/994] Compiling aes-gcm-avx2-x86_64-apple.S
[7/994] Compiling aes-gcm-avx2-x86_64-linux.S
[7/994] Write sources
[73/994] Compiling _NumericsShims _NumericsShims.c
[74/994] Compiling _AtomicsShims.c
[75/994] Compiling CXKCPShims shims.c
[75/994] Compiling SimpleFIPS202.c
[77/994] Compiling KeccakSponge.c
[78/994] Compiling KeccakHash.c
[79/994] Compiling CNIOWindows shim.c
[80/994] Compiling CSystem shims.c
[81/994] Compiling CNIOWindows WSAStartup.c
[81/994] Write swift-version--11D90AFD9DD3AB2.txt
[83/994] Compiling CNIOWASI CNIOWASI.c
[84/994] Compiling CNIOOpenBSD shim.c
[85/994] Compiling CNIOPosix event_loop_id.c
[86/1001] Compiling CNIOLinux shim.c
[87/1039] Compiling KeccakP-1600-opt64.c
[88/1039] Compiling sqrt.cc
[90/1039] Emitting module _NIOBase64
[90/1059] Compiling a_strex.cc
[91/1070] Compiling tasn_utl.cc
[93/1081] Emitting module Logging
[94/1082] Compiling SwiftASN1 ASN1OctetString.swift
[95/1082] Compiling SwiftASN1 ASN1Strings.swift
[96/1084] Compiling _NIOBase64 Base64.swift
[98/1085] Emitting module RealModule
[99/1086] Compiling Logging MultiplexLogHandler.swift
[100/1086] Compiling Logging StreamLogHandler.swift
[101/1086] Compiling RealModule RealFunctions.swift
[102/1086] Compiling _CertificateInternals _TinyArray.swift
[103/1086] Emitting module _CertificateInternals
[104/1086] Compiling SwiftASN1 TimeUtilities.swift
[105/1086] Compiling SwiftASN1 UTCTime.swift
[106/1087] Compiling SwiftASN1 DER.swift
[107/1087] Compiling SwiftASN1 Errors.swift
[108/1087] Compiling SystemPackage IORing+Util.swift
[109/1087] Compiling SystemPackage IORing.swift
[110/1087] Compiling SystemPackage RawIORequest.swift
[111/1098] Compiling SwiftASN1 ASN1Integer.swift
[112/1098] Compiling SwiftASN1 ASN1Null.swift
[113/1098] Compiling InternalCollectionsUtilities UInt+reversed.swift
[114/1098] Compiling InternalCollectionsUtilities BorrowingIteratorProtocol+Equality.swift
[115/1098] Compiling Logging LogHandler.swift
[117/1120] Compiling InternalCollectionsUtilities FixedWidthInteger+roundUpToPowerOfTwo.swift
[118/1120] Compiling InternalCollectionsUtilities Integer rank.swift
[119/1120] Compiling InternalCollectionsUtilities UInt+first and last set bit.swift
[120/1120] Compiling RealModule Float80+Real.swift
[121/1120] Compiling RealModule RelaxedArithmetic.swift
[122/1120] Compiling _NIODataStructures PriorityQueue.swift
[123/1120] Compiling RealModule Float16+Real.swift
[124/1120] Compiling InternalCollectionsUtilities LifetimeOverride.swift
[125/1120] Compiling InternalCollectionsUtilities MutableRef.swift
[127/1120] Compiling InternalCollectionsUtilities BorrowingIteratorProtocol+Extras.swift
[132/1125] Emitting module SystemPackage
[139/1125] Compiling InternalCollectionsUtilities Debugging.swift
[140/1125] Compiling InternalCollectionsUtilities Descriptions.swift
[141/1125] Compiling InternalCollectionsUtilities Iterable+CopyContents.swift
[142/1125] Compiling InternalCollectionsUtilities Iterable+Equality.swift
[144/1125] Emitting module _NIODataStructures
[145/1125] Emitting module ServiceContextModule
[146/1125] Compiling ServiceContextModule ServiceContext.swift
[147/1125] Compiling ServiceContextModule ServiceContextKey.swift
[148/1126] Compiling _NIODataStructures Heap.swift
[149/1126] Compiling RealModule Real.swift
[151/1127] Compiling InternalCollectionsUtilities UnsafeMutablePointer+Extras.swift
[152/1127] Compiling InternalCollectionsUtilities UnsafeMutableRawBufferPointer+Extras.swift
[153/1127] Compiling InternalCollectionsUtilities UnsafePointer+Extras.swift
[154/1130] Compiling Logging Logger+Attributes.swift
[155/1130] Wrapping AST for _NIOBase64 for debugging
[157/1130] Compiling Logging LoggingSystem.swift
[157/1136] Wrapping AST for _CertificateInternals for debugging
[159/1136] Compiling Logging Logger.swift
[160/1136] Compiling Logging Logger+With.swift
[161/1136] Compiling _NIODataStructures _TinyArray.swift
[161/1137] Wrapping AST for ServiceContextModule for debugging
[164/1137] Compiling InternalCollectionsUtilities UnsafeRawBufferPointer+Extras.swift
[165/1137] Compiling InternalCollectionsUtilities _SortedCollection.swift
[166/1137] Compiling InternalCollectionsUtilities _UniqueCollection.swift
[167/1137] Emitting module SwiftASN1
[168/1137] Compiling ExtrasBase64 Base32+Span.swift
[169/1137] Compiling Instrumentation NoOpInstrument.swift
[169/1137] Wrapping AST for RealModule for debugging
[171/1137] Compiling Instrumentation MultiplexInstrument.swift
[171/1137] Wrapping AST for _NIODataStructures for debugging
[180/1137] Compiling CNIOLinux liburing_shims.c
[182/1137] Emitting module Instrumentation
[183/1137] Compiling Instrumentation Instrument.swift
[183/1137] Compiling CNIOLLHTTP c_nio_http.c
[185/1137] Compiling InternalCollectionsUtilities MutableSpan+Extras.swift
[186/1137] Compiling InternalCollectionsUtilities OutputSpan+Extras.swift
[187/1137] Compiling InternalCollectionsUtilities RandomAccessCollection+Offsets.swift
[188/1137] Compiling InternalCollectionsUtilities Span+Extras.swift
[192/1137] Compiling CNIOLLHTTP c_nio_llhttp.c
[195/1137] Compiling CNIOFreeBSD shim.c
[196/1137] Compiling CNIOLLHTTP c_nio_api.c
[197/1137] Compiling CNIOExtrasZlib zutil.c
[198/1137] Compiling CNIOExtrasZlib inftrees.c
[199/1137] Compiling CNIOExtrasZlib trees.c
[200/1137] Compiling CNIOExtrasZlib inffast.c
[201/1137] Compiling CNIOExtrasZlib inflate.c
[202/1137] Compiling CNIOExtrasZlib crc32.c
[204/1137] Compiling SystemPackage SystemString.swift
[205/1137] Compiling SystemPackage Util+StringArray.swift
[206/1137] Compiling SystemPackage Util.swift
[207/1137] Compiling SystemPackage UtilConsumers.swift
[208/1137] Compiling SystemPackage WinSDK+Overlay.swift
[208/1137] Compiling CNIOExtrasZlib adler32.c
[208/1137] Compiling CNIOExtrasZlib deflate.c
[211/1137] Emitting module InternalCollectionsUtilities
[211/1137] Compiling CNIODarwin shim.c
[212/1137] Compiling fiat_p256_adx_sqr.S
[213/1137] Compiling fiat_p256_adx_mul.S
[214/1137] Compiling fiat_curve25519_adx_square.S
[216/1137] Compiling InternalCollectionsUtilities Strideable+LimitHelpers.swift
[217/1137] Compiling InternalCollectionsUtilities String+Padding.swift
[218/1137] Compiling InternalCollectionsUtilities TemporaryAllocation.swift
[219/1137] Compiling InternalCollectionsUtilities _UnsafeBitSet+Index.swift
[220/1137] Compiling InternalCollectionsUtilities _UnsafeBitSet+_Word.swift
[221/1137] Compiling InternalCollectionsUtilities _UnsafeBitSet.swift
[222/1137] Compiling InternalCollectionsUtilities UnsafeBufferPointer+Extras.swift
[223/1137] Compiling InternalCollectionsUtilities UnsafeMutableBufferPointer+Extras.swift
[223/1138] Compiling fiat_curve25519_adx_mul.S
[225/1138] Compiling CNIOBoringSSLShims shims.c
[227/1138] Compiling ExtrasBase64 Base32.swift
[228/1142] Compiling SpanPreview MutableSpan+InputSpanHelpers.swift
[229/1142] Compiling SpanPreview InputSpan.swift
[230/1142] Compiling SpanPreview OutputSpan+InputSpanHelpers.swift
[231/1142] Emitting module SpanPreview
[232/1143] Wrapping AST for InternalCollectionsUtilities for debugging
[234/1185] Compiling Logging MetadataProvider.swift
[235/1185] Compiling Instrumentation Locks.swift
[236/1185] Compiling DequeModule RigidDeque+Prepend.swift
[237/1185] Compiling DequeModule RigidDeque+Removals.swift
[238/1185] Compiling Instrumentation InstrumentationSystem.swift
[239/1185] Compiling DequeModule Deque+Codable.swift
[240/1185] Compiling DequeModule Deque+Collection.swift
[241/1186] Compiling DequeModule Deque+CustomReflectable.swift
[242/1186] Compiling DequeModule Deque+Descriptions.swift
[245/1188] Compiling DequeModule RigidDeque+Hashable.swift
[246/1188] Compiling DequeModule RigidDeque+Initializers.swift
[247/1188] Compiling DequeModule RigidDeque+Insertions.swift
[248/1188] Compiling DequeModule RigidDeque+Iterable.swift
[249/1188] Compiling DequeModule UniqueDeque+Consumption.swift
[250/1188] Compiling DequeModule UniqueDeque+ContainerOperations.swift
[251/1188] Compiling DequeModule UniqueDeque+Deprecations.swift
[252/1188] Compiling DequeModule UniqueDeque+Descriptions.swift
[253/1188] Compiling DequeModule UniqueDeque+Equatable.swift
[254/1188] Compiling DequeModule UniqueDeque+Hashable.swift
[256/1188] Compiling DequeModule RigidDeque+Consumption.swift
[257/1188] Compiling DequeModule RigidDeque+ContainerOperations.swift
[258/1188] Compiling DequeModule RigidDeque+Deprecations.swift
[259/1188] Compiling DequeModule RigidDeque+Descriptions.swift
[260/1188] Compiling DequeModule RigidDeque+Equatable.swift
[261/1188] Compiling DequeModule Deque.swift
[264/1188] Compiling DequeModule RigidDeque+Replacements.swift
[265/1188] Compiling DequeModule RigidDeque+Testing.swift
[265/1189] Wrapping AST for Logging for debugging
[265/1189] Wrapping AST for SpanPreview for debugging
[268/1197] Wrapping AST for SwiftASN1 for debugging
[269/1197] Wrapping AST for Instrumentation for debugging
[271/1197] Compiling DequeModule UniqueDeque+Initializers.swift
[272/1197] Compiling DequeModule UniqueDeque+Insertions.swift
[273/1197] Compiling DequeModule UniqueDeque+Iterable.swift
[274/1197] Compiling DequeModule UniqueDeque+Prepend.swift
[275/1197] Compiling DequeModule UniqueDeque+Removals.swift
[281/1202] Compiling tls_record.cc
[282/1202] Compiling tls_method.cc
[283/1202] Wrapping AST for SystemPackage for debugging
[285/1202] Compiling Tracing TracingTime.swift
[286/1203] Emitting module Tracing
[287/1203] Compiling Tracing TracerProtocol.swift
[288/1203] Compiling Tracing WithTracer.swift
[289/1203] Compiling Tracing TracerProtocol+Legacy.swift
[290/1203] Compiling Tracing Tracer.swift
[295/1203] Compiling DequeModule RigidDeque.swift
[296/1203] Compiling DequeModule UniqueDeque+Append.swift
[301/1203] Compiling DequeModule Deque+Equatable.swift
[302/1203] Compiling DequeModule Deque+ExpressibleByArrayLiteral.swift
[303/1203] Compiling DequeModule _DequeBuffer.swift
[304/1203] Compiling DequeModule _DequeBufferHeader.swift
[305/1203] Compiling DequeModule RigidDeque+Append.swift
[309/1203] Compiling DequeModule Deque+Extras.swift
[310/1203] Compiling DequeModule Deque+Hashable.swift
[311/1203] Compiling DequeModule Deque+Testing.swift
[312/1203] Compiling DequeModule Deque._Storage.swift
[313/1203] Compiling DequeModule Deque._UnsafeHandle.swift
[321/1203] Compiling Tracing SpanProtocol.swift
[322/1203] Compiling Tracing InstrumentationSystem+Tracing.swift
[323/1203] Compiling Tracing NoOpTracer.swift
[324/1204] Compiling t1_enc.cc
[325/1204] Wrapping AST for Tracing for debugging
[326/1204] Compiling tls13_server.cc
[327/1204] Compiling tls13_both.cc
[328/1204] Compiling tls13_enc.cc
[329/1204] Compiling tls13_client.cc
[330/1204] Compiling ssl_x509.cc
[332/1204] Emitting module DequeModule
[332/1204] Compiling ssl_versions.cc
[333/1204] Compiling ssl_stat.cc
[335/1204] Compiling DequeModule UniqueDeque+Replacements.swift
[336/1204] Compiling DequeModule UniqueDeque.swift
[337/1204] Compiling DequeModule _DequeSlot.swift
[338/1204] Compiling DequeModule _UnsafeDequeHandle.swift
[339/1204] Compiling DequeModule _UnsafeDequeSegments.swift
[340/1205] Compiling ssl_session.cc
[341/1205] Compiling ssl_transcript.cc
[342/1248] Compiling ssl_privkey.cc
[343/1248] Wrapping AST for DequeModule for debugging
[345/1248] Compiling Configuration Deprecations.swift
[346/1248] Compiling Configuration ExpressibleByConfigInt.swift
[347/1248] Compiling Configuration ExpressibleByConfigString.swift
[348/1248] Compiling Configuration CLIKeyEncoder.swift
[349/1248] Compiling Configuration ConfigKeyEncoder.swift
[350/1248] Compiling Configuration DotSeparatorKeyDecoder.swift
[350/1253] Compiling ssl_key_share.cc
[351/1253] Compiling ssl_file.cc
[353/1253] Emitting module ExtrasBase64
[353/1253] Compiling ssl_lib.cc
[354/1253] Compiling ssl_credential.cc
[356/1253] Compiling Configuration EnvironmentKeyEncoder.swift
[357/1253] Compiling Configuration EnvironmentVariablesProvider.swift
[358/1253] Compiling Configuration CommonProviderFileSystem.swift
[359/1253] Compiling Configuration DirectoryFilesProvider.swift
[360/1253] Compiling Configuration FileProvider.swift
[361/1253] Compiling Configuration FileProviderSnapshot.swift
[362/1253] Compiling Configuration JSONSnapshot.swift
[363/1253] Compiling Configuration PropertyListSnapshot.swift
[364/1253] Compiling Configuration ReloadingFileProvider.swift
[365/1253] Compiling Configuration ReloadingFileProviderMetrics.swift
[366/1253] Compiling Configuration YAMLSnapshot.swift
[367/1253] Compiling Configuration InMemoryProvider.swift
[368/1253] Compiling ExtrasBase64 Base64+Span.swift
[369/1253] Compiling ExtrasBase64 Base64.swift
[370/1254] Compiling ssl_cipher.cc
[371/1254] Compiling ssl_cert.cc
[372/1285] Wrapping AST for ExtrasBase64 for debugging
[373/1285] Compiling ssl_buffer.cc
[374/1285] Compiling ssl_asn1.cc
[375/1285] Compiling s3_pkt.cc
[376/1285] Compiling ssl_aead_ctx.cc
[377/1285] Compiling s3_lib.cc
[378/1285] Compiling s3_both.cc
[380/1285] Compiling GoogleWKT WKTFloatValue.swift
[381/1285] Compiling GoogleWKT WKTInt32Value.swift
[382/1285] Compiling GoogleWKT WKTInt64Value.swift
[383/1285] Compiling GoogleWKT WKTRecursive.swift
[384/1289] Compiling GoogleWKT WKTStringValue.swift
[385/1289] Compiling GoogleWKT WKTTimestamp.swift
[386/1289] Compiling GoogleWKT WKTUInt32Value.swift
[387/1289] Compiling GoogleWKT WKTUInt64Value.swift
[388/1289] Compiling Configuration CombineLatestManyStorage.swift
[389/1289] Compiling Configuration AsyncSequences.swift
[390/1289] Compiling Configuration FoundationExtensions.swift
[391/1289] Compiling Configuration Span.swift
[392/1289] Compiling Configuration ConfigBytesFromStringDecoder.swift
[393/1289] Compiling GoogleWKT WKTField.swift
[394/1289] Compiling GoogleWKT WKTMethod.swift
[395/1289] Compiling GoogleWKT WKTMixin.swift
[396/1289] Compiling GoogleWKT WKTOption.swift
[397/1289] Compiling GoogleWKT WKTDoubleValue.swift
[398/1289] Compiling GoogleWKT WKTDuration.swift
[399/1289] Compiling GoogleWKT WKTEmpty.swift
[400/1289] Compiling GoogleWKT WKTFieldMask.swift
[401/1289] Compiling GoogleWKT UnknownFields.swift
[402/1289] Compiling GoogleWKT WKTAny.swift
[403/1289] Compiling GoogleWKT WKTAnyError.swift
[404/1289] Compiling GoogleWKT WKTBoolValue.swift
[405/1289] Compiling GoogleWKT WKTBytesValue.swift
[414/1289] Compiling GoogleWKT WKTValue.swift
[415/1289] Compiling GoogleWKT WKTApi.swift
[416/1289] Compiling GoogleWKT WKTEnum.swift
[417/1289] Compiling GoogleWKT WKTEnumValue.swift
[418/1289] Compiling GoogleWKT WKTSourceContext.swift
[419/1289] Compiling GoogleWKT WKTSyntax.swift
[420/1289] Compiling GoogleWKT WKTType.swift
[421/1289] Compiling GoogleWKT PackageVersion.swift
[422/1289] Compiling Configuration AsyncCombineLatestManySequence.swift
[423/1289] Compiling Configuration CombineLatestManyStateMachine.swift
[427/1289] Compiling handshake_client.cc
[428/1289] Compiling handshake_server.cc
[429/1289] Compiling handshake.cc
[435/1289] Emitting module Configuration
[435/1289] Compiling handoff.cc
[444/1290] Emitting module GoogleWKT
[445/1290] Compiling GoogleWKT AnyPackable.swift
[446/1290] Compiling GoogleWKT DecodeToDefault.swift
[447/1290] Compiling GoogleWKT DiscoveryBase64.swift
[448/1290] Compiling GoogleWKT ProtoJSONDecoder.swift
[449/1290] Compiling GoogleWKT ProtoJSONEncoder.swift
[450/1291] Wrapping AST for Configuration for debugging
[451/1306] Compiling encrypted_client_hello.cc
[452/1306] Wrapping AST for GoogleWKT for debugging
[453/1306] Compiling extensions.cc
[455/1306] Compiling GoogleRpc RequestInfo.swift
[456/1306] Compiling GoogleRpc ResourceInfo.swift
[457/1308] Compiling GoogleRpc DebugInfo.swift
[458/1308] Compiling GoogleRpc ErrorInfo.swift
[458/1308] Compiling dtls_record.cc
[459/1308] Compiling md5-x86_64-linux.S
[461/1308] Compiling GoogleRpc HttpRequest.swift
[462/1308] Compiling GoogleRpc HttpResponse.swift
[462/1308] Compiling md5-x86_64-apple.S
[464/1308] Compiling GoogleRpc Help.swift
[465/1308] Compiling GoogleRpc HttpHeader.swift
[465/1308] Compiling dtls_method.cc
[467/1308] Compiling GoogleRpc BadRequest.swift
[468/1308] Compiling GoogleRpc Code.swift
[469/1308] Emitting module GoogleRpc
[469/1308] Compiling md5-586-linux.S
[470/1308] Compiling md5-586-apple.S
[471/1308] Compiling d1_srtp.cc
[473/1308] Compiling GoogleRpc LocalizedMessage.swift
[474/1308] Compiling GoogleRpc PackageVersion.swift
[475/1308] Compiling GoogleRpc PreconditionFailure.swift
[476/1308] Compiling GoogleRpc QuotaFailure.swift
[476/1308] Compiling chacha20_poly1305_x86_64-linux.S
[477/1308] Compiling chacha20_poly1305_x86_64-apple.S
[478/1308] Compiling chacha20_poly1305_armv8-win.S
[479/1308] Compiling chacha20_poly1305_armv8-apple.S
[480/1308] Compiling chacha20_poly1305_armv8-linux.S
[481/1308] Compiling chacha-x86_64-linux.S
[482/1308] Compiling chacha-x86_64-apple.S
[483/1308] Compiling chacha-x86-linux.S
[483/1308] Compiling chacha-x86-apple.S
[486/1308] Compiling GoogleRpc RetryInfo.swift
[487/1308] Compiling GoogleRpc Status.swift
[487/1309] Compiling chacha-armv8-win.S
[489/1309] Compiling chacha-armv8-linux.S
[490/1309] Compiling chacha-armv8-apple.S
[491/1309] Compiling d1_pkt.cc
[492/1309] Compiling chacha-armv4-linux.S
[493/1309] Compiling aes128gcmsiv-x86_64-linux.S
[494/1309] Compiling aes128gcmsiv-x86_64-apple.S
[495/1309] Wrapping AST for GoogleRpc for debugging
[496/1309] Compiling x86_64-mont5-apple.S
[496/1309] Compiling x86_64-mont5-linux.S
[498/1309] Compiling x86_64-mont-linux.S
[499/1309] Compiling x86-mont-apple.S
[500/1309] Compiling err_data.cc
[501/1309] Compiling x86-mont-linux.S
[501/1309] Compiling x86_64-mont-apple.S
[503/1309] Compiling vpaes-x86_64-linux.S
[504/1309] Compiling vpaes-x86-linux.S
[504/1309] Compiling vpaes-x86_64-apple.S
[506/1309] Compiling vpaes-armv8-win.S
[507/1309] Compiling vpaes-x86-apple.S
[508/1309] Compiling vpaes-armv8-linux.S
[509/1309] Compiling vpaes-armv8-apple.S
[510/1309] Compiling vpaes-armv7-linux.S
[511/1309] Compiling sha512-x86_64-linux.S
[512/1309] Compiling sha512-x86_64-apple.S
[513/1309] Compiling sha512-armv8-win.S
[514/1309] Compiling d1_lib.cc
[515/1309] Compiling sha512-armv8-apple.S
[516/1309] Compiling sha512-armv4-linux.S
[517/1309] Compiling sha512-armv8-linux.S
[518/1309] Compiling sha512-586-linux.S
[519/1309] Compiling sha512-586-apple.S
[520/1309] Compiling sha256-x86_64-linux.S
[521/1309] Compiling sha256-x86_64-apple.S
[522/1309] Compiling sha256-armv8-win.S
[523/1309] Compiling sha256-armv8-apple.S
[524/1309] Compiling sha256-armv4-linux.S
[525/1309] Compiling sha256-586-linux.S
[526/1309] Compiling sha256-armv8-linux.S
[527/1309] Compiling sha1-x86_64-linux.S
[528/1309] Compiling sha256-586-apple.S
[529/1309] Compiling sha1-x86_64-apple.S
[530/1309] Compiling sha1-armv8-win.S
[531/1309] Compiling sha1-armv8-apple.S
[532/1309] Compiling sha1-586-linux.S
[533/1309] Compiling sha1-armv4-large-linux.S
[534/1309] Compiling sha1-armv8-linux.S
[535/1309] Compiling sha1-586-apple.S
[536/1309] Compiling rsaz-avx2-linux.S
[537/1309] Compiling rsaz-avx2-apple.S
[538/1309] Compiling bio_ssl.cc
[539/1309] Compiling rdrand-x86_64-linux.S
[540/1309] Compiling p256_beeu-x86_64-asm-linux.S
[541/1309] Compiling p256_beeu-x86_64-asm-apple.S
[542/1309] Compiling rdrand-x86_64-apple.S
[543/1309] Compiling p256_beeu-armv8-asm-win.S
[544/1309] Compiling p256_beeu-armv8-asm-linux.S
[545/1309] Compiling p256-x86_64-asm-linux.S
[546/1309] Compiling p256_beeu-armv8-asm-apple.S
[547/1309] Compiling p256-x86_64-asm-apple.S
[548/1309] Compiling p256-armv8-asm-win.S
[549/1309] Compiling p256-armv8-asm-apple.S
[550/1309] Compiling ghashv8-armv8-win.S
[551/1309] Compiling p256-armv8-asm-linux.S
[552/1309] Compiling ghashv8-armv8-apple.S
[553/1309] Compiling ghashv8-armv8-linux.S
[554/1309] Compiling ghashv8-armv7-linux.S
[555/1309] Compiling ghash-x86_64-linux.S
[556/1309] Compiling ghash-x86_64-apple.S
[557/1309] Compiling ghash-x86-linux.S
[558/1309] Compiling ghash-x86-apple.S
[559/1309] Compiling ghash-ssse3-x86_64-linux.S
[560/1309] Compiling ghash-ssse3-x86_64-apple.S
[561/1309] Compiling ghash-ssse3-x86-apple.S
[562/1309] Compiling ghash-ssse3-x86-linux.S
[563/1309] Compiling ghash-neon-armv8-win.S
[563/1309] Compiling ghash-neon-armv8-linux.S
[565/1309] Compiling ghash-neon-armv8-apple.S
[566/1309] Compiling ghash-armv4-linux.S
[567/1309] Compiling co-586-linux.S
[568/1309] Compiling co-586-apple.S
[569/1309] Compiling bsaes-armv7-linux.S
[570/1309] Compiling bn-armv8-win.S
[571/1309] Compiling bn-armv8-apple.S
[572/1309] Compiling bn-armv8-linux.S
[573/1309] Compiling bn-586-apple.S
[574/1309] Compiling bn-586-linux.S
[575/1309] Compiling armv8-mont-win.S
[576/1309] Compiling armv8-mont-linux.S
[577/1309] Compiling armv8-mont-apple.S
[578/1309] Compiling armv4-mont-linux.S
[579/1309] Compiling aesv8-gcm-armv8-win.S
[580/1309] Compiling aesv8-gcm-armv8-apple.S
[581/1309] Compiling aesv8-armv8-win.S
[582/1309] Compiling aesv8-gcm-armv8-linux.S
[583/1309] Compiling aesv8-armv8-apple.S
[584/1309] Compiling aesv8-armv8-linux.S
[585/1309] Compiling aesv8-armv7-linux.S
[586/1309] Compiling aesni-x86_64-linux.S
[587/1309] Compiling aesni-x86_64-apple.S
[588/1309] Compiling d1_both.cc
[589/1309] Compiling aesni-x86-linux.S
[590/1309] Compiling aesni-gcm-x86_64-apple.S
[591/1309] Compiling aesni-x86-apple.S
[592/1309] Compiling aesni-gcm-x86_64-linux.S
[593/1309] Compiling aes-gcm-avx2-x86_64-linux.S
[594/1309] Compiling aes-gcm-avx2-x86_64-apple.S
[595/1309] Compiling aes-gcm-avx10-x86_64-linux.S
[596/1309] Compiling aes-gcm-avx10-x86_64-apple.S
[597/1309] Compiling x_sig.cc
[598/1309] Compiling x_val.cc
[598/1309] Compiling x_spki.cc
[600/1309] Compiling x_x509a.cc
[601/1309] Compiling x_req.cc
[602/1309] Compiling x_pubkey.cc
[603/1309] Compiling x_x509.cc
[604/1309] Compiling x_name.cc
[605/1309] Compiling x_exten.cc
[606/1309] Compiling x_attrib.cc
[607/1309] Compiling x_algor.cc
[608/1309] Compiling x_crl.cc
[609/1309] Compiling x509spki.cc
[610/1309] Compiling x_all.cc
[611/1309] Compiling x509rset.cc
[612/1309] Compiling x509name.cc
[613/1309] Compiling x509_txt.cc
[614/1309] Compiling x509_vpm.cc
[615/1309] Compiling x509_v3.cc
[616/1309] Compiling x509cset.cc
[617/1309] Compiling x509_trs.cc
[618/1309] Compiling x509_set.cc
[619/1309] Compiling x509_req.cc
[620/1309] Compiling x509_vfy.cc
[621/1309] Compiling x509_obj.cc
[622/1309] Compiling x509_def.cc
[623/1309] Compiling x509_d2.cc
[623/1309] Compiling x509_ext.cc
[625/1309] Compiling x509_lu.cc
[626/1309] Compiling x509_att.cc
[627/1309] Compiling x509_cmp.cc
[628/1309] Compiling x509.cc
[629/1309] Compiling v3_skey.cc
[630/1309] Compiling v3_prn.cc
[631/1309] Compiling v3_purp.cc
[632/1309] Compiling v3_pcons.cc
[633/1309] Compiling v3_pmaps.cc
[634/1309] Compiling v3_ocsp.cc
[635/1309] Compiling v3_utl.cc
[636/1309] Compiling v3_ncons.cc
[637/1309] Compiling v3_int.cc
[638/1309] Compiling v3_lib.cc
[639/1309] Compiling v3_ia5.cc
[640/1309] Compiling v3_info.cc
[641/1309] Compiling v3_genn.cc
[642/1309] Compiling v3_extku.cc
[642/1309] Compiling v3_enum.cc
[644/1309] Compiling v3_crld.cc
[645/1309] Compiling v3_cpols.cc
[646/1309] Compiling v3_conf.cc
[647/1309] Compiling v3_bitst.cc
[648/1309] Compiling v3_bcons.cc
[649/1309] Compiling v3_akeya.cc
[650/1309] Compiling v3_akey.cc
[651/1309] Compiling v3_alt.cc
[652/1309] Compiling t_x509a.cc
[653/1309] Compiling i2d_pr.cc
[654/1309] Compiling t_req.cc
[655/1309] Compiling t_x509.cc
[656/1309] Compiling t_crl.cc
[657/1309] Compiling name_print.cc
[658/1309] Compiling rsa_pss.cc
[659/1309] Compiling policy.cc
[660/1309] Compiling by_file.cc
[661/1309] Compiling by_dir.cc
[662/1309] Compiling a_verify.cc
[663/1309] Compiling a_digest.cc
[664/1309] Compiling algorithm.cc
[665/1309] Compiling asn1_gen.cc
[666/1309] Compiling a_sign.cc
[667/1309] Compiling voprf.cc
[668/1309] Compiling trust_token.cc
[669/1309] Compiling thread_win.cc
[670/1309] Compiling thread_pthread.cc
[670/1309] Compiling thread_none.cc
[672/1309] Compiling thread.cc
[673/1309] Compiling stack.cc
[674/1309] Compiling pmbtoken.cc
[675/1309] Compiling slhdsa.cc
[676/1309] Compiling spake2plus.cc
[677/1309] Compiling sha512.cc
[677/1309] Compiling siphash.cc
[679/1309] Compiling sha256.cc
[680/1309] Compiling sha1.cc
[681/1309] Compiling rsa_extra.cc
[682/1309] Compiling rsa_print.cc
[683/1309] Compiling rsa_crypt.cc
[684/1309] Compiling rc4.cc
[685/1309] Compiling refcount.cc
[686/1309] Compiling windows.cc
[687/1309] Compiling urandom.cc
[688/1309] Compiling trusty.cc
[689/1309] Compiling rand.cc
[690/1309] Compiling rsa_asn1.cc
[691/1309] Compiling passive.cc
[692/1309] Compiling ios.cc
[693/1309] Compiling getentropy.cc
[694/1309] Compiling poly1305_arm_asm.S
[695/1309] Compiling deterministic.cc
[696/1309] Compiling forkunsafe.cc
[697/1309] Compiling fork_detect.cc
[698/1309] Compiling poly1305_vec.cc
[699/1309] Compiling pool.cc
[700/1309] Compiling poly1305_arm.cc
[701/1309] Compiling poly1305.cc
[702/1309] Compiling pkcs7.cc
[703/1309] Compiling pkcs8.cc
[704/1309] Compiling p5_pbev2.cc
[705/1309] Compiling pkcs7_x509.cc
[706/1309] Compiling pkcs8_x509.cc
[707/1309] Compiling pem_xaux.cc
[708/1309] Compiling pem_x509.cc
[709/1309] Compiling pem_pkey.cc
[710/1309] Compiling pem_pk8.cc
[711/1309] Compiling pem_oth.cc
[712/1309] Compiling pem_info.cc
[713/1309] Compiling pem_lib.cc
[714/1309] Compiling mlkem.cc
[715/1309] Compiling pem_all.cc
[716/1309] Compiling obj_xref.cc
[717/1309] Compiling obj.cc
[718/1309] Compiling poly_rq_mul.S
[719/1309] Compiling mldsa.cc
[720/1309] Compiling fips_shared_support.cc
[721/1309] Compiling mem.cc
[722/1309] Compiling md5.cc
[723/1309] Compiling md4.cc
[724/1309] Compiling lhash.cc
[725/1309] Compiling kyber.cc
[726/1309] Compiling ex_data.cc
[726/1309] Compiling hrss.cc
[728/1309] Compiling sign.cc
[729/1309] Compiling scrypt.cc
[730/1309] Compiling print.cc
[731/1309] Compiling hpke.cc
[732/1309] Compiling pbkdf.cc
[733/1309] Compiling p_x25519.cc
[734/1309] Compiling p_x25519_asn1.cc
[735/1309] Compiling p_rsa_asn1.cc
[736/1309] Compiling p_rsa.cc
[737/1309] Compiling p_ed25519.cc
[738/1309] Compiling p_hkdf.cc
[739/1309] Compiling p_ed25519_asn1.cc
[740/1309] Compiling p_ec_asn1.cc
[741/1309] Compiling p_ec.cc
[742/1309] Compiling p_dh.cc
[742/1309] Compiling p_dh_asn1.cc
[744/1309] Compiling evp_ctx.cc
[745/1309] Compiling p_dsa_asn1.cc
[746/1309] Compiling evp_asn1.cc
[747/1309] Compiling evp.cc
[748/1309] Compiling err.cc
[749/1309] Compiling engine.cc
[750/1309] Compiling ecdh.cc
[751/1309] Compiling hash_to_curve.cc
[752/1309] Compiling ecdsa_asn1.cc
[753/1309] Compiling ec_derive.cc
[754/1309] Compiling dsa.cc
[755/1309] Compiling dsa_asn1.cc
[756/1309] Compiling ec_asn1.cc
[757/1309] Compiling params.cc
[758/1309] Compiling x25519-asm-arm.S
[759/1309] Compiling bcm.cc
[760/1309] Compiling digest_extra.cc
[761/1309] Compiling des.cc
[762/1309] Compiling dh_asn1.cc
[763/1309] Compiling curve25519_64_adx.cc
[764/1309] Compiling crypto.cc
[765/1309] Compiling cpu_intel.cc
[766/1309] Compiling spake25519.cc
[767/1309] Compiling cpu_arm_linux.cc
[768/1309] Compiling cpu_arm_freebsd.cc
[769/1309] Compiling curve25519.cc
[770/1309] Compiling cpu_aarch64_win.cc
[771/1309] Compiling cpu_aarch64_sysreg.cc
[772/1309] Compiling cpu_aarch64_openbsd.cc
[773/1309] Compiling cpu_aarch64_linux.cc
[774/1309] Compiling cpu_aarch64_fuchsia.cc
[775/1309] Compiling cpu_aarch64_apple.cc
[776/1309] Compiling get_cipher.cc
[776/1309] Compiling conf.cc
[778/1309] Compiling tls_cbc.cc
[779/1309] Compiling e_tls.cc
[780/1309] Compiling e_rc4.cc
[781/1309] Compiling e_null.cc
[781/1309] Compiling e_rc2.cc
[783/1309] Compiling e_des.cc
[784/1309] Compiling e_aesgcmsiv.cc
[785/1309] Compiling e_chacha20poly1305.cc
[786/1309] Compiling e_aesctrhmac.cc
[787/1309] Compiling derive_key.cc
[788/1309] Compiling chacha.cc
[789/1309] Compiling unicode.cc
[790/1309] Compiling buf.cc
[791/1309] Compiling cbs.cc
[792/1309] Compiling cbb.cc
[793/1309] Compiling ber.cc
[794/1309] Compiling asn1_compat.cc
[795/1309] Compiling convert.cc
[796/1309] Compiling bn_asn1.cc
[797/1309] Compiling blake2.cc
[798/1309] Compiling socket_helper.cc
[799/1309] Compiling socket.cc
[799/1309] Compiling printf.cc
[801/1309] Compiling pair.cc
[802/1309] Compiling hexdump.cc
[803/1309] Compiling fd.cc
[804/1309] Compiling file.cc
[805/1309] Compiling errno.cc
[806/1309] Compiling connect.cc
[807/1309] Compiling bio_mem.cc
[808/1309] Compiling bio.cc
[809/1309] Compiling base64.cc
[810/1309] Compiling tasn_typ.cc
[811/1309] Compiling tasn_fre.cc
[812/1309] Compiling tasn_utl.cc
[813/1309] Compiling tasn_enc.cc
[814/1309] Compiling posix_time.cc
[815/1309] Compiling tasn_new.cc
[816/1309] Compiling f_string.cc
[817/1309] Compiling tasn_dec.cc
[818/1309] Compiling asn_pack.cc
[819/1309] Compiling f_int.cc
[820/1309] Compiling asn1_par.cc
[821/1309] Compiling asn1_lib.cc
[822/1309] Compiling a_type.cc
[823/1309] Compiling a_utctm.cc
[824/1309] Compiling a_time.cc
[825/1309] Compiling a_octet.cc
[826/1309] Compiling a_strnid.cc
[827/1309] Compiling a_strex.cc
[828/1309] Compiling a_object.cc
[829/1309] Compiling a_i2d_fp.cc
[830/1309] Compiling a_dup.cc
[831/1309] Compiling a_mbstr.cc
[832/1309] Compiling a_int.cc
[833/1309] Compiling CGoogleGaxCRC32C CGoogleGaxCRC32C.c
[834/1309] Compiling a_d2i_fp.cc
[835/1309] Compiling fiat_p256_adx_sqr.S
[836/1309] Compiling fiat_p256_adx_mul.S
[837/1309] Compiling fiat_curve25519_adx_square.S
[838/1309] Compiling fiat_curve25519_adx_mul.S
[839/1309] Compiling md5-x86_64-linux.S
[840/1309] Compiling md5-x86_64-apple.S
[841/1309] Compiling md5-586-linux.S
[842/1309] Compiling md5-586-apple.S
[843/1309] Compiling a_gentm.cc
[844/1309] Compiling a_bitstr.cc
[845/1309] Compiling chacha20_poly1305_x86_64-linux.S
[846/1309] Compiling chacha20_poly1305_armv8-win.S
[847/1309] Compiling chacha20_poly1305_x86_64-apple.S
[848/1309] Compiling CCryptoBoringSSLShims shims.c
[849/1309] Compiling chacha20_poly1305_armv8-apple.S
[850/1309] Compiling chacha-x86_64-linux.S
[851/1309] Compiling chacha-x86_64-apple.S
[852/1309] Compiling chacha20_poly1305_armv8-linux.S
[853/1309] Compiling chacha-x86-linux.S
[854/1309] Compiling a_bool.cc
[854/1309] Compiling chacha-x86-apple.S
[856/1309] Compiling chacha-armv4-linux.S
[857/1309] Compiling chacha-armv8-apple.S
[858/1309] Compiling aes128gcmsiv-x86_64-linux.S
[859/1309] Compiling chacha-armv8-linux.S
[860/1309] Compiling aes128gcmsiv-x86_64-apple.S
[861/1309] Compiling x86_64-mont5-linux.S
[862/1309] Compiling x86_64-mont5-apple.S
[863/1309] Compiling chacha-armv8-win.S
[864/1309] Compiling x86_64-mont-linux.S
[865/1309] Compiling x86-mont-linux.S
[866/1309] Compiling x86_64-mont-apple.S
[867/1309] Compiling x86-mont-apple.S
[868/1309] Compiling vpaes-x86_64-linux.S
[869/1309] Compiling vpaes-x86_64-apple.S
[870/1309] Compiling vpaes-x86-linux.S
[871/1309] Compiling vpaes-armv8-win.S
[872/1309] Compiling vpaes-x86-apple.S
[873/1309] Compiling vpaes-armv8-apple.S
[874/1309] Compiling vpaes-armv8-linux.S
[875/1309] Compiling vpaes-armv7-linux.S
[876/1309] Compiling sha512-x86_64-linux.S
[877/1309] Compiling sha512-x86_64-apple.S
[878/1309] Compiling sha512-armv8-win.S
[879/1309] Compiling err_data.cc
[880/1309] Compiling sha512-armv4-linux.S
[881/1309] Compiling sha512-armv8-apple.S
[882/1309] Compiling sha512-586-linux.S
[883/1309] Compiling sha512-armv8-linux.S
[884/1309] Compiling sha512-586-apple.S
[885/1309] Compiling sha256-x86_64-linux.S
[886/1309] Compiling sha256-armv8-win.S
[887/1309] Compiling sha256-x86_64-apple.S
[888/1309] Compiling sha256-armv8-apple.S
[889/1309] Compiling sha256-armv4-linux.S
[890/1309] Compiling sha256-armv8-linux.S
[891/1309] Compiling sha256-586-apple.S
[892/1309] Compiling sha256-586-linux.S
[893/1309] Compiling sha1-x86_64-linux.S
[894/1309] Compiling sha1-x86_64-apple.S
[895/1309] Compiling sha1-armv8-win.S
[896/1309] Compiling sha1-armv8-apple.S
[897/1309] Compiling sha1-586-linux.S
[898/1309] Compiling sha1-armv4-large-linux.S
[899/1309] Compiling sha1-armv8-linux.S
[900/1309] Compiling sha1-586-apple.S
[901/1309] Compiling rsaz-avx2-linux.S
[902/1309] Compiling rsaz-avx2-apple.S
[903/1309] Compiling rdrand-x86_64-linux.S
[904/1309] Compiling rdrand-x86_64-apple.S
[905/1309] Compiling p256_beeu-x86_64-asm-linux.S
[906/1309] Compiling p256_beeu-x86_64-asm-apple.S
[907/1309] Compiling p256_beeu-armv8-asm-linux.S
[908/1309] Compiling p256_beeu-armv8-asm-win.S
[909/1309] Compiling p256_beeu-armv8-asm-apple.S
[910/1309] Compiling p256-x86_64-asm-linux.S
[911/1309] Compiling p256-armv8-asm-win.S
[912/1309] Compiling p256-x86_64-asm-apple.S
[913/1309] Compiling ghashv8-armv8-win.S
[913/1309] Compiling p256-armv8-asm-apple.S
[915/1309] Compiling ghashv8-armv8-linux.S
[915/1309] Compiling ghashv8-armv8-apple.S
[917/1309] Compiling p256-armv8-asm-linux.S
[918/1309] Compiling ghashv8-armv7-linux.S
[919/1309] Compiling ghash-x86_64-linux.S
[920/1309] Compiling ghash-x86-apple.S
[921/1309] Compiling ghash-x86_64-apple.S
[922/1309] Compiling ghash-ssse3-x86_64-apple.S
[923/1309] Compiling ghash-x86-linux.S
[924/1309] Compiling ghash-ssse3-x86_64-linux.S
[925/1309] Compiling ghash-ssse3-x86-linux.S
[926/1309] Compiling ghash-ssse3-x86-apple.S
[927/1309] Compiling ghash-neon-armv8-apple.S
[928/1309] Compiling ghash-neon-armv8-win.S
[929/1309] Compiling ghash-neon-armv8-linux.S
[930/1309] Compiling ghash-armv4-linux.S
[931/1309] Compiling co-586-linux.S
[932/1309] Compiling co-586-apple.S
[933/1309] Compiling bn-armv8-win.S
[934/1309] Compiling bsaes-armv7-linux.S
[935/1309] Compiling bn-armv8-linux.S
[936/1309] Compiling bn-586-linux.S
[937/1309] Compiling bn-armv8-apple.S
[938/1309] Compiling bn-586-apple.S
[939/1309] Compiling armv8-mont-win.S
[940/1309] Compiling armv4-mont-linux.S
[940/1309] Compiling armv8-mont-apple.S
[942/1309] Compiling armv8-mont-linux.S
[943/1309] Compiling aesv8-gcm-armv8-win.S
[944/1309] Compiling aesv8-gcm-armv8-linux.S
[945/1309] Compiling aesv8-armv8-win.S
[946/1309] Compiling aesv8-gcm-armv8-apple.S
[947/1309] Compiling aesv8-armv8-apple.S
[948/1309] Compiling aesv8-armv8-linux.S
[949/1309] Compiling aesv8-armv7-linux.S
[950/1309] Compiling aesni-x86_64-linux.S
[951/1309] Compiling aesni-x86-linux.S
[952/1309] Compiling aesni-x86_64-apple.S
[953/1309] Compiling aesni-gcm-x86_64-linux.S
[954/1309] Compiling aesni-x86-apple.S
[955/1309] Compiling xwing.cc
[956/1309] Compiling x_sig.cc
[957/1309] Compiling x_req.cc
[958/1309] Compiling x_x509a.cc
[959/1309] Compiling x_x509.cc
[960/1309] Compiling x_spki.cc
[961/1309] Compiling c-nioatomics.c
[962/1309] Compiling x_exten.cc
[963/1309] Compiling x_pubkey.cc
[963/1309] Compiling x_name.cc
[965/1309] Compiling x_attrib.cc
[966/1309] Compiling x_crl.cc
[967/1309] Compiling c-atomics.c
[968/1309] Compiling x_all.cc
[969/1316] Compiling x_algor.cc
[971/1316] Compiling NIOConcurrencyHelpers lock.swift
[972/1316] Compiling NIOConcurrencyHelpers NIOThreadPoolWorkAvailable.swift
[973/1316] Compiling NIOConcurrencyHelpers atomics.swift
[974/1316] Compiling NIOConcurrencyHelpers NIOLockedValueBox.swift
[975/1316] Compiling NIOConcurrencyHelpers NIOLock.swift
[975/1316] Compiling x509cset.cc
[977/1316] Emitting module NIOConcurrencyHelpers
[977/1316] Compiling x509name.cc
[977/1316] Compiling x509spki.cc
[980/1316] Compiling NIOConcurrencyHelpers NIOAtomic.swift
[981/1317] Compiling x509_vpm.cc
[982/1317] Compiling x509rset.cc
[983/1317] Compiling x509_vfy.cc
[984/1317] Wrapping AST for NIOConcurrencyHelpers for debugging
[985/1317] Compiling x509_v3.cc
[986/1317] Compiling x509_txt.cc
[987/1317] Compiling x509_set.cc
[988/1317] Compiling x509_trs.cc
[989/1317] Compiling x509_obj.cc
[990/1317] Compiling x509_req.cc
[991/1317] Compiling x509_lu.cc
[992/1317] Compiling x509_ext.cc
[993/1317] Compiling x509_def.cc
[994/1317] Compiling x509_d2.cc
[995/1317] Compiling x509_cmp.cc
[996/1317] Compiling x509_att.cc
[997/1317] Compiling v3_skey.cc
[998/1317] Compiling x509.cc
[999/1317] Compiling v3_utl.cc
[1000/1317] Compiling v3_prn.cc
[1001/1317] Compiling v3_purp.cc
[1002/1317] Compiling v3_pmaps.cc
[1003/1317] Compiling v3_pcons.cc
[1004/1317] Compiling v3_ocsp.cc
[1005/1317] Compiling v3_ncons.cc
[1006/1317] Compiling v3_lib.cc
[1007/1317] Compiling v3_int.cc
[1008/1317] Compiling v3_ia5.cc
[1009/1317] Compiling v3_info.cc
[1010/1317] Compiling v3_genn.cc
[1011/1317] Compiling v3_extku.cc
[1012/1317] Compiling v3_enum.cc
[1013/1317] Compiling v3_crld.cc
[1014/1317] Compiling v3_cpols.cc
[1015/1317] Compiling v3_conf.cc
[1016/1317] Compiling v3_bitst.cc
[1017/1317] Compiling v3_bcons.cc
[1018/1317] Compiling v3_akeya.cc
[1019/1317] Compiling v3_alt.cc
[1020/1317] Compiling v3_akey.cc
[1021/1317] Compiling t_x509.cc
[1022/1317] Compiling t_x509a.cc
[1023/1317] Compiling t_req.cc
[1024/1317] Compiling t_crl.cc
[1025/1317] Compiling rsa_pss.cc
[1026/1317] Compiling i2d_pr.cc
[1027/1317] Compiling policy.cc
[1028/1317] Compiling name_print.cc
[1029/1317] Compiling by_file.cc
[1030/1317] Compiling asn1_gen.cc
[1031/1317] Compiling algorithm.cc
[1032/1317] Compiling a_verify.cc
[1033/1317] Compiling by_dir.cc
[1034/1317] Compiling a_sign.cc
[1035/1317] Compiling voprf.cc
[1036/1317] Compiling a_digest.cc
[1037/1317] Compiling thread_win.cc
[1038/1317] Compiling thread_pthread.cc
[1039/1317] Compiling thread.cc
[1040/1317] Compiling trust_token.cc
[1041/1317] Compiling thread_none.cc
[1042/1317] Compiling stack.cc
[1043/1317] Compiling pmbtoken.cc
[1044/1317] Compiling sha512.cc
[1045/1317] Compiling slhdsa.cc
[1046/1317] Compiling spake2plus.cc
[1047/1317] Compiling siphash.cc
[1048/1317] Compiling sha256.cc
[1049/1317] Compiling sha1.cc
[1050/1317] Compiling rsa_print.cc
[1051/1317] Compiling rsa_extra.cc
[1052/1317] Compiling rc4.cc
[1053/1317] Compiling rsa_crypt.cc
[1054/1317] Compiling urandom.cc
[1055/1317] Compiling trusty.cc
[1056/1317] Compiling windows.cc
[1057/1317] Compiling refcount.cc
[1058/1317] Compiling rand.cc
[1059/1317] Compiling ios.cc
[1060/1317] Compiling rsa_asn1.cc
[1061/1317] Compiling getentropy.cc
[1062/1317] Compiling passive.cc
[1063/1317] Compiling poly1305_arm_asm.S
[1064/1317] Compiling forkunsafe.cc
[1065/1317] Compiling fork_detect.cc
[1066/1317] Compiling deterministic.cc
[1067/1317] Compiling poly1305_vec.cc
[1068/1317] Compiling poly1305_arm.cc
[1069/1317] Compiling poly1305.cc
[1070/1317] Compiling pool.cc
[1071/1317] Compiling pkcs8_x509.cc
[1072/1317] Compiling pkcs8.cc
[1073/1317] Compiling p5_pbev2.cc
[1074/1317] Compiling pkcs7_x509.cc
[1075/1317] Compiling pem_xaux.cc
[1076/1317] Compiling pkcs7.cc
[1077/1317] Compiling pem_pkey.cc
[1078/1317] Compiling pem_x509.cc
[1079/1317] Compiling pem_pk8.cc
[1080/1317] Compiling pem_oth.cc
[1081/1317] Compiling mlkem.cc
[1082/1317] Compiling obj_xref.cc
[1083/1317] Compiling pem_lib.cc
[1084/1317] Compiling mldsa.cc
[1085/1317] Compiling obj.cc
[1086/1317] Compiling pem_info.cc
[1087/1317] Compiling poly_rq_mul.S
[1088/1317] Compiling pem_all.cc
[1089/1317] Compiling mem.cc
[1090/1317] Compiling fips_shared_support.cc
[1091/1317] Compiling lhash.cc
[1092/1317] Compiling md5.cc
[1093/1317] Compiling md4.cc
[1094/1317] Compiling fuzzer_mode.cc
[1095/1317] Compiling kyber.cc
[1096/1317] Compiling hpke.cc
[1096/1317] Compiling hrss.cc
[1098/1317] Compiling ex_data.cc
[1099/1317] Compiling scrypt.cc
[1100/1317] Compiling print.cc
[1101/1317] Compiling pbkdf.cc
[1102/1317] Compiling sign.cc
[1103/1317] Compiling p_x25519.cc
[1104/1317] Compiling p_x25519_asn1.cc
[1105/1317] Compiling p_rsa_asn1.cc
[1106/1317] Compiling p_rsa.cc
[1107/1317] Compiling p_hkdf.cc
[1108/1317] Compiling p_ed25519_asn1.cc
[1109/1317] Compiling p_ed25519.cc
[1110/1317] Compiling p_ec.cc
[1111/1317] Compiling p_ec_asn1.cc
[1112/1317] Compiling p_dsa_asn1.cc
[1113/1317] Compiling p_dh_asn1.cc
[1114/1317] Compiling p_dh.cc
[1115/1317] Compiling evp_ctx.cc
[1116/1317] Compiling evp_asn1.cc
[1117/1317] Compiling err.cc
[1118/1317] Compiling engine.cc
[1119/1317] Compiling evp.cc
[1120/1317] Compiling ecdsa_p1363.cc
[1121/1317] Compiling ecdh.cc
[1122/1317] Compiling ec_derive.cc
[1123/1317] Compiling ecdsa_asn1.cc
[1124/1317] Compiling hash_to_curve.cc
[1125/1317] Compiling dsa.cc
[1126/1317] Compiling dsa_asn1.cc
[1127/1317] Compiling ec_asn1.cc
[1128/1317] Compiling digest_extra.cc
[1129/1317] Compiling params.cc
[1130/1317] Compiling x25519-asm-arm.S
[1131/1317] Compiling dh_asn1.cc
[1132/1317] Compiling curve25519_64_adx.cc
[1133/1317] Compiling des.cc
[1134/1317] Compiling spake25519.cc
[1135/1317] Compiling crypto.cc
[1136/1317] Compiling cpu_intel.cc
[1137/1317] Compiling curve25519.cc
[1138/1317] Compiling cpu_arm_linux.cc
[1139/1317] Compiling cpu_arm_freebsd.cc
[1140/1317] Compiling cpu_aarch64_win.cc
[1141/1317] Compiling cpu_aarch64_openbsd.cc
[1142/1317] Compiling cpu_aarch64_sysreg.cc
[1143/1317] Compiling cpu_aarch64_linux.cc
[1144/1317] Compiling cpu_aarch64_fuchsia.cc
[1145/1317] Compiling cpu_aarch64_apple.cc
[1146/1317] Compiling tls_cbc.cc
[1146/1317] Compiling conf.cc
[1148/1317] Compiling get_cipher.cc
[1149/1317] Compiling e_tls.cc
[1150/1317] Compiling e_rc4.cc
[1151/1317] Compiling cms.cc
[1152/1317] Compiling e_rc2.cc
[1153/1317] Compiling e_null.cc
[1154/1317] Compiling e_des.cc
[1155/1317] Compiling e_chacha20poly1305.cc
[1156/1317] Compiling e_aesgcmsiv.cc
[1157/1317] Compiling e_aeseax.cc
[1158/1317] Compiling chacha.cc
[1159/1317] Compiling derive_key.cc
[1160/1317] Compiling e_aesctrhmac.cc
[1161/1317] Compiling unicode.cc
[1162/1317] Compiling buf.cc
[1163/1317] Compiling exponentiation.cc
[1163/1317] Compiling cbs.cc
[1165/1317] Compiling asn1_compat.cc
[1166/1317] Compiling ber.cc
[1167/1317] Compiling cbb.cc
[1168/1317] Compiling div.cc
[1169/1317] Compiling printf.cc
[1170/1317] Compiling blake2.cc
[1171/1317] Compiling hexdump.cc
[1172/1317] Compiling pair.cc
[1173/1317] Compiling bn_asn1.cc
[1174/1317] Compiling convert.cc
[1175/1317] Compiling file.cc
[1176/1317] Compiling fd.cc
[1177/1317] Compiling errno.cc
[1178/1317] Compiling bio_mem.cc
[1179/1317] Compiling bio.cc
[1180/1317] Compiling base64.cc
[1181/1317] Compiling tasn_typ.cc
[1182/1317] Compiling tasn_fre.cc
[1183/1317] Compiling tasn_enc.cc
[1184/1317] Compiling tasn_new.cc
[1185/1317] Compiling posix_time.cc
[1186/1317] Compiling f_string.cc
[1187/1317] Compiling f_int.cc
[1188/1317] Compiling tasn_dec.cc
[1189/1317] Compiling asn_pack.cc
[1190/1317] Compiling asn1_par.cc
[1191/1317] Compiling asn1_lib.cc
[1192/1317] Compiling a_utctm.cc
[1193/1317] Compiling a_octet.cc
[1194/1317] Compiling a_type.cc
[1195/1317] Compiling a_time.cc
[1196/1317] Compiling bcm.cc
[1197/1317] Compiling a_strnid.cc
[1198/1317] Compiling a_object.cc
[1199/1317] Compiling a_i2d_fp.cc
[1200/1317] Compiling a_d2i_fp.cc
[1201/1317] Compiling a_dup.cc
[1201/1317] Write sources
[1205/1317] Compiling CAsyncHTTPClient CAsyncHTTPClient.c
[1206/1335] Compiling a_mbstr.cc
[1207/1360] Compiling a_gentm.cc
[1208/1360] Compiling a_int.cc
[1210/1360] Compiling Algorithms RandomSample.swift
[1211/1360] Compiling Algorithms Reductions.swift
[1211/1362] Compiling a_bitstr.cc
[1213/1362] Compiling Algorithms Keyed.swift
[1214/1362] Compiling Algorithms MinMax.swift
[1215/1362] Compiling Algorithms Compacted.swift
[1216/1362] Compiling Algorithms Cycle.swift
[1217/1362] Compiling Algorithms Indexed.swift
[1218/1362] Compiling Algorithms Intersperse.swift
[1218/1362] Compiling a_bool.cc
[1219/1362] Compiling aes.cc
[1221/1362] Compiling Atomics IntegerOperations.swift
[1222/1362] Compiling Atomics Unmanaged extensions.swift
[1223/1370] Compiling Algorithms Combinations.swift
[1224/1370] Compiling Algorithms FlattenCollection.swift
[1225/1370] Compiling Algorithms Grouped.swift
[1229/1370] Compiling Algorithms Split.swift
[1230/1370] Compiling Algorithms Stride.swift
[1231/1370] Compiling Algorithms Suffix.swift
[1232/1373] Compiling Algorithms Joined.swift
[1236/1373] Compiling Algorithms Permutations.swift
[1237/1373] Compiling Algorithms Product.swift
[1240/1373] Compiling Algorithms EitherSequence.swift
[1241/1373] Compiling Algorithms FirstNonNil.swift
[1246/1373] Compiling CryptoBoringWrapper RandomBytes.swift
[1247/1373] Compiling CryptoBoringWrapper EllipticCurve.swift
[1248/1373] Compiling Algorithms Trim.swift
[1249/1373] Compiling Algorithms Unique.swift
[1250/1373] Compiling Algorithms Windows.swift
[1251/1373] Emitting module CryptoBoringWrapper
[1252/1373] Compiling CryptoBoringWrapper FiniteFieldArithmeticContext.swift
[1253/1373] Compiling Algorithms AdjacentPairs.swift
[1254/1373] Compiling Algorithms Chain.swift
[1255/1373] Compiling Algorithms Chunked.swift
[1257/1373] Compiling CryptoBoringWrapper CryptoKitErrors_boring.swift
[1258/1373] Compiling CryptoBoringWrapper EllipticCurvePoint.swift
[1259/1373] Compiling CryptoBoringWrapper BoringSSLAEAD.swift
[1260/1373] Compiling CryptoBoringWrapper ArbitraryPrecisionInteger.swift
[1264/1373] Emitting module Atomics
[1268/1375] Emitting module Algorithms
[1271/1376] Wrapping AST for CryptoBoringWrapper for debugging
[1272/1376] Wrapping AST for Atomics for debugging
[1273/1376] Wrapping AST for Algorithms for debugging
[1275/1524] Compiling Crypto MLKEM.swift
[1276/1524] Compiling Crypto XWing.swift
[1277/1524] Compiling Crypto ECDH_boring.swift
[1278/1524] Compiling Crypto DH.swift
[1279/1524] Compiling Crypto ECDH.swift
[1280/1524] Compiling Crypto ANSIx963.swift
[1281/1524] Compiling Crypto MACFunctions.swift
[1282/1524] Compiling Crypto MessageAuthenticationCode.swift
[1283/1524] Compiling Crypto AES.swift
[1284/1524] Compiling Crypto ASN1Null.swift
[1285/1524] Compiling Crypto ASN1OctetString.swift
[1286/1524] Compiling Crypto ASN1Strings.swift
[1287/1524] Compiling Crypto ArraySliceBigint.swift
[1288/1524] Compiling Crypto GeneralizedTime.swift
[1289/1524] Compiling Crypto ObjectIdentifier.swift
[1290/1524] Compiling Crypto ECDSASignature.swift
[1291/1524] Compiling Crypto PEMDocument.swift
[1292/1524] Compiling Crypto PKCS8PrivateKey.swift
[1293/1532] Emitting module Crypto
[1294/1543] Compiling Crypto SEC1PrivateKey.swift
[1295/1543] Compiling Crypto SubjectPublicKeyInfo.swift
[1296/1543] Compiling Crypto CryptoError_boring.swift
[1297/1543] Compiling Crypto Insecure_HashFunctions.swift
[1298/1543] Compiling Crypto MLKEM_boring.swift
[1299/1543] Compiling Crypto MLKEM_wrapper.swift
[1300/1543] Compiling Crypto XWing_boring.swift
[1301/1543] Compiling Crypto KEM-Errors.swift
[1302/1543] Compiling Crypto KEM.swift
[1303/1543] Compiling Crypto AES-GCM.swift
[1304/1543] Compiling Crypto AES-GCM_boring.swift
[1305/1543] Compiling Crypto ChaChaPoly_boring.swift
[1306/1543] Compiling Crypto ChaChaPoly.swift
[1307/1543] Compiling Crypto Cipher.swift
[1308/1543] Compiling Crypto Nonces.swift
[1309/1543] Compiling Crypto ASN1.swift
[1310/1543] Compiling Crypto ASN1Any.swift
[1311/1543] Compiling Crypto ASN1BitString.swift
[1312/1543] Compiling Crypto ASN1Boolean.swift
[1313/1543] Compiling Crypto ASN1Identifier.swift
[1314/1543] Compiling Crypto ASN1Integer.swift
[1339/1543] Compiling Crypto HPKE-LabeledExtract.swift
[1340/1543] Compiling Crypto HPKE-Utils.swift
[1341/1543] Compiling Crypto DHKEM.swift
[1342/1543] Compiling Crypto HPKE-KEM-Curve25519.swift
[1343/1543] Compiling Crypto HPKE-NIST-EC-KEMs.swift
[1344/1543] Compiling Crypto HPKE-KEM.swift
[1345/1543] Compiling Crypto HPKE-Errors.swift
[1346/1543] Compiling Crypto HPKE.swift
[1347/1543] Compiling Crypto HPKE-Context.swift
[1348/1543] Compiling Crypto HPKE-KeySchedule.swift
[1349/1543] Compiling Crypto HPKE-Modes.swift
[1350/1543] Compiling Crypto Insecure.swift
[1351/1543] Compiling Crypto CryptoKitErrors.swift
[1352/1543] Compiling Crypto Digest_boring.swift
[1353/1543] Compiling Crypto Digest.swift
[1354/1543] Compiling Crypto Digests.swift
[1355/1543] Compiling Crypto HashFunctions.swift
[1356/1543] Compiling Crypto HashFunctions_SHA2.swift
[1357/1543] Compiling Crypto HashFunctions_SHA3.swift
[1358/1543] Compiling Crypto Digest_xkcp.swift
[1359/1543] Compiling Crypto HPKE-AEAD.swift
[1360/1543] Compiling Crypto HPKE-Ciphersuite.swift
[1361/1543] Compiling Crypto HPKE-KDF.swift
[1362/1543] Compiling Crypto HPKE-KexKeyDerivation.swift
[1363/1543] Compiling Crypto HKDF.swift
[1364/1543] Compiling Crypto AESWrap.swift
[1365/1543] Compiling Crypto AESWrap_boring.swift
[1366/1543] Compiling Crypto Ed25519_boring.swift
[1367/1543] Compiling Crypto NISTCurvesKeys_boring.swift
[1368/1543] Compiling Crypto X25519Keys_boring.swift
[1369/1543] Compiling Crypto Curve25519.swift
[1370/1543] Compiling Crypto Ed25519Keys.swift
[1371/1543] Compiling Crypto NISTCurvesKeys.swift
[1372/1543] Compiling Crypto X25519Keys.swift
[1373/1543] Compiling Crypto SymmetricKeys.swift
[1374/1543] Compiling Crypto HMAC.swift
[1378/1543] Compiling NIOCore SingleStepByteToMessageDecoder.swift
[1379/1543] Compiling NIOCore SocketAddresses.swift
[1380/1543] Compiling NIOCore SocketOptionProvider.swift
[1381/1543] Compiling NIOCore SystemCallHelpers.swift
[1382/1543] Compiling NIOCore TimeAmount+Duration.swift
[1383/1543] Compiling NIOCore TypeAssistedChannelHandler.swift
[1384/1543] Compiling NIOCore UniversalBootstrapSupport.swift
[1385/1543] Compiling NIOCore Utilities.swift
[1404/1543] Compiling Crypto Signature.swift
[1405/1543] Compiling Crypto CryptoKitErrors_boring.swift
[1406/1543] Compiling Crypto Optional+withUnsafeBytes_boring.swift
[1407/1543] Compiling Crypto RNG_boring.swift
[1408/1543] Compiling Crypto SafeCompare_boring.swift
[1409/1543] Compiling Crypto Zeroization_boring.swift
[1410/1543] Compiling Crypto _CryptoModuleAnchor.swift
[1411/1543] Compiling Crypto PrettyBytes.swift
[1412/1543] Compiling Crypto SafeCompare.swift
[1413/1543] Compiling Crypto SecureBytes.swift
[1414/1543] Compiling Crypto Zeroization.swift
[1415/1544] Wrapping AST for Crypto for debugging
[1417/1606] Compiling CryptoExtras Data+Extensions.swift
[1418/1606] Compiling CryptoExtras DigestType.swift
[1419/1606] Compiling CryptoExtras Error.swift
[1420/1606] Compiling CryptoExtras I2OSP.swift
[1421/1606] Compiling CryptoExtras IntegerEncoding.swift
[1422/1606] Compiling CryptoExtras PEMDocument.swift
[1423/1606] Compiling CryptoExtras PrettyBytes.swift
[1424/1606] Compiling CryptoExtras SubjectPublicKeyInfo.swift
[1425/1606] Compiling CryptoExtras CMAC.swift
[1434/1606] Compiling CryptoExtras ARCServer.swift
[1435/1606] Compiling CryptoExtras ChaCha20CTR_boring.swift
[1436/1606] Compiling CryptoExtras ChaCha20CTR.swift
[1437/1606] Compiling CryptoExtras BoringSSLSHA512256Context.swift
[1438/1606] Compiling CryptoExtras BoringSSLSHA512256HashFunction.swift
[1439/1606] Compiling CryptoExtras SHA512256.swift
[1440/1606] Compiling CryptoExtras SHA512256Digest.swift
[1441/1606] Compiling CryptoExtras Curve25519+PEM.swift
[1442/1606] Compiling CryptoExtras ObjectIdentifier.swift
[1451/1614] Compiling CryptoExtras PBKDF2.swift
[1452/1614] Compiling CryptoExtras Scrypt_boring.swift
[1453/1614] Compiling CryptoExtras Scrypt.swift
[1454/1614] Compiling CryptoExtras OPRF.swift
[1455/1614] Compiling CryptoExtras OPRFClient.swift
[1456/1614] Compiling CryptoExtras OPRFServer.swift
[1457/1614] Compiling CryptoExtras VOPRF+API.swift
[1458/1614] Compiling CryptoExtras VOPRFClient.swift
[1459/1614] Compiling CryptoExtras VOPRFServer.swift
[1460/1614] Compiling CryptoExtras AES_CBC.swift
[1461/1614] Compiling CryptoExtras AES_CFB.swift
[1462/1614] Compiling CryptoExtras AES_CTR.swift
[1463/1614] Compiling CryptoExtras AES_GCM_SIV.swift
[1464/1614] Compiling CryptoExtras Block Function.swift
[1465/1614] Compiling CryptoExtras AES_CBC_boring.swift
[1466/1614] Compiling CryptoExtras AES_CFB_boring.swift
[1467/1614] Compiling CryptoExtras AES_CTR_boring.swift
[1468/1614] Compiling CryptoExtras AES_GCM_SIV_boring.swift
[1469/1614] Compiling CryptoExtras ThreadOps.swift
[1470/1614] Compiling CryptoExtras ThreadPosix.swift
[1471/1614] Compiling CryptoExtras ThreadSpecific.swift
[1472/1614] Compiling CryptoExtras ThreadWindows.swift
[1473/1614] Compiling CryptoExtras DLEQ.swift
[1474/1614] Compiling CryptoExtras Prover.swift
[1475/1614] Compiling CryptoExtras Verifier.swift
[1476/1614] Compiling CryptoExtras ZKPToolbox.swift
[1478/1614] Compiling CryptoExtras ARC+API.swift
[1479/1614] Compiling CryptoExtras ARC.swift
[1480/1614] Compiling CryptoExtras ARCCredential.swift
[1481/1614] Compiling CryptoExtras ARCEncoding.swift
[1482/1614] Compiling CryptoExtras ARCPrecredential.swift
[1483/1614] Compiling CryptoExtras ARCPresentation.swift
[1484/1614] Compiling CryptoExtras ARCRequest.swift
[1485/1614] Compiling CryptoExtras ARCResponse.swift
[1486/1614] Compiling CryptoExtras BoringSSLPassphraseCallbackManager.swift
[1487/1614] Compiling CryptoExtras RSA+BlindSigning.swift
[1488/1614] Compiling CryptoExtras RSA.swift
[1489/1614] Compiling CryptoExtras RSA_boring.swift
[1490/1614] Compiling CryptoExtras Reexport.swift
[1491/1614] Compiling CryptoExtras Zeroization_boring.swift
[1492/1614] Compiling CryptoExtras BoringSSLHelpers.swift
[1493/1614] Compiling CryptoExtras CryptoKitErrors_boring.swift
[1494/1614] Compiling CryptoExtras PKCS8DERRepresentation.swift
[1495/1614] Compiling CryptoExtras PKCS8PrivateKey.swift
[1496/1614] Compiling CryptoExtras RFC8410AlgorithmIdentifier.swift
[1497/1614] Compiling CryptoExtras ECToolbox_boring.swift
[1498/1614] Compiling CryptoExtras ECToolbox.swift
[1499/1614] Compiling CryptoExtras HashToField.swift
[1500/1614] Compiling CryptoExtras KDF.swift
[1501/1614] Compiling CryptoExtras PBKDF2_boring.swift
[1502/1614] Compiling CryptoExtras PBKDF2_commoncrypto.swift
[1503/1614] Emitting module CryptoExtras
[1504/1617] Wrapping AST for CryptoExtras for debugging
[1506/1617] Compiling _CryptoExtras Exports.swift
[1507/1617] Emitting module _CryptoExtras
[1508/1618] Wrapping AST for _CryptoExtras for debugging
[1510/1713] Compiling X509 DNBuilder.swift
[1511/1713] Compiling X509 OCSPExtensionID.swift
[1512/1713] Compiling X509 OCSPNonce.swift
[1513/1713] Compiling X509 OCSPPolicy.swift
[1514/1713] Compiling X509 OCSPRequest.swift
[1515/1713] Compiling X509 OCSPResponse.swift
[1516/1713] Compiling X509 OCSPResponseBytes.swift
[1517/1713] Compiling X509 OCSPResponseData.swift
[1518/1713] Compiling X509 OCSPResponseStatus.swift
[1519/1713] Emitting module NIOCore
[1520/1721] Wrapping AST for NIOCore for debugging
[1522/1771] Compiling NIOFoundationEssentialsCompat Codable+ByteBuffer.swift
[1523/1771] Compiling NIOEmbedded AsyncTestingEventLoop.swift
[1524/1771] Compiling NIOEmbedded Embedded.swift
[1525/1771] Compiling NIOFoundationEssentialsCompat ByteBuffer-foundation.swift
[1526/1771] Emitting module NIOFoundationEssentialsCompat
[1528/1772] Compiling X509 OneOfPolicies.swift
[1529/1772] Compiling X509 PolicyBuilder.swift
[1530/1772] Compiling X509 BasicConstraintsPolicy.swift
[1531/1772] Compiling X509 DNSNames.swift
[1532/1772] Compiling X509 ExpiryPolicy.swift
[1533/1772] Compiling X509 IPConstraints.swift
[1534/1772] Compiling X509 NameConstraintsPolicy.swift
[1535/1772] Compiling X509 RFC5280Policy.swift
[1536/1772] Compiling X509 URIConstraints.swift
[1537/1772] Compiling X509 VersionPolicy.swift
[1538/1772] Compiling X509 ServerIdentityPolicy.swift
[1539/1772] Compiling X509 TrustRootLoading.swift
[1540/1772] Compiling X509 UnverifiedChain.swift
[1540/1785] Wrapping AST for NIOFoundationEssentialsCompat for debugging
[1542/1785] Compiling NIOPosix PipeChannel.swift
[1543/1785] Compiling NIOPosix PipePair.swift
[1544/1785] Compiling NIOPosix Pool.swift
[1545/1785] Compiling NIOPosix PosixSingletons+ConcurrencyTakeOver.swift
[1546/1785] Compiling NIOPosix PosixSingletons.swift
[1547/1785] Compiling NIOPosix RawSocketBootstrap.swift
[1548/1785] Compiling NIOPosix Resolver.swift
[1549/1785] Compiling NIOPosix Selectable.swift
[1550/1785] Compiling NIOPosix SelectableChannel.swift
[1551/1785] Compiling NIOPosix SelectableEventLoop.swift
[1552/1785] Compiling NIOPosix SelectorEpoll.swift
[1553/1785] Compiling NIOPosix SelectorGeneric.swift
[1554/1785] Compiling NIOPosix SelectorKqueue.swift
[1555/1785] Compiling NIOPosix SelectorUring.swift
[1556/1785] Emitting module NIOEmbedded
[1557/1785] Compiling NIOEmbedded AsyncTestingChannel.swift
[1558/1786] Wrapping AST for NIOEmbedded for debugging
[1560/1786] Compiling NIOPosix System.swift
[1561/1786] Compiling NIOPosix MultiThreadedEventLoopGroup.swift
[1562/1786] Compiling NIOPosix NIOPosixSendableMetatype.swift
[1563/1786] Compiling NIOPosix NIORandomizedDNSResolver.swift
[1564/1786] Compiling NIOPosix NIOThreadPool.swift
[1565/1786] Compiling NIOPosix NonBlockingFileIO.swift
[1566/1786] Compiling NIOPosix PendingDatagramWritesManager.swift
[1567/1786] Compiling NIOPosix PendingWritesManager.swift
[1568/1786] Compiling X509 AuthorityInformationAccess.swift
[1569/1786] Compiling X509 AuthorityKeyIdentifier.swift
[1570/1786] Compiling X509 BasicConstraints.swift
[1571/1786] Compiling X509 ExtendedKeyUsage.swift
[1572/1786] Compiling X509 ExtensionIdentifiers.swift
[1573/1786] Compiling X509 KeyUsage.swift
[1574/1786] Compiling NIOPosix HappyEyeballs.swift
[1575/1786] Compiling NIOPosix IO.swift
[1576/1786] Compiling NIOPosix IntegerBitPacking.swift
[1577/1786] Compiling NIOPosix IntegerTypes.swift
[1578/1786] Compiling NIOPosix Linux.swift
[1579/1786] Compiling NIOPosix LinuxCPUSet.swift
[1580/1786] Compiling NIOPosix LinuxUring.swift
[1581/1786] Compiling NIOPosix SelectorWSAPoll.swift
[1582/1786] Compiling NIOPosix ServerSocket.swift
[1583/1786] Compiling NIOPosix Socket.swift
[1584/1786] Compiling NIOPosix SocketChannel.swift
[1585/1786] Compiling NIOPosix SocketProtocols.swift
[1586/1786] Compiling NIOPosix StructuredConcurrencyHelpers.swift
[1594/1793] Compiling X509 PKCS8PrivateKey.swift
[1595/1793] Compiling X509 PromiseAndFuture.swift
[1596/1793] Compiling X509 RDNAttribute.swift
[1597/1793] Compiling X509 RandomNumberGenerator+bytes.swift
[1598/1793] Compiling X509 RelativeDistinguishedName.swift
[1599/1793] Compiling X509 SEC1PrivateKey.swift
[1600/1793] Compiling X509 SecKeyWrapper.swift
[1601/1793] Compiling X509 Signature.swift
[1602/1793] Compiling X509 SignatureAlgorithm.swift
[1603/1793] Compiling X509 AllOfPolicies.swift
[1604/1793] Compiling X509 AnyPolicy.swift
[1605/1793] Compiling X509 CertificateStore.swift
[1606/1793] Compiling X509 CustomCertificateStore.swift
[1607/1793] Compiling X509 NameConstraints.swift
[1608/1793] Compiling X509 SubjectAlternativeName.swift
[1609/1793] Compiling X509 SubjectKeyIdentifier.swift
[1610/1793] Compiling X509 Extension.swift
[1611/1793] Compiling X509 Extensions.swift
[1612/1793] Compiling X509 ExtensionsBuilder.swift
[1613/1793] Compiling X509 GeneralName.swift
[1614/1793] Compiling X509 Lock.swift
[1615/1793] Compiling X509 LockedValueBox.swift
[1616/1793] Compiling X509 BasicOCSPResponse.swift
[1617/1793] Compiling X509 DirectoryString.swift
[1618/1793] Compiling X509 OCSPCertID.swift
[1619/1793] Compiling X509 OCSPCertStatus.swift
[1620/1793] Emitting module NIOPosix
[1621/1793] Compiling NIOPosix BSDSocketAPICommon.swift
[1622/1793] Compiling NIOPosix BSDSocketAPIPosix.swift
[1623/1793] Compiling NIOPosix BSDSocketAPIWindows.swift
[1624/1793] Compiling NIOPosix BaseSocket.swift
[1625/1793] Compiling NIOPosix BaseSocketChannel+AccessibleTransport.swift
[1626/1793] Compiling NIOPosix BaseSocketChannel+SocketOptionProvider.swift
[1627/1793] Compiling NIOPosix BaseSocketChannel.swift
[1628/1793] Compiling NIOPosix Thread.swift
[1629/1793] Compiling NIOPosix ThreadPosix.swift
[1630/1793] Compiling NIOPosix ThreadWindows.swift
[1631/1793] Compiling NIOPosix Utilities.swift
[1632/1793] Compiling NIOPosix VsockAddress.swift
[1633/1793] Compiling NIOPosix VsockChannelEvents.swift
[1634/1793] Compiling NIOPosix Windows.swift
[1649/1793] Emitting module X509
[1657/1793] Compiling NIOPosix BaseStreamSocketChannel.swift
[1658/1793] Compiling NIOPosix Bootstrap.swift
[1659/1793] Compiling NIOPosix ControlMessage.swift
[1660/1793] Compiling NIOPosix DatagramVectorReadManager.swift
[1661/1793] Compiling NIOPosix Errors+Any.swift
[1662/1793] Compiling NIOPosix FileDescriptor.swift
[1663/1793] Compiling NIOPosix GetaddrinfoResolver.swift
[1685/1794] Compiling X509 ValidatedCertificateChain.swift
[1686/1794] Compiling X509 VerificationDiagnostic.swift
[1687/1794] Compiling X509 Verifier.swift
[1688/1794] Compiling X509 VerifierPolicy.swift
[1689/1794] Compiling X509 AlgorithmIdentifier.swift
[1690/1794] Compiling X509 ECDSASignature.swift
[1691/1794] Compiling X509 RSAPKCS1PublicKey.swift
[1692/1794] Compiling X509 SubjectPublicKeyInfo.swift
[1693/1794] Compiling X509 TBSCertificate.swift
[1694/1794] Compiling X509 Time.swift
[1695/1794] Compiling X509 TimeCalculations.swift
[1696/1794] Compiling X509 Validity.swift
[1697/1794] Compiling X509 X509SendableMetatype.swift
[1699/1795] Wrapping AST for NIOPosix for debugging
[1700/1797] Wrapping AST for X509 for debugging
[1702/1797] Emitting module NIO
[1703/1797] Compiling NIO Exports.swift
[1704/1865] Wrapping AST for NIO for debugging
[1706/1904] Compiling NIOHTTP1 HTTPHeaderValidator.swift
[1707/1904] Compiling NIOHTTP1 HTTPHeaders+Validation.swift
[1708/1905] Compiling NIOSOCKS SelectedAuthenticationMethod.swift
[1709/1905] Compiling NIOTLS TLSEvents.swift
[1710/1905] Compiling NIOTLS NIOTypedApplicationProtocolNegotiationHandler.swift
[1711/1905] Emitting module NIOTLS
[1712/1905] Compiling NIOFoundationCompat WaitSpinningRunLoop.swift
[1713/1905] Emitting module NIOFoundationCompat
[1714/1905] Compiling NIOFoundationCompat Exports.swift
[1715/1905] Compiling NIOFoundationCompat JSONSerialization+ByteBuffer.swift
[1716/1905] Compiling NIOSOCKS ClientStateMachine.swift
[1717/1905] Compiling NIOSOCKS SOCKSResponse.swift
[1719/1906] Compiling NIOSOCKS ServerStateMachine.swift
[1719/1906] Wrapping AST for NIOFoundationCompat for debugging
[1721/1906] Compiling NIOHTTP1 HTTPPipelineSetup.swift
[1722/1906] Compiling NIOHTTP1 ByteCollectionUtils.swift
[1723/1906] Compiling NIOTLS ProtocolNegotiationHandlerStateMachine.swift
[1724/1906] Compiling NIOTLS SNIHandler.swift
[1725/1906] Compiling NIOTLS ApplicationProtocolNegotiationHandler.swift
[1727/1907] Compiling NIOHTTP1 HTTPServerRequestMethodQueue.swift
[1728/1907] Compiling NIOHTTP1 HTTPServerUpgradeHandler.swift
[1729/1907] Compiling NIOHTTP1 HTTPDecoder.swift
[1730/1907] Compiling NIOHTTP1 HTTPEncoder.swift
[1731/1907] Emitting module NIOSOCKS
[1732/1908] Wrapping AST for NIOTLS for debugging
[1733/1933] Wrapping AST for NIOSOCKS for debugging
[1735/1938] Compiling NIOSSL LinuxCABundle.swift
[1736/1938] Compiling NIOSSL NIOSSLClientHandler.swift
[1737/1938] Compiling NIOSSL NIOSSLHandler+Configuration.swift
[1738/1940] Compiling JWTKit JWTSerializer.swift
[1739/1940] Compiling JWTKit JWTSigner.swift
[1740/1940] Compiling JWTKit JWTKeyCollection+MLDSA.swift
[1741/1940] Compiling JWTKit MLDSA.swift
[1742/1940] Compiling JWTKit MLDSA65+MLDSAKey.swift
[1743/1940] Compiling JWTKit MLDSA87+MLDSAKey.swift
[1744/1940] Compiling JWTKit MLDSAError.swift
[1745/1940] Compiling JWTKit MLDSAKey.swift
[1746/1940] Compiling JWTKit MLDSASigner.swift
[1747/1940] Compiling JWTKit ECDSASigningAlgorithm.swift
[1748/1940] Compiling JWTKit JWTKeyCollection+ECDSA.swift
[1749/1940] Compiling JWTKit P256+CurveType.swift
[1750/1940] Compiling JWTKit P384+CurveType.swift
[1751/1940] Compiling JWTKit P521+CurveType.swift
[1752/1940] Compiling JWTKit EdDSA.swift
[1753/1940] Compiling JWTKit EdDSACurve.swift
[1754/1940] Compiling JWTKit EdDSAError.swift
[1755/1940] Compiling JWTKit EdDSASigner.swift
[1756/1940] Compiling JWTKit JWTKeyCollection+EdDSA.swift
[1760/1949] Compiling NIOSSL NIOSSLHandler.swift
[1761/1949] Compiling NIOSSL AndroidCABundle.swift
[1762/1949] Compiling NIOSSL ByteBufferBIO.swift
[1763/1949] Compiling NIOSSL CustomPrivateKey.swift
[1764/1949] Compiling NIOSSL FreeBSDCABundle.swift
[1765/1949] Compiling NIOSSL IdentityVerification.swift
[1766/1949] Compiling NIOSSL NIOSSLServerHandler.swift
[1767/1949] Compiling NIOSSL SSLPublicKey.swift
[1768/1949] Compiling NIOSSL SecurityFrameworkCertificateVerification.swift
[1769/1949] Compiling NIOSSL SSLCertificateName.swift
[1770/1949] Compiling NIOSSL SSLConnection.swift
[1771/1949] Compiling NIOSSL SSLContext.swift
[1772/1949] Compiling NIOSSL SSLErrors.swift
[1773/1949] Compiling NIOSSL SSLInit.swift
[1774/1949] Compiling NIOSSL SSLPKCS12Bundle.swift
[1775/1949] Compiling NIOSSL SubjectAlternativeName.swift
[1776/1949] Compiling NIOSSL NIOSSLSecureBytes.swift
[1777/1949] Compiling NIOSSL RNG.swift
[1778/1949] Compiling NIOSSL ObjectIdentifier.swift
[1779/1949] Compiling NIOSSL PosixPort.swift
[1780/1949] Compiling NIOSSL SSLCallbacks.swift
[1781/1949] Compiling NIOSSL SSLPrivateKey.swift
[1784/1949] Compiling NIOHTTP1 NIOTypedHTTPServerUpgradeHandler.swift
[1785/1949] Compiling NIOHTTP1 NIOTypedHTTPServerUpgraderStateMachine.swift
[1786/1949] Compiling NIOSSL SSLCertificateExtensions.swift
[1787/1949] Emitting module JWTKit
[1790/1949] Emitting module NIOHTTP1
[1791/1949] Compiling NIOSSL SafeCompare.swift
[1792/1949] Compiling JWTKit BoolClaim.swift
[1793/1949] Compiling JWTKit ExpirationClaim.swift
[1794/1949] Compiling JWTKit GoogleHostedDomainClaim.swift
[1795/1949] Compiling JWTKit IDClaim.swift
[1796/1949] Compiling JWTKit IssuedAtClaim.swift
[1797/1949] Compiling JWTKit IssuerClaim.swift
[1798/1949] Compiling JWTKit JWTClaim.swift
[1799/1949] Compiling JWTKit JWTMultiValueClaim.swift
[1800/1949] Compiling JWTKit JWTUnixEpochClaim.swift
[1801/1949] Compiling JWTKit JWTAlgorithm.swift
[1802/1949] Compiling JWTKit JWTError.swift
[1803/1949] Compiling JWTKit JWTHeader+CommonFields.swift
[1804/1949] Compiling JWTKit JWTHeader.swift
[1805/1949] Compiling JWTKit JWTHeaderField.swift
[1806/1949] Compiling JWTKit JWTKeyCollection.swift
[1807/1949] Compiling JWTKit JWTParser+MandatoryVerificationFields.swift
[1808/1949] Compiling JWTKit JWTParser.swift
[1809/1949] Compiling JWTKit JWTPayload.swift
[1821/1950] Wrapping AST for NIOHTTP1 for debugging
[1823/1967] Compiling JWTKit CustomizedJSONCoders.swift
[1824/1967] Compiling JWTKit Utilities.swift
[1825/1967] Compiling JWTKit AppleIdentityToken.swift
[1826/1967] Compiling JWTKit FirebaseAuthIdentityToken.swift
[1827/1967] Compiling JWTKit GoogleIdentityToken.swift
[1828/1967] Compiling JWTKit MicrosoftIdentityToken.swift
[1829/1967] Compiling JWTKit EmptyPolicy.swift
[1830/1967] Compiling JWTKit ValidationTimePayload.swift
[1831/1967] Compiling JWTKit X5CVerifier.swift
[1833/1968] Compiling NIOHPACK IntegerCoding.swift
[1834/1968] Compiling NIOHPACK IndexedHeaderTable.swift
[1835/1969] Compiling NIOHPACK HuffmanCoding.swift
[1835/1969] Wrapping AST for JWTKit for debugging
[1837/1969] Emitting module NIOHTTPCompression
[1838/1969] Compiling NIOHTTPCompression HTTPCompression.swift
[1839/1969] Compiling NIOHPACK HuffmanTables.swift
[1848/1973] Compiling NIOHTTPCompression HTTPDecompressor.swift
[1849/1973] Compiling NIOHTTPCompression HTTPResponseCompressor.swift
[1850/1973] Compiling NIOHTTPCompression HTTPRequestCompressor.swift
[1851/1973] Compiling NIOHTTPCompression HTTPDecompression.swift
[1852/1974] Compiling NIOHPACK StaticHeaderTable.swift
[1854/1974] Emitting module NIOHPACK
[1858/1974] Wrapping AST for NIOHTTPCompression for debugging
[1860/1974] Emitting module NIOSSL
[1861/1974] Compiling NIOHPACK HPACKEncoder.swift
[1862/1974] Compiling NIOHPACK HPACKErrors.swift
[1866/1974] Compiling NIOHPACK HPACKHeader.swift
[1867/1974] Compiling NIOHPACK HeaderTables.swift
[1868/1974] Compiling NIOHPACK DynamicHeaderTable.swift
[1869/1974] Compiling NIOHPACK HPACKDecoder.swift
[1884/1975] Wrapping AST for NIOHPACK for debugging
[1886/2038] Compiling NIOHTTP2 MaySendFrames.swift
[1887/2038] Compiling NIOHTTP2 SendingDataState.swift
[1888/2038] Compiling NIOHTTP2 SendingGoawayState.swift
[1889/2038] Compiling NIOHTTP2 SendingHeadersState.swift
[1890/2038] Compiling NIOHTTP2 SendingPushPromiseState.swift
[1891/2038] Compiling NIOHTTP2 SendingRstStreamState.swift
[1892/2038] Compiling NIOHTTP2 SendingWindowUpdateState.swift
[1893/2038] Compiling NIOHTTP2 HTTP2SettingsState.swift
[1894/2038] Compiling NIOHTTP2 HasExtendedConnectSettings.swift
[1895/2046] Compiling NIOHTTP2 HasFlowControlWindows.swift
[1896/2046] Compiling NIOHTTP2 HasLocalSettings.swift
[1897/2046] Compiling NIOHTTP2 HasRemoteSettings.swift
[1898/2046] Compiling NIOHTTP2 LocallyQuiescingState.swift
[1899/2046] Compiling NIOHTTP2 QuiescingState.swift
[1900/2046] Compiling NIOHTTP2 RemotelyQuiescingState.swift
[1901/2046] Compiling NIOHTTP2 SendAndReceiveGoawayState.swift
[1902/2046] Compiling NIOHTTP2 StateMachineResult.swift
[1903/2046] Compiling NIOHTTP2 ContentLengthVerifier.swift
[1908/2047] Wrapping AST for NIOSSL for debugging
[1910/2047] Emitting module NIOHTTP2
[1911/2047] Compiling NIOHTTP2 NIOHTTP2ServerConnectionManagementHandler.swift
[1912/2047] Compiling NIOHTTP2 StreamChannelFlowController.swift
[1913/2047] Compiling NIOHTTP2 StreamChannelList.swift
[1914/2047] Compiling NIOHTTP2 StreamMap.swift
[1915/2047] Compiling NIOHTTP2 StreamStateMachine.swift
[1916/2047] Compiling NIOHTTP2 Timer.swift
[1917/2047] Compiling NIOHTTP2 UnsafeTransfer.swift
[1918/2047] Compiling NIOHTTP2 WatermarkedFlowController.swift
[1919/2047] Compiling NIOHTTP2 HTTP2StreamMultiplexer.swift
[1920/2047] Compiling NIOHTTP2 HTTP2ToHTTP1Codec.swift
[1921/2047] Compiling NIOHTTP2 HTTP2UserEvents.swift
[1922/2047] Compiling NIOHTTP2 InboundEventBuffer.swift
[1923/2047] Compiling NIOHTTP2 InboundWindowManager.swift
[1924/2047] Compiling NIOHTTP2 MultiplexerAbstractChannel.swift
[1925/2047] Compiling NIOHTTP2 NIOHTTP2FrameDelegate.swift
[1926/2047] Compiling NIOHTTP2 NIOHTTP2ServerConnectionManagementHandler+StateMachine.swift
[1927/2047] Compiling NIOHTTP2 ConnectionStateMachine.swift
[1928/2047] Compiling NIOHTTP2 ConnectionStreamsState.swift
[1929/2047] Compiling NIOHTTP2 MayReceiveFrames.swift
[1930/2047] Compiling NIOHTTP2 ReceivingDataState.swift
[1931/2047] Compiling NIOHTTP2 ReceivingGoAwayState.swift
[1932/2047] Compiling NIOHTTP2 ReceivingHeadersState.swift
[1933/2047] Compiling NIOHTTP2 ReceivingPushPromiseState.swift
[1934/2047] Compiling NIOHTTP2 ReceivingRstStreamState.swift
[1935/2047] Compiling NIOHTTP2 ReceivingWindowUpdateState.swift
[1936/2047] Compiling NIOHTTP2 HTTP2FrameParser.swift
[1937/2047] Compiling NIOHTTP2 HTTP2PingData.swift
[1938/2047] Compiling NIOHTTP2 HTTP2PipelineHelpers.swift
[1939/2047] Compiling NIOHTTP2 HTTP2Settings.swift
[1940/2047] Compiling NIOHTTP2 HTTP2Stream.swift
[1941/2047] Compiling NIOHTTP2 HTTP2StreamChannel+OutboundStreamMultiplexer.swift
[1942/2047] Compiling NIOHTTP2 HTTP2StreamChannel.swift
[1943/2047] Compiling NIOHTTP2 HTTP2StreamDelegate.swift
[1944/2047] Compiling NIOHTTP2 HTTP2StreamID.swift
[1945/2047] Compiling NIOHTTP2 HTTP2ChannelHandler+InlineStreamMultiplexer.swift
[1946/2047] Compiling NIOHTTP2 HTTP2ChannelHandler.swift
[1947/2047] Compiling NIOHTTP2 HTTP2CommonInboundStreamMultiplexer.swift
[1948/2047] Compiling NIOHTTP2 HTTP2ConnectionStateChange.swift
[1949/2047] Compiling NIOHTTP2 HTTP2Error.swift
[1950/2047] Compiling NIOHTTP2 HTTP2ErrorCode.swift
[1951/2047] Compiling NIOHTTP2 HTTP2FlowControlWindow.swift
[1952/2047] Compiling NIOHTTP2 HTTP2Frame.swift
[1953/2047] Compiling NIOHTTP2 HTTP2FrameEncoder.swift
[1954/2047] Compiling NIOHTTP2 DOSHeuristics.swift
[1955/2047] Compiling NIOHTTP2 Error+Any.swift
[1956/2047] Compiling NIOHTTP2 ConcurrentStreamBuffer.swift
[1957/2047] Compiling NIOHTTP2 ControlFrameBuffer.swift
[1958/2047] Compiling NIOHTTP2 OutboundFlowControlBuffer.swift
[1959/2047] Compiling NIOHTTP2 OutboundFrameBuffer.swift
[1960/2047] Compiling NIOHTTP2 GlitchesMonitor.swift
[1961/2047] Compiling NIOHTTP2 HPACKHeaders+Validation.swift
[1962/2047] Compiling NIOHTTP2 HTTP2ChannelHandler+InboundStreamMultiplexer.swift
[1963/2048] Wrapping AST for NIOHTTP2 for debugging
[1965/2112] Emitting module AsyncHTTPClient
[1966/2120] Compiling AsyncHTTPClient HTTPClientResponse.swift
[1967/2120] Compiling AsyncHTTPClient SingleIteratorPrecondition.swift
[1968/2120] Compiling AsyncHTTPClient Transaction+StateMachine.swift
[1969/2120] Compiling AsyncHTTPClient Transaction.swift
[1970/2120] Compiling AsyncHTTPClient Base64.swift
[1971/2120] Compiling AsyncHTTPClient BasicAuth.swift
[1972/2120] Compiling AsyncHTTPClient BestEffortHashableTLSConfiguration.swift
[1973/2120] Compiling AsyncHTTPClient Configuration+BrowserLike.swift
[1974/2120] Compiling AsyncHTTPClient ConnectionPool.swift
[1975/2120] Compiling AsyncHTTPClient AnyAsyncSequence.swift
[1976/2120] Compiling AsyncHTTPClient AnyAsyncSequenceProucerDelete.swift
[1977/2120] Compiling AsyncHTTPClient AsyncLazySequence.swift
[1978/2120] Compiling AsyncHTTPClient HTTPClient+execute.swift
[1979/2120] Compiling AsyncHTTPClient HTTPClient+shutdown.swift
[1980/2120] Compiling AsyncHTTPClient HTTPClient+tracing.swift
[1981/2120] Compiling AsyncHTTPClient HTTPClientRequest+Prepared.swift
[1982/2120] Compiling AsyncHTTPClient HTTPClientRequest+auth.swift
[1983/2120] Compiling AsyncHTTPClient HTTPClientRequest.swift
[1984/2120] Compiling AsyncHTTPClient LRUCache.swift
[1985/2120] Compiling AsyncHTTPClient NIOLoopBound+Execute.swift
[1986/2120] Compiling AsyncHTTPClient NWErrorHandler.swift
[1987/2120] Compiling AsyncHTTPClient NWWaitingHandler.swift
[1988/2120] Compiling AsyncHTTPClient TLSConfiguration.swift
[1989/2120] Compiling AsyncHTTPClient RedirectState.swift
[1990/2120] Compiling AsyncHTTPClient RequestBag+StateMachine.swift
[1991/2120] Compiling AsyncHTTPClient RequestBag+Tracing.swift
[1992/2120] Compiling AsyncHTTPClient RequestBag.swift
[1993/2120] Compiling AsyncHTTPClient RequestValidation.swift
[1994/2120] Compiling AsyncHTTPClient SSLContextCache.swift
[1995/2120] Compiling AsyncHTTPClient Scheme.swift
[1996/2120] Compiling AsyncHTTPClient Singleton.swift
[1997/2120] Compiling AsyncHTTPClient StringConvertibleInstances.swift
[1998/2120] Compiling AsyncHTTPClient StructuredConcurrencyHelpers.swift
[1999/2120] Compiling AsyncHTTPClient TracingSupport.swift
[2000/2120] Compiling AsyncHTTPClient Utils.swift
[2001/2120] Compiling AsyncHTTPClient RequestOptions.swift
[2002/2120] Compiling AsyncHTTPClient HTTPConnectionPool+Backoff.swift
[2003/2120] Compiling AsyncHTTPClient HTTPConnectionPool+HTTP1Connections.swift
[2004/2120] Compiling AsyncHTTPClient HTTPConnectionPool+HTTP1StateMachine.swift
[2005/2120] Compiling AsyncHTTPClient HTTPConnectionPool+HTTP2Connections.swift
[2006/2120] Compiling AsyncHTTPClient HTTPConnectionPool+HTTP2StateMachine.swift
[2007/2120] Compiling AsyncHTTPClient HTTPConnectionPool+RequestQueue.swift
[2008/2120] Compiling AsyncHTTPClient HTTPConnectionPool+StateMachine.swift
[2009/2120] Compiling AsyncHTTPClient ConnectionTarget.swift
[2010/2120] Compiling AsyncHTTPClient HTTP1ProxyConnectHandler.swift
[2011/2120] Compiling AsyncHTTPClient SOCKSEventsHandler.swift
[2012/2120] Compiling AsyncHTTPClient TLSEventsHandler.swift
[2013/2120] Compiling AsyncHTTPClient HTTP1ClientChannelHandler.swift
[2014/2120] Compiling AsyncHTTPClient HTTP1Connection.swift
[2015/2120] Compiling AsyncHTTPClient HTTP1ConnectionStateMachine.swift
[2016/2120] Compiling AsyncHTTPClient HTTP2ClientRequestHandler.swift
[2017/2120] Compiling AsyncHTTPClient HTTP2Connection.swift
[2018/2120] Compiling AsyncHTTPClient HTTP2IdleHandler.swift
[2019/2120] Compiling AsyncHTTPClient HTTPConnectionEvent.swift
[2020/2120] Compiling AsyncHTTPClient HTTPConnectionPool+Factory.swift
[2021/2120] Compiling AsyncHTTPClient HTTPConnectionPool+Manager.swift
[2022/2120] Compiling AsyncHTTPClient HTTPConnectionPool.swift
[2023/2120] Compiling AsyncHTTPClient HTTPExecutableRequest.swift
[2024/2120] Compiling AsyncHTTPClient HTTPRequestStateMachine+Demand.swift
[2025/2120] Compiling AsyncHTTPClient HTTPRequestStateMachine.swift
[2026/2120] Compiling AsyncHTTPClient RequestBodyLength.swift
[2027/2120] Compiling AsyncHTTPClient RequestFramingMetadata.swift
[2028/2120] Compiling AsyncHTTPClient DeconstructedURL.swift
[2029/2120] Compiling AsyncHTTPClient FileDownloadDelegate.swift
[2030/2120] Compiling AsyncHTTPClient FoundationExtensions.swift
[2031/2120] Compiling AsyncHTTPClient HTTPClient+HTTPCookie.swift
[2032/2120] Compiling AsyncHTTPClient HTTPClient+Proxy.swift
[2033/2120] Compiling AsyncHTTPClient HTTPClient+StructuredConcurrency.swift
[2034/2120] Compiling AsyncHTTPClient HTTPClient.swift
[2035/2120] Compiling AsyncHTTPClient HTTPClientConfiguration+SwiftConfiguration.swift
[2036/2120] Compiling AsyncHTTPClient HTTPHandler.swift
[2037/2121] Wrapping AST for AsyncHTTPClient for debugging
[2039/2144] Compiling GoogleAuth ADC.swift
[2040/2144] Compiling GoogleAuth ADCPath.swift
[2041/2144] Compiling GoogleAuth ADCResolver.swift
[2042/2144] Compiling GoogleAuth AuthHeaders.swift
[2043/2147] Emitting module GoogleAuth
[2044/2147] Compiling GoogleAuth SubjectTokenProvider.swift
[2045/2147] Compiling GoogleAuth MDSAccessTokenProvider.swift
[2046/2147] Compiling GoogleAuth MDSCredentials.swift
[2047/2147] Compiling GoogleAuth CredentialParserRegistry.swift
[2048/2147] Compiling GoogleAuth Credentials.swift
[2049/2147] Compiling GoogleAuth CredentialsError.swift
[2050/2147] Compiling GoogleAuth UserAccountData.swift
[2051/2147] Compiling GoogleAuth UserAccountTokenProvider.swift
[2052/2147] Compiling GoogleAuth UserCredentials.swift
[2053/2147] Compiling GoogleAuth AnonymousCredentials.swift
[2054/2147] Compiling GoogleAuth ApiKeyCredentials.swift
[2055/2147] Compiling GoogleAuth ExternalAccountCredentials.swift
[2056/2147] Compiling GoogleAuth AuthHTTPClient.swift
[2057/2147] Compiling GoogleAuth AuthHTTPError.swift
[2058/2147] Compiling GoogleAuth RetryEngine.swift
[2059/2147] Compiling GoogleAuth ServiceAccountCredentials.swift
[2060/2147] Compiling GoogleAuth ServiceAccountData.swift
[2061/2147] Compiling GoogleAuth ServiceAccountTokenProvider.swift
[2062/2147] Compiling GoogleAuth STSHandler.swift
[2063/2147] Compiling GoogleAuth TokenCache.swift
[2064/2147] Compiling GoogleAuth PackageVersion.swift
[2065/2148] Wrapping AST for GoogleAuth for debugging
[2067/2206] Compiling GoogleGax AIP194+PollingErrorPolicy.swift
[2068/2206] Compiling GoogleGax AIP194+RetryPolicy.swift
[2069/2206] Compiling GoogleGax AIP194.swift
[2070/2206] Compiling GoogleGax AdaptiveThrottler.swift
[2071/2206] Compiling GoogleGax AlwaysPoll.swift
[2072/2206] Compiling GoogleGax AlwaysRetry.swift
[2073/2206] Compiling GoogleGax ApiClientHeader.swift
[2074/2206] Compiling GoogleGax BackoffPolicy.swift
[2075/2206] Compiling GoogleGax BasePollingErrorPolicy.swift
[2076/2214] Compiling GoogleGax LimitedAttemptCount+PollingErrorPolicy.swift
[2077/2214] Compiling GoogleGax LimitedAttemptCount+RetryPolicy.swift
[2078/2214] Compiling GoogleGax LimitedAttemptCount.swift
[2079/2214] Compiling GoogleGax LimitedElapsedTime+PollingErrorPolicy.swift
[2080/2214] Compiling GoogleGax LimitedElapsedTime+RetryPolicy.swift
[2081/2214] Compiling GoogleGax LimitedElapsedTime.swift
[2082/2214] Compiling GoogleGax LongRunningOperations.swift
[2083/2214] Compiling GoogleGax NeverRetry.swift
[2084/2214] Compiling GoogleGax ContinueOnIO.swift
[2085/2214] Compiling GoogleGax CredentialsProtocol.swift
[2086/2214] Compiling GoogleGax ErrorWrapper.swift
[2087/2214] Compiling GoogleGax ExponentialBackoff+BackoffPolicy.swift
[2088/2214] Compiling GoogleGax ExponentialBackoff+PollingBackoffPolicy.swift
[2089/2214] Compiling GoogleGax ExponentialBackoff.swift
[2090/2214] Compiling GoogleGax HTTPClient.swift
[2091/2214] Compiling GoogleGax HTTPClientHolder.swift
[2092/2214] Compiling GoogleGax RequestOptions.swift
[2093/2214] Compiling GoogleGax RetryLoop.swift
[2094/2214] Compiling GoogleGax RetryPolicy.swift
[2095/2214] Compiling GoogleGax RetryResult.swift
[2096/2214] Compiling GoogleGax RetryState.swift
[2097/2214] Compiling GoogleGax RetryThrottler.swift
[2098/2214] Compiling GoogleGax RetryThrottlerError.swift
[2099/2214] Compiling GoogleGax RoutingMatcher.swift
[2100/2214] Compiling GoogleGax Pagination.swift
/host/spi-builder-workspace/.build/checkouts/swift-google-gax/Sources/GoogleGax/Pagination.swift:44:22: error: cannot convert '@Sendable (String) async throws -> (response: ResponseType, items: [Item], nextToken: String)' to 'nonisolated(nonsending) @Sendable (String) async throws -> (response: ResponseType, items: [Item], nextToken: String)' because crossing of an isolation boundary requires parameter and result types to conform to 'Sendable' protocol
 42 |   ) where ResponseType: _PaginatedResponse<Item> {
 43 |     self.initialPageToken = initialPageToken ?? ""
 44 |     self.fetchPage = { token in
    |                      |- error: cannot convert '@Sendable (String) async throws -> (response: ResponseType, items: [Item], nextToken: String)' to 'nonisolated(nonsending) @Sendable (String) async throws -> (response: ResponseType, items: [Item], nextToken: String)' because crossing of an isolation boundary requires parameter and result types to conform to 'Sendable' protocol
    |                      `- note: type 'Item' does not conform to 'Sendable' protocol
 45 |       let response = try await listRpc(token)
 46 |       return (response, response._getPaginatedItems(), response._nextPageToken())
[2101/2214] Compiling GoogleGax PollingBackoffPolicy.swift
/host/spi-builder-workspace/.build/checkouts/swift-google-gax/Sources/GoogleGax/Pagination.swift:44:22: error: cannot convert '@Sendable (String) async throws -> (response: ResponseType, items: [Item], nextToken: String)' to 'nonisolated(nonsending) @Sendable (String) async throws -> (response: ResponseType, items: [Item], nextToken: String)' because crossing of an isolation boundary requires parameter and result types to conform to 'Sendable' protocol
 42 |   ) where ResponseType: _PaginatedResponse<Item> {
 43 |     self.initialPageToken = initialPageToken ?? ""
 44 |     self.fetchPage = { token in
    |                      |- error: cannot convert '@Sendable (String) async throws -> (response: ResponseType, items: [Item], nextToken: String)' to 'nonisolated(nonsending) @Sendable (String) async throws -> (response: ResponseType, items: [Item], nextToken: String)' because crossing of an isolation boundary requires parameter and result types to conform to 'Sendable' protocol
    |                      `- note: type 'Item' does not conform to 'Sendable' protocol
 45 |       let response = try await listRpc(token)
 46 |       return (response, response._getPaginatedItems(), response._nextPageToken())
[2102/2214] Compiling GoogleGax PollingErrorPolicy.swift
/host/spi-builder-workspace/.build/checkouts/swift-google-gax/Sources/GoogleGax/Pagination.swift:44:22: error: cannot convert '@Sendable (String) async throws -> (response: ResponseType, items: [Item], nextToken: String)' to 'nonisolated(nonsending) @Sendable (String) async throws -> (response: ResponseType, items: [Item], nextToken: String)' because crossing of an isolation boundary requires parameter and result types to conform to 'Sendable' protocol
 42 |   ) where ResponseType: _PaginatedResponse<Item> {
 43 |     self.initialPageToken = initialPageToken ?? ""
 44 |     self.fetchPage = { token in
    |                      |- error: cannot convert '@Sendable (String) async throws -> (response: ResponseType, items: [Item], nextToken: String)' to 'nonisolated(nonsending) @Sendable (String) async throws -> (response: ResponseType, items: [Item], nextToken: String)' because crossing of an isolation boundary requires parameter and result types to conform to 'Sendable' protocol
    |                      `- note: type 'Item' does not conform to 'Sendable' protocol
 45 |       let response = try await listRpc(token)
 46 |       return (response, response._getPaginatedItems(), response._nextPageToken())
[2103/2214] Compiling GoogleGax PollingResult.swift
/host/spi-builder-workspace/.build/checkouts/swift-google-gax/Sources/GoogleGax/Pagination.swift:44:22: error: cannot convert '@Sendable (String) async throws -> (response: ResponseType, items: [Item], nextToken: String)' to 'nonisolated(nonsending) @Sendable (String) async throws -> (response: ResponseType, items: [Item], nextToken: String)' because crossing of an isolation boundary requires parameter and result types to conform to 'Sendable' protocol
 42 |   ) where ResponseType: _PaginatedResponse<Item> {
 43 |     self.initialPageToken = initialPageToken ?? ""
 44 |     self.fetchPage = { token in
    |                      |- error: cannot convert '@Sendable (String) async throws -> (response: ResponseType, items: [Item], nextToken: String)' to 'nonisolated(nonsending) @Sendable (String) async throws -> (response: ResponseType, items: [Item], nextToken: String)' because crossing of an isolation boundary requires parameter and result types to conform to 'Sendable' protocol
    |                      `- note: type 'Item' does not conform to 'Sendable' protocol
 45 |       let response = try await listRpc(token)
 46 |       return (response, response._getPaginatedItems(), response._nextPageToken())
[2104/2214] Compiling GoogleGax PollingState.swift
/host/spi-builder-workspace/.build/checkouts/swift-google-gax/Sources/GoogleGax/Pagination.swift:44:22: error: cannot convert '@Sendable (String) async throws -> (response: ResponseType, items: [Item], nextToken: String)' to 'nonisolated(nonsending) @Sendable (String) async throws -> (response: ResponseType, items: [Item], nextToken: String)' because crossing of an isolation boundary requires parameter and result types to conform to 'Sendable' protocol
 42 |   ) where ResponseType: _PaginatedResponse<Item> {
 43 |     self.initialPageToken = initialPageToken ?? ""
 44 |     self.fetchPage = { token in
    |                      |- error: cannot convert '@Sendable (String) async throws -> (response: ResponseType, items: [Item], nextToken: String)' to 'nonisolated(nonsending) @Sendable (String) async throws -> (response: ResponseType, items: [Item], nextToken: String)' because crossing of an isolation boundary requires parameter and result types to conform to 'Sendable' protocol
    |                      `- note: type 'Item' does not conform to 'Sendable' protocol
 45 |       let response = try await listRpc(token)
 46 |       return (response, response._getPaginatedItems(), response._nextPageToken())
[2105/2214] Compiling GoogleGax ProtobufConversionError.swift
/host/spi-builder-workspace/.build/checkouts/swift-google-gax/Sources/GoogleGax/Pagination.swift:44:22: error: cannot convert '@Sendable (String) async throws -> (response: ResponseType, items: [Item], nextToken: String)' to 'nonisolated(nonsending) @Sendable (String) async throws -> (response: ResponseType, items: [Item], nextToken: String)' because crossing of an isolation boundary requires parameter and result types to conform to 'Sendable' protocol
 42 |   ) where ResponseType: _PaginatedResponse<Item> {
 43 |     self.initialPageToken = initialPageToken ?? ""
 44 |     self.fetchPage = { token in
    |                      |- error: cannot convert '@Sendable (String) async throws -> (response: ResponseType, items: [Item], nextToken: String)' to 'nonisolated(nonsending) @Sendable (String) async throws -> (response: ResponseType, items: [Item], nextToken: String)' because crossing of an isolation boundary requires parameter and result types to conform to 'Sendable' protocol
    |                      `- note: type 'Item' does not conform to 'Sendable' protocol
 45 |       let response = try await listRpc(token)
 46 |       return (response, response._getPaginatedItems(), response._nextPageToken())
[2106/2214] Compiling GoogleGax QueryParameter.swift
/host/spi-builder-workspace/.build/checkouts/swift-google-gax/Sources/GoogleGax/Pagination.swift:44:22: error: cannot convert '@Sendable (String) async throws -> (response: ResponseType, items: [Item], nextToken: String)' to 'nonisolated(nonsending) @Sendable (String) async throws -> (response: ResponseType, items: [Item], nextToken: String)' because crossing of an isolation boundary requires parameter and result types to conform to 'Sendable' protocol
 42 |   ) where ResponseType: _PaginatedResponse<Item> {
 43 |     self.initialPageToken = initialPageToken ?? ""
 44 |     self.fetchPage = { token in
    |                      |- error: cannot convert '@Sendable (String) async throws -> (response: ResponseType, items: [Item], nextToken: String)' to 'nonisolated(nonsending) @Sendable (String) async throws -> (response: ResponseType, items: [Item], nextToken: String)' because crossing of an isolation boundary requires parameter and result types to conform to 'Sendable' protocol
    |                      `- note: type 'Item' does not conform to 'Sendable' protocol
 45 |       let response = try await listRpc(token)
 46 |       return (response, response._getPaginatedItems(), response._nextPageToken())
[2107/2214] Compiling GoogleGax RequestError.swift
/host/spi-builder-workspace/.build/checkouts/swift-google-gax/Sources/GoogleGax/Pagination.swift:44:22: error: cannot convert '@Sendable (String) async throws -> (response: ResponseType, items: [Item], nextToken: String)' to 'nonisolated(nonsending) @Sendable (String) async throws -> (response: ResponseType, items: [Item], nextToken: String)' because crossing of an isolation boundary requires parameter and result types to conform to 'Sendable' protocol
 42 |   ) where ResponseType: _PaginatedResponse<Item> {
 43 |     self.initialPageToken = initialPageToken ?? ""
 44 |     self.fetchPage = { token in
    |                      |- error: cannot convert '@Sendable (String) async throws -> (response: ResponseType, items: [Item], nextToken: String)' to 'nonisolated(nonsending) @Sendable (String) async throws -> (response: ResponseType, items: [Item], nextToken: String)' because crossing of an isolation boundary requires parameter and result types to conform to 'Sendable' protocol
    |                      `- note: type 'Item' does not conform to 'Sendable' protocol
 45 |       let response = try await listRpc(token)
 46 |       return (response, response._getPaginatedItems(), response._nextPageToken())
[2108/2214] Emitting module GoogleGax
[2109/2214] Compiling GoogleGax BaseRetryPolicy.swift
[2110/2214] Compiling GoogleGax BindingError.swift
[2111/2214] Compiling GoogleGax CRC32C.swift
[2112/2214] Compiling GoogleGax CircuitBreaker.swift
[2113/2214] Compiling GoogleGax ClientError.swift
[2114/2214] Compiling GoogleGax ClientOptions.swift
[2115/2214] Compiling GoogleGax ContinueOnIO+PollingErrorPolicy.swift
[2116/2214] Compiling GoogleGax ContinueOnIO+RetryPolicy.swift
[2117/2214] Compiling GoogleGax HTTPClientProtocol.swift
[2118/2214] Compiling GoogleGax HTTPClientRequest.swift
[2119/2214] Compiling GoogleGax HTTPClientResponse.swift
[2120/2214] Compiling GoogleGax HTTPHeaders.swift
[2121/2214] Compiling GoogleGax HTTPResponseBody.swift
[2122/2214] Compiling GoogleGax HeaderNames.swift
[2123/2214] Compiling GoogleGax Host.swift
[2124/2214] Compiling GoogleGax InProgressResult.swift
[2125/2214] Compiling GoogleGax ServiceError.swift
[2126/2214] Compiling GoogleGax StatusDetail.swift
[2127/2214] Compiling GoogleGax StrictIdempotency.swift
[2128/2214] Compiling GoogleGax ThrottleResult.swift
[2129/2214] Compiling GoogleGax TooManyRequests+PollingErrorPolicy.swift
[2130/2214] Compiling GoogleGax TooManyRequests+RetryPolicy.swift
[2131/2214] Compiling GoogleGax TooManyRequests.swift
[2132/2214] Compiling GoogleGax PackageVersion.swift
BUILD FAILURE 6.2 android