The Swift Package Index logo.Swift Package Index

Build Information

Failed to build swift-scoped-file-path, reference v0.2.0 (fffb1e), with Swift 6.4 for tvOS using Xcode 27.0 on 21 Sep 2026 23:13:40 UTC.

Build Command

env DEVELOPER_DIR=/Applications/Xcode-27.0.0-Release.Candidate.app xcrun xcodebuild -IDEClonedSourcePackagesDirPathOverride=$PWD/.dependencies -skipMacroValidation -skipPackagePluginValidation -derivedDataPath $PWD/.derivedData build -scheme swift-scoped-file-path -destination generic/platform=tvOS

Build Log

========================================
RunAll
========================================
Builder version: 5.1.0
Interrupt handler set up.
========================================
Checkout
========================================
Clone URL: https://github.com/Formkunft/swift-scoped-file-path.git
Reference: v0.2.0
Initialized empty Git repository in /Users/admin/builder/spi-builder-workspace/.git/
From https://github.com/Formkunft/swift-scoped-file-path
 * tag               v0.2.0     -> FETCH_HEAD
HEAD is now at fffb1e4 Add “Using in your project” section to readme
Cloned https://github.com/Formkunft/swift-scoped-file-path.git
Revision (git rev-parse @):
fffb1e4b88191396b258fcda0d926cd0b05e1b61
SPI manifest file found: $PWD/.spi.yml
SUCCESS checkout https://github.com/Formkunft/swift-scoped-file-path.git at v0.2.0
========================================
Build
========================================
Selected platform:         tvOS
Swift version:             6.4
Building package at path:  $PWD
https://github.com/Formkunft/swift-scoped-file-path.git
Command line invocation:
    /Applications/Xcode-27.0.0-Release.Candidate.app/Contents/Developer/usr/bin/xcodebuild -IDEClonedSourcePackagesDirPathOverride=/Users/admin/builder/spi-builder-workspace/.dependencies -resolvePackageDependencies
Resolve Package Graph
Resolve Package Graph
Resolved source packages:
  swift-scoped-file-path: /Users/admin/builder/spi-builder-workspace
resolved source packages: swift-scoped-file-path
2026-09-21 19:12:59.224 xcodebuild[529:3018] [MT] IDERunDestination: Supported platforms for the buildables in the current scheme is empty.
{
  "dependencies" : [
  ],
  "manifest_display_name" : "swift-scoped-file-path",
  "name" : "swift-scoped-file-path",
  "path" : "/Users/admin/builder/spi-builder-workspace",
  "platforms" : [
    {
      "name" : "macos",
      "version" : "12.0"
    },
    {
      "name" : "ios",
      "version" : "15.0"
    },
    {
      "name" : "maccatalyst",
      "version" : "15.0"
    },
    {
      "name" : "tvos",
      "version" : "15.0"
    },
    {
      "name" : "visionos",
      "version" : "1.0"
    },
    {
      "name" : "watchos",
      "version" : "8.0"
    }
  ],
  "products" : [
    {
      "name" : "ScopedFilePath",
      "targets" : [
        "ScopedFilePath"
      ],
      "type" : {
        "library" : [
          "automatic"
        ]
      }
    }
  ],
  "targets" : [
    {
      "c99name" : "ScopedFilePath",
      "module_type" : "SwiftTarget",
      "name" : "ScopedFilePath",
      "path" : "Sources/ScopedFilePath",
      "product_memberships" : [
        "ScopedFilePath"
      ],
      "sources" : [
        "AbsoluteFilePath.swift",
        "FilePathCompareOptions.swift",
        "RelativeFilePath.swift",
        "ScopedFilePathProtocol.swift",
        "URL.swift"
      ],
      "type" : "library"
    }
  ],
  "tools_version" : "6.0"
}
{
  "workspace" : {
    "name" : "swift-scoped-file-path",
    "schemes" : [
      "swift-scoped-file-path"
    ]
  }
}
2026-09-21 19:13:31.453 xcodebuild[626:3846] [MT] IDERunDestination: Supported platforms for the buildables in the current scheme is empty.
Running build ...
env DEVELOPER_DIR=/Applications/Xcode-27.0.0-Release.Candidate.app xcrun xcodebuild -IDEClonedSourcePackagesDirPathOverride=$PWD/.dependencies -skipMacroValidation -skipPackagePluginValidation -derivedDataPath $PWD/.derivedData build -scheme swift-scoped-file-path -destination generic/platform=tvOS
Command line invocation:
    /Applications/Xcode-27.0.0-Release.Candidate.app/Contents/Developer/usr/bin/xcodebuild -IDEClonedSourcePackagesDirPathOverride=/Users/admin/builder/spi-builder-workspace/.dependencies -skipMacroValidation -skipPackagePluginValidation -derivedDataPath /Users/admin/builder/spi-builder-workspace/.derivedData build -scheme swift-scoped-file-path -destination generic/platform=tvOS
Resolve Package Graph
Resolved source packages:
  swift-scoped-file-path: /Users/admin/builder/spi-builder-workspace
ComputePackagePrebuildTargetDependencyGraph
Prepare packages
CreateBuildRequest
SendProjectDescription
CreateBuildOperation
ComputeTargetDependencyGraph
note: Building targets in dependency order
note: Target dependency graph (2 targets)
    Target 'ScopedFilePath-product' in project 'swift-scoped-file-path'
        ➜ Explicit dependency on target 'ScopedFilePath' in project 'swift-scoped-file-path'
    Target 'ScopedFilePath' in project 'swift-scoped-file-path' (no dependencies)
GatherProvisioningInputs
CreateBuildDescription
ExecuteExternalTool /Applications/Xcode-27.0.0-Release.Candidate.app/Contents/Developer/Toolchains/XcodeDefault.xctoolchain/usr/bin/clang -v -E -dM -isysroot /Applications/Xcode-27.0.0-Release.Candidate.app/Contents/Developer/Platforms/AppleTVOS.platform/Developer/SDKs/AppleTVOS27.0.sdk -x c -c /dev/null
ExecuteExternalTool /Applications/Xcode-27.0.0-Release.Candidate.app/Contents/Developer/Toolchains/XcodeDefault.xctoolchain/usr/bin/swiftc --version
ExecuteExternalTool /Applications/Xcode-27.0.0-Release.Candidate.app/Contents/Developer/Toolchains/XcodeDefault.xctoolchain/usr/bin/ld -version_details
ReadFileContents /Applications/Xcode-27.0.0-Release.Candidate.app/Contents/Developer/Toolchains/XcodeDefault.xctoolchain/usr/share/docc/features.json
Build description signature: 25e2e269a60750a487ed9f6953c8a6ac
Build description path: /Users/admin/builder/spi-builder-workspace/.derivedData/Build/Intermediates.noindex/XCBuildData/25e2e269a60750a487ed9f6953c8a6ac.xcbuilddata
CreateBuildDirectory /Users/admin/builder/spi-builder-workspace/.derivedData/SDKExplicitPrecompiledModules
    cd /Users/admin/builder/spi-builder-workspace/.swiftpm/xcode
    builtin-create-build-directory /Users/admin/builder/spi-builder-workspace/.derivedData/SDKExplicitPrecompiledModules
CreateBuildDirectory /Users/admin/builder/spi-builder-workspace/.derivedData/ModuleCache.noindex
    cd /Users/admin/builder/spi-builder-workspace/.swiftpm/xcode
    builtin-create-build-directory /Users/admin/builder/spi-builder-workspace/.derivedData/ModuleCache.noindex
CreateBuildDirectory /Users/admin/builder/spi-builder-workspace/.derivedData/CompilationCache.noindex
    cd /Users/admin/builder/spi-builder-workspace/.swiftpm/xcode
    builtin-create-build-directory /Users/admin/builder/spi-builder-workspace/.derivedData/CompilationCache.noindex
CreateBuildDirectory /Users/admin/builder/spi-builder-workspace/.derivedData/Build/Intermediates.noindex
    cd /Users/admin/builder/spi-builder-workspace/.swiftpm/xcode
    builtin-create-build-directory /Users/admin/builder/spi-builder-workspace/.derivedData/Build/Intermediates.noindex
CreateBuildDirectory /Users/admin/builder/spi-builder-workspace/.derivedData/Build/Products
    cd /Users/admin/builder/spi-builder-workspace/.swiftpm/xcode
    builtin-create-build-directory /Users/admin/builder/spi-builder-workspace/.derivedData/Build/Products
ClangStatCache /Applications/Xcode-27.0.0-Release.Candidate.app/Contents/Developer/Toolchains/XcodeDefault.xctoolchain/usr/bin/clang-stat-cache /Applications/Xcode-27.0.0-Release.Candidate.app/Contents/Developer/Platforms/AppleTVOS.platform/Developer/SDKs/AppleTVOS27.0.sdk /Users/admin/builder/spi-builder-workspace/.derivedData/SDKStatCaches.noindex/appletvos27.0-24J360-e829b21a6f8c9b70876ba0858053c044b32bfd8d43560033f8d89884cdb90028.sdkstatcache
    cd /Users/admin/builder/spi-builder-workspace/.swiftpm/xcode
    /Applications/Xcode-27.0.0-Release.Candidate.app/Contents/Developer/Toolchains/XcodeDefault.xctoolchain/usr/bin/clang-stat-cache /Applications/Xcode-27.0.0-Release.Candidate.app/Contents/Developer/Platforms/AppleTVOS.platform/Developer/SDKs/AppleTVOS27.0.sdk -o /Users/admin/builder/spi-builder-workspace/.derivedData/SDKStatCaches.noindex/appletvos27.0-24J360-e829b21a6f8c9b70876ba0858053c044b32bfd8d43560033f8d89884cdb90028.sdkstatcache
CreateBuildDirectory /Users/admin/builder/spi-builder-workspace/.derivedData/Build/Intermediates.noindex/SwiftExplicitPrecompiledModules
    cd /Users/admin/builder/spi-builder-workspace/.swiftpm/xcode
    builtin-create-build-directory /Users/admin/builder/spi-builder-workspace/.derivedData/Build/Intermediates.noindex/SwiftExplicitPrecompiledModules
CreateBuildDirectory /Users/admin/builder/spi-builder-workspace/.derivedData/Build/Intermediates.noindex/PrecompiledHeaders
    cd /Users/admin/builder/spi-builder-workspace/.swiftpm/xcode
    builtin-create-build-directory /Users/admin/builder/spi-builder-workspace/.derivedData/Build/Intermediates.noindex/PrecompiledHeaders
CreateBuildDirectory /Users/admin/builder/spi-builder-workspace/.derivedData/Build/Products/Debug-appletvos
    cd /Users/admin/builder/spi-builder-workspace/.swiftpm/xcode
    builtin-create-build-directory /Users/admin/builder/spi-builder-workspace/.derivedData/Build/Products/Debug-appletvos
CreateBuildDirectory /Users/admin/builder/spi-builder-workspace/.derivedData/Build/Intermediates.noindex/ExplicitPrecompiledModules
    cd /Users/admin/builder/spi-builder-workspace/.swiftpm/xcode
    builtin-create-build-directory /Users/admin/builder/spi-builder-workspace/.derivedData/Build/Intermediates.noindex/ExplicitPrecompiledModules
CreateBuildDirectory /Users/admin/builder/spi-builder-workspace/.derivedData/Build/Intermediates.noindex/EagerLinkingTBDs/Debug-appletvos
    cd /Users/admin/builder/spi-builder-workspace/.swiftpm/xcode
    builtin-create-build-directory /Users/admin/builder/spi-builder-workspace/.derivedData/Build/Intermediates.noindex/EagerLinkingTBDs/Debug-appletvos
CreateBuildDirectory /Users/admin/builder/spi-builder-workspace/.derivedData/Build/Products/Debug-appletvos/PackageFrameworks
    cd /Users/admin/builder/spi-builder-workspace/.swiftpm/xcode
    builtin-create-build-directory /Users/admin/builder/spi-builder-workspace/.derivedData/Build/Products/Debug-appletvos/PackageFrameworks
WriteAuxiliaryFile /Users/admin/builder/spi-builder-workspace/.derivedData/Build/Intermediates.noindex/swift-scoped-file-path.build/Debug-appletvos/ScopedFilePath-t.build/ScopedFilePath.modulemap (in target 'ScopedFilePath' from project 'swift-scoped-file-path')
    cd /Users/admin/builder/spi-builder-workspace
    write-file /Users/admin/builder/spi-builder-workspace/.derivedData/Build/Intermediates.noindex/swift-scoped-file-path.build/Debug-appletvos/ScopedFilePath-t.build/ScopedFilePath.modulemap
WriteAuxiliaryFile /Users/admin/builder/spi-builder-workspace/.derivedData/Build/Intermediates.noindex/swift-scoped-file-path.build/Debug-appletvos/ScopedFilePath-t.build/ScopedFilePath.DependencyMetadataFileList (in target 'ScopedFilePath' from project 'swift-scoped-file-path')
    cd /Users/admin/builder/spi-builder-workspace
    write-file /Users/admin/builder/spi-builder-workspace/.derivedData/Build/Intermediates.noindex/swift-scoped-file-path.build/Debug-appletvos/ScopedFilePath-t.build/ScopedFilePath.DependencyMetadataFileList
WriteAuxiliaryFile /Users/admin/builder/spi-builder-workspace/.derivedData/Build/Intermediates.noindex/swift-scoped-file-path.build/Debug-appletvos/ScopedFilePath-t.build/ScopedFilePath.DependencyStaticMetadataFileList (in target 'ScopedFilePath' from project 'swift-scoped-file-path')
    cd /Users/admin/builder/spi-builder-workspace
    write-file /Users/admin/builder/spi-builder-workspace/.derivedData/Build/Intermediates.noindex/swift-scoped-file-path.build/Debug-appletvos/ScopedFilePath-t.build/ScopedFilePath.DependencyStaticMetadataFileList
WriteAuxiliaryFile /Users/admin/builder/spi-builder-workspace/.derivedData/Build/Intermediates.noindex/swift-scoped-file-path.build/Debug-appletvos/ScopedFilePath-t.build/Objects-normal/arm64/ScopedFilePath.SwiftConstValuesFileList (in target 'ScopedFilePath' from project 'swift-scoped-file-path')
    cd /Users/admin/builder/spi-builder-workspace
    write-file /Users/admin/builder/spi-builder-workspace/.derivedData/Build/Intermediates.noindex/swift-scoped-file-path.build/Debug-appletvos/ScopedFilePath-t.build/Objects-normal/arm64/ScopedFilePath.SwiftConstValuesFileList
WriteAuxiliaryFile /Users/admin/builder/spi-builder-workspace/.derivedData/Build/Intermediates.noindex/swift-scoped-file-path.build/Debug-appletvos/ScopedFilePath-t.build/Objects-normal/arm64/ScopedFilePath.LinkFileList (in target 'ScopedFilePath' from project 'swift-scoped-file-path')
    cd /Users/admin/builder/spi-builder-workspace
    write-file /Users/admin/builder/spi-builder-workspace/.derivedData/Build/Intermediates.noindex/swift-scoped-file-path.build/Debug-appletvos/ScopedFilePath-t.build/Objects-normal/arm64/ScopedFilePath.LinkFileList
WriteAuxiliaryFile /Users/admin/builder/spi-builder-workspace/.derivedData/Build/Intermediates.noindex/swift-scoped-file-path.build/Debug-appletvos/ScopedFilePath-t.build/Objects-normal/arm64/ScopedFilePath_const_extract_protocols.json (in target 'ScopedFilePath' from project 'swift-scoped-file-path')
    cd /Users/admin/builder/spi-builder-workspace
    write-file /Users/admin/builder/spi-builder-workspace/.derivedData/Build/Intermediates.noindex/swift-scoped-file-path.build/Debug-appletvos/ScopedFilePath-t.build/Objects-normal/arm64/ScopedFilePath_const_extract_protocols.json
WriteAuxiliaryFile /Users/admin/builder/spi-builder-workspace/.derivedData/Build/Intermediates.noindex/swift-scoped-file-path.build/Debug-appletvos/ScopedFilePath-t.build/Objects-normal/arm64/ScopedFilePath.SwiftFileList (in target 'ScopedFilePath' from project 'swift-scoped-file-path')
    cd /Users/admin/builder/spi-builder-workspace
    write-file /Users/admin/builder/spi-builder-workspace/.derivedData/Build/Intermediates.noindex/swift-scoped-file-path.build/Debug-appletvos/ScopedFilePath-t.build/Objects-normal/arm64/ScopedFilePath.SwiftFileList
WriteAuxiliaryFile /Users/admin/builder/spi-builder-workspace/.derivedData/Build/Intermediates.noindex/swift-scoped-file-path.build/Debug-appletvos/ScopedFilePath-t.build/Objects-normal/arm64/ScopedFilePath-OutputFileMap.json (in target 'ScopedFilePath' from project 'swift-scoped-file-path')
    cd /Users/admin/builder/spi-builder-workspace
    write-file /Users/admin/builder/spi-builder-workspace/.derivedData/Build/Intermediates.noindex/swift-scoped-file-path.build/Debug-appletvos/ScopedFilePath-t.build/Objects-normal/arm64/ScopedFilePath-OutputFileMap.json
Copy /Users/admin/builder/spi-builder-workspace/.derivedData/Build/Intermediates.noindex/GeneratedModuleMaps-appletvos/ScopedFilePath.modulemap /Users/admin/builder/spi-builder-workspace/.derivedData/Build/Intermediates.noindex/swift-scoped-file-path.build/Debug-appletvos/ScopedFilePath-t.build/ScopedFilePath.modulemap (in target 'ScopedFilePath' from project 'swift-scoped-file-path')
    cd /Users/admin/builder/spi-builder-workspace
    builtin-copy -exclude .DS_Store -exclude CVS -exclude .svn -exclude .git -exclude .hg -resolve-src-symlinks /Users/admin/builder/spi-builder-workspace/.derivedData/Build/Intermediates.noindex/swift-scoped-file-path.build/Debug-appletvos/ScopedFilePath-t.build/ScopedFilePath.modulemap /Users/admin/builder/spi-builder-workspace/.derivedData/Build/Intermediates.noindex/GeneratedModuleMaps-appletvos
SwiftDriver ScopedFilePath normal arm64 com.apple.xcode.tools.swift.compiler (in target 'ScopedFilePath' from project 'swift-scoped-file-path')
    cd /Users/admin/builder/spi-builder-workspace/.swiftpm/xcode
    builtin-SwiftDriver -- /Applications/Xcode-27.0.0-Release.Candidate.app/Contents/Developer/Toolchains/XcodeDefault.xctoolchain/usr/bin/swiftc -parse-as-library -module-name ScopedFilePath -Onone @/Users/admin/builder/spi-builder-workspace/.derivedData/Build/Intermediates.noindex/swift-scoped-file-path.build/Debug-appletvos/ScopedFilePath-t.build/Objects-normal/arm64/ScopedFilePath.SwiftFileList -DSWIFT_PACKAGE -DDEBUG -DSWIFT_MODULE_RESOURCE_BUNDLE_UNAVAILABLE -DXcode -plugin-path /Applications/Xcode-27.0.0-Release.Candidate.app/Contents/Developer/Toolchains/XcodeDefault.xctoolchain/usr/lib/swift/host/plugins/testing -enable-experimental-feature DebugDescriptionMacro -sdk /Applications/Xcode-27.0.0-Release.Candidate.app/Contents/Developer/Platforms/AppleTVOS.platform/Developer/SDKs/AppleTVOS27.0.sdk -target arm64-apple-tvos15.0 -g -module-cache-path /Users/admin/builder/spi-builder-workspace/.derivedData/ModuleCache.noindex -Xfrontend -serialize-debugging-options -enable-testing -index-store-path /Users/admin/builder/spi-builder-workspace/.derivedData/Index.noindex/DataStore -Xcc -D_LIBCPP_HARDENING_MODE\=_LIBCPP_HARDENING_MODE_DEBUG -swift-version 6 -I /Users/admin/builder/spi-builder-workspace/.derivedData/Build/Products/Debug-appletvos -Isystem /Applications/Xcode-27.0.0-Release.Candidate.app/Contents/Developer/Platforms/AppleTVOS.platform/Developer/usr/lib -F /Users/admin/builder/spi-builder-workspace/.derivedData/Build/Products/Debug-appletvos -F /Applications/Xcode-27.0.0-Release.Candidate.app/Contents/Developer/Platforms/AppleTVOS.platform/Developer/Library/Frameworks -F /Applications/Xcode-27.0.0-Release.Candidate.app/Contents/Developer/Platforms/AppleTVOS.platform/Developer/SDKs/AppleTVOS27.0.sdk/Developer/Library/Frameworks -c -j10 -enable-batch-mode -incremental -Xcc -ivfsstatcache -Xcc /Users/admin/builder/spi-builder-workspace/.derivedData/SDKStatCaches.noindex/appletvos27.0-24J360-e829b21a6f8c9b70876ba0858053c044b32bfd8d43560033f8d89884cdb90028.sdkstatcache -output-file-map /Users/admin/builder/spi-builder-workspace/.derivedData/Build/Intermediates.noindex/swift-scoped-file-path.build/Debug-appletvos/ScopedFilePath-t.build/Objects-normal/arm64/ScopedFilePath-OutputFileMap.json -save-temps -no-color-diagnostics -explicit-module-build -module-cache-path /Users/admin/builder/spi-builder-workspace/.derivedData/Build/Intermediates.noindex/SwiftExplicitPrecompiledModules -clang-scanner-module-cache-path /Users/admin/builder/spi-builder-workspace/.derivedData/ModuleCache.noindex -sdk-module-cache-path /Users/admin/builder/spi-builder-workspace/.derivedData/SDKExplicitPrecompiledModules -emit-dependencies -emit-module -emit-module-path /Users/admin/builder/spi-builder-workspace/.derivedData/Build/Intermediates.noindex/swift-scoped-file-path.build/Debug-appletvos/ScopedFilePath-t.build/Objects-normal/arm64/ScopedFilePath.swiftmodule -serialize-diagnostics -dependency-scan-serialize-diagnostics-path /Users/admin/builder/spi-builder-workspace/.derivedData/Build/Intermediates.noindex/swift-scoped-file-path.build/Debug-appletvos/ScopedFilePath-t.build/Objects-normal/arm64/ScopedFilePath-dependency-scan.dia -validate-clang-modules-once -clang-build-session-file /Users/admin/builder/spi-builder-workspace/.derivedData/ModuleCache.noindex/Session.modulevalidation -Xcc -fmodules-prune-interval\=86400 -Xcc -fmodules-prune-after\=345600 -package-name spi_builder_workspace -emit-const-values -const-gather-protocols-list /Users/admin/builder/spi-builder-workspace/.derivedData/Build/Intermediates.noindex/swift-scoped-file-path.build/Debug-appletvos/ScopedFilePath-t.build/Objects-normal/arm64/ScopedFilePath_const_extract_protocols.json -Xcc -I/Users/admin/builder/spi-builder-workspace/.derivedData/Build/Products/Debug-appletvos/include -Xcc -I/Users/admin/builder/spi-builder-workspace/.derivedData/Build/Intermediates.noindex/swift-scoped-file-path.build/Debug-appletvos/ScopedFilePath-t.build/DerivedSources-normal/arm64 -Xcc -I/Users/admin/builder/spi-builder-workspace/.derivedData/Build/Intermediates.noindex/swift-scoped-file-path.build/Debug-appletvos/ScopedFilePath-t.build/DerivedSources/arm64 -Xcc -I/Users/admin/builder/spi-builder-workspace/.derivedData/Build/Intermediates.noindex/swift-scoped-file-path.build/Debug-appletvos/ScopedFilePath-t.build/DerivedSources -Xcc -DSWIFT_PACKAGE -Xcc -DDEBUG\=1 -emit-objc-header -emit-objc-header-path /Users/admin/builder/spi-builder-workspace/.derivedData/Build/Intermediates.noindex/swift-scoped-file-path.build/Debug-appletvos/ScopedFilePath-t.build/Objects-normal/arm64/ScopedFilePath-Swift.h -working-directory /Users/admin/builder/spi-builder-workspace/.swiftpm/xcode -experimental-emit-module-separately -disable-cmo
SwiftExplicitDependencyGeneratePcm arm64 /Users/admin/builder/spi-builder-workspace/.derivedData/SDKExplicitPrecompiledModules/_Builtin_stdbool-4UUPXTY52W6RPSB0N2WGGLTJT.pcm
SwiftExplicitDependencyGeneratePcm arm64 /Users/admin/builder/spi-builder-workspace/.derivedData/SDKExplicitPrecompiledModules/ptrcheck-BA65H1NXYZJ0BLLWO9HZOAZ6Y.pcm
SwiftExplicitDependencyGeneratePcm arm64 /Users/admin/builder/spi-builder-workspace/.derivedData/SDKExplicitPrecompiledModules/_AvailabilityInternal-99L1JVU5TYE8S0FGGB7E09QQS.pcm
SwiftExplicitDependencyGeneratePcm arm64 /Users/admin/builder/spi-builder-workspace/.derivedData/SDKExplicitPrecompiledModules/_Builtin_stdarg-719DH4G2R3NRP3HRX5HE8WX08.pcm
SwiftExplicitDependencyGeneratePcm arm64 /Users/admin/builder/spi-builder-workspace/.derivedData/SDKExplicitPrecompiledModules/_SwiftConcurrencyShims-3HZGHPZQL3GY71QUHDRB0P39S.pcm
SwiftExplicitDependencyGeneratePcm arm64 /Users/admin/builder/spi-builder-workspace/.derivedData/SDKExplicitPrecompiledModules/SwiftShims-73G9EXEO9PVWB6PL1BR4TAJ0B.pcm
SwiftExplicitDependencyGeneratePcm arm64 /Users/admin/builder/spi-builder-workspace/.derivedData/SDKExplicitPrecompiledModules/_Builtin_stddef-1MAO6P3OSQFGZFQEPM31XXNSS.pcm
SwiftExplicitDependencyGeneratePcm arm64 /Users/admin/builder/spi-builder-workspace/.derivedData/SDKExplicitPrecompiledModules/_Builtin_float-3RF4B70MBHPP952AX3GNZ8W3H.pcm
SwiftExplicitDependencyGeneratePcm arm64 /Users/admin/builder/spi-builder-workspace/.derivedData/SDKExplicitPrecompiledModules/ptrauth-EMKXYE8GN9BK4M3ODSTVDUJU2.pcm
SwiftExplicitDependencyGeneratePcm arm64 /Users/admin/builder/spi-builder-workspace/.derivedData/SDKExplicitPrecompiledModules/_DarwinFoundation1-90NUFDXQ765U5FR62173FT21A.pcm
SwiftExplicitDependencyGeneratePcm arm64 /Users/admin/builder/spi-builder-workspace/.derivedData/SDKExplicitPrecompiledModules/_Builtin_limits-3JICJWOCEYXXXNXAMEJBF6UQN.pcm
SwiftExplicitDependencyGeneratePcm arm64 /Users/admin/builder/spi-builder-workspace/.derivedData/SDKExplicitPrecompiledModules/_DarwinFoundation2-EPKSYG5WMVE7WSPFQB4C0UC59.pcm
SwiftExplicitDependencyGeneratePcm arm64 /Users/admin/builder/spi-builder-workspace/.derivedData/SDKExplicitPrecompiledModules/_Builtin_stdint-A8OKY0NXO26BZ4GWYKP79TKL9.pcm
SwiftExplicitDependencyGeneratePcm arm64 /Users/admin/builder/spi-builder-workspace/.derivedData/SDKExplicitPrecompiledModules/string_h-B6D36UOVIZC2Y0YE3KEZLZAP6.pcm
SwiftExplicitDependencyGeneratePcm arm64 /Users/admin/builder/spi-builder-workspace/.derivedData/SDKExplicitPrecompiledModules/sys_types-CATSGLJDZ8UZUMKHO6M4I4PJT.pcm
SwiftExplicitDependencyGeneratePcm arm64 /Users/admin/builder/spi-builder-workspace/.derivedData/SDKExplicitPrecompiledModules/_DarwinFoundation3-63L5I5VCGX6CLI6HI7OWUXJN6.pcm
SwiftExplicitDependencyGeneratePcm arm64 /Users/admin/builder/spi-builder-workspace/.derivedData/SDKExplicitPrecompiledModules/_Builtin_inttypes-80RS02PM2X81SP8N0Q7X05540.pcm
SwiftExplicitDependencyGeneratePcm arm64 /Users/admin/builder/spi-builder-workspace/.derivedData/SDKExplicitPrecompiledModules/Darwin-1VTILT8KA42CNDAUB0H1FM7MC.pcm
SwiftExplicitDependencyGeneratePcm arm64 /Users/admin/builder/spi-builder-workspace/.derivedData/SDKExplicitPrecompiledModules/ObjectiveC-CC0BYHG21IQMMT48PGDNSK7G6.pcm
SwiftExplicitDependencyGeneratePcm arm64 /Users/admin/builder/spi-builder-workspace/.derivedData/SDKExplicitPrecompiledModules/os_object-1TJLDNS7X3UT7Y5TM4QQ2RN6G.pcm
SwiftExplicitDependencyGeneratePcm arm64 /Users/admin/builder/spi-builder-workspace/.derivedData/SDKExplicitPrecompiledModules/os_workgroup-E61GF9E8FAHZGKXVOV9QHUD27.pcm
SwiftExplicitDependencyGeneratePcm arm64 /Users/admin/builder/spi-builder-workspace/.derivedData/SDKExplicitPrecompiledModules/Dispatch-F564M6B2H1RRD83XZ8EBWFSHE.pcm
SwiftExplicitDependencyGeneratePcm arm64 /Users/admin/builder/spi-builder-workspace/.derivedData/SDKExplicitPrecompiledModules/XPC-2WVXL0UION0MYZOZAJZC6DUXD.pcm
SwiftExplicitDependencyGeneratePcm arm64 /Users/admin/builder/spi-builder-workspace/.derivedData/SDKExplicitPrecompiledModules/CoreFoundation-A4LOYEEJIFQKOPZRDOG9M3N2K.pcm
SwiftExplicitDependencyGeneratePcm arm64 /Users/admin/builder/spi-builder-workspace/.derivedData/SDKExplicitPrecompiledModules/Security-6KU6X9W8QDIJW83JUF0DRES83.pcm
SwiftExplicitDependencyGeneratePcm arm64 /Users/admin/builder/spi-builder-workspace/.derivedData/SDKExplicitPrecompiledModules/CFNetwork-8S7XZ5SI3TWM2JOZPDZPRY8W9.pcm
SwiftExplicitDependencyGeneratePcm arm64 /Users/admin/builder/spi-builder-workspace/.derivedData/SDKExplicitPrecompiledModules/Foundation-1AS5K10MY6XENLLR2NDUCKYTM.pcm
SwiftEmitModule normal arm64 Emitting\ module\ for\ ScopedFilePath (in target 'ScopedFilePath' from project 'swift-scoped-file-path')
SwiftCompile normal arm64 (in target 'ScopedFilePath' from project 'swift-scoped-file-path')
    cd /Users/admin/builder/spi-builder-workspace/.swiftpm/xcode

/Users/admin/builder/spi-builder-workspace/Sources/ScopedFilePath/URL.swift:42:56: error: 'DirectoryHint' is only available in tvOS 16.0 or newer
24 |
25 | /// Initializers for `URL` from `AbsoluteFilePath`.
26 | public extension URL {
   |        `- note: add '@available' attribute to enclosing extension
27 | 	init(_ filePath: AbsoluteFilePath) {
28 | #if canImport(Darwin)
   :
40 | #if canImport(Darwin)
41 | 	@available(macOS 13, *)
42 | 	init(_ filePath: AbsoluteFilePath, directoryHint: URL.DirectoryHint) {
   |  |                                                     `- error: 'DirectoryHint' is only available in tvOS 16.0 or newer
   |  `- note: add '@available' attribute to enclosing initializer
43 | 		self.init(filePath: filePath.storage, directoryHint: directoryHint)!
44 | 	}
Failed frontend command:
/Applications/Xcode-27.0.0-Release.Candidate.app/Contents/Developer/Toolchains/XcodeDefault.xctoolchain/usr/bin/swift-frontend -frontend -emit-module -experimental-skip-non-inlinable-function-bodies-without-types /Users/admin/builder/spi-builder-workspace/Sources/ScopedFilePath/AbsoluteFilePath.swift /Users/admin/builder/spi-builder-workspace/Sources/ScopedFilePath/FilePathCompareOptions.swift /Users/admin/builder/spi-builder-workspace/Sources/ScopedFilePath/RelativeFilePath.swift /Users/admin/builder/spi-builder-workspace/Sources/ScopedFilePath/ScopedFilePathProtocol.swift /Users/admin/builder/spi-builder-workspace/Sources/ScopedFilePath/URL.swift -target arm64-apple-tvos15.0 -module-can-import-version Darwin 428.0.10 0 -module-can-import-version Foundation 5027.0.69 5027.0.69 -module-can-import-version System 5027.0.67 0 -disable-cross-import-overlay-search -load-resolved-plugin /Applications/Xcode-27.0.0-Release.Candidate.app/Contents/Developer/Platforms/AppleTVOS.platform/Developer/usr/lib/swift/host/plugins/libFoundationMacros.dylib\#/Applications/Xcode-27.0.0-Release.Candidate.app/Contents/Developer/Platforms/AppleTVOS.platform/Developer/usr/bin/swift-plugin-server\#FoundationMacros -load-resolved-plugin /Applications/Xcode-27.0.0-Release.Candidate.app/Contents/Developer/Platforms/AppleTVOS.platform/Developer/usr/lib/swift/host/plugins/libObservationMacros.dylib\#/Applications/Xcode-27.0.0-Release.Candidate.app/Contents/Developer/Platforms/AppleTVOS.platform/Developer/usr/bin/swift-plugin-server\#ObservationMacros -load-resolved-plugin /Applications/Xcode-27.0.0-Release.Candidate.app/Contents/Developer/Platforms/AppleTVOS.platform/Developer/usr/lib/swift/host/plugins/libSwiftMacros.dylib\#/Applications/Xcode-27.0.0-Release.Candidate.app/Contents/Developer/Platforms/AppleTVOS.platform/Developer/usr/bin/swift-plugin-server\#SwiftMacros -disable-implicit-swift-modules -Xcc -fno-implicit-modules -Xcc -fno-implicit-module-maps -explicit-swift-module-map-file /Users/admin/builder/spi-builder-workspace/.derivedData/Build/Intermediates.noindex/swift-scoped-file-path.build/Debug-appletvos/ScopedFilePath-t.build/Objects-normal/arm64/ScopedFilePath-dependencies-1.json -Xllvm -aarch64-use-tbi -enable-objc-interop -stack-check -sdk /Applications/Xcode-27.0.0-Release.Candidate.app/Contents/Developer/Platforms/AppleTVOS.platform/Developer/SDKs/AppleTVOS27.0.sdk -I /Users/admin/builder/spi-builder-workspace/.derivedData/Build/Products/Debug-appletvos -Isystem /Applications/Xcode-27.0.0-Release.Candidate.app/Contents/Developer/Platforms/AppleTVOS.platform/Developer/usr/lib -F /Users/admin/builder/spi-builder-workspace/.derivedData/Build/Products/Debug-appletvos -F /Applications/Xcode-27.0.0-Release.Candidate.app/Contents/Developer/Platforms/AppleTVOS.platform/Developer/Library/Frameworks -F /Applications/Xcode-27.0.0-Release.Candidate.app/Contents/Developer/Platforms/AppleTVOS.platform/Developer/SDKs/AppleTVOS27.0.sdk/Developer/Library/Frameworks -module-cache-path /Users/admin/builder/spi-builder-workspace/.derivedData/Build/Intermediates.noindex/SwiftExplicitPrecompiledModules -no-color-diagnostics -Xcc -fno-color-diagnostics -enable-testing -g -debug-info-format\=dwarf -dwarf-version\=4 -swift-version 6 -Onone -D SWIFT_PACKAGE -D DEBUG -D SWIFT_MODULE_RESOURCE_BUNDLE_UNAVAILABLE -D Xcode -serialize-debugging-options -enable-experimental-feature DebugDescriptionMacro -empty-abi-descriptor -validate-clang-modules-once -clang-build-session-file /Users/admin/builder/spi-builder-workspace/.derivedData/ModuleCache.noindex/Session.modulevalidation -Xcc -working-directory -Xcc /Users/admin/builder/spi-builder-workspace/.swiftpm/xcode -enable-anonymous-context-mangled-names -file-compilation-dir /Users/admin/builder/spi-builder-workspace/.swiftpm/xcode -Xcc -D_LIBCPP_HARDENING_MODE\=_LIBCPP_HARDENING_MODE_DEBUG -Xcc -ivfsstatcache -Xcc /Users/admin/builder/spi-builder-workspace/.derivedData/SDKStatCaches.noindex/appletvos27.0-24J360-e829b21a6f8c9b70876ba0858053c044b32bfd8d43560033f8d89884cdb90028.sdkstatcache -Xcc -fmodules-prune-interval\=86400 -Xcc -fmodules-prune-after\=345600 -Xcc -I/Users/admin/builder/spi-builder-workspace/.derivedData/Build/Products/Debug-appletvos/include -Xcc -I/Users/admin/builder/spi-builder-workspace/.derivedData/Build/Intermediates.noindex/swift-scoped-file-path.build/Debug-appletvos/ScopedFilePath-t.build/DerivedSources-normal/arm64 -Xcc -I/Users/admin/builder/spi-builder-workspace/.derivedData/Build/Intermediates.noindex/swift-scoped-file-path.build/Debug-appletvos/ScopedFilePath-t.build/DerivedSources/arm64 -Xcc -I/Users/admin/builder/spi-builder-workspace/.derivedData/Build/Intermediates.noindex/swift-scoped-file-path.build/Debug-appletvos/ScopedFilePath-t.build/DerivedSources -Xcc -DSWIFT_PACKAGE -Xcc -DDEBUG\=1 -no-auto-bridging-header-chaining -module-name ScopedFilePath -package-name spi_builder_workspace -const-gather-protocols-file /Users/admin/builder/spi-builder-workspace/.derivedData/Build/Intermediates.noindex/swift-scoped-file-path.build/Debug-appletvos/ScopedFilePath-t.build/Objects-normal/arm64/ScopedFilePath_const_extract_protocols.json -disable-clang-spi -clang-target arm64-apple-tvos27.0 -target-sdk-version 27.0 -target-sdk-name appletvos27.0 -in-process-plugin-server-path /Applications/Xcode-27.0.0-Release.Candidate.app/Contents/Developer/Toolchains/XcodeDefault.xctoolchain/usr/lib/swift/host/libSwiftInProcPluginServer.dylib -emit-module-doc-path /Users/admin/builder/spi-builder-workspace/.derivedData/Build/Intermediates.noindex/swift-scoped-file-path.build/Debug-appletvos/ScopedFilePath-t.build/Objects-normal/arm64/ScopedFilePath.swiftdoc -emit-module-source-info-path /Users/admin/builder/spi-builder-workspace/.derivedData/Build/Intermediates.noindex/swift-scoped-file-path.build/Debug-appletvos/ScopedFilePath-t.build/Objects-normal/arm64/ScopedFilePath.swiftsourceinfo -emit-objc-header-path /Users/admin/builder/spi-builder-workspace/.derivedData/Build/Intermediates.noindex/swift-scoped-file-path.build/Debug-appletvos/ScopedFilePath-t.build/Objects-normal/arm64/ScopedFilePath-Swift.h -serialize-diagnostics-path /Users/admin/builder/spi-builder-workspace/.derivedData/Build/Intermediates.noindex/swift-scoped-file-path.build/Debug-appletvos/ScopedFilePath-t.build/Objects-normal/arm64/ScopedFilePath-primary-emit-module.dia -emit-dependencies-path /Users/admin/builder/spi-builder-workspace/.derivedData/Build/Intermediates.noindex/swift-scoped-file-path.build/Debug-appletvos/ScopedFilePath-t.build/Objects-normal/arm64/ScopedFilePath-primary-emit-module.d -parse-as-library -o /Users/admin/builder/spi-builder-workspace/.derivedData/Build/Intermediates.noindex/swift-scoped-file-path.build/Debug-appletvos/ScopedFilePath-t.build/Objects-normal/arm64/ScopedFilePath.swiftmodule -emit-abi-descriptor-path /Users/admin/builder/spi-builder-workspace/.derivedData/Build/Intermediates.noindex/swift-scoped-file-path.build/Debug-appletvos/ScopedFilePath-t.build/Objects-normal/arm64/ScopedFilePath.abi.json
SwiftCompile normal arm64 Compiling\ ScopedFilePathProtocol.swift /Users/admin/builder/spi-builder-workspace/Sources/ScopedFilePath/ScopedFilePathProtocol.swift (in target 'ScopedFilePath' from project 'swift-scoped-file-path')
SwiftCompile normal arm64 /Users/admin/builder/spi-builder-workspace/Sources/ScopedFilePath/ScopedFilePathProtocol.swift (in target 'ScopedFilePath' from project 'swift-scoped-file-path')
    cd /Users/admin/builder/spi-builder-workspace/.swiftpm/xcode
    builtin-SwiftPerFileCompile ScopedFilePathProtocol.swift
SwiftCompile normal arm64 Compiling\ URL.swift /Users/admin/builder/spi-builder-workspace/Sources/ScopedFilePath/URL.swift (in target 'ScopedFilePath' from project 'swift-scoped-file-path')
SwiftCompile normal arm64 /Users/admin/builder/spi-builder-workspace/Sources/ScopedFilePath/URL.swift (in target 'ScopedFilePath' from project 'swift-scoped-file-path')
    cd /Users/admin/builder/spi-builder-workspace/.swiftpm/xcode
    builtin-SwiftPerFileCompile URL.swift
/Users/admin/builder/spi-builder-workspace/Sources/ScopedFilePath/URL.swift:42:56: error: 'DirectoryHint' is only available in tvOS 16.0 or newer
24 |
25 | /// Initializers for `URL` from `AbsoluteFilePath`.
26 | public extension URL {
   |        `- note: add '@available' attribute to enclosing extension
27 | 	init(_ filePath: AbsoluteFilePath) {
28 | #if canImport(Darwin)
   :
40 | #if canImport(Darwin)
41 | 	@available(macOS 13, *)
42 | 	init(_ filePath: AbsoluteFilePath, directoryHint: URL.DirectoryHint) {
   |  |                                                     `- error: 'DirectoryHint' is only available in tvOS 16.0 or newer
   |  `- note: add '@available' attribute to enclosing initializer
43 | 		self.init(filePath: filePath.storage, directoryHint: directoryHint)!
44 | 	}
/Users/admin/builder/spi-builder-workspace/Sources/ScopedFilePath/URL.swift:30:9: error: 'init(filePath:directoryHint:)' is only available in tvOS 16.0 or newer
24 |
25 | /// Initializers for `URL` from `AbsoluteFilePath`.
26 | public extension URL {
   |        `- note: add '@available' attribute to enclosing extension
27 | 	init(_ filePath: AbsoluteFilePath) {
   |  `- note: add '@available' attribute to enclosing initializer
28 | #if canImport(Darwin)
29 | 		if #available(macOS 13, *) {
30 | 			self.init(filePath: filePath.storage, directoryHint: .inferFromPath)!
   |         |- error: 'init(filePath:directoryHint:)' is only available in tvOS 16.0 or newer
   |         `- note: add 'if #available' version check
31 | 		}
32 | 		else {
/Users/admin/builder/spi-builder-workspace/Sources/ScopedFilePath/URL.swift:43:8: error: 'init(filePath:directoryHint:)' is only available in tvOS 16.0 or newer
24 |
25 | /// Initializers for `URL` from `AbsoluteFilePath`.
26 | public extension URL {
   |        `- note: add '@available' attribute to enclosing extension
27 | 	init(_ filePath: AbsoluteFilePath) {
28 | #if canImport(Darwin)
   :
40 | #if canImport(Darwin)
41 | 	@available(macOS 13, *)
42 | 	init(_ filePath: AbsoluteFilePath, directoryHint: URL.DirectoryHint) {
   |  `- note: add '@available' attribute to enclosing initializer
43 | 		self.init(filePath: filePath.storage, directoryHint: directoryHint)!
   |        |- error: 'init(filePath:directoryHint:)' is only available in tvOS 16.0 or newer
   |        `- note: add 'if #available' version check
44 | 	}
45 | #endif
SwiftCompile normal arm64 Compiling\ RelativeFilePath.swift /Users/admin/builder/spi-builder-workspace/Sources/ScopedFilePath/RelativeFilePath.swift (in target 'ScopedFilePath' from project 'swift-scoped-file-path')
SwiftCompile normal arm64 /Users/admin/builder/spi-builder-workspace/Sources/ScopedFilePath/RelativeFilePath.swift (in target 'ScopedFilePath' from project 'swift-scoped-file-path')
    cd /Users/admin/builder/spi-builder-workspace/.swiftpm/xcode
    builtin-SwiftPerFileCompile RelativeFilePath.swift
SwiftCompile normal arm64 Compiling\ AbsoluteFilePath.swift /Users/admin/builder/spi-builder-workspace/Sources/ScopedFilePath/AbsoluteFilePath.swift (in target 'ScopedFilePath' from project 'swift-scoped-file-path')
SwiftCompile normal arm64 /Users/admin/builder/spi-builder-workspace/Sources/ScopedFilePath/AbsoluteFilePath.swift (in target 'ScopedFilePath' from project 'swift-scoped-file-path')
    cd /Users/admin/builder/spi-builder-workspace/.swiftpm/xcode
    builtin-SwiftPerFileCompile AbsoluteFilePath.swift
SwiftCompile normal arm64 Compiling\ FilePathCompareOptions.swift /Users/admin/builder/spi-builder-workspace/Sources/ScopedFilePath/FilePathCompareOptions.swift (in target 'ScopedFilePath' from project 'swift-scoped-file-path')
SwiftCompile normal arm64 /Users/admin/builder/spi-builder-workspace/Sources/ScopedFilePath/FilePathCompareOptions.swift (in target 'ScopedFilePath' from project 'swift-scoped-file-path')
    cd /Users/admin/builder/spi-builder-workspace/.swiftpm/xcode
    builtin-SwiftPerFileCompile FilePathCompareOptions.swift
PruneExplicitPrecompiledModules /Users/admin/builder/spi-builder-workspace/.derivedData/Build/Intermediates.noindex/SwiftExplicitPrecompiledModules
PruneExplicitPrecompiledModules /Users/admin/builder/spi-builder-workspace/.derivedData/SDKExplicitPrecompiledModules
PruneExplicitPrecompiledModules /Users/admin/builder/spi-builder-workspace/.derivedData/Build/Intermediates.noindex/ExplicitPrecompiledModules
2026-09-21 19:13:32.987 xcodebuild[627:3892] [MT] IDERunDestination: Supported platforms for the buildables in the current scheme is empty.
** BUILD FAILED **
The following build commands failed:
	SwiftCompile normal arm64 (in target 'ScopedFilePath' from project 'swift-scoped-file-path')
	SwiftEmitModule normal arm64 Emitting\ module\ for\ ScopedFilePath (in target 'ScopedFilePath' from project 'swift-scoped-file-path')
	Building workspace swift-scoped-file-path with scheme swift-scoped-file-path
(3 failures)
Command line invocation:
    /Applications/Xcode-27.0.0-Release.Candidate.app/Contents/Developer/usr/bin/xcodebuild -IDEClonedSourcePackagesDirPathOverride=/Users/admin/builder/spi-builder-workspace/.dependencies -resolvePackageDependencies
Resolve Package Graph
Resolved source packages:
  swift-scoped-file-path: /Users/admin/builder/spi-builder-workspace
resolved source packages: swift-scoped-file-path
2026-09-21 19:13:37.467 xcodebuild[697:4305] [MT] IDERunDestination: Supported platforms for the buildables in the current scheme is empty.
{
  "dependencies" : [
  ],
  "manifest_display_name" : "swift-scoped-file-path",
  "name" : "swift-scoped-file-path",
  "path" : "/Users/admin/builder/spi-builder-workspace",
  "platforms" : [
    {
      "name" : "macos",
      "version" : "12.0"
    },
    {
      "name" : "ios",
      "version" : "15.0"
    },
    {
      "name" : "maccatalyst",
      "version" : "15.0"
    },
    {
      "name" : "tvos",
      "version" : "15.0"
    },
    {
      "name" : "visionos",
      "version" : "1.0"
    },
    {
      "name" : "watchos",
      "version" : "8.0"
    }
  ],
  "products" : [
    {
      "name" : "ScopedFilePath",
      "targets" : [
        "ScopedFilePath"
      ],
      "type" : {
        "library" : [
          "automatic"
        ]
      }
    }
  ],
  "targets" : [
    {
      "c99name" : "ScopedFilePath",
      "module_type" : "SwiftTarget",
      "name" : "ScopedFilePath",
      "path" : "Sources/ScopedFilePath",
      "product_memberships" : [
        "ScopedFilePath"
      ],
      "sources" : [
        "AbsoluteFilePath.swift",
        "FilePathCompareOptions.swift",
        "RelativeFilePath.swift",
        "ScopedFilePathProtocol.swift",
        "URL.swift"
      ],
      "type" : "library"
    }
  ],
  "tools_version" : "6.0"
}
{
  "workspace" : {
    "name" : "swift-scoped-file-path",
    "schemes" : [
      "swift-scoped-file-path"
    ]
  }
}
2026-09-21 19:13:38.686 xcodebuild[705:4368] [MT] IDERunDestination: Supported platforms for the buildables in the current scheme is empty.
Running build ...
env DEVELOPER_DIR=/Applications/Xcode-27.0.0-Release.Candidate.app xcrun xcodebuild -IDEClonedSourcePackagesDirPathOverride=$PWD/.dependencies -skipMacroValidation -skipPackagePluginValidation -derivedDataPath $PWD/.derivedData build -scheme swift-scoped-file-path -destination generic/platform=tvOS
Command line invocation:
    /Applications/Xcode-27.0.0-Release.Candidate.app/Contents/Developer/usr/bin/xcodebuild -IDEClonedSourcePackagesDirPathOverride=/Users/admin/builder/spi-builder-workspace/.dependencies -skipMacroValidation -skipPackagePluginValidation -derivedDataPath /Users/admin/builder/spi-builder-workspace/.derivedData build -scheme swift-scoped-file-path -destination generic/platform=tvOS
Resolve Package Graph
Resolved source packages:
  swift-scoped-file-path: /Users/admin/builder/spi-builder-workspace
ComputePackagePrebuildTargetDependencyGraph
Prepare packages
CreateBuildRequest
SendProjectDescription
CreateBuildOperation
ComputeTargetDependencyGraph
note: Building targets in dependency order
note: Target dependency graph (2 targets)
    Target 'ScopedFilePath-product' in project 'swift-scoped-file-path'
        ➜ Explicit dependency on target 'ScopedFilePath' in project 'swift-scoped-file-path'
    Target 'ScopedFilePath' in project 'swift-scoped-file-path' (no dependencies)
GatherProvisioningInputs
CreateBuildDescription
ClangStatCache /Applications/Xcode-27.0.0-Release.Candidate.app/Contents/Developer/Toolchains/XcodeDefault.xctoolchain/usr/bin/clang-stat-cache /Applications/Xcode-27.0.0-Release.Candidate.app/Contents/Developer/Platforms/AppleTVOS.platform/Developer/SDKs/AppleTVOS27.0.sdk /Users/admin/builder/spi-builder-workspace/.derivedData/SDKStatCaches.noindex/appletvos27.0-24J360-e829b21a6f8c9b70876ba0858053c044b32bfd8d43560033f8d89884cdb90028.sdkstatcache
    cd /Users/admin/builder/spi-builder-workspace/.swiftpm/xcode
    /Applications/Xcode-27.0.0-Release.Candidate.app/Contents/Developer/Toolchains/XcodeDefault.xctoolchain/usr/bin/clang-stat-cache /Applications/Xcode-27.0.0-Release.Candidate.app/Contents/Developer/Platforms/AppleTVOS.platform/Developer/SDKs/AppleTVOS27.0.sdk -o /Users/admin/builder/spi-builder-workspace/.derivedData/SDKStatCaches.noindex/appletvos27.0-24J360-e829b21a6f8c9b70876ba0858053c044b32bfd8d43560033f8d89884cdb90028.sdkstatcache
SwiftDriver ScopedFilePath normal arm64 com.apple.xcode.tools.swift.compiler (in target 'ScopedFilePath' from project 'swift-scoped-file-path')
    cd /Users/admin/builder/spi-builder-workspace/.swiftpm/xcode
    builtin-SwiftDriver -- /Applications/Xcode-27.0.0-Release.Candidate.app/Contents/Developer/Toolchains/XcodeDefault.xctoolchain/usr/bin/swiftc -parse-as-library -module-name ScopedFilePath -Onone @/Users/admin/builder/spi-builder-workspace/.derivedData/Build/Intermediates.noindex/swift-scoped-file-path.build/Debug-appletvos/ScopedFilePath-t.build/Objects-normal/arm64/ScopedFilePath.SwiftFileList -DSWIFT_PACKAGE -DDEBUG -DSWIFT_MODULE_RESOURCE_BUNDLE_UNAVAILABLE -DXcode -plugin-path /Applications/Xcode-27.0.0-Release.Candidate.app/Contents/Developer/Toolchains/XcodeDefault.xctoolchain/usr/lib/swift/host/plugins/testing -enable-experimental-feature DebugDescriptionMacro -sdk /Applications/Xcode-27.0.0-Release.Candidate.app/Contents/Developer/Platforms/AppleTVOS.platform/Developer/SDKs/AppleTVOS27.0.sdk -target arm64-apple-tvos15.0 -g -module-cache-path /Users/admin/builder/spi-builder-workspace/.derivedData/ModuleCache.noindex -Xfrontend -serialize-debugging-options -enable-testing -index-store-path /Users/admin/builder/spi-builder-workspace/.derivedData/Index.noindex/DataStore -Xcc -D_LIBCPP_HARDENING_MODE\=_LIBCPP_HARDENING_MODE_DEBUG -swift-version 6 -I /Users/admin/builder/spi-builder-workspace/.derivedData/Build/Products/Debug-appletvos -Isystem /Applications/Xcode-27.0.0-Release.Candidate.app/Contents/Developer/Platforms/AppleTVOS.platform/Developer/usr/lib -F /Users/admin/builder/spi-builder-workspace/.derivedData/Build/Products/Debug-appletvos -F /Applications/Xcode-27.0.0-Release.Candidate.app/Contents/Developer/Platforms/AppleTVOS.platform/Developer/Library/Frameworks -F /Applications/Xcode-27.0.0-Release.Candidate.app/Contents/Developer/Platforms/AppleTVOS.platform/Developer/SDKs/AppleTVOS27.0.sdk/Developer/Library/Frameworks -c -j10 -enable-batch-mode -incremental -Xcc -ivfsstatcache -Xcc /Users/admin/builder/spi-builder-workspace/.derivedData/SDKStatCaches.noindex/appletvos27.0-24J360-e829b21a6f8c9b70876ba0858053c044b32bfd8d43560033f8d89884cdb90028.sdkstatcache -output-file-map /Users/admin/builder/spi-builder-workspace/.derivedData/Build/Intermediates.noindex/swift-scoped-file-path.build/Debug-appletvos/ScopedFilePath-t.build/Objects-normal/arm64/ScopedFilePath-OutputFileMap.json -save-temps -no-color-diagnostics -explicit-module-build -module-cache-path /Users/admin/builder/spi-builder-workspace/.derivedData/Build/Intermediates.noindex/SwiftExplicitPrecompiledModules -clang-scanner-module-cache-path /Users/admin/builder/spi-builder-workspace/.derivedData/ModuleCache.noindex -sdk-module-cache-path /Users/admin/builder/spi-builder-workspace/.derivedData/SDKExplicitPrecompiledModules -emit-dependencies -emit-module -emit-module-path /Users/admin/builder/spi-builder-workspace/.derivedData/Build/Intermediates.noindex/swift-scoped-file-path.build/Debug-appletvos/ScopedFilePath-t.build/Objects-normal/arm64/ScopedFilePath.swiftmodule -serialize-diagnostics -dependency-scan-serialize-diagnostics-path /Users/admin/builder/spi-builder-workspace/.derivedData/Build/Intermediates.noindex/swift-scoped-file-path.build/Debug-appletvos/ScopedFilePath-t.build/Objects-normal/arm64/ScopedFilePath-dependency-scan.dia -validate-clang-modules-once -clang-build-session-file /Users/admin/builder/spi-builder-workspace/.derivedData/ModuleCache.noindex/Session.modulevalidation -Xcc -fmodules-prune-interval\=86400 -Xcc -fmodules-prune-after\=345600 -package-name spi_builder_workspace -emit-const-values -const-gather-protocols-list /Users/admin/builder/spi-builder-workspace/.derivedData/Build/Intermediates.noindex/swift-scoped-file-path.build/Debug-appletvos/ScopedFilePath-t.build/Objects-normal/arm64/ScopedFilePath_const_extract_protocols.json -Xcc -I/Users/admin/builder/spi-builder-workspace/.derivedData/Build/Products/Debug-appletvos/include -Xcc -I/Users/admin/builder/spi-builder-workspace/.derivedData/Build/Intermediates.noindex/swift-scoped-file-path.build/Debug-appletvos/ScopedFilePath-t.build/DerivedSources-normal/arm64 -Xcc -I/Users/admin/builder/spi-builder-workspace/.derivedData/Build/Intermediates.noindex/swift-scoped-file-path.build/Debug-appletvos/ScopedFilePath-t.build/DerivedSources/arm64 -Xcc -I/Users/admin/builder/spi-builder-workspace/.derivedData/Build/Intermediates.noindex/swift-scoped-file-path.build/Debug-appletvos/ScopedFilePath-t.build/DerivedSources -Xcc -DSWIFT_PACKAGE -Xcc -DDEBUG\=1 -emit-objc-header -emit-objc-header-path /Users/admin/builder/spi-builder-workspace/.derivedData/Build/Intermediates.noindex/swift-scoped-file-path.build/Debug-appletvos/ScopedFilePath-t.build/Objects-normal/arm64/ScopedFilePath-Swift.h -working-directory /Users/admin/builder/spi-builder-workspace/.swiftpm/xcode -experimental-emit-module-separately -disable-cmo
SwiftCompile normal arm64 Compiling\ AbsoluteFilePath.swift /Users/admin/builder/spi-builder-workspace/Sources/ScopedFilePath/AbsoluteFilePath.swift (in target 'ScopedFilePath' from project 'swift-scoped-file-path')
SwiftCompile normal arm64 /Users/admin/builder/spi-builder-workspace/Sources/ScopedFilePath/AbsoluteFilePath.swift (in target 'ScopedFilePath' from project 'swift-scoped-file-path')
    cd /Users/admin/builder/spi-builder-workspace/.swiftpm/xcode
    builtin-SwiftPerFileCompile AbsoluteFilePath.swift
SwiftCompile normal arm64 Compiling\ ScopedFilePathProtocol.swift /Users/admin/builder/spi-builder-workspace/Sources/ScopedFilePath/ScopedFilePathProtocol.swift (in target 'ScopedFilePath' from project 'swift-scoped-file-path')
SwiftCompile normal arm64 /Users/admin/builder/spi-builder-workspace/Sources/ScopedFilePath/ScopedFilePathProtocol.swift (in target 'ScopedFilePath' from project 'swift-scoped-file-path')
    cd /Users/admin/builder/spi-builder-workspace/.swiftpm/xcode
    builtin-SwiftPerFileCompile ScopedFilePathProtocol.swift
SwiftCompile normal arm64 Compiling\ URL.swift /Users/admin/builder/spi-builder-workspace/Sources/ScopedFilePath/URL.swift (in target 'ScopedFilePath' from project 'swift-scoped-file-path')
/Users/admin/builder/spi-builder-workspace/Sources/ScopedFilePath/URL.swift:42:56: error: 'DirectoryHint' is only available in tvOS 16.0 or newer
24 |
25 | /// Initializers for `URL` from `AbsoluteFilePath`.
26 | public extension URL {
   |        `- note: add '@available' attribute to enclosing extension
27 | 	init(_ filePath: AbsoluteFilePath) {
28 | #if canImport(Darwin)
   :
40 | #if canImport(Darwin)
41 | 	@available(macOS 13, *)
42 | 	init(_ filePath: AbsoluteFilePath, directoryHint: URL.DirectoryHint) {
   |  |                                                     `- error: 'DirectoryHint' is only available in tvOS 16.0 or newer
   |  `- note: add '@available' attribute to enclosing initializer
43 | 		self.init(filePath: filePath.storage, directoryHint: directoryHint)!
44 | 	}
/Users/admin/builder/spi-builder-workspace/Sources/ScopedFilePath/URL.swift:30:9: error: 'init(filePath:directoryHint:)' is only available in tvOS 16.0 or newer
24 |
25 | /// Initializers for `URL` from `AbsoluteFilePath`.
26 | public extension URL {
   |        `- note: add '@available' attribute to enclosing extension
27 | 	init(_ filePath: AbsoluteFilePath) {
   |  `- note: add '@available' attribute to enclosing initializer
28 | #if canImport(Darwin)
29 | 		if #available(macOS 13, *) {
30 | 			self.init(filePath: filePath.storage, directoryHint: .inferFromPath)!
   |         |- error: 'init(filePath:directoryHint:)' is only available in tvOS 16.0 or newer
   |         `- note: add 'if #available' version check
31 | 		}
32 | 		else {
/Users/admin/builder/spi-builder-workspace/Sources/ScopedFilePath/URL.swift:43:8: error: 'init(filePath:directoryHint:)' is only available in tvOS 16.0 or newer
24 |
25 | /// Initializers for `URL` from `AbsoluteFilePath`.
26 | public extension URL {
   |        `- note: add '@available' attribute to enclosing extension
27 | 	init(_ filePath: AbsoluteFilePath) {
28 | #if canImport(Darwin)
   :
40 | #if canImport(Darwin)
41 | 	@available(macOS 13, *)
42 | 	init(_ filePath: AbsoluteFilePath, directoryHint: URL.DirectoryHint) {
   |  `- note: add '@available' attribute to enclosing initializer
43 | 		self.init(filePath: filePath.storage, directoryHint: directoryHint)!
   |        |- error: 'init(filePath:directoryHint:)' is only available in tvOS 16.0 or newer
   |        `- note: add 'if #available' version check
44 | 	}
45 | #endif
SwiftCompile normal arm64 /Users/admin/builder/spi-builder-workspace/Sources/ScopedFilePath/URL.swift (in target 'ScopedFilePath' from project 'swift-scoped-file-path')
    cd /Users/admin/builder/spi-builder-workspace/.swiftpm/xcode
    builtin-SwiftPerFileCompile URL.swift
SwiftCompile normal arm64 Compiling\ RelativeFilePath.swift /Users/admin/builder/spi-builder-workspace/Sources/ScopedFilePath/RelativeFilePath.swift (in target 'ScopedFilePath' from project 'swift-scoped-file-path')
SwiftCompile normal arm64 /Users/admin/builder/spi-builder-workspace/Sources/ScopedFilePath/RelativeFilePath.swift (in target 'ScopedFilePath' from project 'swift-scoped-file-path')
    cd /Users/admin/builder/spi-builder-workspace/.swiftpm/xcode
    builtin-SwiftPerFileCompile RelativeFilePath.swift
SwiftEmitModule normal arm64 Emitting\ module\ for\ ScopedFilePath (in target 'ScopedFilePath' from project 'swift-scoped-file-path')
/Users/admin/builder/spi-builder-workspace/Sources/ScopedFilePath/URL.swift:42:56: error: 'DirectoryHint' is only available in tvOS 16.0 or newer
24 |
25 | /// Initializers for `URL` from `AbsoluteFilePath`.
26 | public extension URL {
   |        `- note: add '@available' attribute to enclosing extension
27 | 	init(_ filePath: AbsoluteFilePath) {
28 | #if canImport(Darwin)
   :
40 | #if canImport(Darwin)
41 | 	@available(macOS 13, *)
42 | 	init(_ filePath: AbsoluteFilePath, directoryHint: URL.DirectoryHint) {
   |  |                                                     `- error: 'DirectoryHint' is only available in tvOS 16.0 or newer
   |  `- note: add '@available' attribute to enclosing initializer
43 | 		self.init(filePath: filePath.storage, directoryHint: directoryHint)!
44 | 	}
Failed frontend command:
/Applications/Xcode-27.0.0-Release.Candidate.app/Contents/Developer/Toolchains/XcodeDefault.xctoolchain/usr/bin/swift-frontend -frontend -emit-module -experimental-skip-non-inlinable-function-bodies-without-types /Users/admin/builder/spi-builder-workspace/Sources/ScopedFilePath/AbsoluteFilePath.swift /Users/admin/builder/spi-builder-workspace/Sources/ScopedFilePath/FilePathCompareOptions.swift /Users/admin/builder/spi-builder-workspace/Sources/ScopedFilePath/RelativeFilePath.swift /Users/admin/builder/spi-builder-workspace/Sources/ScopedFilePath/ScopedFilePathProtocol.swift /Users/admin/builder/spi-builder-workspace/Sources/ScopedFilePath/URL.swift -target arm64-apple-tvos15.0 -module-can-import-version Darwin 428.0.10 0 -module-can-import-version Foundation 5027.0.69 5027.0.69 -module-can-import-version System 5027.0.67 0 -disable-cross-import-overlay-search -load-resolved-plugin /Applications/Xcode-27.0.0-Release.Candidate.app/Contents/Developer/Platforms/AppleTVOS.platform/Developer/usr/lib/swift/host/plugins/libFoundationMacros.dylib\#/Applications/Xcode-27.0.0-Release.Candidate.app/Contents/Developer/Platforms/AppleTVOS.platform/Developer/usr/bin/swift-plugin-server\#FoundationMacros -load-resolved-plugin /Applications/Xcode-27.0.0-Release.Candidate.app/Contents/Developer/Platforms/AppleTVOS.platform/Developer/usr/lib/swift/host/plugins/libObservationMacros.dylib\#/Applications/Xcode-27.0.0-Release.Candidate.app/Contents/Developer/Platforms/AppleTVOS.platform/Developer/usr/bin/swift-plugin-server\#ObservationMacros -load-resolved-plugin /Applications/Xcode-27.0.0-Release.Candidate.app/Contents/Developer/Platforms/AppleTVOS.platform/Developer/usr/lib/swift/host/plugins/libSwiftMacros.dylib\#/Applications/Xcode-27.0.0-Release.Candidate.app/Contents/Developer/Platforms/AppleTVOS.platform/Developer/usr/bin/swift-plugin-server\#SwiftMacros -disable-implicit-swift-modules -Xcc -fno-implicit-modules -Xcc -fno-implicit-module-maps -explicit-swift-module-map-file /Users/admin/builder/spi-builder-workspace/.derivedData/Build/Intermediates.noindex/swift-scoped-file-path.build/Debug-appletvos/ScopedFilePath-t.build/Objects-normal/arm64/ScopedFilePath-dependencies-1.json -Xllvm -aarch64-use-tbi -enable-objc-interop -stack-check -sdk /Applications/Xcode-27.0.0-Release.Candidate.app/Contents/Developer/Platforms/AppleTVOS.platform/Developer/SDKs/AppleTVOS27.0.sdk -I /Users/admin/builder/spi-builder-workspace/.derivedData/Build/Products/Debug-appletvos -Isystem /Applications/Xcode-27.0.0-Release.Candidate.app/Contents/Developer/Platforms/AppleTVOS.platform/Developer/usr/lib -F /Users/admin/builder/spi-builder-workspace/.derivedData/Build/Products/Debug-appletvos -F /Applications/Xcode-27.0.0-Release.Candidate.app/Contents/Developer/Platforms/AppleTVOS.platform/Developer/Library/Frameworks -F /Applications/Xcode-27.0.0-Release.Candidate.app/Contents/Developer/Platforms/AppleTVOS.platform/Developer/SDKs/AppleTVOS27.0.sdk/Developer/Library/Frameworks -module-cache-path /Users/admin/builder/spi-builder-workspace/.derivedData/Build/Intermediates.noindex/SwiftExplicitPrecompiledModules -no-color-diagnostics -Xcc -fno-color-diagnostics -enable-testing -g -debug-info-format\=dwarf -dwarf-version\=4 -swift-version 6 -Onone -D SWIFT_PACKAGE -D DEBUG -D SWIFT_MODULE_RESOURCE_BUNDLE_UNAVAILABLE -D Xcode -serialize-debugging-options -enable-experimental-feature DebugDescriptionMacro -empty-abi-descriptor -validate-clang-modules-once -clang-build-session-file /Users/admin/builder/spi-builder-workspace/.derivedData/ModuleCache.noindex/Session.modulevalidation -Xcc -working-directory -Xcc /Users/admin/builder/spi-builder-workspace/.swiftpm/xcode -enable-anonymous-context-mangled-names -file-compilation-dir /Users/admin/builder/spi-builder-workspace/.swiftpm/xcode -Xcc -D_LIBCPP_HARDENING_MODE\=_LIBCPP_HARDENING_MODE_DEBUG -Xcc -ivfsstatcache -Xcc /Users/admin/builder/spi-builder-workspace/.derivedData/SDKStatCaches.noindex/appletvos27.0-24J360-e829b21a6f8c9b70876ba0858053c044b32bfd8d43560033f8d89884cdb90028.sdkstatcache -Xcc -fmodules-prune-interval\=86400 -Xcc -fmodules-prune-after\=345600 -Xcc -I/Users/admin/builder/spi-builder-workspace/.derivedData/Build/Products/Debug-appletvos/include -Xcc -I/Users/admin/builder/spi-builder-workspace/.derivedData/Build/Intermediates.noindex/swift-scoped-file-path.build/Debug-appletvos/ScopedFilePath-t.build/DerivedSources-normal/arm64 -Xcc -I/Users/admin/builder/spi-builder-workspace/.derivedData/Build/Intermediates.noindex/swift-scoped-file-path.build/Debug-appletvos/ScopedFilePath-t.build/DerivedSources/arm64 -Xcc -I/Users/admin/builder/spi-builder-workspace/.derivedData/Build/Intermediates.noindex/swift-scoped-file-path.build/Debug-appletvos/ScopedFilePath-t.build/DerivedSources -Xcc -DSWIFT_PACKAGE -Xcc -DDEBUG\=1 -no-auto-bridging-header-chaining -module-name ScopedFilePath -package-name spi_builder_workspace -const-gather-protocols-file /Users/admin/builder/spi-builder-workspace/.derivedData/Build/Intermediates.noindex/swift-scoped-file-path.build/Debug-appletvos/ScopedFilePath-t.build/Objects-normal/arm64/ScopedFilePath_const_extract_protocols.json -disable-clang-spi -clang-target arm64-apple-tvos27.0 -target-sdk-version 27.0 -target-sdk-name appletvos27.0 -in-process-plugin-server-path /Applications/Xcode-27.0.0-Release.Candidate.app/Contents/Developer/Toolchains/XcodeDefault.xctoolchain/usr/lib/swift/host/libSwiftInProcPluginServer.dylib -emit-module-doc-path /Users/admin/builder/spi-builder-workspace/.derivedData/Build/Intermediates.noindex/swift-scoped-file-path.build/Debug-appletvos/ScopedFilePath-t.build/Objects-normal/arm64/ScopedFilePath.swiftdoc -emit-module-source-info-path /Users/admin/builder/spi-builder-workspace/.derivedData/Build/Intermediates.noindex/swift-scoped-file-path.build/Debug-appletvos/ScopedFilePath-t.build/Objects-normal/arm64/ScopedFilePath.swiftsourceinfo -emit-objc-header-path /Users/admin/builder/spi-builder-workspace/.derivedData/Build/Intermediates.noindex/swift-scoped-file-path.build/Debug-appletvos/ScopedFilePath-t.build/Objects-normal/arm64/ScopedFilePath-Swift.h -serialize-diagnostics-path /Users/admin/builder/spi-builder-workspace/.derivedData/Build/Intermediates.noindex/swift-scoped-file-path.build/Debug-appletvos/ScopedFilePath-t.build/Objects-normal/arm64/ScopedFilePath-primary-emit-module.dia -emit-dependencies-path /Users/admin/builder/spi-builder-workspace/.derivedData/Build/Intermediates.noindex/swift-scoped-file-path.build/Debug-appletvos/ScopedFilePath-t.build/Objects-normal/arm64/ScopedFilePath-primary-emit-module.d -parse-as-library -o /Users/admin/builder/spi-builder-workspace/.derivedData/Build/Intermediates.noindex/swift-scoped-file-path.build/Debug-appletvos/ScopedFilePath-t.build/Objects-normal/arm64/ScopedFilePath.swiftmodule -emit-abi-descriptor-path /Users/admin/builder/spi-builder-workspace/.derivedData/Build/Intermediates.noindex/swift-scoped-file-path.build/Debug-appletvos/ScopedFilePath-t.build/Objects-normal/arm64/ScopedFilePath.abi.json
SwiftCompile normal arm64 (in target 'ScopedFilePath' from project 'swift-scoped-file-path')
    cd /Users/admin/builder/spi-builder-workspace/.swiftpm/xcode

SwiftCompile normal arm64 Compiling\ FilePathCompareOptions.swift /Users/admin/builder/spi-builder-workspace/Sources/ScopedFilePath/FilePathCompareOptions.swift (in target 'ScopedFilePath' from project 'swift-scoped-file-path')
SwiftCompile normal arm64 /Users/admin/builder/spi-builder-workspace/Sources/ScopedFilePath/FilePathCompareOptions.swift (in target 'ScopedFilePath' from project 'swift-scoped-file-path')
    cd /Users/admin/builder/spi-builder-workspace/.swiftpm/xcode
    builtin-SwiftPerFileCompile FilePathCompareOptions.swift
PruneExplicitPrecompiledModules /Users/admin/builder/spi-builder-workspace/.derivedData/Build/Intermediates.noindex/ExplicitPrecompiledModules
PruneExplicitPrecompiledModules /Users/admin/builder/spi-builder-workspace/.derivedData/Build/Intermediates.noindex/SwiftExplicitPrecompiledModules
PruneExplicitPrecompiledModules /Users/admin/builder/spi-builder-workspace/.derivedData/SDKExplicitPrecompiledModules
2026-09-21 19:13:39.634 xcodebuild[706:4396] [MT] IDERunDestination: Supported platforms for the buildables in the current scheme is empty.
** BUILD FAILED **
The following build commands failed:
	SwiftEmitModule normal arm64 Emitting\ module\ for\ ScopedFilePath (in target 'ScopedFilePath' from project 'swift-scoped-file-path')
	SwiftCompile normal arm64 (in target 'ScopedFilePath' from project 'swift-scoped-file-path')
	Building workspace swift-scoped-file-path with scheme swift-scoped-file-path
(3 failures)
BUILD FAILURE 6.4 tvOS