Build Information
Failed to build Cuckoo, reference 2.4.0 (7cef63), with Swift 6.1 for Wasm on 11 Aug 2026 04:50:10 UTC.
Build Command
bash -c docker run --pull=always --rm -v "checkouts-53886769-0":/host -w "$PWD" -e JAVA_HOME="/root/.sdkman/candidates/java/current" -e SPI_BUILD="1" -e SPI_PROCESSING="1" registry.gitlab.com/saguaro1/spi-images:wasm-6.1-latest swift build --swift-sdk wasm32-unknown-wasi 2>&1Build Log
========================================
RunAll
========================================
Builder version: 729ceb5fcd9493dc13ee340bc4f0908bd201f85d
Interrupt handler set up.
========================================
Checkout
========================================
Clone URL: https://github.com/Brightify/Cuckoo.git
Reference: 2.4.0
Initialized empty Git repository in /host/spi-builder-workspace/.git/
hint: Using 'master' as the name for the initial branch. This default branch name
hint: is subject to change. To configure the initial branch name to use in all
hint: of your new repositories, which will suppress this warning, call:
hint:
hint: git config --global init.defaultBranch <name>
hint:
hint: Names commonly chosen instead of 'master' are 'main', 'trunk' and
hint: 'development'. The just-created branch can be renamed via this command:
hint:
hint: git branch -m <name>
From https://github.com/Brightify/Cuckoo
* tag 2.4.0 -> FETCH_HEAD
HEAD is now at 7cef639 Bump version.
Cloned https://github.com/Brightify/Cuckoo.git
Revision (git rev-parse @):
7cef6391ef36c684759f38a91968bbf97e12e02b
SUCCESS checkout https://github.com/Brightify/Cuckoo.git at 2.4.0
========================================
Build
========================================
Selected platform: wasm
Swift version: 6.1
Building package at path: $PWD
https://github.com/Brightify/Cuckoo.git
https://github.com/Brightify/Cuckoo.git
WARNING: environment variable SUPPRESS_SWIFT_6_FLAGS is not set
Running build ...
bash -c docker run --pull=always --rm -v "checkouts-53886769-0":/host -w "$PWD" -e JAVA_HOME="/root/.sdkman/candidates/java/current" -e SPI_BUILD="1" -e SPI_PROCESSING="1" registry.gitlab.com/saguaro1/spi-images:wasm-6.1-latest swift build --swift-sdk wasm32-unknown-wasi -Xswiftc -Xfrontend -Xswiftc -stats-output-dir -Xswiftc -Xfrontend -Xswiftc .stats -Xswiftc -strict-concurrency=complete -Xswiftc -enable-upcoming-feature -Xswiftc StrictConcurrency -Xswiftc -enable-upcoming-feature -Xswiftc DisableOutwardActorInference -Xswiftc -enable-upcoming-feature -Xswiftc GlobalActorIsolatedTypesUsability -Xswiftc -enable-upcoming-feature -Xswiftc InferSendableFromCaptures 2>&1
wasm-6.1-latest: Pulling from saguaro1/spi-images
Digest: sha256:290f441d1f5b7bf0dbbe61e8b7514208804cdcb507d57b3c762463ad036298f7
Status: Image is up to date for registry.gitlab.com/saguaro1/spi-images:wasm-6.1-latest
Fetching https://github.com/swiftlang/swift-syntax
Fetching https://github.com/kylef/Stencil
Fetching https://github.com/onevcat/Rainbow
Fetching https://github.com/apple/swift-argument-parser
Fetching https://github.com/tuist/XcodeProj
Fetching https://github.com/LebJe/TOMLKit
[1/1478] Fetching rainbow
[2/6762] Fetching rainbow, stencil
[6763/30176] Fetching rainbow, stencil, tomlkit
[6764/54992] Fetching rainbow, stencil, tomlkit, xcodeproj
Fetched https://github.com/kylef/Stencil from cache (0.51s)
[6260/49708] Fetching rainbow, tomlkit, xcodeproj
Fetching https://github.com/nvzqz/FileKit
[25661/67983] Fetching rainbow, tomlkit, xcodeproj, swift-argument-parser
Fetched https://github.com/LebJe/TOMLKit from cache (0.88s)
[43826/121036] Fetching rainbow, xcodeproj, swift-argument-parser, swift-syntax
[43827/124163] Fetching rainbow, xcodeproj, swift-argument-parser, swift-syntax, filekit
Fetched https://github.com/nvzqz/FileKit from cache (0.65s)
[58334/121036] Fetching rainbow, xcodeproj, swift-argument-parser, swift-syntax
Fetched https://github.com/tuist/XcodeProj from cache (1.18s)
[35047/96220] Fetching rainbow, swift-argument-parser, swift-syntax
Fetched https://github.com/onevcat/Rainbow from cache (2.74s)
Fetched https://github.com/apple/swift-argument-parser from cache (2.74s)
Fetched https://github.com/swiftlang/swift-syntax from cache (2.76s)
Computing version for https://github.com/onevcat/Rainbow
Computed https://github.com/onevcat/Rainbow at 4.2.1 (3.68s)
Computing version for https://github.com/LebJe/TOMLKit
Computed https://github.com/LebJe/TOMLKit at 0.6.0 (0.93s)
Computing version for https://github.com/kylef/Stencil
Computed https://github.com/kylef/Stencil at 0.15.1 (0.23s)
Fetching https://github.com/kylef/Spectre.git
Fetching https://github.com/kylef/PathKit.git
[1/1460] Fetching pathkit
[1082/2481] Fetching pathkit, spectre
Fetched https://github.com/kylef/Spectre.git from cache (0.48s)
Fetched https://github.com/kylef/PathKit.git from cache (0.48s)
Computing version for https://github.com/nvzqz/FileKit
Computed https://github.com/nvzqz/FileKit at 6.1.0 (0.71s)
Computing version for https://github.com/kylef/Spectre.git
Computed https://github.com/kylef/Spectre.git at 0.10.1 (0.23s)
Computing version for https://github.com/kylef/PathKit.git
Computed https://github.com/kylef/PathKit.git at 1.0.1 (0.91s)
Computing version for https://github.com/tuist/XcodeProj
Computed https://github.com/tuist/XcodeProj at 9.15.0 (0.21s)
Fetching https://github.com/tadija/AEXML.git
[1/2159] Fetching aexml
Fetched https://github.com/tadija/AEXML.git from cache (0.42s)
Computing version for https://github.com/tadija/AEXML.git
Computed https://github.com/tadija/AEXML.git at 4.7.0 (0.63s)
Computing version for https://github.com/swiftlang/swift-syntax
Computed https://github.com/swiftlang/swift-syntax at 602.0.0 (0.31s)
Computing version for https://github.com/apple/swift-argument-parser
Computed https://github.com/apple/swift-argument-parser at 1.8.2 (0.22s)
Creating working copy for https://github.com/kylef/Stencil
Working copy of https://github.com/kylef/Stencil resolved at 0.15.1
Creating working copy for https://github.com/kylef/PathKit.git
Working copy of https://github.com/kylef/PathKit.git resolved at 1.0.1
Creating working copy for https://github.com/swiftlang/swift-syntax
Working copy of https://github.com/swiftlang/swift-syntax resolved at 602.0.0
Creating working copy for https://github.com/nvzqz/FileKit
Working copy of https://github.com/nvzqz/FileKit resolved at 6.1.0
Creating working copy for https://github.com/kylef/Spectre.git
Working copy of https://github.com/kylef/Spectre.git resolved at 0.10.1
Creating working copy for https://github.com/apple/swift-argument-parser
Working copy of https://github.com/apple/swift-argument-parser resolved at 1.8.2
Creating working copy for https://github.com/LebJe/TOMLKit
Working copy of https://github.com/LebJe/TOMLKit resolved at 0.6.0
Creating working copy for https://github.com/onevcat/Rainbow
Working copy of https://github.com/onevcat/Rainbow resolved at 4.2.1
Creating working copy for https://github.com/tuist/XcodeProj
Working copy of https://github.com/tuist/XcodeProj resolved at 9.15.0
Creating working copy for https://github.com/tadija/AEXML.git
Working copy of https://github.com/tadija/AEXML.git resolved at 4.7.0
warning: 'spi-builder-workspace': found 1 file(s) which are unhandled; explicitly declare them as resources or exclude from the target
/host/spi-builder-workspace/Source/Info.plist
[1/1] Compiling plugin CuckooPluginModular
[2/2] Compiling plugin CuckooPluginSingleFile
[3/3] Compiling plugin GenerateManual
[4/4] Compiling plugin GenerateDoccReference
Building for debugging...
[4/90] Write sources
[21/90] Compiling _SwiftSyntaxCShims PlatformMutex.c
[21/90] Write sources
[37/90] Compiling _SwiftSyntaxCShims PlatformMutex.c
[38/90] Compiling Node.cpp
[39/90] Compiling Conversion.cpp
[40/90] Compiling Date&Time&DateTime.cpp
[41/90] Compiling Array.cpp
[41/90] Write sources
In file included from /host/spi-builder-workspace/.build/checkouts/TOMLKit/Sources/CTOML/Sources/Node.cpp:7:
In file included from /host/spi-builder-workspace/.build/checkouts/TOMLKit/Sources/CTOML/Sources/Conversion.hpp:12:
/host/spi-builder-workspace/.build/checkouts/TOMLKit/Sources/CTOML/Sources/toml.hpp:16223:17: error: implicit instantiation of undefined template 'std::basic_ifstream<char>'
16223 | std::ifstream file;
| ^
/root/.swiftpm/swift-sdks/swift-wasm-6.1-RELEASE-wasm32-unknown-wasi.artifactbundle/6.1-RELEASE-wasm32-unknown-wasi/wasm32-unknown-wasi/WASI.sdk/include/c++/v1/__fwd/fstream.h:24:28: note: template is declared here
24 | class _LIBCPP_TEMPLATE_VIS basic_ifstream;
| ^
In file included from /host/spi-builder-workspace/.build/checkouts/TOMLKit/Sources/CTOML/Sources/Node.cpp:7:
In file included from /host/spi-builder-workspace/.build/checkouts/TOMLKit/Sources/CTOML/Sources/Conversion.hpp:12:
/host/spi-builder-workspace/.build/checkouts/TOMLKit/Sources/CTOML/Sources/toml.hpp:16229:33: error: implicit instantiation of undefined template 'std::basic_ifstream<char>'
16229 | file.open(file_path_str, std::ifstream::in | std::ifstream::binary | std::ifstream::ate);
| ^
/root/.swiftpm/swift-sdks/swift-wasm-6.1-RELEASE-wasm32-unknown-wasi.artifactbundle/6.1-RELEASE-wasm32-unknown-wasi/wasm32-unknown-wasi/WASI.sdk/include/c++/v1/__fwd/fstream.h:24:28: note: template is declared here
24 | class _LIBCPP_TEMPLATE_VIS basic_ifstream;
| ^
In file included from /host/spi-builder-workspace/.build/checkouts/TOMLKit/Sources/CTOML/Sources/Node.cpp:7:
In file included from /host/spi-builder-workspace/.build/checkouts/TOMLKit/Sources/CTOML/Sources/Conversion.hpp:12:
/host/spi-builder-workspace/.build/checkouts/TOMLKit/Sources/CTOML/Sources/toml.hpp:16229:53: error: implicit instantiation of undefined template 'std::basic_ifstream<char>'
16229 | file.open(file_path_str, std::ifstream::in | std::ifstream::binary | std::ifstream::ate);
| ^
/root/.swiftpm/swift-sdks/swift-wasm-6.1-RELEASE-wasm32-unknown-wasi.artifactbundle/6.1-RELEASE-wasm32-unknown-wasi/wasm32-unknown-wasi/WASI.sdk/include/c++/v1/__fwd/fstream.h:24:28: note: template is declared here
24 | class _LIBCPP_TEMPLATE_VIS basic_ifstream;
| ^
In file included from /host/spi-builder-workspace/.build/checkouts/TOMLKit/Sources/CTOML/Sources/Node.cpp:7:
In file included from /host/spi-builder-workspace/.build/checkouts/TOMLKit/Sources/CTOML/Sources/Conversion.hpp:12:
/host/spi-builder-workspace/.build/checkouts/TOMLKit/Sources/CTOML/Sources/toml.hpp:16229:77: error: implicit instantiation of undefined template 'std::basic_ifstream<char>'
16229 | file.open(file_path_str, std::ifstream::in | std::ifstream::binary | std::ifstream::ate);
| ^
/root/.swiftpm/swift-sdks/swift-wasm-6.1-RELEASE-wasm32-unknown-wasi.artifactbundle/6.1-RELEASE-wasm32-unknown-wasi/wasm32-unknown-wasi/WASI.sdk/include/c++/v1/__fwd/fstream.h:24:28: note: template is declared here
24 | class _LIBCPP_TEMPLATE_VIS basic_ifstream;
| ^
In file included from /host/spi-builder-workspace/.build/checkouts/TOMLKit/Sources/CTOML/Sources/Node.cpp:7:
In file included from /host/spi-builder-workspace/.build/checkouts/TOMLKit/Sources/CTOML/Sources/Conversion.hpp:12:
/host/spi-builder-workspace/.build/checkouts/TOMLKit/Sources/CTOML/Sources/toml.hpp:16238:22: error: implicit instantiation of undefined template 'std::basic_ifstream<char>'
16238 | file.seekg(0, std::ifstream::beg);
| ^
/root/.swiftpm/swift-sdks/swift-wasm-6.1-RELEASE-wasm32-unknown-wasi.artifactbundle/6.1-RELEASE-wasm32-unknown-wasi/wasm32-unknown-wasi/WASI.sdk/include/c++/v1/__fwd/fstream.h:24:28: note: template is declared here
24 | class _LIBCPP_TEMPLATE_VIS basic_ifstream;
| ^
5 errors generated.
[45/90] Compiling Node.cpp
[45/90] Compiling Array.cpp
In file included from /host/spi-builder-workspace/.build/checkouts/TOMLKit/Sources/CTOML/Sources/Date&Time&DateTime.cpp:2:
In file included from /host/spi-builder-workspace/.build/checkouts/TOMLKit/Sources/CTOML/Sources/Conversion.hpp:12:
/host/spi-builder-workspace/.build/checkouts/TOMLKit/Sources/CTOML/Sources/toml.hpp:16223:17: error: implicit instantiation of undefined template 'std::basic_ifstream<char>'
16223 | std::ifstream file;
| ^
/root/.swiftpm/swift-sdks/swift-wasm-6.1-RELEASE-wasm32-unknown-wasi.artifactbundle/6.1-RELEASE-wasm32-unknown-wasi/wasm32-unknown-wasi/WASI.sdk/include/c++/v1/__fwd/fstream.h:24:28: note: template is declared here
24 | class _LIBCPP_TEMPLATE_VIS basic_ifstream;
| ^
In file included from /host/spi-builder-workspace/.build/checkouts/TOMLKit/Sources/CTOML/Sources/Date&Time&DateTime.cpp:2:
In file included from /host/spi-builder-workspace/.build/checkouts/TOMLKit/Sources/CTOML/Sources/Conversion.hpp:12:
/host/spi-builder-workspace/.build/checkouts/TOMLKit/Sources/CTOML/Sources/toml.hpp:16229:33: error: implicit instantiation of undefined template 'std::basic_ifstream<char>'
16229 | file.open(file_path_str, std::ifstream::in | std::ifstream::binary | std::ifstream::ate);
| ^
/root/.swiftpm/swift-sdks/swift-wasm-6.1-RELEASE-wasm32-unknown-wasi.artifactbundle/6.1-RELEASE-wasm32-unknown-wasi/wasm32-unknown-wasi/WASI.sdk/include/c++/v1/__fwd/fstream.h:24:28: note: template is declared here
24 | class _LIBCPP_TEMPLATE_VIS basic_ifstream;
| ^
In file included from /host/spi-builder-workspace/.build/checkouts/TOMLKit/Sources/CTOML/Sources/Date&Time&DateTime.cpp:2:
In file included from /host/spi-builder-workspace/.build/checkouts/TOMLKit/Sources/CTOML/Sources/Conversion.hpp:12:
/host/spi-builder-workspace/.build/checkouts/TOMLKit/Sources/CTOML/Sources/toml.hpp:16229:53: error: implicit instantiation of undefined template 'std::basic_ifstream<char>'
16229 | file.open(file_path_str, std::ifstream::in | std::ifstream::binary | std::ifstream::ate);
| ^
/root/.swiftpm/swift-sdks/swift-wasm-6.1-RELEASE-wasm32-unknown-wasi.artifactbundle/6.1-RELEASE-wasm32-unknown-wasi/wasm32-unknown-wasi/WASI.sdk/include/c++/v1/__fwd/fstream.h:24:28: note: template is declared here
24 | class _LIBCPP_TEMPLATE_VIS basic_ifstream;
| ^
In file included from /host/spi-builder-workspace/.build/checkouts/TOMLKit/Sources/CTOML/Sources/Date&Time&DateTime.cpp:2:
In file included from /host/spi-builder-workspace/.build/checkouts/TOMLKit/Sources/CTOML/Sources/Conversion.hpp:12:
/host/spi-builder-workspace/.build/checkouts/TOMLKit/Sources/CTOML/Sources/toml.hpp:16229:77: error: implicit instantiation of undefined template 'std::basic_ifstream<char>'
16229 | file.open(file_path_str, std::ifstream::in | std::ifstream::binary | std::ifstream::ate);
| ^
/root/.swiftpm/swift-sdks/swift-wasm-6.1-RELEASE-wasm32-unknown-wasi.artifactbundle/6.1-RELEASE-wasm32-unknown-wasi/wasm32-unknown-wasi/WASI.sdk/include/c++/v1/__fwd/fstream.h:24:28: note: template is declared here
24 | class _LIBCPP_TEMPLATE_VIS basic_ifstream;
| ^
In file included from /host/spi-builder-workspace/.build/checkouts/TOMLKit/Sources/CTOML/Sources/Date&Time&DateTime.cpp:2:
In file included from /host/spi-builder-workspace/.build/checkouts/TOMLKit/Sources/CTOML/Sources/Conversion.hpp:12:
/host/spi-builder-workspace/.build/checkouts/TOMLKit/Sources/CTOML/Sources/toml.hpp:16238:22: error: implicit instantiation of undefined template 'std::basic_ifstream<char>'
16238 | file.seekg(0, std::ifstream::beg);
| ^
/root/.swiftpm/swift-sdks/swift-wasm-6.1-RELEASE-wasm32-unknown-wasi.artifactbundle/6.1-RELEASE-wasm32-unknown-wasi/wasm32-unknown-wasi/WASI.sdk/include/c++/v1/__fwd/fstream.h:24:28: note: template is declared here
24 | class _LIBCPP_TEMPLATE_VIS basic_ifstream;
| ^
[45/90] Compiling Date&Time&DateTime.cpp
[45/90] Compiling Conversion.cpp
[45/90] Compiling Table.cpp
[45/90] Write swift-version-24593BA9C3E375BF.txt
In file included from /host/spi-builder-workspace/.build/checkouts/TOMLKit/Sources/CTOML/Sources/Table.cpp:7:
In file included from /host/spi-builder-workspace/.build/checkouts/TOMLKit/Sources/CTOML/Sources/Conversion.hpp:12:
/host/spi-builder-workspace/.build/checkouts/TOMLKit/Sources/CTOML/Sources/toml.hpp:16223:17: error: implicit instantiation of undefined template 'std::basic_ifstream<char>'
16223 | std::ifstream file;
| ^
/root/.swiftpm/swift-sdks/swift-wasm-6.1-RELEASE-wasm32-unknown-wasi.artifactbundle/6.1-RELEASE-wasm32-unknown-wasi/wasm32-unknown-wasi/WASI.sdk/include/c++/v1/__fwd/fstream.h:24:28: note: template is declared here
24 | class _LIBCPP_TEMPLATE_VIS basic_ifstream;
| ^
In file included from /host/spi-builder-workspace/.build/checkouts/TOMLKit/Sources/CTOML/Sources/Table.cpp:7:
In file included from /host/spi-builder-workspace/.build/checkouts/TOMLKit/Sources/CTOML/Sources/Conversion.hpp:12:
/host/spi-builder-workspace/.build/checkouts/TOMLKit/Sources/CTOML/Sources/toml.hpp:16229:33: error: implicit instantiation of undefined template 'std::basic_ifstream<char>'
16229 | file.open(file_path_str, std::ifstream::in | std::ifstream::binary | std::ifstream::ate);
| ^
/root/.swiftpm/swift-sdks/swift-wasm-6.1-RELEASE-wasm32-unknown-wasi.artifactbundle/6.1-RELEASE-wasm32-unknown-wasi/wasm32-unknown-wasi/WASI.sdk/include/c++/v1/__fwd/fstream.h:24:28: note: template is declared here
24 | class _LIBCPP_TEMPLATE_VIS basic_ifstream;
| ^
In file included from /host/spi-builder-workspace/.build/checkouts/TOMLKit/Sources/CTOML/Sources/Table.cpp:7:
In file included from /host/spi-builder-workspace/.build/checkouts/TOMLKit/Sources/CTOML/Sources/Conversion.hpp:12:
/host/spi-builder-workspace/.build/checkouts/TOMLKit/Sources/CTOML/Sources/toml.hpp:16229:53: error: implicit instantiation of undefined template 'std::basic_ifstream<char>'
16229 | file.open(file_path_str, std::ifstream::in | std::ifstream::binary | std::ifstream::ate);
| ^
/root/.swiftpm/swift-sdks/swift-wasm-6.1-RELEASE-wasm32-unknown-wasi.artifactbundle/6.1-RELEASE-wasm32-unknown-wasi/wasm32-unknown-wasi/WASI.sdk/include/c++/v1/__fwd/fstream.h:24:28: note: template is declared here
24 | class _LIBCPP_TEMPLATE_VIS basic_ifstream;
| ^
In file included from /host/spi-builder-workspace/.build/checkouts/TOMLKit/Sources/CTOML/Sources/Table.cpp:7:
In file included from /host/spi-builder-workspace/.build/checkouts/TOMLKit/Sources/CTOML/Sources/Conversion.hpp:12:
/host/spi-builder-workspace/.build/checkouts/TOMLKit/Sources/CTOML/Sources/toml.hpp:16229:77: error: implicit instantiation of undefined template 'std::basic_ifstream<char>'
16229 | file.open(file_path_str, std::ifstream::in | std::ifstream::binary | std::ifstream::ate);
| ^
/root/.swiftpm/swift-sdks/swift-wasm-6.1-RELEASE-wasm32-unknown-wasi.artifactbundle/6.1-RELEASE-wasm32-unknown-wasi/wasm32-unknown-wasi/WASI.sdk/include/c++/v1/__fwd/fstream.h:24:28: note: template is declared here
24 | class _LIBCPP_TEMPLATE_VIS basic_ifstream;
| ^
In file included from /host/spi-builder-workspace/.build/checkouts/TOMLKit/Sources/CTOML/Sources/Table.cpp:7:
In file included from /host/spi-builder-workspace/.build/checkouts/TOMLKit/Sources/CTOML/Sources/Conversion.hpp:12:
/host/spi-builder-workspace/.build/checkouts/TOMLKit/Sources/CTOML/Sources/toml.hpp:16238:22: error: implicit instantiation of undefined template 'std::basic_ifstream<char>'
16238 | file.seekg(0, std::ifstream::beg);
| ^
/root/.swiftpm/swift-sdks/swift-wasm-6.1-RELEASE-wasm32-unknown-wasi.artifactbundle/6.1-RELEASE-wasm32-unknown-wasi/wasm32-unknown-wasi/WASI.sdk/include/c++/v1/__fwd/fstream.h:24:28: note: template is declared here
24 | class _LIBCPP_TEMPLATE_VIS basic_ifstream;
| ^
[45/90] Compiling Table.cpp
Running build ...
bash -c docker run --pull=always --rm -v "checkouts-53886769-0":/host -w "$PWD" -e JAVA_HOME="/root/.sdkman/candidates/java/current" -e SPI_BUILD="1" -e SPI_PROCESSING="1" registry.gitlab.com/saguaro1/spi-images:wasm-6.1-latest swift build --swift-sdk wasm32-unknown-wasi 2>&1
wasm-6.1-latest: Pulling from saguaro1/spi-images
Digest: sha256:290f441d1f5b7bf0dbbe61e8b7514208804cdcb507d57b3c762463ad036298f7
Status: Image is up to date for registry.gitlab.com/saguaro1/spi-images:wasm-6.1-latest
warning: 'spi-builder-workspace': found 1 file(s) which are unhandled; explicitly declare them as resources or exclude from the target
/host/spi-builder-workspace/Tests/Info.plist
warning: 'spi-builder-workspace': found 1 file(s) which are unhandled; explicitly declare them as resources or exclude from the target
/host/spi-builder-workspace/Source/Info.plist
[0/1] Planning build
[1/1] Compiling plugin CuckooPluginModular
[2/2] Compiling plugin CuckooPluginSingleFile
[3/3] Compiling plugin GenerateManual
[4/4] Compiling plugin GenerateDoccReference
Building for debugging...
[4/49] Write swift-version-24593BA9C3E375BF.txt
[6/53] Emitting module SwiftSyntax602
In file included from /host/spi-builder-workspace/.build/checkouts/TOMLKit/Sources/CTOML/Sources/Conversion.cpp:9:
In file included from /host/spi-builder-workspace/.build/checkouts/TOMLKit/Sources/CTOML/Sources/Conversion.hpp:12:
/host/spi-builder-workspace/.build/checkouts/TOMLKit/Sources/CTOML/Sources/toml.hpp:16223:17: error: implicit instantiation of undefined template 'std::basic_ifstream<char>'
16223 | std::ifstream file;
| ^
/root/.swiftpm/swift-sdks/swift-wasm-6.1-RELEASE-wasm32-unknown-wasi.artifactbundle/6.1-RELEASE-wasm32-unknown-wasi/wasm32-unknown-wasi/WASI.sdk/include/c++/v1/__fwd/fstream.h:24:28: note: template is declared here
24 | class _LIBCPP_TEMPLATE_VIS basic_ifstream;
| ^
In file included from /host/spi-builder-workspace/.build/checkouts/TOMLKit/Sources/CTOML/Sources/Conversion.cpp:9:
In file included from /host/spi-builder-workspace/.build/checkouts/TOMLKit/Sources/CTOML/Sources/Conversion.hpp:12:
/host/spi-builder-workspace/.build/checkouts/TOMLKit/Sources/CTOML/Sources/toml.hpp:16229:33: error: implicit instantiation of undefined template 'std::basic_ifstream<char>'
16229 | file.open(file_path_str, std::ifstream::in | std::ifstream::binary | std::ifstream::ate);
| ^
/root/.swiftpm/swift-sdks/swift-wasm-6.1-RELEASE-wasm32-unknown-wasi.artifactbundle/6.1-RELEASE-wasm32-unknown-wasi/wasm32-unknown-wasi/WASI.sdk/include/c++/v1/__fwd/fstream.h:24:28: note: template is declared here
24 | class _LIBCPP_TEMPLATE_VIS basic_ifstream;
| ^
In file included from /host/spi-builder-workspace/.build/checkouts/TOMLKit/Sources/CTOML/Sources/Conversion.cpp:9:
In file included from /host/spi-builder-workspace/.build/checkouts/TOMLKit/Sources/CTOML/Sources/Conversion.hpp:12:
/host/spi-builder-workspace/.build/checkouts/TOMLKit/Sources/CTOML/Sources/toml.hpp:16229:53: error: implicit instantiation of undefined template 'std::basic_ifstream<char>'
16229 | file.open(file_path_str, std::ifstream::in | std::ifstream::binary | std::ifstream::ate);
| ^
/root/.swiftpm/swift-sdks/swift-wasm-6.1-RELEASE-wasm32-unknown-wasi.artifactbundle/6.1-RELEASE-wasm32-unknown-wasi/wasm32-unknown-wasi/WASI.sdk/include/c++/v1/__fwd/fstream.h:24:28: note: template is declared here
24 | class _LIBCPP_TEMPLATE_VIS basic_ifstream;
| ^
In file included from /host/spi-builder-workspace/.build/checkouts/TOMLKit/Sources/CTOML/Sources/Conversion.cpp:9:
In file included from /host/spi-builder-workspace/.build/checkouts/TOMLKit/Sources/CTOML/Sources/Conversion.hpp:12:
/host/spi-builder-workspace/.build/checkouts/TOMLKit/Sources/CTOML/Sources/toml.hpp:16229:77: error: implicit instantiation of undefined template 'std::basic_ifstream<char>'
16229 | file.open(file_path_str, std::ifstream::in | std::ifstream::binary | std::ifstream::ate);
| ^
/root/.swiftpm/swift-sdks/swift-wasm-6.1-RELEASE-wasm32-unknown-wasi.artifactbundle/6.1-RELEASE-wasm32-unknown-wasi/wasm32-unknown-wasi/WASI.sdk/include/c++/v1/__fwd/fstream.h:24:28: note: template is declared here
24 | class _LIBCPP_TEMPLATE_VIS basic_ifstream;
| ^
In file included from /host/spi-builder-workspace/.build/checkouts/TOMLKit/Sources/CTOML/Sources/Conversion.cpp:9:
In file included from /host/spi-builder-workspace/.build/checkouts/TOMLKit/Sources/CTOML/Sources/Conversion.hpp:12:
/host/spi-builder-workspace/.build/checkouts/TOMLKit/Sources/CTOML/Sources/toml.hpp:16238:22: error: implicit instantiation of undefined template 'std::basic_ifstream<char>'
16238 | file.seekg(0, std::ifstream::beg);
| ^
/root/.swiftpm/swift-sdks/swift-wasm-6.1-RELEASE-wasm32-unknown-wasi.artifactbundle/6.1-RELEASE-wasm32-unknown-wasi/wasm32-unknown-wasi/WASI.sdk/include/c++/v1/__fwd/fstream.h:24:28: note: template is declared here
24 | class _LIBCPP_TEMPLATE_VIS basic_ifstream;
| ^
5 errors generated.
[6/53] Compiling Conversion.cpp
[6/53] Compiling Table.cpp
[7/53] Emitting module SwiftSyntax602
In file included from /host/spi-builder-workspace/.build/checkouts/TOMLKit/Sources/CTOML/Sources/Date&Time&DateTime.cpp:2:
In file included from /host/spi-builder-workspace/.build/checkouts/TOMLKit/Sources/CTOML/Sources/Conversion.hpp:12:
/host/spi-builder-workspace/.build/checkouts/TOMLKit/Sources/CTOML/Sources/toml.hpp:16223:17: error: implicit instantiation of undefined template 'std::basic_ifstream<char>'
16223 | std::ifstream file;
| ^
/root/.swiftpm/swift-sdks/swift-wasm-6.1-RELEASE-wasm32-unknown-wasi.artifactbundle/6.1-RELEASE-wasm32-unknown-wasi/wasm32-unknown-wasi/WASI.sdk/include/c++/v1/__fwd/fstream.h:24:28: note: template is declared here
24 | class _LIBCPP_TEMPLATE_VIS basic_ifstream;
| ^
In file included from /host/spi-builder-workspace/.build/checkouts/TOMLKit/Sources/CTOML/Sources/Date&Time&DateTime.cpp:2:
In file included from /host/spi-builder-workspace/.build/checkouts/TOMLKit/Sources/CTOML/Sources/Conversion.hpp:12:
/host/spi-builder-workspace/.build/checkouts/TOMLKit/Sources/CTOML/Sources/toml.hpp:16229:33: error: implicit instantiation of undefined template 'std::basic_ifstream<char>'
16229 | file.open(file_path_str, std::ifstream::in | std::ifstream::binary | std::ifstream::ate);
| ^
/root/.swiftpm/swift-sdks/swift-wasm-6.1-RELEASE-wasm32-unknown-wasi.artifactbundle/6.1-RELEASE-wasm32-unknown-wasi/wasm32-unknown-wasi/WASI.sdk/include/c++/v1/__fwd/fstream.h:24:28: note: template is declared here
24 | class _LIBCPP_TEMPLATE_VIS basic_ifstream;
| ^
In file included from /host/spi-builder-workspace/.build/checkouts/TOMLKit/Sources/CTOML/Sources/Date&Time&DateTime.cpp:2:
In file included from /host/spi-builder-workspace/.build/checkouts/TOMLKit/Sources/CTOML/Sources/Conversion.hpp:12:
/host/spi-builder-workspace/.build/checkouts/TOMLKit/Sources/CTOML/Sources/toml.hpp:16229:53: error: implicit instantiation of undefined template 'std::basic_ifstream<char>'
16229 | file.open(file_path_str, std::ifstream::in | std::ifstream::binary | std::ifstream::ate);
| ^
/root/.swiftpm/swift-sdks/swift-wasm-6.1-RELEASE-wasm32-unknown-wasi.artifactbundle/6.1-RELEASE-wasm32-unknown-wasi/wasm32-unknown-wasi/WASI.sdk/include/c++/v1/__fwd/fstream.h:24:28: note: template is declared here
24 | class _LIBCPP_TEMPLATE_VIS basic_ifstream;
| ^
In file included from /host/spi-builder-workspace/.build/checkouts/TOMLKit/Sources/CTOML/Sources/Date&Time&DateTime.cpp:2:
In file included from /host/spi-builder-workspace/.build/checkouts/TOMLKit/Sources/CTOML/Sources/Conversion.hpp:12:
/host/spi-builder-workspace/.build/checkouts/TOMLKit/Sources/CTOML/Sources/toml.hpp:16229:77: error: implicit instantiation of undefined template 'std::basic_ifstream<char>'
16229 | file.open(file_path_str, std::ifstream::in | std::ifstream::binary | std::ifstream::ate);
| ^
/root/.swiftpm/swift-sdks/swift-wasm-6.1-RELEASE-wasm32-unknown-wasi.artifactbundle/6.1-RELEASE-wasm32-unknown-wasi/wasm32-unknown-wasi/WASI.sdk/include/c++/v1/__fwd/fstream.h:24:28: note: template is declared here
24 | class _LIBCPP_TEMPLATE_VIS basic_ifstream;
| ^
In file included from /host/spi-builder-workspace/.build/checkouts/TOMLKit/Sources/CTOML/Sources/Date&Time&DateTime.cpp:2:
In file included from /host/spi-builder-workspace/.build/checkouts/TOMLKit/Sources/CTOML/Sources/Conversion.hpp:12:
/host/spi-builder-workspace/.build/checkouts/TOMLKit/Sources/CTOML/Sources/toml.hpp:16238:22: error: implicit instantiation of undefined template 'std::basic_ifstream<char>'
16238 | file.seekg(0, std::ifstream::beg);
| ^
/root/.swiftpm/swift-sdks/swift-wasm-6.1-RELEASE-wasm32-unknown-wasi.artifactbundle/6.1-RELEASE-wasm32-unknown-wasi/wasm32-unknown-wasi/WASI.sdk/include/c++/v1/__fwd/fstream.h:24:28: note: template is declared here
24 | class _LIBCPP_TEMPLATE_VIS basic_ifstream;
| ^
[7/53] Compiling Date&Time&DateTime.cpp
In file included from /host/spi-builder-workspace/.build/checkouts/TOMLKit/Sources/CTOML/Sources/Node.cpp:7:
In file included from /host/spi-builder-workspace/.build/checkouts/TOMLKit/Sources/CTOML/Sources/Conversion.hpp:12:
/host/spi-builder-workspace/.build/checkouts/TOMLKit/Sources/CTOML/Sources/toml.hpp:16223:17: error: implicit instantiation of undefined template 'std::basic_ifstream<char>'
16223 | std::ifstream file;
| ^
/root/.swiftpm/swift-sdks/swift-wasm-6.1-RELEASE-wasm32-unknown-wasi.artifactbundle/6.1-RELEASE-wasm32-unknown-wasi/wasm32-unknown-wasi/WASI.sdk/include/c++/v1/__fwd/fstream.h:24:28: note: template is declared here
24 | class _LIBCPP_TEMPLATE_VIS basic_ifstream;
| ^
In file included from /host/spi-builder-workspace/.build/checkouts/TOMLKit/Sources/CTOML/Sources/Node.cpp:7:
In file included from /host/spi-builder-workspace/.build/checkouts/TOMLKit/Sources/CTOML/Sources/Conversion.hpp:12:
/host/spi-builder-workspace/.build/checkouts/TOMLKit/Sources/CTOML/Sources/toml.hpp:16229:33: error: implicit instantiation of undefined template 'std::basic_ifstream<char>'
16229 | file.open(file_path_str, std::ifstream::in | std::ifstream::binary | std::ifstream::ate);
| ^
/root/.swiftpm/swift-sdks/swift-wasm-6.1-RELEASE-wasm32-unknown-wasi.artifactbundle/6.1-RELEASE-wasm32-unknown-wasi/wasm32-unknown-wasi/WASI.sdk/include/c++/v1/__fwd/fstream.h:24:28: note: template is declared here
24 | class _LIBCPP_TEMPLATE_VIS basic_ifstream;
| ^
In file included from /host/spi-builder-workspace/.build/checkouts/TOMLKit/Sources/CTOML/Sources/Node.cpp:7:
In file included from /host/spi-builder-workspace/.build/checkouts/TOMLKit/Sources/CTOML/Sources/Conversion.hpp:12:
/host/spi-builder-workspace/.build/checkouts/TOMLKit/Sources/CTOML/Sources/toml.hpp:16229:53: error: implicit instantiation of undefined template 'std::basic_ifstream<char>'
16229 | file.open(file_path_str, std::ifstream::in | std::ifstream::binary | std::ifstream::ate);
| ^
/root/.swiftpm/swift-sdks/swift-wasm-6.1-RELEASE-wasm32-unknown-wasi.artifactbundle/6.1-RELEASE-wasm32-unknown-wasi/wasm32-unknown-wasi/WASI.sdk/include/c++/v1/__fwd/fstream.h:24:28: note: template is declared here
24 | class _LIBCPP_TEMPLATE_VIS basic_ifstream;
| ^
In file included from /host/spi-builder-workspace/.build/checkouts/TOMLKit/Sources/CTOML/Sources/Node.cpp:7:
In file included from /host/spi-builder-workspace/.build/checkouts/TOMLKit/Sources/CTOML/Sources/Conversion.hpp:12:
/host/spi-builder-workspace/.build/checkouts/TOMLKit/Sources/CTOML/Sources/toml.hpp:16229:77: error: implicit instantiation of undefined template 'std::basic_ifstream<char>'
16229 | file.open(file_path_str, std::ifstream::in | std::ifstream::binary | std::ifstream::ate);
| ^
/root/.swiftpm/swift-sdks/swift-wasm-6.1-RELEASE-wasm32-unknown-wasi.artifactbundle/6.1-RELEASE-wasm32-unknown-wasi/wasm32-unknown-wasi/WASI.sdk/include/c++/v1/__fwd/fstream.h:24:28: note: template is declared here
24 | class _LIBCPP_TEMPLATE_VIS basic_ifstream;
| ^
In file included from /host/spi-builder-workspace/.build/checkouts/TOMLKit/Sources/CTOML/Sources/Node.cpp:7:
In file included from /host/spi-builder-workspace/.build/checkouts/TOMLKit/Sources/CTOML/Sources/Conversion.hpp:12:
/host/spi-builder-workspace/.build/checkouts/TOMLKit/Sources/CTOML/Sources/toml.hpp:16238:22: error: implicit instantiation of undefined template 'std::basic_ifstream<char>'
16238 | file.seekg(0, std::ifstream::beg);
| ^
/root/.swiftpm/swift-sdks/swift-wasm-6.1-RELEASE-wasm32-unknown-wasi.artifactbundle/6.1-RELEASE-wasm32-unknown-wasi/wasm32-unknown-wasi/WASI.sdk/include/c++/v1/__fwd/fstream.h:24:28: note: template is declared here
24 | class _LIBCPP_TEMPLATE_VIS basic_ifstream;
| ^
In file included from /host/spi-builder-workspace/.build/checkouts/TOMLKit/Sources/CTOML/Sources/Array.cpp:7:
In file included from /host/spi-builder-workspace/.build/checkouts/TOMLKit/Sources/CTOML/Sources/Conversion.hpp:12:
/host/spi-builder-workspace/.build/checkouts/TOMLKit/Sources/CTOML/Sources/toml.hpp:16223:17: error: implicit instantiation of undefined template 'std::basic_ifstream<char>'
16223 | std::ifstream file;
| ^
/root/.swiftpm/swift-sdks/swift-wasm-6.1-RELEASE-wasm32-unknown-wasi.artifactbundle/6.1-RELEASE-wasm32-unknown-wasi/wasm32-unknown-wasi/WASI.sdk/include/c++/v1/__fwd/fstream.h:24:28: note: template is declared here
24 | class _LIBCPP_TEMPLATE_VIS basic_ifstream;
| ^
In file included from /host/spi-builder-workspace/.build/checkouts/TOMLKit/Sources/CTOML/Sources/Array.cpp:7:
In file included from /host/spi-builder-workspace/.build/checkouts/TOMLKit/Sources/CTOML/Sources/Conversion.hpp:12:
/host/spi-builder-workspace/.build/checkouts/TOMLKit/Sources/CTOML/Sources/toml.hpp:16229:33: error: implicit instantiation of undefined template 'std::basic_ifstream<char>'
16229 | file.open(file_path_str, std::ifstream::in | std::ifstream::binary | std::ifstream::ate);
| ^
/root/.swiftpm/swift-sdks/swift-wasm-6.1-RELEASE-wasm32-unknown-wasi.artifactbundle/6.1-RELEASE-wasm32-unknown-wasi/wasm32-unknown-wasi/WASI.sdk/include/c++/v1/__fwd/fstream.h:24:28: note: template is declared here
24 | class _LIBCPP_TEMPLATE_VIS basic_ifstream;
| ^
In file included from /host/spi-builder-workspace/.build/checkouts/TOMLKit/Sources/CTOML/Sources/Array.cpp:7:
In file included from /host/spi-builder-workspace/.build/checkouts/TOMLKit/Sources/CTOML/Sources/Conversion.hpp:12:
/host/spi-builder-workspace/.build/checkouts/TOMLKit/Sources/CTOML/Sources/toml.hpp:16229:53: error: implicit instantiation of undefined template 'std::basic_ifstream<char>'
16229 | file.open(file_path_str, std::ifstream::in | std::ifstream::binary | std::ifstream::ate);
| ^
/root/.swiftpm/swift-sdks/swift-wasm-6.1-RELEASE-wasm32-unknown-wasi.artifactbundle/6.1-RELEASE-wasm32-unknown-wasi/wasm32-unknown-wasi/WASI.sdk/include/c++/v1/__fwd/fstream.h:24:28: note: template is declared here
24 | class _LIBCPP_TEMPLATE_VIS basic_ifstream;
| ^
In file included from /host/spi-builder-workspace/.build/checkouts/TOMLKit/Sources/CTOML/Sources/Array.cpp:7:
In file included from /host/spi-builder-workspace/.build/checkouts/TOMLKit/Sources/CTOML/Sources/Conversion.hpp:12:
/host/spi-builder-workspace/.build/checkouts/TOMLKit/Sources/CTOML/Sources/toml.hpp:16229:77: error: implicit instantiation of undefined template 'std::basic_ifstream<char>'
16229 | file.open(file_path_str, std::ifstream::in | std::ifstream::binary | std::ifstream::ate);
| ^
/root/.swiftpm/swift-sdks/swift-wasm-6.1-RELEASE-wasm32-unknown-wasi.artifactbundle/6.1-RELEASE-wasm32-unknown-wasi/wasm32-unknown-wasi/WASI.sdk/include/c++/v1/__fwd/fstream.h:24:28: note: template is declared here
24 | class _LIBCPP_TEMPLATE_VIS basic_ifstream;
| ^
In file included from /host/spi-builder-workspace/.build/checkouts/TOMLKit/Sources/CTOML/Sources/Array.cpp:7:
In file included from /host/spi-builder-workspace/.build/checkouts/TOMLKit/Sources/CTOML/Sources/Conversion.hpp:12:
/host/spi-builder-workspace/.build/checkouts/TOMLKit/Sources/CTOML/Sources/toml.hpp:16238:22: error: implicit instantiation of undefined template 'std::basic_ifstream<char>'
16238 | file.seekg(0, std::ifstream::beg);
| ^
/root/.swiftpm/swift-sdks/swift-wasm-6.1-RELEASE-wasm32-unknown-wasi.artifactbundle/6.1-RELEASE-wasm32-unknown-wasi/wasm32-unknown-wasi/WASI.sdk/include/c++/v1/__fwd/fstream.h:24:28: note: template is declared here
24 | class _LIBCPP_TEMPLATE_VIS basic_ifstream;
| ^
In file included from /host/spi-builder-workspace/.build/checkouts/TOMLKit/Sources/CTOML/Sources/Table.cpp:7:
In file included from /host/spi-builder-workspace/.build/checkouts/TOMLKit/Sources/CTOML/Sources/Conversion.hpp:12:
/host/spi-builder-workspace/.build/checkouts/TOMLKit/Sources/CTOML/Sources/toml.hpp:16223:17: error: implicit instantiation of undefined template 'std::basic_ifstream<char>'
16223 | std::ifstream file;
| ^
/root/.swiftpm/swift-sdks/swift-wasm-6.1-RELEASE-wasm32-unknown-wasi.artifactbundle/6.1-RELEASE-wasm32-unknown-wasi/wasm32-unknown-wasi/WASI.sdk/include/c++/v1/__fwd/fstream.h:24:28: note: template is declared here
24 | class _LIBCPP_TEMPLATE_VIS basic_ifstream;
| ^
In file included from /host/spi-builder-workspace/.build/checkouts/TOMLKit/Sources/CTOML/Sources/Table.cpp:7:
In file included from /host/spi-builder-workspace/.build/checkouts/TOMLKit/Sources/CTOML/Sources/Conversion.hpp:12:
/host/spi-builder-workspace/.build/checkouts/TOMLKit/Sources/CTOML/Sources/toml.hpp:16229:33: error: implicit instantiation of undefined template 'std::basic_ifstream<char>'
16229 | file.open(file_path_str, std::ifstream::in | std::ifstream::binary | std::ifstream::ate);
| ^
/root/.swiftpm/swift-sdks/swift-wasm-6.1-RELEASE-wasm32-unknown-wasi.artifactbundle/6.1-RELEASE-wasm32-unknown-wasi/wasm32-unknown-wasi/WASI.sdk/include/c++/v1/__fwd/fstream.h:24:28: note: template is declared here
24 | class _LIBCPP_TEMPLATE_VIS basic_ifstream;
| ^
In file included from /host/spi-builder-workspace/.build/checkouts/TOMLKit/Sources/CTOML/Sources/Table.cpp:7:
In file included from /host/spi-builder-workspace/.build/checkouts/TOMLKit/Sources/CTOML/Sources/Conversion.hpp:12:
/host/spi-builder-workspace/.build/checkouts/TOMLKit/Sources/CTOML/Sources/toml.hpp:16229:53: error: implicit instantiation of undefined template 'std::basic_ifstream<char>'
16229 | file.open(file_path_str, std::ifstream::in | std::ifstream::binary | std::ifstream::ate);
| ^
/root/.swiftpm/swift-sdks/swift-wasm-6.1-RELEASE-wasm32-unknown-wasi.artifactbundle/6.1-RELEASE-wasm32-unknown-wasi/wasm32-unknown-wasi/WASI.sdk/include/c++/v1/__fwd/fstream.h:24:28: note: template is declared here
24 | class _LIBCPP_TEMPLATE_VIS basic_ifstream;
| ^
In file included from /host/spi-builder-workspace/.build/checkouts/TOMLKit/Sources/CTOML/Sources/Table.cpp:7:
In file included from /host/spi-builder-workspace/.build/checkouts/TOMLKit/Sources/CTOML/Sources/Conversion.hpp:12:
/host/spi-builder-workspace/.build/checkouts/TOMLKit/Sources/CTOML/Sources/toml.hpp:16229:77: error: implicit instantiation of undefined template 'std::basic_ifstream<char>'
16229 | file.open(file_path_str, std::ifstream::in | std::ifstream::binary | std::ifstream::ate);
| ^
/root/.swiftpm/swift-sdks/swift-wasm-6.1-RELEASE-wasm32-unknown-wasi.artifactbundle/6.1-RELEASE-wasm32-unknown-wasi/wasm32-unknown-wasi/WASI.sdk/include/c++/v1/__fwd/fstream.h:24:28: note: template is declared here
24 | class _LIBCPP_TEMPLATE_VIS basic_ifstream;
| ^
In file included from /host/spi-builder-workspace/.build/checkouts/TOMLKit/Sources/CTOML/Sources/Table.cpp:7:
In file included from /host/spi-builder-workspace/.build/checkouts/TOMLKit/Sources/CTOML/Sources/Conversion.hpp:12:
/host/spi-builder-workspace/.build/checkouts/TOMLKit/Sources/CTOML/Sources/toml.hpp:16238:22: error: implicit instantiation of undefined template 'std::basic_ifstream<char>'
16238 | file.seekg(0, std::ifstream::beg);
| ^
/root/.swiftpm/swift-sdks/swift-wasm-6.1-RELEASE-wasm32-unknown-wasi.artifactbundle/6.1-RELEASE-wasm32-unknown-wasi/wasm32-unknown-wasi/WASI.sdk/include/c++/v1/__fwd/fstream.h:24:28: note: template is declared here
24 | class _LIBCPP_TEMPLATE_VIS basic_ifstream;
| ^
[7/53] Compiling Array.cpp
[7/53] Compiling Node.cpp
[7/53] Compiling Table.cpp
BUILD FAILURE 6.1 wasm