The Swift Package Index logo.Swift Package Index

Build Information

Failed to build ComposablePipelines, reference main (cbacf2), with Swift 6.3 for Wasm on 28 Sep 2026 13:40:27 UTC.

Build Command

bash -c docker run --pull=always --rm -v "checkouts-53886770-1":/host -w "$PWD" -e JAVA_HOME="/root/.sdkman/candidates/java/current" -e SPI_BUILD="1" -e SPI_PROCESSING="1" registry.gitlab.com/saguaro1/spi-images:wasm-6.3-latest swift build --swift-sdk swift-6.3.2-RELEASE_wasm 2>&1

Build Log

========================================
RunAll
========================================
Builder version: 5.1.0
Interrupt handler set up.
========================================
Checkout
========================================
Clone URL: https://github.com/MacPaw/ComposablePipelines.git
Reference: main
Initialized empty Git repository in /host/spi-builder-workspace/.git/
hint: Using 'master' as the name for the initial branch. This default branch name
hint: is subject to change. To configure the initial branch name to use in all
hint: of your new repositories, which will suppress this warning, call:
hint:
hint: 	git config --global init.defaultBranch <name>
hint:
hint: Names commonly chosen instead of 'master' are 'main', 'trunk' and
hint: 'development'. The just-created branch can be renamed via this command:
hint:
hint: 	git branch -m <name>
From https://github.com/MacPaw/ComposablePipelines
 * branch            main       -> FETCH_HEAD
 * [new branch]      main       -> origin/main
HEAD is now at cbacf26 Merge pull request #24 from MacPaw/chore/copyright-macpaw-way-ltd
Cloned https://github.com/MacPaw/ComposablePipelines.git
Revision (git rev-parse @):
cbacf26605c4fda799ae9d6af80bebfd98b17b18
SUCCESS checkout https://github.com/MacPaw/ComposablePipelines.git at main
========================================
Build
========================================
Selected platform:         wasm
Swift version:             6.3
Building package at path:  $PWD
https://github.com/MacPaw/ComposablePipelines.git
Running build ...
bash -c docker run --pull=always --rm -v "checkouts-53886770-1":/host -w "$PWD" -e JAVA_HOME="/root/.sdkman/candidates/java/current" -e SPI_BUILD="1" -e SPI_PROCESSING="1" registry.gitlab.com/saguaro1/spi-images:wasm-6.3-latest swift build --swift-sdk swift-6.3.2-RELEASE_wasm 2>&1
wasm-6.3-latest: Pulling from saguaro1/spi-images
Digest: sha256:253aad7f5b11d25cf9eaef34120b94cd8a325782929c57fb304a7711494a3f9a
Status: Image is up to date for registry.gitlab.com/saguaro1/spi-images:wasm-6.3-latest
Fetching https://github.com/swiftlang/swift-syntax
[1/80070] Fetching swift-syntax
Fetched https://github.com/swiftlang/swift-syntax from cache (3.40s)
Computing version for https://github.com/swiftlang/swift-syntax
Computed https://github.com/swiftlang/swift-syntax at 600.0.1 (4.38s)
Creating working copy for https://github.com/swiftlang/swift-syntax
Working copy of https://github.com/swiftlang/swift-syntax resolved at 600.0.1
Building for debugging...
[0/57] Write sources
[25/57] Compiling _SwiftSyntaxCShims dummy.c
[26/57] Write swift-version-24593BA9C3E375BF.txt
[28/92] Emitting module SwiftSyntax600
[29/92] Emitting module SwiftSyntax510
error: emit-module command failed with exit code 1 (use -v to see invocation)
[30/92] Emitting module PipelineAST
/host/spi-builder-workspace/PipelineAST/Lock.swift:29:45: error: cannot find type 'pthread_mutex_t' in scope
27 |     public func unlock() { unfair.unlock() }
28 |     #else
29 |     private let mutex: UnsafeMutablePointer<pthread_mutex_t>
   |                                             `- error: cannot find type 'pthread_mutex_t' in scope
30 |
31 |     public init() {
[31/96] Compiling SwiftSyntax510 Empty.swift
[32/97] Wrapping AST for SwiftSyntax510 for debugging
[34/97] Compiling SwiftSyntax600 Empty.swift
[36/98] Compiling SwiftSyntax509 Empty.swift
[37/98] Emitting module SwiftSyntax509
[37/99] Wrapping AST for SwiftSyntax600 for debugging
[39/99] Wrapping AST for SwiftSyntax509 for debugging
[41/163] Compiling SwiftSyntax RawSyntaxNodesEF.swift
[42/163] Compiling SwiftSyntax RawSyntaxNodesGHI.swift
[43/163] Compiling SwiftSyntax RawSyntaxNodesJKLMN.swift
[44/163] Compiling SwiftSyntax RawSyntaxNodesOP.swift
[45/163] Compiling SwiftSyntax SyntaxTraits.swift
[46/163] Compiling SwiftSyntax SyntaxVisitor.swift
[47/163] Compiling SwiftSyntax TokenKind.swift
[48/163] Compiling SwiftSyntax Tokens.swift
[49/163] Compiling SwiftSyntax AbsolutePosition.swift
[50/163] Compiling SwiftSyntax AbsoluteRawSyntax.swift
[51/163] Compiling SwiftSyntax AbsoluteSyntaxInfo.swift
[52/163] Compiling SwiftSyntax Assert.swift
[53/163] Compiling SwiftSyntax TriviaPieces.swift
[54/163] Compiling SwiftSyntax RawSyntaxNodesAB.swift
[55/163] Compiling SwiftSyntax RawSyntaxNodesC.swift
[56/163] Compiling SwiftSyntax RawSyntaxNodesD.swift
[57/163] Compiling SwiftSyntax SyntaxHashable.swift
/host/spi-builder-workspace/PipelineAST/Lock.swift:29:45: error: cannot find type 'pthread_mutex_t' in scope
27 |     public func unlock() { unfair.unlock() }
28 |     #else
29 |     private let mutex: UnsafeMutablePointer<pthread_mutex_t>
   |                                             `- error: cannot find type 'pthread_mutex_t' in scope
30 |
31 |     public init() {
/host/spi-builder-workspace/PipelineAST/Lock.swift:32:38: error: cannot find type 'pthread_mutex_t' in scope
30 |
31 |     public init() {
32 |         mutex = UnsafeMutablePointer<pthread_mutex_t>.allocate(capacity: 1)
   |                                      `- error: cannot find type 'pthread_mutex_t' in scope
33 |         pthread_mutex_init(mutex, nil)
34 |     }
/host/spi-builder-workspace/PipelineAST/Lock.swift:33:9: error: cannot find 'pthread_mutex_init' in scope
31 |     public init() {
32 |         mutex = UnsafeMutablePointer<pthread_mutex_t>.allocate(capacity: 1)
33 |         pthread_mutex_init(mutex, nil)
   |         `- error: cannot find 'pthread_mutex_init' in scope
34 |     }
35 |
/host/spi-builder-workspace/PipelineAST/Lock.swift:33:35: error: 'nil' requires a contextual type
31 |     public init() {
32 |         mutex = UnsafeMutablePointer<pthread_mutex_t>.allocate(capacity: 1)
33 |         pthread_mutex_init(mutex, nil)
   |                                   `- error: 'nil' requires a contextual type
34 |     }
35 |
/host/spi-builder-workspace/PipelineAST/Lock.swift:37:9: error: cannot find 'pthread_mutex_destroy' in scope
35 |
36 |     deinit {
37 |         pthread_mutex_destroy(mutex)
   |         `- error: cannot find 'pthread_mutex_destroy' in scope
38 |         mutex.deallocate()
39 |     }
/host/spi-builder-workspace/PipelineAST/Lock.swift:41:26: error: cannot find 'pthread_mutex_lock' in scope
39 |     }
40 |
41 |     public func lock() { pthread_mutex_lock(mutex) }
   |                          `- error: cannot find 'pthread_mutex_lock' in scope
42 |     public func unlock() { pthread_mutex_unlock(mutex) }
43 |     #endif
/host/spi-builder-workspace/PipelineAST/Lock.swift:42:28: error: cannot find 'pthread_mutex_unlock' in scope
40 |
41 |     public func lock() { pthread_mutex_lock(mutex) }
42 |     public func unlock() { pthread_mutex_unlock(mutex) }
   |                            `- error: cannot find 'pthread_mutex_unlock' in scope
43 |     #endif
44 |
[58/163] Compiling SwiftSyntax SyntaxIdentifier.swift
/host/spi-builder-workspace/PipelineAST/Lock.swift:29:45: error: cannot find type 'pthread_mutex_t' in scope
27 |     public func unlock() { unfair.unlock() }
28 |     #else
29 |     private let mutex: UnsafeMutablePointer<pthread_mutex_t>
   |                                             `- error: cannot find type 'pthread_mutex_t' in scope
30 |
31 |     public init() {
/host/spi-builder-workspace/PipelineAST/Lock.swift:32:38: error: cannot find type 'pthread_mutex_t' in scope
30 |
31 |     public init() {
32 |         mutex = UnsafeMutablePointer<pthread_mutex_t>.allocate(capacity: 1)
   |                                      `- error: cannot find type 'pthread_mutex_t' in scope
33 |         pthread_mutex_init(mutex, nil)
34 |     }
/host/spi-builder-workspace/PipelineAST/Lock.swift:33:9: error: cannot find 'pthread_mutex_init' in scope
31 |     public init() {
32 |         mutex = UnsafeMutablePointer<pthread_mutex_t>.allocate(capacity: 1)
33 |         pthread_mutex_init(mutex, nil)
   |         `- error: cannot find 'pthread_mutex_init' in scope
34 |     }
35 |
/host/spi-builder-workspace/PipelineAST/Lock.swift:33:35: error: 'nil' requires a contextual type
31 |     public init() {
32 |         mutex = UnsafeMutablePointer<pthread_mutex_t>.allocate(capacity: 1)
33 |         pthread_mutex_init(mutex, nil)
   |                                   `- error: 'nil' requires a contextual type
34 |     }
35 |
/host/spi-builder-workspace/PipelineAST/Lock.swift:37:9: error: cannot find 'pthread_mutex_destroy' in scope
35 |
36 |     deinit {
37 |         pthread_mutex_destroy(mutex)
   |         `- error: cannot find 'pthread_mutex_destroy' in scope
38 |         mutex.deallocate()
39 |     }
/host/spi-builder-workspace/PipelineAST/Lock.swift:41:26: error: cannot find 'pthread_mutex_lock' in scope
39 |     }
40 |
41 |     public func lock() { pthread_mutex_lock(mutex) }
   |                          `- error: cannot find 'pthread_mutex_lock' in scope
42 |     public func unlock() { pthread_mutex_unlock(mutex) }
43 |     #endif
/host/spi-builder-workspace/PipelineAST/Lock.swift:42:28: error: cannot find 'pthread_mutex_unlock' in scope
40 |
41 |     public func lock() { pthread_mutex_lock(mutex) }
42 |     public func unlock() { pthread_mutex_unlock(mutex) }
   |                            `- error: cannot find 'pthread_mutex_unlock' in scope
43 |     #endif
44 |
[59/163] Compiling SwiftSyntax SyntaxKind.swift
/host/spi-builder-workspace/PipelineAST/Lock.swift:29:45: error: cannot find type 'pthread_mutex_t' in scope
27 |     public func unlock() { unfair.unlock() }
28 |     #else
29 |     private let mutex: UnsafeMutablePointer<pthread_mutex_t>
   |                                             `- error: cannot find type 'pthread_mutex_t' in scope
30 |
31 |     public init() {
/host/spi-builder-workspace/PipelineAST/Lock.swift:32:38: error: cannot find type 'pthread_mutex_t' in scope
30 |
31 |     public init() {
32 |         mutex = UnsafeMutablePointer<pthread_mutex_t>.allocate(capacity: 1)
   |                                      `- error: cannot find type 'pthread_mutex_t' in scope
33 |         pthread_mutex_init(mutex, nil)
34 |     }
/host/spi-builder-workspace/PipelineAST/Lock.swift:33:9: error: cannot find 'pthread_mutex_init' in scope
31 |     public init() {
32 |         mutex = UnsafeMutablePointer<pthread_mutex_t>.allocate(capacity: 1)
33 |         pthread_mutex_init(mutex, nil)
   |         `- error: cannot find 'pthread_mutex_init' in scope
34 |     }
35 |
/host/spi-builder-workspace/PipelineAST/Lock.swift:33:35: error: 'nil' requires a contextual type
31 |     public init() {
32 |         mutex = UnsafeMutablePointer<pthread_mutex_t>.allocate(capacity: 1)
33 |         pthread_mutex_init(mutex, nil)
   |                                   `- error: 'nil' requires a contextual type
34 |     }
35 |
/host/spi-builder-workspace/PipelineAST/Lock.swift:37:9: error: cannot find 'pthread_mutex_destroy' in scope
35 |
36 |     deinit {
37 |         pthread_mutex_destroy(mutex)
   |         `- error: cannot find 'pthread_mutex_destroy' in scope
38 |         mutex.deallocate()
39 |     }
/host/spi-builder-workspace/PipelineAST/Lock.swift:41:26: error: cannot find 'pthread_mutex_lock' in scope
39 |     }
40 |
41 |     public func lock() { pthread_mutex_lock(mutex) }
   |                          `- error: cannot find 'pthread_mutex_lock' in scope
42 |     public func unlock() { pthread_mutex_unlock(mutex) }
43 |     #endif
/host/spi-builder-workspace/PipelineAST/Lock.swift:42:28: error: cannot find 'pthread_mutex_unlock' in scope
40 |
41 |     public func lock() { pthread_mutex_lock(mutex) }
42 |     public func unlock() { pthread_mutex_unlock(mutex) }
   |                            `- error: cannot find 'pthread_mutex_unlock' in scope
43 |     #endif
44 |
[60/163] Compiling SwiftSyntax SyntaxRewriter.swift
/host/spi-builder-workspace/PipelineAST/Lock.swift:29:45: error: cannot find type 'pthread_mutex_t' in scope
27 |     public func unlock() { unfair.unlock() }
28 |     #else
29 |     private let mutex: UnsafeMutablePointer<pthread_mutex_t>
   |                                             `- error: cannot find type 'pthread_mutex_t' in scope
30 |
31 |     public init() {
/host/spi-builder-workspace/PipelineAST/Lock.swift:32:38: error: cannot find type 'pthread_mutex_t' in scope
30 |
31 |     public init() {
32 |         mutex = UnsafeMutablePointer<pthread_mutex_t>.allocate(capacity: 1)
   |                                      `- error: cannot find type 'pthread_mutex_t' in scope
33 |         pthread_mutex_init(mutex, nil)
34 |     }
/host/spi-builder-workspace/PipelineAST/Lock.swift:33:9: error: cannot find 'pthread_mutex_init' in scope
31 |     public init() {
32 |         mutex = UnsafeMutablePointer<pthread_mutex_t>.allocate(capacity: 1)
33 |         pthread_mutex_init(mutex, nil)
   |         `- error: cannot find 'pthread_mutex_init' in scope
34 |     }
35 |
/host/spi-builder-workspace/PipelineAST/Lock.swift:33:35: error: 'nil' requires a contextual type
31 |     public init() {
32 |         mutex = UnsafeMutablePointer<pthread_mutex_t>.allocate(capacity: 1)
33 |         pthread_mutex_init(mutex, nil)
   |                                   `- error: 'nil' requires a contextual type
34 |     }
35 |
/host/spi-builder-workspace/PipelineAST/Lock.swift:37:9: error: cannot find 'pthread_mutex_destroy' in scope
35 |
36 |     deinit {
37 |         pthread_mutex_destroy(mutex)
   |         `- error: cannot find 'pthread_mutex_destroy' in scope
38 |         mutex.deallocate()
39 |     }
/host/spi-builder-workspace/PipelineAST/Lock.swift:41:26: error: cannot find 'pthread_mutex_lock' in scope
39 |     }
40 |
41 |     public func lock() { pthread_mutex_lock(mutex) }
   |                          `- error: cannot find 'pthread_mutex_lock' in scope
42 |     public func unlock() { pthread_mutex_unlock(mutex) }
43 |     #endif
/host/spi-builder-workspace/PipelineAST/Lock.swift:42:28: error: cannot find 'pthread_mutex_unlock' in scope
40 |
41 |     public func lock() { pthread_mutex_lock(mutex) }
42 |     public func unlock() { pthread_mutex_unlock(mutex) }
   |                            `- error: cannot find 'pthread_mutex_unlock' in scope
43 |     #endif
44 |
[61/163] Compiling SwiftSyntax SyntaxArena.swift
[62/163] Compiling SwiftSyntax SyntaxArenaAllocatedBuffer.swift
[63/163] Compiling SwiftSyntax SyntaxChildren.swift
[64/163] Compiling SwiftSyntax SyntaxCollection.swift
[65/163] Compiling SwiftSyntax BumpPtrAllocator.swift
[66/163] Compiling SwiftSyntax CommonAncestor.swift
[67/163] Compiling SwiftSyntax Convenience.swift
[68/163] Compiling SwiftSyntax CustomTraits.swift
[69/163] Compiling SwiftSyntax Identifier.swift
[70/163] Compiling SwiftSyntax SourcePresence.swift
[71/163] Compiling SwiftSyntax SwiftSyntaxCompatibility.swift
[72/163] Compiling SwiftSyntax Syntax.swift
BUILD FAILURE 6.3 wasm