Build Information
Failed to build Workflow, reference v7.0.0 (08eb59), with Swift 6.2 for Wasm on 12 Oct 2026 15:52:57 UTC.
Build Command
bash -c docker run --pull=always --rm -v "checkouts-54344845-1":/host -w "$PWD" -e JAVA_HOME="/root/.sdkman/candidates/java/current" -e SPI_BUILD="1" -e SPI_PROCESSING="1" registry.gitlab.com/saguaro1/spi-images:wasm-6.2-latest swift build --swift-sdk swift-6.2-RELEASE_wasm 2>&1Build Log
========================================
RunAll
========================================
Builder version: 5.1.1
Interrupt handler set up.
========================================
Checkout
========================================
Clone URL: https://github.com/square/workflow-swift.git
Reference: v7.0.0
Initialized empty Git repository in /host/spi-builder-workspace/.git/
hint: Using 'master' as the name for the initial branch. This default branch name
hint: is subject to change. To configure the initial branch name to use in all
hint: of your new repositories, which will suppress this warning, call:
hint:
hint: git config --global init.defaultBranch <name>
hint:
hint: Names commonly chosen instead of 'master' are 'main', 'trunk' and
hint: 'development'. The just-created branch can be renamed via this command:
hint:
hint: git branch -m <name>
From https://github.com/square/workflow-swift
* tag v7.0.0 -> FETCH_HEAD
HEAD is now at 08eb59a CLF-526: Raise platform minimums and use native Observation (#401)
Cloned https://github.com/square/workflow-swift.git
Revision (git rev-parse @):
08eb59a20b56a20a713a4ba53c1434a9751bbbf5
SUCCESS checkout https://github.com/square/workflow-swift.git at v7.0.0
========================================
Build
========================================
Selected platform: wasm
Swift version: 6.2
Building package at path: $PWD
https://github.com/square/workflow-swift.git
Running build ...
bash -c docker run --pull=always --rm -v "checkouts-54344845-1":/host -w "$PWD" -e JAVA_HOME="/root/.sdkman/candidates/java/current" -e SPI_BUILD="1" -e SPI_PROCESSING="1" registry.gitlab.com/saguaro1/spi-images:wasm-6.2-latest swift build --swift-sdk swift-6.2-RELEASE_wasm 2>&1
wasm-6.2-latest: Pulling from saguaro1/spi-images
Digest: sha256:c092ff8dc506a2a30e6239b6992792fd4f7dfaaa46cac3b3c48d8fe35e954282
Status: Image is up to date for registry.gitlab.com/saguaro1/spi-images:wasm-6.2-latest
Fetching https://github.com/pointfreeco/swift-custom-dump
Fetching https://github.com/pointfreeco/swift-identified-collections
Fetching https://github.com/pointfreeco/swift-case-paths
Fetching https://github.com/pointfreeco/swift-macro-testing
Fetching https://github.com/pointfreeco/xctest-dynamic-overlay
Fetching https://github.com/swiftlang/swift-syntax
[1/5347] Fetching swift-case-paths
[4867/6349] Fetching swift-case-paths, swift-macro-testing
[5890/12018] Fetching swift-case-paths, swift-macro-testing, swift-custom-dump
[6351/13598] Fetching swift-case-paths, swift-macro-testing, swift-custom-dump, swift-identified-collections
[6559/16325] Fetching swift-case-paths, swift-macro-testing, swift-custom-dump, swift-identified-collections, xctest-dynamic-overlay
Fetched https://github.com/pointfreeco/swift-identified-collections from cache (0.64s)
Fetching https://github.com/ReactiveX/RxSwift.git
[1/54542] Fetching rxswift
[10910/135005] Fetching rxswift, swift-syntax
Fetched https://github.com/ReactiveX/RxSwift.git from cache (3.47s)
Fetching https://github.com/ReactiveCocoa/ReactiveSwift.git
[1/52500] Fetching reactiveswift
Fetched https://github.com/pointfreeco/swift-case-paths from cache (4.92s)
Fetched https://github.com/pointfreeco/swift-custom-dump from cache (4.92s)
Fetched https://github.com/pointfreeco/swift-macro-testing from cache (4.92s)
Fetched https://github.com/pointfreeco/xctest-dynamic-overlay from cache (4.92s)
Fetched https://github.com/swiftlang/swift-syntax from cache (4.94s)
Fetched https://github.com/ReactiveCocoa/ReactiveSwift.git from cache (1.78s)
Computing version for https://github.com/ReactiveCocoa/ReactiveSwift.git
Computed https://github.com/ReactiveCocoa/ReactiveSwift.git at 7.2.1 (6.76s)
Computing version for https://github.com/pointfreeco/swift-identified-collections
Computed https://github.com/pointfreeco/swift-identified-collections at 1.1.1 (0.15s)
Fetching https://github.com/apple/swift-collections
[1/28703] Fetching swift-collections
Fetched https://github.com/apple/swift-collections from cache (1.21s)
Computing version for https://github.com/pointfreeco/swift-case-paths
Computed https://github.com/pointfreeco/swift-case-paths at 1.10.0 (2.12s)
Computing version for https://github.com/pointfreeco/xctest-dynamic-overlay
Computed https://github.com/pointfreeco/xctest-dynamic-overlay at 1.13.1 (0.21s)
Computing version for https://github.com/swiftlang/swift-syntax
Computed https://github.com/swiftlang/swift-syntax at 604.0.0 (0.26s)
Computing version for https://github.com/ReactiveX/RxSwift.git
Computed https://github.com/ReactiveX/RxSwift.git at 6.10.2 (0.20s)
Computing version for https://github.com/pointfreeco/swift-custom-dump
Computed https://github.com/pointfreeco/swift-custom-dump at 1.7.3 (0.15s)
Computing version for https://github.com/pointfreeco/swift-macro-testing
Computed https://github.com/pointfreeco/swift-macro-testing at 0.7.0 (0.14s)
Fetching https://github.com/pointfreeco/swift-snapshot-testing
[1/16501] Fetching swift-snapshot-testing
Fetched https://github.com/pointfreeco/swift-snapshot-testing from cache (2.15s)
Computing version for https://github.com/pointfreeco/swift-snapshot-testing
Computed https://github.com/pointfreeco/swift-snapshot-testing at 1.19.6 (2.31s)
Computing version for https://github.com/apple/swift-collections
Computed https://github.com/apple/swift-collections at 1.7.2 (0.31s)
Creating working copy for https://github.com/pointfreeco/xctest-dynamic-overlay
Working copy of https://github.com/pointfreeco/xctest-dynamic-overlay resolved at 1.13.1
Creating working copy for https://github.com/pointfreeco/swift-custom-dump
Working copy of https://github.com/pointfreeco/swift-custom-dump resolved at 1.7.3
Creating working copy for https://github.com/swiftlang/swift-syntax
Working copy of https://github.com/swiftlang/swift-syntax resolved at 604.0.0
Creating working copy for https://github.com/apple/swift-collections
Working copy of https://github.com/apple/swift-collections resolved at 1.7.2
Creating working copy for https://github.com/pointfreeco/swift-identified-collections
Working copy of https://github.com/pointfreeco/swift-identified-collections resolved at 1.1.1
Creating working copy for https://github.com/ReactiveX/RxSwift.git
Working copy of https://github.com/ReactiveX/RxSwift.git resolved at 6.10.2
Creating working copy for https://github.com/pointfreeco/swift-case-paths
Working copy of https://github.com/pointfreeco/swift-case-paths resolved at 1.10.0
Creating working copy for https://github.com/ReactiveCocoa/ReactiveSwift.git
Working copy of https://github.com/ReactiveCocoa/ReactiveSwift.git resolved at 7.2.1
Creating working copy for https://github.com/pointfreeco/swift-snapshot-testing
Working copy of https://github.com/pointfreeco/swift-snapshot-testing resolved at 1.19.6
Creating working copy for https://github.com/pointfreeco/swift-macro-testing
Working copy of https://github.com/pointfreeco/swift-macro-testing resolved at 0.7.0
Building for debugging...
[0/74] Write sources
[35/74] Copying PrivacyInfo.xcprivacy
[36/74] Write sources
[46/74] Compiling _SwiftSyntaxCShims PlatformMutex.c
[47/74] Write swift-version-24593BA9C3E375BF.txt
[49/92] Compiling SwiftSyntax604 Empty.swift
[50/92] Emitting module SwiftSyntax604
[52/93] Compiling SwiftSyntax602 Empty.swift
[53/93] Emitting module SwiftSyntax602
[55/94] Emitting module SwiftSyntax509
[56/94] Compiling SwiftSyntax509 Empty.swift
[58/250] Emitting module SwiftSyntax601
[59/257] Compiling SwiftSyntax601 Empty.swift
[61/307] Emitting module SwiftSyntax510
[62/307] Compiling SwiftSyntax510 Empty.swift
[63/308] Compiling SwiftSyntax603 Empty.swift
[64/308] Emitting module SwiftSyntax603
[66/314] Compiling ViewEnvironment ViewEnvironmentKey.swift
[67/337] Wrapping AST for SwiftSyntax604 for debugging
[68/337] Wrapping AST for SwiftSyntax602 for debugging
[69/337] Wrapping AST for SwiftSyntax601 for debugging
[70/337] Wrapping AST for SwiftSyntax603 for debugging
[72/337] Emitting module SwiftSyntax600
[73/337] Compiling SwiftSyntax600 Empty.swift
[73/338] Wrapping AST for SwiftSyntax510 for debugging
[75/338] Wrapping AST for SwiftSyntax509 for debugging
[77/338] Compiling InternalCollectionsUtilities UnsafeMutablePointer+Extras.swift
[78/338] Compiling InternalCollectionsUtilities UnsafeMutableRawBufferPointer+Extras.swift
[79/338] Compiling InternalCollectionsUtilities UnsafePointer+Extras.swift
[79/341] Wrapping AST for SwiftSyntax600 for debugging
[81/341] Emitting module ViewEnvironment
[82/341] Compiling ViewEnvironment ViewEnvironment.swift
[83/341] Compiling ViewEnvironment EnvironmentValues+ViewEnvironment.swift
[85/403] Compiling SwiftSyntax SyntaxNodeStructure.swift
[86/403] Compiling SwiftSyntax SyntaxProtocol.swift
[87/403] Compiling SwiftSyntax SyntaxText.swift
[88/412] Compiling SwiftSyntax RawSyntaxArena.swift
[89/412] Compiling SwiftSyntax RawSyntaxLayoutView.swift
[90/412] Compiling SwiftSyntax RawSyntaxNodeProtocol.swift
[91/412] Compiling SwiftSyntax RawSyntaxTokenView.swift
[92/412] Compiling SwiftSyntax Identifier.swift
[93/412] Compiling SwiftSyntax MemoryLayout.swift
[94/412] Compiling SwiftSyntax MissingNodeInitializers.swift
[95/412] Compiling SwiftSyntax RawSyntax.swift
[96/412] Compiling SwiftSyntax SourceEdit.swift
[97/412] Compiling SwiftSyntax AbsolutePosition.swift
[98/412] Compiling SwiftSyntax AbsoluteSyntaxInfo.swift
[99/412] Compiling SwiftSyntax ArenaAllocatedBuffer.swift
[100/412] Compiling SwiftSyntax Assert.swift
[101/412] Compiling SwiftSyntax BumpPtrAllocator.swift
[102/412] Compiling SwiftSyntax CommonAncestor.swift
[103/412] Compiling SwiftSyntax Convenience.swift
[104/412] Compiling ViewEnvironmentUI UIView+ViewEnvironmentPropagating.swift
[105/412] Emitting module ViewEnvironmentUI
[106/412] Compiling ViewEnvironmentUI ViewEnvironmentPropagationNode.swift
[107/412] Emitting module InternalCollectionsUtilities
[108/412] Compiling SwiftSyntax SourceLocation.swift
[109/412] Compiling SwiftSyntax SourcePresence.swift
[110/412] Compiling SwiftSyntax SwiftSyntaxCompatibility.swift
[111/412] Compiling SwiftSyntax Syntax.swift
[112/412] Compiling SwiftSyntax SyntaxChildren.swift
[113/412] Compiling SwiftSyntax SyntaxCollection.swift
[114/412] Compiling SwiftSyntax SyntaxHashable.swift
[115/412] Compiling SwiftSyntax SyntaxIdentifier.swift
[117/470] Compiling OrderedCollections OrderedDictionary+ExpressibleByDictionaryLiteral.swift
[118/470] Compiling OrderedCollections OrderedDictionary+Hashable.swift
[119/472] Compiling OrderedCollections OrderedDictionary+Initializers.swift
[120/472] Compiling OrderedCollections OrderedDictionary+Invariants.swift
[121/472] Compiling OrderedCollections OrderedDictionary+Move.swift
[122/472] Compiling OrderedCollections OrderedSet+Partial SetAlgebra isSuperset.swift
[123/472] Compiling OrderedCollections OrderedSet+Partial SetAlgebra subtract.swift
[124/472] Compiling OrderedCollections OrderedSet+Partial SetAlgebra subtracting.swift
[125/472] Compiling OrderedCollections OrderedSet+Partial SetAlgebra symmetricDifference.swift
[126/472] Compiling OrderedCollections OrderedSet+Partial SetAlgebra union.swift
[127/472] Compiling OrderedCollections OrderedSet+Partial SetAlgebra+Basics.swift
[128/472] Compiling OrderedCollections OrderedSet+RandomAccessCollection.swift
[129/472] Compiling OrderedCollections OrderedSet+ReserveCapacity.swift
[130/472] Compiling OrderedCollections OrderedSet+Partial SetAlgebra formSymmetricDifference.swift
[131/472] Compiling OrderedCollections OrderedSet+Partial SetAlgebra formUnion.swift
[132/472] Compiling OrderedCollections OrderedSet+Partial SetAlgebra intersection.swift
[133/472] Compiling OrderedCollections OrderedSet+Partial SetAlgebra isDisjoint.swift
[134/472] Compiling OrderedCollections OrderedSet+Partial SetAlgebra isEqualSet.swift
[135/472] Compiling OrderedCollections OrderedSet+Partial SetAlgebra isStrictSubset.swift
[136/472] Compiling OrderedCollections OrderedSet+Partial SetAlgebra isStrictSuperset.swift
[137/472] Compiling OrderedCollections OrderedSet+Partial SetAlgebra isSubset.swift
[138/479] Compiling IssueReporting WithExpectedIssue.swift
[139/479] Compiling IssueReporting WithIssueContext.swift
[140/479] Compiling OrderedCollections OrderedDictionary+Codable.swift
[141/479] Compiling OrderedCollections OrderedDictionary+CustomReflectable.swift
[142/479] Compiling OrderedCollections OrderedDictionary+Deprecations.swift
[143/479] Compiling OrderedCollections OrderedDictionary+Descriptions.swift
[144/479] Compiling OrderedCollections OrderedDictionary+Elements.SubSequence.swift
[145/479] Compiling OrderedCollections OrderedDictionary+Elements.swift
[146/479] Compiling OrderedCollections OrderedDictionary+Equatable.swift
[154/479] Compiling OrderedCollections OrderedDictionary+Sendable.swift
[155/479] Compiling OrderedCollections OrderedDictionary+Sequence.swift
[156/479] Emitting module IssueReporting
[157/479] Compiling ViewEnvironmentUI ViewEnvironmentPropagating.swift
/host/spi-builder-workspace/ViewEnvironmentUI/Sources/ViewEnvironmentPropagating.swift:259:13: error: cannot find 'objc_getAssociatedObject' in scope
257 | public var environmentAncestorOverride: EnvironmentAncestorProvider? {
258 | get {
259 | objc_getAssociatedObject(self, &AssociatedKeys.ancestorOverride) as? EnvironmentAncestorProvider
| `- error: cannot find 'objc_getAssociatedObject' in scope
260 | }
261 | set {
/host/spi-builder-workspace/ViewEnvironmentUI/Sources/ViewEnvironmentPropagating.swift:267:13: error: cannot find 'objc_setAssociatedObject' in scope
265 | "Attempting to set environment ancestor override when one is already set."
266 | )
267 | objc_setAssociatedObject(self, &AssociatedKeys.ancestorOverride, newValue, .OBJC_ASSOCIATION_RETAIN)
| `- error: cannot find 'objc_setAssociatedObject' in scope
268 | }
269 | }
/host/spi-builder-workspace/ViewEnvironmentUI/Sources/ViewEnvironmentPropagating.swift:267:89: error: cannot infer contextual base in reference to member 'OBJC_ASSOCIATION_RETAIN'
265 | "Attempting to set environment ancestor override when one is already set."
266 | )
267 | objc_setAssociatedObject(self, &AssociatedKeys.ancestorOverride, newValue, .OBJC_ASSOCIATION_RETAIN)
| `- error: cannot infer contextual base in reference to member 'OBJC_ASSOCIATION_RETAIN'
268 | }
269 | }
/host/spi-builder-workspace/ViewEnvironmentUI/Sources/ViewEnvironmentPropagating.swift:293:13: error: cannot find 'objc_getAssociatedObject' in scope
291 | public var environmentDescendantsOverride: EnvironmentDescendantsProvider? {
292 | get {
293 | objc_getAssociatedObject(self, &AssociatedKeys.descendantsOverride) as? EnvironmentDescendantsProvider
| `- error: cannot find 'objc_getAssociatedObject' in scope
294 | }
295 | set {
/host/spi-builder-workspace/ViewEnvironmentUI/Sources/ViewEnvironmentPropagating.swift:301:13: error: cannot find 'objc_setAssociatedObject' in scope
299 | "Attempting to set environment descendants override when one is already set."
300 | )
301 | objc_setAssociatedObject(self, &AssociatedKeys.descendantsOverride, newValue, .OBJC_ASSOCIATION_RETAIN)
| `- error: cannot find 'objc_setAssociatedObject' in scope
302 | }
303 | }
/host/spi-builder-workspace/ViewEnvironmentUI/Sources/ViewEnvironmentPropagating.swift:301:92: error: cannot infer contextual base in reference to member 'OBJC_ASSOCIATION_RETAIN'
299 | "Attempting to set environment descendants override when one is already set."
300 | )
301 | objc_setAssociatedObject(self, &AssociatedKeys.descendantsOverride, newValue, .OBJC_ASSOCIATION_RETAIN)
| `- error: cannot infer contextual base in reference to member 'OBJC_ASSOCIATION_RETAIN'
302 | }
303 | }
/host/spi-builder-workspace/ViewEnvironmentUI/Sources/ViewEnvironmentPropagating.swift:436:13: error: cannot find 'objc_getAssociatedObject' in scope
434 | private var needsUpdateObservers: [ViewEnvironmentUpdateObservationKey: ViewEnvironmentUpdateObservation] {
435 | get {
436 | objc_getAssociatedObject(
| `- error: cannot find 'objc_getAssociatedObject' in scope
437 | self,
438 | &AssociatedKeys.needsUpdateObservers
/host/spi-builder-workspace/ViewEnvironmentUI/Sources/ViewEnvironmentPropagating.swift:442:13: error: cannot find 'objc_setAssociatedObject' in scope
440 | }
441 | set {
442 | objc_setAssociatedObject(
| `- error: cannot find 'objc_setAssociatedObject' in scope
443 | self,
444 | &AssociatedKeys.needsUpdateObservers,
/host/spi-builder-workspace/ViewEnvironmentUI/Sources/ViewEnvironmentPropagating.swift:446:18: error: cannot infer contextual base in reference to member 'OBJC_ASSOCIATION_RETAIN_NONATOMIC'
444 | &AssociatedKeys.needsUpdateObservers,
445 | newValue,
446 | .OBJC_ASSOCIATION_RETAIN_NONATOMIC
| `- error: cannot infer contextual base in reference to member 'OBJC_ASSOCIATION_RETAIN_NONATOMIC'
447 | )
448 | }
/host/spi-builder-workspace/ViewEnvironmentUI/Sources/ViewEnvironmentPropagating.swift:453:36: error: cannot find 'objc_getAssociatedObject' in scope
451 | var needsEnvironmentUpdate: Bool {
452 | get {
453 | let associatedObject = objc_getAssociatedObject(
| `- error: cannot find 'objc_getAssociatedObject' in scope
454 | self,
455 | &AssociatedKeys.needsEnvironmentUpdate
/host/spi-builder-workspace/ViewEnvironmentUI/Sources/ViewEnvironmentPropagating.swift:460:13: error: cannot find 'objc_setAssociatedObject' in scope
458 | }
459 | set {
460 | objc_setAssociatedObject(
| `- error: cannot find 'objc_setAssociatedObject' in scope
461 | self,
462 | &AssociatedKeys.needsEnvironmentUpdate,
/host/spi-builder-workspace/ViewEnvironmentUI/Sources/ViewEnvironmentPropagating.swift:464:17: error: cannot find 'objc_AssociationPolicy' in scope
462 | &AssociatedKeys.needsEnvironmentUpdate,
463 | newValue,
464 | objc_AssociationPolicy.OBJC_ASSOCIATION_COPY
| `- error: cannot find 'objc_AssociationPolicy' in scope
465 | )
466 | }
/host/spi-builder-workspace/ViewEnvironmentUI/Sources/ViewEnvironmentPropagating.swift:513:13: error: cannot find 'objc_getAssociatedObject' in scope
511 | fileprivate var customizations: [StoredViewEnvironmentCustomization] {
512 | get {
513 | objc_getAssociatedObject(
| `- error: cannot find 'objc_getAssociatedObject' in scope
514 | self,
515 | &AssociatedKeys.customizations
/host/spi-builder-workspace/ViewEnvironmentUI/Sources/ViewEnvironmentPropagating.swift:519:13: error: cannot find 'objc_setAssociatedObject' in scope
517 | }
518 | set {
519 | objc_setAssociatedObject(
| `- error: cannot find 'objc_setAssociatedObject' in scope
520 | self,
521 | &AssociatedKeys.customizations,
/host/spi-builder-workspace/ViewEnvironmentUI/Sources/ViewEnvironmentPropagating.swift:523:18: error: cannot infer contextual base in reference to member 'OBJC_ASSOCIATION_RETAIN_NONATOMIC'
521 | &AssociatedKeys.customizations,
522 | newValue,
523 | .OBJC_ASSOCIATION_RETAIN_NONATOMIC
| `- error: cannot infer contextual base in reference to member 'OBJC_ASSOCIATION_RETAIN_NONATOMIC'
524 | )
525 | }
[158/479] Compiling ViewEnvironmentUI UIViewController+ViewEnvironmentPropagating.swift
[159/479] Compiling ViewEnvironmentUI ViewEnvironmentObserving.swift
[160/479] Compiling OrderedCollections OrderedSet+Initializers.swift
/host/spi-builder-workspace/.build/checkouts/ReactiveSwift/Sources/Action.swift:1:8: error: no such module 'Dispatch'
1 | import Dispatch
| `- error: no such module 'Dispatch'
2 | import Foundation
3 |
[161/479] Compiling OrderedCollections OrderedSet+Insertions.swift
/host/spi-builder-workspace/.build/checkouts/ReactiveSwift/Sources/Action.swift:1:8: error: no such module 'Dispatch'
1 | import Dispatch
| `- error: no such module 'Dispatch'
2 | import Foundation
3 |
[162/479] Compiling OrderedCollections OrderedSet+Invariants.swift
/host/spi-builder-workspace/.build/checkouts/ReactiveSwift/Sources/Action.swift:1:8: error: no such module 'Dispatch'
1 | import Dispatch
| `- error: no such module 'Dispatch'
2 | import Foundation
3 |
[163/479] Compiling OrderedCollections OrderedSet+Move.swift
/host/spi-builder-workspace/.build/checkouts/ReactiveSwift/Sources/Action.swift:1:8: error: no such module 'Dispatch'
1 | import Dispatch
| `- error: no such module 'Dispatch'
2 | import Foundation
3 |
[164/479] Compiling OrderedCollections OrderedSet+Partial MutableCollection.swift
/host/spi-builder-workspace/.build/checkouts/ReactiveSwift/Sources/Action.swift:1:8: error: no such module 'Dispatch'
1 | import Dispatch
| `- error: no such module 'Dispatch'
2 | import Foundation
3 |
[165/479] Compiling OrderedCollections OrderedSet+Partial RangeReplaceableCollection.swift
/host/spi-builder-workspace/.build/checkouts/ReactiveSwift/Sources/Action.swift:1:8: error: no such module 'Dispatch'
1 | import Dispatch
| `- error: no such module 'Dispatch'
2 | import Foundation
3 |
[166/479] Compiling OrderedCollections OrderedSet+Partial SetAlgebra formIntersection.swift
/host/spi-builder-workspace/.build/checkouts/ReactiveSwift/Sources/Action.swift:1:8: error: no such module 'Dispatch'
1 | import Dispatch
| `- error: no such module 'Dispatch'
2 | import Foundation
3 |
/host/spi-builder-workspace/.build/checkouts/ReactiveSwift/Sources/Action.swift:1:8: error: no such module 'Dispatch'
1 | import Dispatch
| `- error: no such module 'Dispatch'
2 | import Foundation
3 |
/host/spi-builder-workspace/.build/checkouts/ReactiveSwift/Sources/Action.swift:1:8: error: no such module 'Dispatch'
1 | import Dispatch
| `- error: no such module 'Dispatch'
2 | import Foundation
3 |
/host/spi-builder-workspace/.build/checkouts/ReactiveSwift/Sources/Action.swift:1:8: error: no such module 'Dispatch'
1 | import Dispatch
| `- error: no such module 'Dispatch'
2 | import Foundation
3 |
/host/spi-builder-workspace/.build/checkouts/ReactiveSwift/Sources/Action.swift:1:8: error: no such module 'Dispatch'
1 | import Dispatch
| `- error: no such module 'Dispatch'
2 | import Foundation
3 |
/host/spi-builder-workspace/.build/checkouts/ReactiveSwift/Sources/Action.swift:1:8: error: no such module 'Dispatch'
1 | import Dispatch
| `- error: no such module 'Dispatch'
2 | import Foundation
3 |
[172/479] Compiling OrderedCollections OrderedSet+CustomReflectable.swift
/host/spi-builder-workspace/.build/checkouts/ReactiveSwift/Sources/Action.swift:1:8: error: no such module 'Dispatch'
1 | import Dispatch
| `- error: no such module 'Dispatch'
2 | import Foundation
3 |
[173/479] Compiling OrderedCollections OrderedSet+Descriptions.swift
/host/spi-builder-workspace/.build/checkouts/ReactiveSwift/Sources/Action.swift:1:8: error: no such module 'Dispatch'
1 | import Dispatch
| `- error: no such module 'Dispatch'
2 | import Foundation
3 |
[174/479] Compiling OrderedCollections OrderedSet+Diffing.swift
/host/spi-builder-workspace/.build/checkouts/ReactiveSwift/Sources/Action.swift:1:8: error: no such module 'Dispatch'
1 | import Dispatch
| `- error: no such module 'Dispatch'
2 | import Foundation
3 |
[175/479] Compiling OrderedCollections OrderedSet+Equatable.swift
/host/spi-builder-workspace/.build/checkouts/ReactiveSwift/Sources/Action.swift:1:8: error: no such module 'Dispatch'
1 | import Dispatch
| `- error: no such module 'Dispatch'
2 | import Foundation
3 |
[176/479] Compiling OrderedCollections OrderedSet+ExpressibleByArrayLiteral.swift
/host/spi-builder-workspace/.build/checkouts/ReactiveSwift/Sources/Action.swift:1:8: error: no such module 'Dispatch'
1 | import Dispatch
| `- error: no such module 'Dispatch'
2 | import Foundation
3 |
[177/479] Compiling OrderedCollections OrderedSet+Hashable.swift
/host/spi-builder-workspace/.build/checkouts/ReactiveSwift/Sources/Action.swift:1:8: error: no such module 'Dispatch'
1 | import Dispatch
| `- error: no such module 'Dispatch'
2 | import Foundation
3 |
/host/spi-builder-workspace/.build/checkouts/ReactiveSwift/Sources/Action.swift:1:8: error: no such module 'Dispatch'
1 | import Dispatch
| `- error: no such module 'Dispatch'
2 | import Foundation
3 |
/host/spi-builder-workspace/.build/checkouts/ReactiveSwift/Sources/Action.swift:1:8: error: no such module 'Dispatch'
1 | import Dispatch
| `- error: no such module 'Dispatch'
2 | import Foundation
3 |
/host/spi-builder-workspace/.build/checkouts/ReactiveSwift/Sources/Action.swift:1:8: error: no such module 'Dispatch'
1 | import Dispatch
| `- error: no such module 'Dispatch'
2 | import Foundation
3 |
[181/479] Compiling OrderedCollections OrderedDictionary+Values.swift
/host/spi-builder-workspace/.build/checkouts/ReactiveSwift/Sources/Action.swift:1:8: error: no such module 'Dispatch'
1 | import Dispatch
| `- error: no such module 'Dispatch'
2 | import Foundation
3 |
[182/479] Compiling OrderedCollections OrderedDictionary.swift
/host/spi-builder-workspace/.build/checkouts/ReactiveSwift/Sources/Action.swift:1:8: error: no such module 'Dispatch'
1 | import Dispatch
| `- error: no such module 'Dispatch'
2 | import Foundation
3 |
[183/479] Compiling OrderedCollections OrderedSet+Codable.swift
/host/spi-builder-workspace/.build/checkouts/ReactiveSwift/Sources/Action.swift:1:8: error: no such module 'Dispatch'
1 | import Dispatch
| `- error: no such module 'Dispatch'
2 | import Foundation
3 |
[184/479] Compiling OrderedCollections _HashTable+Bucket.swift
/host/spi-builder-workspace/.build/checkouts/ReactiveSwift/Sources/Action.swift:1:8: error: no such module 'Dispatch'
1 | import Dispatch
| `- error: no such module 'Dispatch'
2 | import Foundation
3 |
[185/479] Compiling OrderedCollections _HashTable+BucketIterator.swift
/host/spi-builder-workspace/.build/checkouts/ReactiveSwift/Sources/Action.swift:1:8: error: no such module 'Dispatch'
1 | import Dispatch
| `- error: no such module 'Dispatch'
2 | import Foundation
3 |
[186/479] Compiling OrderedCollections _HashTable+Constants.swift
/host/spi-builder-workspace/.build/checkouts/ReactiveSwift/Sources/Action.swift:1:8: error: no such module 'Dispatch'
1 | import Dispatch
| `- error: no such module 'Dispatch'
2 | import Foundation
3 |
[187/479] Compiling OrderedCollections _HashTable+CustomStringConvertible.swift
/host/spi-builder-workspace/.build/checkouts/ReactiveSwift/Sources/Action.swift:1:8: error: no such module 'Dispatch'
1 | import Dispatch
| `- error: no such module 'Dispatch'
2 | import Foundation
3 |
[188/479] Compiling OrderedCollections _HashTable+Testing.swift
/host/spi-builder-workspace/.build/checkouts/ReactiveSwift/Sources/Action.swift:1:8: error: no such module 'Dispatch'
1 | import Dispatch
| `- error: no such module 'Dispatch'
2 | import Foundation
3 |
[189/479] Compiling OrderedCollections _HashTable+UnsafeHandle.swift
/host/spi-builder-workspace/.build/checkouts/ReactiveSwift/Sources/Action.swift:1:8: error: no such module 'Dispatch'
1 | import Dispatch
| `- error: no such module 'Dispatch'
2 | import Foundation
3 |
[190/479] Compiling OrderedCollections _HashTable.swift
/host/spi-builder-workspace/.build/checkouts/ReactiveSwift/Sources/Action.swift:1:8: error: no such module 'Dispatch'
1 | import Dispatch
| `- error: no such module 'Dispatch'
2 | import Foundation
3 |
error: emit-module command failed with exit code 1 (use -v to see invocation)
/root/.swiftpm/swift-sdks/swift-6.2-RELEASE_wasm.artifactbundle/swift-6.2-RELEASE_wasm/wasm32-unknown-wasip1/swift.xctoolchain/usr/lib/swift_static/CoreFoundation/CoreFoundation.h:28:10: note: while building module 'wasi_emulated_signal' imported from /root/.swiftpm/swift-sdks/swift-6.2-RELEASE_wasm.artifactbundle/swift-6.2-RELEASE_wasm/wasm32-unknown-wasip1/swift.xctoolchain/usr/lib/swift_static/CoreFoundation/CoreFoundation.h:28:
26 | #include <setjmp.h>
27 | #endif
28 | #include <signal.h>
| `- note: while building module 'wasi_emulated_signal' imported from /root/.swiftpm/swift-sdks/swift-6.2-RELEASE_wasm.artifactbundle/swift-6.2-RELEASE_wasm/wasm32-unknown-wasip1/swift.xctoolchain/usr/lib/swift_static/CoreFoundation/CoreFoundation.h:28:
29 | #include <stddef.h>
30 | #include <stdio.h>
<module-includes>:1:10: note: in file included from <module-includes>:1:
1 | #include "signal.h"
| `- note: in file included from <module-includes>:1:
2 |
/root/.swiftpm/swift-sdks/swift-6.2-RELEASE_wasm.artifactbundle/swift-6.2-RELEASE_wasm/wasm32-unknown-wasip1/WASI.sdk/include/wasm32-wasip1/signal.h:2:2: error: "wasm lacks signal support; to enable minimal signal emulation, compile with -D_WASI_EMULATED_SIGNAL and link with -lwasi-emulated-signal"
1 | #ifndef _WASI_EMULATED_SIGNAL
2 | #error "wasm lacks signal support; to enable minimal signal emulation, \
| `- error: "wasm lacks signal support; to enable minimal signal emulation, compile with -D_WASI_EMULATED_SIGNAL and link with -lwasi-emulated-signal"
3 | compile with -D_WASI_EMULATED_SIGNAL and link with -lwasi-emulated-signal"
4 | #else
<module-includes>:1:10: note: in file included from <module-includes>:1:
1 | #include "CoreFoundation.h"
| `- note: in file included from <module-includes>:1:
2 |
/root/.swiftpm/swift-sdks/swift-6.2-RELEASE_wasm.artifactbundle/swift-6.2-RELEASE_wasm/wasm32-unknown-wasip1/swift.xctoolchain/usr/lib/swift_static/CoreFoundation/CoreFoundation.h:28:10: error: could not build module 'wasi_emulated_signal'
26 | #include <setjmp.h>
27 | #endif
28 | #include <signal.h>
| `- error: could not build module 'wasi_emulated_signal'
29 | #include <stddef.h>
30 | #include <stdio.h>
/root/.swiftpm/swift-sdks/swift-6.2-RELEASE_wasm.artifactbundle/swift-6.2-RELEASE_wasm/wasm32-unknown-wasip1/swift.xctoolchain/usr/lib/swift_static/CoreFoundation/ForSwiftFoundationOnly.h:86:10: note: while building module 'wasi_emulated_mman' imported from /root/.swiftpm/swift-sdks/swift-6.2-RELEASE_wasm.artifactbundle/swift-6.2-RELEASE_wasm/wasm32-unknown-wasip1/swift.xctoolchain/usr/lib/swift_static/CoreFoundation/ForSwiftFoundationOnly.h:86:
84 | #undef _WASI_EMULATED_MMAN
85 | #define _WASI_EMULATED_MMAN
86 | #include <sys/mman.h>
| `- note: while building module 'wasi_emulated_mman' imported from /root/.swiftpm/swift-sdks/swift-6.2-RELEASE_wasm.artifactbundle/swift-6.2-RELEASE_wasm/wasm32-unknown-wasip1/swift.xctoolchain/usr/lib/swift_static/CoreFoundation/ForSwiftFoundationOnly.h:86:
87 | #elif TARGET_OS_LINUX
88 | #include <errno.h>
<module-includes>:1:10: note: in file included from <module-includes>:1:
1 | #include "sys/mman.h"
| `- note: in file included from <module-includes>:1:
2 |
/root/.swiftpm/swift-sdks/swift-6.2-RELEASE_wasm.artifactbundle/swift-6.2-RELEASE_wasm/wasm32-unknown-wasip1/WASI.sdk/include/wasm32-wasip1/sys/mman.h:2:2: error: "WASI lacks a true mmap; to enable minimal mmap emulation, compile with -D_WASI_EMULATED_MMAN and link with -lwasi-emulated-mman"
1 | #ifndef _WASI_EMULATED_MMAN
2 | #error "WASI lacks a true mmap; to enable minimal mmap emulation, \
| `- error: "WASI lacks a true mmap; to enable minimal mmap emulation, compile with -D_WASI_EMULATED_MMAN and link with -lwasi-emulated-mman"
3 | compile with -D_WASI_EMULATED_MMAN and link with -lwasi-emulated-mman"
4 | #else
BUILD FAILURE 6.2 wasm