The Swift Package Index logo.Swift Package Index

Build Information

Failed to build CSProgress, reference main (c7b4ac), with Swift 6.4 for Wasm on 18 Sep 2026 23:32:47 UTC.

Build Command

bash -c docker run --pull=always --rm -v "checkouts-54344847-0":/host -w "$PWD" -e JAVA_HOME="/root/.sdkman/candidates/java/current" -e SPI_BUILD="1" -e SPI_PROCESSING="1" registry.gitlab.com/saguaro1/spi-images:wasm-6.4-latest swift build --swift-sdk swift-6.4.x-DEVELOPMENT-SNAPSHOT-2026-09-04-a_wasm 2>&1

Build Log

========================================
RunAll
========================================
Builder version: 5.1.0
Interrupt handler set up.
========================================
Checkout
========================================
Clone URL: https://github.com/CharlesJS/CSProgress.git
Reference: main
Initialized empty Git repository in /host/spi-builder-workspace/.git/
hint: Using 'master' as the name for the initial branch. This default branch name
hint: is subject to change. To configure the initial branch name to use in all
hint: of your new repositories, which will suppress this warning, call:
hint:
hint: 	git config --global init.defaultBranch <name>
hint:
hint: Names commonly chosen instead of 'master' are 'main', 'trunk' and
hint: 'development'. The just-created branch can be renamed via this command:
hint:
hint: 	git branch -m <name>
From https://github.com/CharlesJS/CSProgress
 * branch            main       -> FETCH_HEAD
 * [new branch]      main       -> origin/main
HEAD is now at c7b4ace Update README.md
Cloned https://github.com/CharlesJS/CSProgress.git
Revision (git rev-parse @):
c7b4ace313668de465e6828164c2296f5d01afbd
SUCCESS checkout https://github.com/CharlesJS/CSProgress.git at main
========================================
Build
========================================
Selected platform:         wasm
Swift version:             6.4
Building package at path:  $PWD
https://github.com/CharlesJS/CSProgress.git
Running build ...
bash -c docker run --pull=always --rm -v "checkouts-54344847-0":/host -w "$PWD" -e JAVA_HOME="/root/.sdkman/candidates/java/current" -e SPI_BUILD="1" -e SPI_PROCESSING="1" registry.gitlab.com/saguaro1/spi-images:wasm-6.4-latest swift build --swift-sdk swift-6.4.x-DEVELOPMENT-SNAPSHOT-2026-09-04-a_wasm 2>&1
wasm-6.4-latest: Pulling from saguaro1/spi-images
Digest: sha256:4328fdb43c680d205c1d6761b1e3267aa38277eefdda9ddfb17b6a0f1a77857a
Status: Image is up to date for registry.gitlab.com/saguaro1/spi-images:wasm-6.4-latest
Building for debugging...
[Planning deferred tasks]
error: SwiftCompile normal wasm32 failed with a nonzero exit code. Command line:     cd /host

/host/spi-builder-workspace/Sources/CSProgress/CSProgress.swift:210:35: error: cannot find 'DispatchSemaphore' in scope
 208 |
 209 |     // The access semaphore, allowing us to be thread-safe. A semaphore was chosen, because it performs better here than an NSLock or a dispatch queue.
 210 |     private var accessSemaphore = DispatchSemaphore(value: 1)
     |                                   `- error: cannot find 'DispatchSemaphore' in scope
 211 |
 212 |     // The parent progress object.
/host/spi-builder-workspace/Sources/CSProgress/CSProgress.swift:409:20: error: cannot find type 'OperationQueue' in scope
 407 |     private struct CancellationNotificationWrapper {
 408 |         let notification: CancellationNotification
 409 |         let queue: OperationQueue
     |                    `- error: cannot find type 'OperationQueue' in scope
 410 |     }
 411 |
/host/spi-builder-workspace/Sources/CSProgress/CSProgress.swift:414:20: error: cannot find type 'OperationQueue' in scope
 412 |     private struct FractionCompletedNotificationWrapper {
 413 |         let notification: FractionCompletedNotification
 414 |         let queue: OperationQueue
     |                    `- error: cannot find type 'OperationQueue' in scope
 415 |     }
 416 |
/host/spi-builder-workspace/Sources/CSProgress/CSProgress.swift:419:20: error: cannot find type 'OperationQueue' in scope
 417 |     private struct DescriptionNotificationWrapper {
 418 |         let notification: DescriptionNotification
 419 |         let queue: OperationQueue
     |                    `- error: cannot find type 'OperationQueue' in scope
 420 |     }
 421 |
/host/spi-builder-workspace/Sources/CSProgress/CSProgress.swift:429:62: error: cannot find type 'OperationQueue' in scope
 427 |     // The add...Notification() methods return an identifier which can be later sent to remove...Notification() to remove the notification.
 428 |
 429 |     private func _addCancellationNotification(onQueue queue: OperationQueue, notification: @escaping CancellationNotification) -> Any {
     |                                                              `- error: cannot find type 'OperationQueue' in scope
 430 |         let uuid = UUID()
 431 |
/host/spi-builder-workspace/Sources/CSProgress/CSProgress.swift:453:60: error: cannot find type 'OperationQueue' in scope
 451 |      - returns: An opaque value that can be passed to removeCancellationNotification() to de-register the notification.
 452 |      */
 453 |     public func addCancellationNotification(onQueue queue: OperationQueue = .main, notification: @escaping CancellationNotification) -> Any {
     |                                                            `- error: cannot find type 'OperationQueue' in scope
 454 |         self.accessSemaphore.wait()
 455 |         defer { self.accessSemaphore.signal() }
/host/spi-builder-workspace/Sources/CSProgress/CSProgress.swift:478:67: error: cannot find type 'OperationQueue' in scope
 476 |     }
 477 |
 478 |     private func _addFractionCompletedNotification(onQueue queue: OperationQueue, notification: @escaping FractionCompletedNotification) -> Any {
     |                                                                   `- error: cannot find type 'OperationQueue' in scope
 479 |         let uuid = UUID()
 480 |
/host/spi-builder-workspace/Sources/CSProgress/CSProgress.swift:499:84: error: cannot find type 'OperationQueue' in scope
 497 |      - returns: An opaque value that can be passed to removeFractionCompletedNotification() to de-register the notification.
 498 |      */
 499 |     @discardableResult public func addFractionCompletedNotification(onQueue queue: OperationQueue = .main, notification: @escaping FractionCompletedNotification) -> Any {
     |                                                                                    `- error: cannot find type 'OperationQueue' in scope
 500 |         self.accessSemaphore.wait()
 501 |         defer { self.accessSemaphore.signal() }
/host/spi-builder-workspace/Sources/CSProgress/CSProgress.swift:524:61: error: cannot find type 'OperationQueue' in scope
 522 |     }
 523 |
 524 |     private func _addDescriptionNotification(onQueue queue: OperationQueue, notification: @escaping DescriptionNotification) -> Any {
     |                                                             `- error: cannot find type 'OperationQueue' in scope
 525 |         let uuid = UUID()
 526 |
/host/spi-builder-workspace/Sources/CSProgress/CSProgress.swift:545:78: error: cannot find type 'OperationQueue' in scope
 543 |      - returns: An opaque value that can be passed to removeDescriptionNotification() to de-register the notification.
 544 |      */
 545 |     @discardableResult public func addDescriptionNotification(onQueue queue: OperationQueue = .main, notification: @escaping DescriptionNotification) -> Any {
     |                                                                              `- error: cannot find type 'OperationQueue' in scope
 546 |         self.accessSemaphore.wait()
 547 |         defer { self.accessSemaphore.signal() }
/host/spi-builder-workspace/Sources/CSProgress/CSProgress.swift:715:134: error: cannot find type 'OperationQueue' in scope
 713 |      This parameter defaults to the main operation queue.
 714 |      */
 715 |     public convenience init<Count: BinaryInteger>(totalUnitCount: Count, granularity: Double = CSProgress.defaultGranularity, queue: OperationQueue = .main) {
     |                                                                                                                                      `- error: cannot find type 'OperationQueue' in scope
 716 |         if let parentRef = CSProgress._current {
 717 |             let parent = parentRef.progress
/host/spi-builder-workspace/Sources/CSProgress/CSProgress.swift:749:99: error: cannot find type 'OperationQueue' in scope
 747 |      This parameter defaults to the main operation queue.
 748 |      */
 749 |     public func becomeCurrent<Count: BinaryInteger>(withPendingUnitCount unitCount: Count, queue: OperationQueue = .main) {
     |                                                                                                   `- error: cannot find type 'OperationQueue' in scope
 750 |         CSProgress._current = ParentReference(progress: self, pendingUnitCount: UnitCount(unitCount))
 751 |
/host/spi-builder-workspace/Sources/CSProgress/CSProgress.swift:959:35: error: no type named 'Progress' in module 'Foundation'
 957 |         private var isUpdatingKey: pthread_key_t = 0
 958 |
 959 |         init(progress: Foundation.Progress, queue: OperationQueue) {
     |                                   `- error: no type named 'Progress' in module 'Foundation'
 960 |             self.progress = progress
 961 |             self.queue = queue
/host/spi-builder-workspace/Sources/CSProgress/CSProgress.swift:959:52: error: cannot find type 'OperationQueue' in scope
 957 |         private var isUpdatingKey: pthread_key_t = 0
 958 |
 959 |         init(progress: Foundation.Progress, queue: OperationQueue) {
     |                                                    `- error: cannot find type 'OperationQueue' in scope
 960 |             self.progress = progress
 961 |             self.queue = queue
/host/spi-builder-workspace/Sources/CSProgress/CSProgress.swift:954:34: error: no type named 'Progress' in module 'Foundation'
 952 |     // The backing for a CSProgress wrapping an NSProgress.
 953 |     private final class ObjectiveCBacking: NSObject {
 954 |         let progress: Foundation.Progress
     |                                  `- error: no type named 'Progress' in module 'Foundation'
 955 |         let queue: OperationQueue
 956 |
/host/spi-builder-workspace/Sources/CSProgress/CSProgress.swift:955:20: error: cannot find type 'OperationQueue' in scope
 953 |     private final class ObjectiveCBacking: NSObject {
 954 |         let progress: Foundation.Progress
 955 |         let queue: OperationQueue
     |                    `- error: cannot find type 'OperationQueue' in scope
 956 |
 957 |         private var isUpdatingKey: pthread_key_t = 0
/host/spi-builder-workspace/Sources/CSProgress/CSProgress.swift:1102:39: error: cannot find type 'NSKeyValueObservation' in scope
1100 |         }
1101 |
1102 |         private var kvoObservations: [NSKeyValueObservation] = []
     |                                       `- error: cannot find type 'NSKeyValueObservation' in scope
1103 |
1104 |         private func startWatching() {
/host/spi-builder-workspace/Sources/CSProgress/CSProgress.swift:1169:70: error: no type named 'Progress' in module 'Foundation'
1167 |      This parameter defaults to the main operation queue.
1168 |      */
1169 |     private init<Count: BinaryInteger>(wrappedNSProgress: Foundation.Progress, parent: CSProgress?, pendingUnitCount: Count, granularity: Double = CSProgress.defaultGranularity, queue: OperationQueue = .main) {
     |                                                                      `- error: no type named 'Progress' in module 'Foundation'
1170 |         let backing = ObjectiveCBacking(progress: wrappedNSProgress, queue: queue)
1171 |
/host/spi-builder-workspace/Sources/CSProgress/CSProgress.swift:1169:186: error: cannot find type 'OperationQueue' in scope
1167 |      This parameter defaults to the main operation queue.
1168 |      */
1169 |     private init<Count: BinaryInteger>(wrappedNSProgress: Foundation.Progress, parent: CSProgress?, pendingUnitCount: Count, granularity: Double = CSProgress.defaultGranularity, queue: OperationQueue = .main) {
     |                                                                                                                                                                                          `- error: cannot find type 'OperationQueue' in scope
1170 |         let backing = ObjectiveCBacking(progress: wrappedNSProgress, queue: queue)
1171 |
/host/spi-builder-workspace/Sources/CSProgress/CSProgress.swift:1211:55: error: no type named 'Progress' in module 'Foundation'
1209 |
1210 |     // An NSProgress subclass that wraps a CSProgress.
1211 |     private final class BridgedNSProgress: Foundation.Progress {
     |                                                       `- error: no type named 'Progress' in module 'Foundation'
1212 |         private(set) weak var progress: CSProgress?
1213 |
/host/spi-builder-workspace/Sources/CSProgress/CSProgress.swift:1218:43: error: cannot find type 'OperationQueue' in scope
1216 |         private var cancellationIdentifier: Any?
1217 |
1218 |         init(progress: CSProgress, queue: OperationQueue = .main) {
     |                                           `- error: cannot find type 'OperationQueue' in scope
1219 |             self.progress = progress
1220 |
/host/spi-builder-workspace/Sources/CSProgress/CSProgress.swift:1253:22: error: property does not override any property from its superclass
1251 |         }
1252 |
1253 |         override var totalUnitCount: Int64 {
     |                      `- error: property does not override any property from its superclass
1254 |             didSet { self.progress?.totalUnitCount = UnitCount(self.totalUnitCount) }
1255 |         }
/host/spi-builder-workspace/Sources/CSProgress/CSProgress.swift:1257:22: error: property does not override any property from its superclass
1255 |         }
1256 |
1257 |         override var completedUnitCount: Int64 {
     |                      `- error: property does not override any property from its superclass
1258 |             didSet { self.progress?.completedUnitCount = UnitCount(self.completedUnitCount) }
1259 |         }
/host/spi-builder-workspace/Sources/CSProgress/CSProgress.swift:1261:22: error: property does not override any property from its superclass
1259 |         }
1260 |
1261 |         override var fractionCompleted: Double { return self.progress?.fractionCompleted ?? 0.0 }
     |                      `- error: property does not override any property from its superclass
1262 |
1263 |         override var localizedDescription: String! {
/host/spi-builder-workspace/Sources/CSProgress/CSProgress.swift:1263:22: error: property does not override any property from its superclass
1261 |         override var fractionCompleted: Double { return self.progress?.fractionCompleted ?? 0.0 }
1262 |
1263 |         override var localizedDescription: String! {
     |                      `- error: property does not override any property from its superclass
1264 |             didSet { self.progress?.localizedDescription = self.localizedDescription }
1265 |         }
/host/spi-builder-workspace/Sources/CSProgress/CSProgress.swift:1267:22: error: property does not override any property from its superclass
1265 |         }
1266 |
1267 |         override var localizedAdditionalDescription: String! {
     |                      `- error: property does not override any property from its superclass
1268 |             didSet { self.progress?.localizedAdditionalDescription = self.localizedAdditionalDescription }
1269 |         }
/host/spi-builder-workspace/Sources/CSProgress/CSProgress.swift:1272:47: error: no type named 'Progress' in module 'Foundation'
1270 |     }
1271 |
1272 |     private var bridgedNSProgress: Foundation.Progress?
     |                                               `- error: no type named 'Progress' in module 'Foundation'
1273 |
1274 |     /**
/host/spi-builder-workspace/Sources/CSProgress/CSProgress.swift:1283:81: error: no type named 'Progress' in module 'Foundation'
1281 |      Defaults to the main operation queue.
1282 |      */
1283 |     public func bridgeToNSProgress(queue: OperationQueue = .main) -> Foundation.Progress {
     |                                                                                 `- error: no type named 'Progress' in module 'Foundation'
1284 |         self.accessSemaphore.wait()
1285 |         defer { self.accessSemaphore.signal() }
/host/spi-builder-workspace/Sources/CSProgress/CSProgress.swift:1283:43: error: cannot find type 'OperationQueue' in scope
1281 |      Defaults to the main operation queue.
1282 |      */
1283 |     public func bridgeToNSProgress(queue: OperationQueue = .main) -> Foundation.Progress {
     |                                           `- error: cannot find type 'OperationQueue' in scope
1284 |         self.accessSemaphore.wait()
1285 |         defer { self.accessSemaphore.signal() }
/host/spi-builder-workspace/Sources/CSProgress/CSProgress.swift:1290:83: error: no type named 'Progress' in module 'Foundation'
1288 |     }
1289 |
1290 |     private func _bridgeToNSProgress(queue: OperationQueue = .main) -> Foundation.Progress {
     |                                                                                   `- error: no type named 'Progress' in module 'Foundation'
1291 |         // If we're wrapping an NSProgress, return that. Otherwise wrap ourselves in a BridgedNSProgress.
1292 |
/host/spi-builder-workspace/Sources/CSProgress/CSProgress.swift:1290:45: error: cannot find type 'OperationQueue' in scope
1288 |     }
1289 |
1290 |     private func _bridgeToNSProgress(queue: OperationQueue = .main) -> Foundation.Progress {
     |                                             `- error: cannot find type 'OperationQueue' in scope
1291 |         // If we're wrapping an NSProgress, return that. Otherwise wrap ourselves in a BridgedNSProgress.
1292 |
/host/spi-builder-workspace/Sources/CSProgress/CSProgress.swift:1322:51: error: no type named 'Progress' in module 'Foundation'
1320 |      Defaults to the main operation queue.
1321 |      */
1322 |     public static func bridge(from ns: Foundation.Progress, granularity: Double = CSProgress.defaultGranularity, queue: OperationQueue = .main) -> CSProgress {
     |                                                   `- error: no type named 'Progress' in module 'Foundation'
1323 |         // If it's wrapping a CSProgress, return that. Otherwise, wrap that sucker
1324 |
/host/spi-builder-workspace/Sources/CSProgress/CSProgress.swift:1322:121: error: cannot find type 'OperationQueue' in scope
1320 |      Defaults to the main operation queue.
1321 |      */
1322 |     public static func bridge(from ns: Foundation.Progress, granularity: Double = CSProgress.defaultGranularity, queue: OperationQueue = .main) -> CSProgress {
     |                                                                                                                         `- error: cannot find type 'OperationQueue' in scope
1323 |         // If it's wrapping a CSProgress, return that. Otherwise, wrap that sucker
1324 |
/host/spi-builder-workspace/Sources/CSProgress/CSProgress.swift:1334:51: error: no type named 'Progress' in module 'Foundation'
1332 |
1333 | extension CSProgress: _ObjectiveCBridgeable {
1334 |     public typealias _ObjectiveCType = Foundation.Progress
     |                                                   `- error: no type named 'Progress' in module 'Foundation'
1335 |
1336 |     public func _bridgeToObjectiveC() -> Foundation.Progress {
/host/spi-builder-workspace/Sources/CSProgress/CSProgress.swift:1336:53: error: no type named 'Progress' in module 'Foundation'
1334 |     public typealias _ObjectiveCType = Foundation.Progress
1335 |
1336 |     public func _bridgeToObjectiveC() -> Foundation.Progress {
     |                                                     `- error: no type named 'Progress' in module 'Foundation'
1337 |         return self.bridgeToNSProgress()
1338 |     }
/host/spi-builder-workspace/Sources/CSProgress/CSProgress.swift:1340:68: error: no type named 'Progress' in module 'Foundation'
1338 |     }
1339 |
1340 |     public static func _forceBridgeFromObjectiveC(_ ns: Foundation.Progress, result: inout CSProgress?) {
     |                                                                    `- error: no type named 'Progress' in module 'Foundation'
1341 |         result = self.bridge(from: ns)
1342 |     }
/host/spi-builder-workspace/Sources/CSProgress/CSProgress.swift:1344:76: error: no type named 'Progress' in module 'Foundation'
1342 |     }
1343 |
1344 |     public static func _conditionallyBridgeFromObjectiveC(_ ns: Foundation.Progress, result: inout CSProgress?) -> Bool {
     |                                                                            `- error: no type named 'Progress' in module 'Foundation'
1345 |         result = self.bridge(from: ns)
1346 |         return true
/host/spi-builder-workspace/Sources/CSProgress/CSProgress.swift:1349:78: error: no type named 'Progress' in module 'Foundation'
1347 |     }
1348 |
1349 |     public static func _unconditionallyBridgeFromObjectiveC(_ ns: Foundation.Progress?) -> CSProgress {
     |                                                                              `- error: no type named 'Progress' in module 'Foundation'
1350 |         return self.bridge(from: ns!)
1351 |     }
/host/spi-builder-workspace/Sources/CSProgress/CSProgress.swift:1333:1: error: type 'CSProgress' does not conform to protocol '_ObjectiveCBridgeable'
1331 | }
1332 |
1333 | extension CSProgress: _ObjectiveCBridgeable {
     | |- error: type 'CSProgress' does not conform to protocol '_ObjectiveCBridgeable'
     | `- note: add stubs for conformance
1334 |     public typealias _ObjectiveCType = Foundation.Progress
1335 |
Swift._ObjectiveCBridgeable._ObjectiveCType:2:16: note: protocol requires nested type '_ObjectiveCType'
1 | protocol _ObjectiveCBridgeable {
2 | associatedtype _ObjectiveCType : AnyObject}
  |                `- note: protocol requires nested type '_ObjectiveCType'
3 |
Failed frontend command:
/usr/bin/swift-frontend -frontend -emit-module -experimental-skip-non-inlinable-function-bodies-without-types /host/spi-builder-workspace/Sources/CSProgress/CSProgress.swift -target wasm32-unknown-wasip1 -disable-objc-interop -sdk /root/.swiftpm/swift-sdks/swift-6.4.x-DEVELOPMENT-SNAPSHOT-2026-09-04-a_wasm.artifactbundle/swift-6.4.x-DEVELOPMENT-SNAPSHOT-2026-09-04-a_wasm/wasm32-unknown-wasip1/WASI.sdk -sysroot /root/.swiftpm/swift-sdks/swift-6.4.x-DEVELOPMENT-SNAPSHOT-2026-09-04-a_wasm.artifactbundle/swift-6.4.x-DEVELOPMENT-SNAPSHOT-2026-09-04-a_wasm/wasm32-unknown-wasip1/WASI.sdk -I /host/spi-builder-workspace/.build/out/Products/Debug-webassembly-wasm32 -module-cache-path /host/spi-builder-workspace/.build/out/ModuleCache.noindex -color-diagnostics -Xcc -fcolor-diagnostics -enable-testing -g -debug-info-format\=dwarf -dwarf-version\=4 -swift-version 5 -Onone -D SWIFT_PACKAGE -D DEBUG -D SWIFT_MODULE_RESOURCE_BUNDLE_UNAVAILABLE -D Xcode -serialize-debugging-options -enable-experimental-feature DebugDescriptionMacro -empty-abi-descriptor -external-plugin-path /usr/lib/swift/host/plugins/testing\#/usr/bin/swift-plugin-server -validate-clang-modules-once -clang-build-session-file /host/spi-builder-workspace/.build/out/ModuleCache.noindex/Session.modulevalidation -Xcc -working-directory -Xcc /host -resource-dir /root/.swiftpm/swift-sdks/swift-6.4.x-DEVELOPMENT-SNAPSHOT-2026-09-04-a_wasm.artifactbundle/swift-6.4.x-DEVELOPMENT-SNAPSHOT-2026-09-04-a_wasm/wasm32-unknown-wasip1/swift.xctoolchain/usr/lib/swift_static -use-static-resource-dir -enable-anonymous-context-mangled-names -file-compilation-dir /host -Xcc -resource-dir -Xcc /root/.swiftpm/swift-sdks/swift-6.4.x-DEVELOPMENT-SNAPSHOT-2026-09-04-a_wasm.artifactbundle/swift-6.4.x-DEVELOPMENT-SNAPSHOT-2026-09-04-a_wasm/wasm32-unknown-wasip1/swift.xctoolchain/usr/lib/swift_static/clang -Xcc -D_LIBCPP_HARDENING_MODE\=_LIBCPP_HARDENING_MODE_DEBUG -Xcc -fmodules-prune-interval\=86400 -Xcc -fmodules-prune-after\=345600 -Xcc -I/host/spi-builder-workspace/.build/out/Products/Debug-webassembly-wasm32/include -Xcc -I/host/spi-builder-workspace/.build/out/Intermediates.noindex/CSProgress.build/Debug-webassembly-wasm32/CSProgress-t.build/DerivedSources-normal/wasm32 -Xcc -I/host/spi-builder-workspace/.build/out/Intermediates.noindex/CSProgress.build/Debug-webassembly-wasm32/CSProgress-t.build/DerivedSources/wasm32 -Xcc -I/host/spi-builder-workspace/.build/out/Intermediates.noindex/CSProgress.build/Debug-webassembly-wasm32/CSProgress-t.build/DerivedSources -Xcc -DSWIFT_PACKAGE -Xcc -DDEBUG\=1 -no-auto-bridging-header-chaining -module-name CSProgress -const-gather-protocols-file /host/spi-builder-workspace/.build/out/Intermediates.noindex/CSProgress.build/Debug-webassembly-wasm32/CSProgress-t.build/Objects-normal/wasm32/CSProgress_const_extract_protocols.json -in-process-plugin-server-path /usr/lib/swift/host/libSwiftInProcPluginServer.so -plugin-path /usr/lib/swift/host/plugins -plugin-path /usr/local/lib/swift/host/plugins -emit-module-doc-path /host/spi-builder-workspace/.build/out/Intermediates.noindex/CSProgress.build/Debug-webassembly-wasm32/CSProgress-t.build/Objects-normal/wasm32/Modules/CSProgress.swiftdoc -emit-module-source-info-path /host/spi-builder-workspace/.build/out/Intermediates.noindex/CSProgress.build/Debug-webassembly-wasm32/CSProgress-t.build/Objects-normal/wasm32/Modules/CSProgress.swiftsourceinfo -emit-objc-header-path /host/spi-builder-workspace/.build/out/Intermediates.noindex/CSProgress.build/Debug-webassembly-wasm32/CSProgress-t.build/Objects-normal/wasm32/CSProgress-Swift.h -serialize-diagnostics-path /host/spi-builder-workspace/.build/out/Intermediates.noindex/CSProgress.build/Debug-webassembly-wasm32/CSProgress-t.build/Objects-normal/wasm32/CSProgress-primary-emit-module.dia -emit-dependencies-path /host/spi-builder-workspace/.build/out/Intermediates.noindex/CSProgress.build/Debug-webassembly-wasm32/CSProgress-t.build/Objects-normal/wasm32/CSProgress-primary-emit-module.d -parse-as-library -o /host/spi-builder-workspace/.build/out/Intermediates.noindex/CSProgress.build/Debug-webassembly-wasm32/CSProgress-t.build/Objects-normal/wasm32/Modules/CSProgress.swiftmodule
error: Build failed
BUILD FAILURE 6.4 wasm