The Swift Package Index logo.Swift Package Index

Build Information

Failed to build CustomTabView, reference main (811ba2), with Swift 6.4 for watchOS using Xcode 27.0 on 28 Sep 2026 10:16:59 UTC.

Build Command

env DEVELOPER_DIR=/Applications/Xcode-27.0.0-Release.Candidate.app xcrun xcodebuild -IDEClonedSourcePackagesDirPathOverride=$PWD/.dependencies -skipMacroValidation -skipPackagePluginValidation -derivedDataPath $PWD/.derivedData build -scheme CustomTabView -destination generic/platform=watchOS

Build Log

========================================
RunAll
========================================
Builder version: 5.1.0
Interrupt handler set up.
========================================
Checkout
========================================
Clone URL: https://github.com/NicFontana/SwiftUI-CustomTabView.git
Reference: main
Initialized empty Git repository in /Users/admin/builder/spi-builder-workspace/.git/
From https://github.com/NicFontana/SwiftUI-CustomTabView
 * branch            main       -> FETCH_HEAD
 * [new branch]      main       -> origin/main
HEAD is now at 811ba2a Merge pull request #11 from swilson/main
Cloned https://github.com/NicFontana/SwiftUI-CustomTabView.git
Revision (git rev-parse @):
811ba2ab972b958504c5167a6285725f570b6730
SUCCESS checkout https://github.com/NicFontana/SwiftUI-CustomTabView.git at main
========================================
Build
========================================
Selected platform:         watchOS
Swift version:             6.4
Building package at path:  $PWD
https://github.com/NicFontana/SwiftUI-CustomTabView.git
Command line invocation:
    /Applications/Xcode-27.0.0-Release.Candidate.app/Contents/Developer/usr/bin/xcodebuild -IDEClonedSourcePackagesDirPathOverride=/Users/admin/builder/spi-builder-workspace/.dependencies -resolvePackageDependencies
Resolve Package Graph
Resolve Package Graph
Resolved source packages:
  CustomTabView: /Users/admin/builder/spi-builder-workspace
resolved source packages: CustomTabView
2026-09-28 06:16:06.822 xcodebuild[525:2998] [MT] IDERunDestination: Supported platforms for the buildables in the current scheme is empty.
{
  "dependencies" : [
  ],
  "manifest_display_name" : "CustomTabView",
  "name" : "CustomTabView",
  "path" : "/Users/admin/builder/spi-builder-workspace",
  "platforms" : [
    {
      "name" : "ios",
      "version" : "13.0"
    },
    {
      "name" : "macos",
      "version" : "10.15"
    }
  ],
  "products" : [
    {
      "name" : "CustomTabView",
      "targets" : [
        "CustomTabView"
      ],
      "type" : {
        "library" : [
          "automatic"
        ]
      }
    }
  ],
  "targets" : [
    {
      "c99name" : "CustomTabViewTests",
      "module_type" : "SwiftTarget",
      "name" : "CustomTabViewTests",
      "path" : "Tests/CustomTabViewTests",
      "sources" : [
        "CustomTabViewTests.swift"
      ],
      "target_dependencies" : [
        "CustomTabView"
      ],
      "type" : "test"
    },
    {
      "c99name" : "CustomTabView",
      "module_type" : "SwiftTarget",
      "name" : "CustomTabView",
      "path" : "Sources/CustomTabView",
      "product_memberships" : [
        "CustomTabView"
      ],
      "sources" : [
        "CustomTabView.swift",
        "EnvironmentValues+TabBarPosition.swift",
        "Example/BottomFloatingTabBarView.swift",
        "Example/ExampleView.swift",
        "Example/Tab.swift",
        "Example/TopIndicatorTabBarView.swift",
        "iOS/KeyboardReadable.swift",
        "iOS/UITabBarControllerRepresentable.swift",
        "macOS/NSTabBarControllerRepresentable.swift"
      ],
      "type" : "library"
    }
  ],
  "tools_version" : "5.7"
}
{
  "workspace" : {
    "name" : "CustomTabView",
    "schemes" : [
      "CustomTabView"
    ]
  }
}
2026-09-28 06:16:48.029 xcodebuild[623:3909] [MT] IDERunDestination: Supported platforms for the buildables in the current scheme is empty.
Running build ...
env DEVELOPER_DIR=/Applications/Xcode-27.0.0-Release.Candidate.app xcrun xcodebuild -IDEClonedSourcePackagesDirPathOverride=$PWD/.dependencies -skipMacroValidation -skipPackagePluginValidation -derivedDataPath $PWD/.derivedData build -scheme CustomTabView -destination generic/platform=watchOS
Command line invocation:
    /Applications/Xcode-27.0.0-Release.Candidate.app/Contents/Developer/usr/bin/xcodebuild -IDEClonedSourcePackagesDirPathOverride=/Users/admin/builder/spi-builder-workspace/.dependencies -skipMacroValidation -skipPackagePluginValidation -derivedDataPath /Users/admin/builder/spi-builder-workspace/.derivedData build -scheme CustomTabView -destination generic/platform=watchOS
Resolve Package Graph
Resolved source packages:
  CustomTabView: /Users/admin/builder/spi-builder-workspace
ComputePackagePrebuildTargetDependencyGraph
Prepare packages
CreateBuildRequest
SendProjectDescription
CreateBuildOperation
ComputeTargetDependencyGraph
note: Building targets in dependency order
note: Target dependency graph (2 targets)
    Target 'CustomTabView-product' in project 'CustomTabView'
        ➜ Explicit dependency on target 'CustomTabView' in project 'CustomTabView'
    Target 'CustomTabView' in project 'CustomTabView' (no dependencies)
GatherProvisioningInputs
CreateBuildDescription
ExecuteExternalTool /Applications/Xcode-27.0.0-Release.Candidate.app/Contents/Developer/Toolchains/XcodeDefault.xctoolchain/usr/bin/clang -v -E -dM -isysroot /Applications/Xcode-27.0.0-Release.Candidate.app/Contents/Developer/Platforms/WatchOS.platform/Developer/SDKs/WatchOS27.0.sdk -x c -c /dev/null
ExecuteExternalTool /Applications/Xcode-27.0.0-Release.Candidate.app/Contents/Developer/Toolchains/XcodeDefault.xctoolchain/usr/bin/swiftc --version
ExecuteExternalTool /Applications/Xcode-27.0.0-Release.Candidate.app/Contents/Developer/Toolchains/XcodeDefault.xctoolchain/usr/bin/ld -version_details
Build description signature: a3a5a45ef5d4ffcb1d4987322abcdccf
Build description path: /Users/admin/builder/spi-builder-workspace/.derivedData/Build/Intermediates.noindex/XCBuildData/a3a5a45ef5d4ffcb1d4987322abcdccf.xcbuilddata
CreateBuildDirectory /Users/admin/builder/spi-builder-workspace/.derivedData/SDKExplicitPrecompiledModules
    cd /Users/admin/builder/spi-builder-workspace/.swiftpm/xcode
    builtin-create-build-directory /Users/admin/builder/spi-builder-workspace/.derivedData/SDKExplicitPrecompiledModules
CreateBuildDirectory /Users/admin/builder/spi-builder-workspace/.derivedData/ModuleCache.noindex
    cd /Users/admin/builder/spi-builder-workspace/.swiftpm/xcode
    builtin-create-build-directory /Users/admin/builder/spi-builder-workspace/.derivedData/ModuleCache.noindex
CreateBuildDirectory /Users/admin/builder/spi-builder-workspace/.derivedData/Build/Products
    cd /Users/admin/builder/spi-builder-workspace/.swiftpm/xcode
    builtin-create-build-directory /Users/admin/builder/spi-builder-workspace/.derivedData/Build/Products
CreateBuildDirectory /Users/admin/builder/spi-builder-workspace/.derivedData/CompilationCache.noindex
    cd /Users/admin/builder/spi-builder-workspace/.swiftpm/xcode
    builtin-create-build-directory /Users/admin/builder/spi-builder-workspace/.derivedData/CompilationCache.noindex
CreateBuildDirectory /Users/admin/builder/spi-builder-workspace/.derivedData/Build/Intermediates.noindex
    cd /Users/admin/builder/spi-builder-workspace/.swiftpm/xcode
    builtin-create-build-directory /Users/admin/builder/spi-builder-workspace/.derivedData/Build/Intermediates.noindex
ClangStatCache /Applications/Xcode-27.0.0-Release.Candidate.app/Contents/Developer/Toolchains/XcodeDefault.xctoolchain/usr/bin/clang-stat-cache /Applications/Xcode-27.0.0-Release.Candidate.app/Contents/Developer/Platforms/WatchOS.platform/Developer/SDKs/WatchOS27.0.sdk /Users/admin/builder/spi-builder-workspace/.derivedData/SDKStatCaches.noindex/watchos27.0-24R360-e829b21a6f8c9b70876ba0858053c04477534ef55a1706bf4c1112bbb242f0a2.sdkstatcache
    cd /Users/admin/builder/spi-builder-workspace/.swiftpm/xcode
    /Applications/Xcode-27.0.0-Release.Candidate.app/Contents/Developer/Toolchains/XcodeDefault.xctoolchain/usr/bin/clang-stat-cache /Applications/Xcode-27.0.0-Release.Candidate.app/Contents/Developer/Platforms/WatchOS.platform/Developer/SDKs/WatchOS27.0.sdk -o /Users/admin/builder/spi-builder-workspace/.derivedData/SDKStatCaches.noindex/watchos27.0-24R360-e829b21a6f8c9b70876ba0858053c04477534ef55a1706bf4c1112bbb242f0a2.sdkstatcache
CreateBuildDirectory /Users/admin/builder/spi-builder-workspace/.derivedData/Build/Intermediates.noindex/SwiftExplicitPrecompiledModules
    cd /Users/admin/builder/spi-builder-workspace/.swiftpm/xcode
    builtin-create-build-directory /Users/admin/builder/spi-builder-workspace/.derivedData/Build/Intermediates.noindex/SwiftExplicitPrecompiledModules
CreateBuildDirectory /Users/admin/builder/spi-builder-workspace/.derivedData/Build/Intermediates.noindex/PrecompiledHeaders
    cd /Users/admin/builder/spi-builder-workspace/.swiftpm/xcode
    builtin-create-build-directory /Users/admin/builder/spi-builder-workspace/.derivedData/Build/Intermediates.noindex/PrecompiledHeaders
CreateBuildDirectory /Users/admin/builder/spi-builder-workspace/.derivedData/Build/Intermediates.noindex/ExplicitPrecompiledModules
    cd /Users/admin/builder/spi-builder-workspace/.swiftpm/xcode
    builtin-create-build-directory /Users/admin/builder/spi-builder-workspace/.derivedData/Build/Intermediates.noindex/ExplicitPrecompiledModules
CreateBuildDirectory /Users/admin/builder/spi-builder-workspace/.derivedData/Build/Products/Debug-watchos
    cd /Users/admin/builder/spi-builder-workspace/.swiftpm/xcode
    builtin-create-build-directory /Users/admin/builder/spi-builder-workspace/.derivedData/Build/Products/Debug-watchos
CreateBuildDirectory /Users/admin/builder/spi-builder-workspace/.derivedData/Build/Intermediates.noindex/EagerLinkingTBDs/Debug-watchos
    cd /Users/admin/builder/spi-builder-workspace/.swiftpm/xcode
    builtin-create-build-directory /Users/admin/builder/spi-builder-workspace/.derivedData/Build/Intermediates.noindex/EagerLinkingTBDs/Debug-watchos
CreateBuildDirectory /Users/admin/builder/spi-builder-workspace/.derivedData/Build/Products/Debug-watchos/PackageFrameworks
    cd /Users/admin/builder/spi-builder-workspace/.swiftpm/xcode
    builtin-create-build-directory /Users/admin/builder/spi-builder-workspace/.derivedData/Build/Products/Debug-watchos/PackageFrameworks
WriteAuxiliaryFile /Users/admin/builder/spi-builder-workspace/.derivedData/Build/Intermediates.noindex/CustomTabView.build/Debug-watchos/CustomTabView-t.build/Objects-normal/arm64_32/CustomTabView-OutputFileMap.json (in target 'CustomTabView' from project 'CustomTabView')
    cd /Users/admin/builder/spi-builder-workspace
    write-file /Users/admin/builder/spi-builder-workspace/.derivedData/Build/Intermediates.noindex/CustomTabView.build/Debug-watchos/CustomTabView-t.build/Objects-normal/arm64_32/CustomTabView-OutputFileMap.json
WriteAuxiliaryFile /Users/admin/builder/spi-builder-workspace/.derivedData/Build/Intermediates.noindex/CustomTabView.build/Debug-watchos/CustomTabView-t.build/Objects-normal/arm64/CustomTabView.SwiftFileList (in target 'CustomTabView' from project 'CustomTabView')
    cd /Users/admin/builder/spi-builder-workspace
    write-file /Users/admin/builder/spi-builder-workspace/.derivedData/Build/Intermediates.noindex/CustomTabView.build/Debug-watchos/CustomTabView-t.build/Objects-normal/arm64/CustomTabView.SwiftFileList
WriteAuxiliaryFile /Users/admin/builder/spi-builder-workspace/.derivedData/Build/Intermediates.noindex/CustomTabView.build/Debug-watchos/CustomTabView-t.build/Objects-normal/arm64_32/CustomTabView_const_extract_protocols.json (in target 'CustomTabView' from project 'CustomTabView')
    cd /Users/admin/builder/spi-builder-workspace
    write-file /Users/admin/builder/spi-builder-workspace/.derivedData/Build/Intermediates.noindex/CustomTabView.build/Debug-watchos/CustomTabView-t.build/Objects-normal/arm64_32/CustomTabView_const_extract_protocols.json
WriteAuxiliaryFile /Users/admin/builder/spi-builder-workspace/.derivedData/Build/Intermediates.noindex/CustomTabView.build/Debug-watchos/CustomTabView-t.build/Objects-normal/arm64/CustomTabView.SwiftConstValuesFileList (in target 'CustomTabView' from project 'CustomTabView')
    cd /Users/admin/builder/spi-builder-workspace
    write-file /Users/admin/builder/spi-builder-workspace/.derivedData/Build/Intermediates.noindex/CustomTabView.build/Debug-watchos/CustomTabView-t.build/Objects-normal/arm64/CustomTabView.SwiftConstValuesFileList
WriteAuxiliaryFile /Users/admin/builder/spi-builder-workspace/.derivedData/Build/Intermediates.noindex/CustomTabView.build/Debug-watchos/CustomTabView-t.build/Objects-normal/arm64_32/CustomTabView.SwiftConstValuesFileList (in target 'CustomTabView' from project 'CustomTabView')
    cd /Users/admin/builder/spi-builder-workspace
    write-file /Users/admin/builder/spi-builder-workspace/.derivedData/Build/Intermediates.noindex/CustomTabView.build/Debug-watchos/CustomTabView-t.build/Objects-normal/arm64_32/CustomTabView.SwiftConstValuesFileList
WriteAuxiliaryFile /Users/admin/builder/spi-builder-workspace/.derivedData/Build/Intermediates.noindex/CustomTabView.build/Debug-watchos/CustomTabView-t.build/Objects-normal/arm64_32/CustomTabView.SwiftFileList (in target 'CustomTabView' from project 'CustomTabView')
    cd /Users/admin/builder/spi-builder-workspace
    write-file /Users/admin/builder/spi-builder-workspace/.derivedData/Build/Intermediates.noindex/CustomTabView.build/Debug-watchos/CustomTabView-t.build/Objects-normal/arm64_32/CustomTabView.SwiftFileList
WriteAuxiliaryFile /Users/admin/builder/spi-builder-workspace/.derivedData/Build/Intermediates.noindex/CustomTabView.build/Debug-watchos/CustomTabView-t.build/Objects-normal/arm64_32/CustomTabView.LinkFileList (in target 'CustomTabView' from project 'CustomTabView')
    cd /Users/admin/builder/spi-builder-workspace
    write-file /Users/admin/builder/spi-builder-workspace/.derivedData/Build/Intermediates.noindex/CustomTabView.build/Debug-watchos/CustomTabView-t.build/Objects-normal/arm64_32/CustomTabView.LinkFileList
WriteAuxiliaryFile /Users/admin/builder/spi-builder-workspace/.derivedData/Build/Intermediates.noindex/CustomTabView.build/Debug-watchos/CustomTabView-t.build/Objects-normal/arm64/CustomTabView_const_extract_protocols.json (in target 'CustomTabView' from project 'CustomTabView')
    cd /Users/admin/builder/spi-builder-workspace
    write-file /Users/admin/builder/spi-builder-workspace/.derivedData/Build/Intermediates.noindex/CustomTabView.build/Debug-watchos/CustomTabView-t.build/Objects-normal/arm64/CustomTabView_const_extract_protocols.json
WriteAuxiliaryFile /Users/admin/builder/spi-builder-workspace/.derivedData/Build/Intermediates.noindex/CustomTabView.build/Debug-watchos/CustomTabView-t.build/Objects-normal/arm64/CustomTabView.LinkFileList (in target 'CustomTabView' from project 'CustomTabView')
    cd /Users/admin/builder/spi-builder-workspace
    write-file /Users/admin/builder/spi-builder-workspace/.derivedData/Build/Intermediates.noindex/CustomTabView.build/Debug-watchos/CustomTabView-t.build/Objects-normal/arm64/CustomTabView.LinkFileList
WriteAuxiliaryFile /Users/admin/builder/spi-builder-workspace/.derivedData/Build/Intermediates.noindex/CustomTabView.build/Debug-watchos/CustomTabView-t.build/Objects-normal/arm64/CustomTabView-OutputFileMap.json (in target 'CustomTabView' from project 'CustomTabView')
    cd /Users/admin/builder/spi-builder-workspace
    write-file /Users/admin/builder/spi-builder-workspace/.derivedData/Build/Intermediates.noindex/CustomTabView.build/Debug-watchos/CustomTabView-t.build/Objects-normal/arm64/CustomTabView-OutputFileMap.json
WriteAuxiliaryFile /Users/admin/builder/spi-builder-workspace/.derivedData/Build/Intermediates.noindex/CustomTabView.build/Debug-watchos/CustomTabView-t.build/CustomTabView.modulemap (in target 'CustomTabView' from project 'CustomTabView')
    cd /Users/admin/builder/spi-builder-workspace
    write-file /Users/admin/builder/spi-builder-workspace/.derivedData/Build/Intermediates.noindex/CustomTabView.build/Debug-watchos/CustomTabView-t.build/CustomTabView.modulemap
WriteAuxiliaryFile /Users/admin/builder/spi-builder-workspace/.derivedData/Build/Intermediates.noindex/CustomTabView.build/Debug-watchos/CustomTabView-t.build/CustomTabView.DependencyStaticMetadataFileList (in target 'CustomTabView' from project 'CustomTabView')
    cd /Users/admin/builder/spi-builder-workspace
    write-file /Users/admin/builder/spi-builder-workspace/.derivedData/Build/Intermediates.noindex/CustomTabView.build/Debug-watchos/CustomTabView-t.build/CustomTabView.DependencyStaticMetadataFileList
WriteAuxiliaryFile /Users/admin/builder/spi-builder-workspace/.derivedData/Build/Intermediates.noindex/CustomTabView.build/Debug-watchos/CustomTabView-t.build/CustomTabView.DependencyMetadataFileList (in target 'CustomTabView' from project 'CustomTabView')
    cd /Users/admin/builder/spi-builder-workspace
    write-file /Users/admin/builder/spi-builder-workspace/.derivedData/Build/Intermediates.noindex/CustomTabView.build/Debug-watchos/CustomTabView-t.build/CustomTabView.DependencyMetadataFileList
Copy /Users/admin/builder/spi-builder-workspace/.derivedData/Build/Intermediates.noindex/GeneratedModuleMaps-watchos/CustomTabView.modulemap /Users/admin/builder/spi-builder-workspace/.derivedData/Build/Intermediates.noindex/CustomTabView.build/Debug-watchos/CustomTabView-t.build/CustomTabView.modulemap (in target 'CustomTabView' from project 'CustomTabView')
    cd /Users/admin/builder/spi-builder-workspace
    builtin-copy -exclude .DS_Store -exclude CVS -exclude .svn -exclude .git -exclude .hg -resolve-src-symlinks /Users/admin/builder/spi-builder-workspace/.derivedData/Build/Intermediates.noindex/CustomTabView.build/Debug-watchos/CustomTabView-t.build/CustomTabView.modulemap /Users/admin/builder/spi-builder-workspace/.derivedData/Build/Intermediates.noindex/GeneratedModuleMaps-watchos
SwiftDriver CustomTabView normal arm64 com.apple.xcode.tools.swift.compiler (in target 'CustomTabView' from project 'CustomTabView')
    cd /Users/admin/builder/spi-builder-workspace/.swiftpm/xcode
    builtin-SwiftDriver -- /Applications/Xcode-27.0.0-Release.Candidate.app/Contents/Developer/Toolchains/XcodeDefault.xctoolchain/usr/bin/swiftc -parse-as-library -module-name CustomTabView -Onone @/Users/admin/builder/spi-builder-workspace/.derivedData/Build/Intermediates.noindex/CustomTabView.build/Debug-watchos/CustomTabView-t.build/Objects-normal/arm64/CustomTabView.SwiftFileList -DSWIFT_PACKAGE -DDEBUG -DSWIFT_MODULE_RESOURCE_BUNDLE_UNAVAILABLE -DXcode -plugin-path /Applications/Xcode-27.0.0-Release.Candidate.app/Contents/Developer/Toolchains/XcodeDefault.xctoolchain/usr/lib/swift/host/plugins/testing -enable-experimental-feature DebugDescriptionMacro -sdk /Applications/Xcode-27.0.0-Release.Candidate.app/Contents/Developer/Platforms/WatchOS.platform/Developer/SDKs/WatchOS27.0.sdk -target arm64-apple-watchos9.0 -g -module-cache-path /Users/admin/builder/spi-builder-workspace/.derivedData/ModuleCache.noindex -Xfrontend -serialize-debugging-options -profile-coverage-mapping -profile-generate -enable-testing -index-store-path /Users/admin/builder/spi-builder-workspace/.derivedData/Index.noindex/DataStore -Xcc -D_LIBCPP_HARDENING_MODE\=_LIBCPP_HARDENING_MODE_DEBUG -swift-version 5 -I /Users/admin/builder/spi-builder-workspace/.derivedData/Build/Products/Debug-watchos -Isystem /Applications/Xcode-27.0.0-Release.Candidate.app/Contents/Developer/Platforms/WatchOS.platform/Developer/usr/lib -F /Users/admin/builder/spi-builder-workspace/.derivedData/Build/Products/Debug-watchos -F /Applications/Xcode-27.0.0-Release.Candidate.app/Contents/Developer/Platforms/WatchOS.platform/Developer/Library/Frameworks -F /Applications/Xcode-27.0.0-Release.Candidate.app/Contents/Developer/Platforms/WatchOS.platform/Developer/SDKs/WatchOS27.0.sdk/Developer/Library/Frameworks -c -j10 -enable-batch-mode -incremental -Xcc -ivfsstatcache -Xcc /Users/admin/builder/spi-builder-workspace/.derivedData/SDKStatCaches.noindex/watchos27.0-24R360-e829b21a6f8c9b70876ba0858053c04477534ef55a1706bf4c1112bbb242f0a2.sdkstatcache -output-file-map /Users/admin/builder/spi-builder-workspace/.derivedData/Build/Intermediates.noindex/CustomTabView.build/Debug-watchos/CustomTabView-t.build/Objects-normal/arm64/CustomTabView-OutputFileMap.json -save-temps -no-color-diagnostics -explicit-module-build -module-cache-path /Users/admin/builder/spi-builder-workspace/.derivedData/Build/Intermediates.noindex/SwiftExplicitPrecompiledModules -clang-scanner-module-cache-path /Users/admin/builder/spi-builder-workspace/.derivedData/ModuleCache.noindex -sdk-module-cache-path /Users/admin/builder/spi-builder-workspace/.derivedData/SDKExplicitPrecompiledModules -emit-dependencies -emit-module -emit-module-path /Users/admin/builder/spi-builder-workspace/.derivedData/Build/Intermediates.noindex/CustomTabView.build/Debug-watchos/CustomTabView-t.build/Objects-normal/arm64/CustomTabView.swiftmodule -serialize-diagnostics -dependency-scan-serialize-diagnostics-path /Users/admin/builder/spi-builder-workspace/.derivedData/Build/Intermediates.noindex/CustomTabView.build/Debug-watchos/CustomTabView-t.build/Objects-normal/arm64/CustomTabView-dependency-scan.dia -validate-clang-modules-once -clang-build-session-file /Users/admin/builder/spi-builder-workspace/.derivedData/ModuleCache.noindex/Session.modulevalidation -Xcc -fmodules-prune-interval\=86400 -Xcc -fmodules-prune-after\=345600 -emit-const-values -const-gather-protocols-list /Users/admin/builder/spi-builder-workspace/.derivedData/Build/Intermediates.noindex/CustomTabView.build/Debug-watchos/CustomTabView-t.build/Objects-normal/arm64/CustomTabView_const_extract_protocols.json -Xcc -I/Users/admin/builder/spi-builder-workspace/.derivedData/Build/Products/Debug-watchos/include -Xcc -I/Users/admin/builder/spi-builder-workspace/.derivedData/Build/Intermediates.noindex/CustomTabView.build/Debug-watchos/CustomTabView-t.build/DerivedSources-normal/arm64 -Xcc -I/Users/admin/builder/spi-builder-workspace/.derivedData/Build/Intermediates.noindex/CustomTabView.build/Debug-watchos/CustomTabView-t.build/DerivedSources/arm64 -Xcc -I/Users/admin/builder/spi-builder-workspace/.derivedData/Build/Intermediates.noindex/CustomTabView.build/Debug-watchos/CustomTabView-t.build/DerivedSources -Xcc -DSWIFT_PACKAGE -Xcc -DDEBUG\=1 -emit-objc-header -emit-objc-header-path /Users/admin/builder/spi-builder-workspace/.derivedData/Build/Intermediates.noindex/CustomTabView.build/Debug-watchos/CustomTabView-t.build/Objects-normal/arm64/CustomTabView-Swift.h -working-directory /Users/admin/builder/spi-builder-workspace/.swiftpm/xcode -experimental-emit-module-separately -disable-cmo
SwiftDriver CustomTabView normal arm64_32 com.apple.xcode.tools.swift.compiler (in target 'CustomTabView' from project 'CustomTabView')
    cd /Users/admin/builder/spi-builder-workspace/.swiftpm/xcode
    builtin-SwiftDriver -- /Applications/Xcode-27.0.0-Release.Candidate.app/Contents/Developer/Toolchains/XcodeDefault.xctoolchain/usr/bin/swiftc -parse-as-library -module-name CustomTabView -Onone @/Users/admin/builder/spi-builder-workspace/.derivedData/Build/Intermediates.noindex/CustomTabView.build/Debug-watchos/CustomTabView-t.build/Objects-normal/arm64_32/CustomTabView.SwiftFileList -DSWIFT_PACKAGE -DDEBUG -DSWIFT_MODULE_RESOURCE_BUNDLE_UNAVAILABLE -DXcode -plugin-path /Applications/Xcode-27.0.0-Release.Candidate.app/Contents/Developer/Toolchains/XcodeDefault.xctoolchain/usr/lib/swift/host/plugins/testing -enable-experimental-feature DebugDescriptionMacro -sdk /Applications/Xcode-27.0.0-Release.Candidate.app/Contents/Developer/Platforms/WatchOS.platform/Developer/SDKs/WatchOS27.0.sdk -target arm64_32-apple-watchos9.0 -g -module-cache-path /Users/admin/builder/spi-builder-workspace/.derivedData/ModuleCache.noindex -Xfrontend -serialize-debugging-options -profile-coverage-mapping -profile-generate -enable-testing -index-store-path /Users/admin/builder/spi-builder-workspace/.derivedData/Index.noindex/DataStore -Xcc -D_LIBCPP_HARDENING_MODE\=_LIBCPP_HARDENING_MODE_DEBUG -swift-version 5 -I /Users/admin/builder/spi-builder-workspace/.derivedData/Build/Products/Debug-watchos -Isystem /Applications/Xcode-27.0.0-Release.Candidate.app/Contents/Developer/Platforms/WatchOS.platform/Developer/usr/lib -F /Users/admin/builder/spi-builder-workspace/.derivedData/Build/Products/Debug-watchos -F /Applications/Xcode-27.0.0-Release.Candidate.app/Contents/Developer/Platforms/WatchOS.platform/Developer/Library/Frameworks -F /Applications/Xcode-27.0.0-Release.Candidate.app/Contents/Developer/Platforms/WatchOS.platform/Developer/SDKs/WatchOS27.0.sdk/Developer/Library/Frameworks -c -j10 -enable-batch-mode -incremental -Xcc -ivfsstatcache -Xcc /Users/admin/builder/spi-builder-workspace/.derivedData/SDKStatCaches.noindex/watchos27.0-24R360-e829b21a6f8c9b70876ba0858053c04477534ef55a1706bf4c1112bbb242f0a2.sdkstatcache -output-file-map /Users/admin/builder/spi-builder-workspace/.derivedData/Build/Intermediates.noindex/CustomTabView.build/Debug-watchos/CustomTabView-t.build/Objects-normal/arm64_32/CustomTabView-OutputFileMap.json -save-temps -no-color-diagnostics -explicit-module-build -module-cache-path /Users/admin/builder/spi-builder-workspace/.derivedData/Build/Intermediates.noindex/SwiftExplicitPrecompiledModules -clang-scanner-module-cache-path /Users/admin/builder/spi-builder-workspace/.derivedData/ModuleCache.noindex -sdk-module-cache-path /Users/admin/builder/spi-builder-workspace/.derivedData/SDKExplicitPrecompiledModules -emit-dependencies -emit-module -emit-module-path /Users/admin/builder/spi-builder-workspace/.derivedData/Build/Intermediates.noindex/CustomTabView.build/Debug-watchos/CustomTabView-t.build/Objects-normal/arm64_32/CustomTabView.swiftmodule -serialize-diagnostics -dependency-scan-serialize-diagnostics-path /Users/admin/builder/spi-builder-workspace/.derivedData/Build/Intermediates.noindex/CustomTabView.build/Debug-watchos/CustomTabView-t.build/Objects-normal/arm64_32/CustomTabView-dependency-scan.dia -validate-clang-modules-once -clang-build-session-file /Users/admin/builder/spi-builder-workspace/.derivedData/ModuleCache.noindex/Session.modulevalidation -Xcc -fmodules-prune-interval\=86400 -Xcc -fmodules-prune-after\=345600 -emit-const-values -const-gather-protocols-list /Users/admin/builder/spi-builder-workspace/.derivedData/Build/Intermediates.noindex/CustomTabView.build/Debug-watchos/CustomTabView-t.build/Objects-normal/arm64_32/CustomTabView_const_extract_protocols.json -Xcc -I/Users/admin/builder/spi-builder-workspace/.derivedData/Build/Products/Debug-watchos/include -Xcc -I/Users/admin/builder/spi-builder-workspace/.derivedData/Build/Intermediates.noindex/CustomTabView.build/Debug-watchos/CustomTabView-t.build/DerivedSources-normal/arm64_32 -Xcc -I/Users/admin/builder/spi-builder-workspace/.derivedData/Build/Intermediates.noindex/CustomTabView.build/Debug-watchos/CustomTabView-t.build/DerivedSources/arm64_32 -Xcc -I/Users/admin/builder/spi-builder-workspace/.derivedData/Build/Intermediates.noindex/CustomTabView.build/Debug-watchos/CustomTabView-t.build/DerivedSources -Xcc -DSWIFT_PACKAGE -Xcc -DDEBUG\=1 -emit-objc-header -emit-objc-header-path /Users/admin/builder/spi-builder-workspace/.derivedData/Build/Intermediates.noindex/CustomTabView.build/Debug-watchos/CustomTabView-t.build/Objects-normal/arm64_32/CustomTabView-Swift.h -working-directory /Users/admin/builder/spi-builder-workspace/.swiftpm/xcode -experimental-emit-module-separately -disable-cmo
SwiftExplicitDependencyGeneratePcm arm64_32 /Users/admin/builder/spi-builder-workspace/.derivedData/SDKExplicitPrecompiledModules/_Builtin_stdarg-D305JG44A2WPI6CJY37X3QJE8.pcm
SwiftExplicitDependencyGeneratePcm arm64_32 /Users/admin/builder/spi-builder-workspace/.derivedData/SDKExplicitPrecompiledModules/_SwiftConcurrencyShims-6RTBPQ03V7BM9SPRK8SUE055H.pcm
SwiftExplicitDependencyGeneratePcm arm64_32 /Users/admin/builder/spi-builder-workspace/.derivedData/SDKExplicitPrecompiledModules/_AvailabilityInternal-244WAN3Z1QBT7PIA64EZEFY1R.pcm
SwiftExplicitDependencyGeneratePcm arm64_32 /Users/admin/builder/spi-builder-workspace/.derivedData/SDKExplicitPrecompiledModules/ptrauth-BFXF358ME5AK535N5A9Z766WU.pcm
SwiftExplicitDependencyGeneratePcm arm64_32 /Users/admin/builder/spi-builder-workspace/.derivedData/SDKExplicitPrecompiledModules/DeveloperToolsSupport-DZU5G1OCMNWU0AQRULIFHUJ1Z.pcm
SwiftExplicitDependencyGeneratePcm arm64_32 /Users/admin/builder/spi-builder-workspace/.derivedData/SDKExplicitPrecompiledModules/_Builtin_stdbool-A967K8W8YUYEC9SN52KJ7OO88.pcm
SwiftExplicitDependencyGeneratePcm arm64_32 /Users/admin/builder/spi-builder-workspace/.derivedData/SDKExplicitPrecompiledModules/_Builtin_float-6KO8O3PEWRCA4WC6PPLOYO6WJ.pcm
SwiftExplicitDependencyGeneratePcm arm64_32 /Users/admin/builder/spi-builder-workspace/.derivedData/SDKExplicitPrecompiledModules/_Builtin_stddef-H44EFHQX6XSS5MZ7QP6YJZ76.pcm
SwiftExplicitDependencyGeneratePcm arm64_32 /Users/admin/builder/spi-builder-workspace/.derivedData/SDKExplicitPrecompiledModules/SwiftShims-9CQQGWTSNTN9EB5NSHDWUJICH.pcm
SwiftExplicitDependencyGeneratePcm arm64_32 /Users/admin/builder/spi-builder-workspace/.derivedData/SDKExplicitPrecompiledModules/ptrcheck-7ELIH9BTIGVKX3UBITM9N72WD.pcm
SwiftExplicitDependencyGeneratePcm arm64 /Users/admin/builder/spi-builder-workspace/.derivedData/SDKExplicitPrecompiledModules/_Builtin_stddef-1FU30Y8SWFB7OUUHMJQH5J6FM.pcm
SwiftExplicitDependencyGeneratePcm arm64 /Users/admin/builder/spi-builder-workspace/.derivedData/SDKExplicitPrecompiledModules/_Builtin_stdarg-A7UU8LE6MP85SM26YO7PBZNUQ.pcm
SwiftExplicitDependencyGeneratePcm arm64 /Users/admin/builder/spi-builder-workspace/.derivedData/SDKExplicitPrecompiledModules/_Builtin_float-C0CW5Q4HGBQYKE77TC42IAFB5.pcm
SwiftExplicitDependencyGeneratePcm arm64 /Users/admin/builder/spi-builder-workspace/.derivedData/SDKExplicitPrecompiledModules/SwiftShims-4MXFZPV6FEB0XBYXCGPWAMQGL.pcm
SwiftExplicitDependencyGeneratePcm arm64 /Users/admin/builder/spi-builder-workspace/.derivedData/SDKExplicitPrecompiledModules/ptrauth-3TZ9WJCGLYD25HQPWH4968ONX.pcm
SwiftExplicitDependencyGeneratePcm arm64 /Users/admin/builder/spi-builder-workspace/.derivedData/SDKExplicitPrecompiledModules/_SwiftConcurrencyShims-659N52XSKR5F0QSB880BH2FJR.pcm
SwiftExplicitDependencyGeneratePcm arm64 /Users/admin/builder/spi-builder-workspace/.derivedData/SDKExplicitPrecompiledModules/_AvailabilityInternal-BUNV3UXM65NT37THI4W1AM0SF.pcm
SwiftExplicitDependencyGeneratePcm arm64 /Users/admin/builder/spi-builder-workspace/.derivedData/SDKExplicitPrecompiledModules/ptrcheck-AIF0NDOYZ8ORBNHQAQR5NNB8M.pcm
SwiftExplicitDependencyGeneratePcm arm64 /Users/admin/builder/spi-builder-workspace/.derivedData/SDKExplicitPrecompiledModules/_Builtin_stdbool-83J96QSOFE9VX04AAS6310UAE.pcm
SwiftExplicitDependencyGeneratePcm arm64_32 /Users/admin/builder/spi-builder-workspace/.derivedData/SDKExplicitPrecompiledModules/_DarwinFoundation1-2GWF9RFMPLQW4PDHS3NARVI3G.pcm
SwiftExplicitDependencyGeneratePcm arm64 /Users/admin/builder/spi-builder-workspace/.derivedData/SDKExplicitPrecompiledModules/DeveloperToolsSupport-E7CNISCB36UE8XQ9IOHK9XDX1.pcm
SwiftExplicitDependencyGeneratePcm arm64 /Users/admin/builder/spi-builder-workspace/.derivedData/SDKExplicitPrecompiledModules/_DarwinFoundation1-7SPX3MD0HMP55E4OLNCPNDQ53.pcm
SwiftExplicitDependencyGeneratePcm arm64_32 /Users/admin/builder/spi-builder-workspace/.derivedData/SDKExplicitPrecompiledModules/_DarwinFoundation2-9MY8GOSYRO0M9MKNXF6D3MBNK.pcm
SwiftExplicitDependencyGeneratePcm arm64_32 /Users/admin/builder/spi-builder-workspace/.derivedData/SDKExplicitPrecompiledModules/_Builtin_limits-3VKBU2AFTD65PAJZ5CJ3LHFM2.pcm
SwiftExplicitDependencyGeneratePcm arm64 /Users/admin/builder/spi-builder-workspace/.derivedData/SDKExplicitPrecompiledModules/_Builtin_limits-9GWPA2B0H20DYUNYHYCWKABJG.pcm
SwiftExplicitDependencyGeneratePcm arm64 /Users/admin/builder/spi-builder-workspace/.derivedData/SDKExplicitPrecompiledModules/_DarwinFoundation2-D0XAPJU49S5E9XMKYOFGSTB1Q.pcm
SwiftExplicitDependencyGeneratePcm arm64_32 /Users/admin/builder/spi-builder-workspace/.derivedData/SDKExplicitPrecompiledModules/_Builtin_tgmath-23PGCKURCQILXMK0MYZRYDCOU.pcm
SwiftExplicitDependencyGeneratePcm arm64_32 /Users/admin/builder/spi-builder-workspace/.derivedData/SDKExplicitPrecompiledModules/_Builtin_stdint-1HMXWI3V0V4TXHRWZOMZGZ80Y.pcm
SwiftExplicitDependencyGeneratePcm arm64_32 /Users/admin/builder/spi-builder-workspace/.derivedData/SDKExplicitPrecompiledModules/sys_types-8TLLMW08ZJWDGIIPKOYFGHHZW.pcm
SwiftExplicitDependencyGeneratePcm arm64_32 /Users/admin/builder/spi-builder-workspace/.derivedData/SDKExplicitPrecompiledModules/string_h-BFVLUQUSBZWYMLCU9QI7VZALW.pcm
SwiftExplicitDependencyGeneratePcm arm64 /Users/admin/builder/spi-builder-workspace/.derivedData/SDKExplicitPrecompiledModules/_Builtin_stdint-8XMILLJZEGRN2XG7XZUXZ5RLX.pcm
SwiftExplicitDependencyGeneratePcm arm64 /Users/admin/builder/spi-builder-workspace/.derivedData/SDKExplicitPrecompiledModules/string_h-E6PRXK75PHIPCZFWOFCQ3QBMK.pcm
SwiftExplicitDependencyGeneratePcm arm64 /Users/admin/builder/spi-builder-workspace/.derivedData/SDKExplicitPrecompiledModules/_Builtin_tgmath-8NQ96OZ0YHXEC24JI95P01UF8.pcm
SwiftExplicitDependencyGeneratePcm arm64 /Users/admin/builder/spi-builder-workspace/.derivedData/SDKExplicitPrecompiledModules/sys_types-2KXQLI78OUCDP779AE68GZJ2.pcm
SwiftExplicitDependencyGeneratePcm arm64_32 /Users/admin/builder/spi-builder-workspace/.derivedData/SDKExplicitPrecompiledModules/_Builtin_intrinsics-196IIAKDQVU42DLOZP9OQCV76.pcm
SwiftExplicitDependencyGeneratePcm arm64_32 /Users/admin/builder/spi-builder-workspace/.derivedData/SDKExplicitPrecompiledModules/_DarwinFoundation3-3DUTYQDQSD9HUAAVY947NMWOI.pcm
SwiftExplicitDependencyGeneratePcm arm64_32 /Users/admin/builder/spi-builder-workspace/.derivedData/SDKExplicitPrecompiledModules/_Builtin_stdatomic-1TY035TURL76BF2U98PZPPZRX.pcm
SwiftExplicitDependencyGeneratePcm arm64 /Users/admin/builder/spi-builder-workspace/.derivedData/SDKExplicitPrecompiledModules/_DarwinFoundation3-B97LRG0E9GON2NUE65TVG81HU.pcm
SwiftExplicitDependencyGeneratePcm arm64 /Users/admin/builder/spi-builder-workspace/.derivedData/SDKExplicitPrecompiledModules/_Builtin_intrinsics-75960HIPCIYA06IUW8FIIPQT.pcm
SwiftExplicitDependencyGeneratePcm arm64 /Users/admin/builder/spi-builder-workspace/.derivedData/SDKExplicitPrecompiledModules/_Builtin_stdatomic-7JEFA3KBJJJN6TKJWY3OG1VG5.pcm
SwiftExplicitDependencyGeneratePcm arm64_32 /Users/admin/builder/spi-builder-workspace/.derivedData/SDKExplicitPrecompiledModules/_Builtin_inttypes-D2KPCR4PEX9AQA33NGLUT5SBR.pcm
SwiftExplicitDependencyGeneratePcm arm64 /Users/admin/builder/spi-builder-workspace/.derivedData/SDKExplicitPrecompiledModules/_Builtin_inttypes-3UQSCM7WNM9EK4HZML8TY5J3D.pcm
SwiftExplicitDependencyGeneratePcm arm64_32 /Users/admin/builder/spi-builder-workspace/.derivedData/SDKExplicitPrecompiledModules/Darwin-3FVT1SKLN2ZQ5RVOABMTQBB34.pcm
SwiftExplicitDependencyGeneratePcm arm64 /Users/admin/builder/spi-builder-workspace/.derivedData/SDKExplicitPrecompiledModules/Darwin-3984OXKFNSPE77NT743WK8SEX.pcm
SwiftExplicitDependencyGeneratePcm arm64_32 /Users/admin/builder/spi-builder-workspace/.derivedData/SDKExplicitPrecompiledModules/simd-21UNWYOBUZI1LVSQ99S1XBLMO.pcm
SwiftExplicitDependencyGeneratePcm arm64 /Users/admin/builder/spi-builder-workspace/.derivedData/SDKExplicitPrecompiledModules/simd-EH08NODU6574T74ZKU61VP9BW.pcm
SwiftExplicitDependencyGeneratePcm arm64_32 /Users/admin/builder/spi-builder-workspace/.derivedData/SDKExplicitPrecompiledModules/MachO-56838ZJ0NC1EBAJ0O6O8QMPDX.pcm
SwiftExplicitDependencyGeneratePcm arm64_32 /Users/admin/builder/spi-builder-workspace/.derivedData/SDKExplicitPrecompiledModules/ObjectiveC-6IJNELR2E80E7LUKESVCP2KET.pcm
SwiftExplicitDependencyGeneratePcm arm64 /Users/admin/builder/spi-builder-workspace/.derivedData/SDKExplicitPrecompiledModules/MachO-2U90NNSAQILBNBPS1SA4F8TYP.pcm
SwiftExplicitDependencyGeneratePcm arm64 /Users/admin/builder/spi-builder-workspace/.derivedData/SDKExplicitPrecompiledModules/ObjectiveC-72IVD3VS2RS8Q28D9PIMY0KQP.pcm
SwiftExplicitDependencyGeneratePcm arm64_32 /Users/admin/builder/spi-builder-workspace/.derivedData/SDKExplicitPrecompiledModules/os_object-5YWTC6L4756IWSTPGXS5NM0D0.pcm
SwiftExplicitDependencyGeneratePcm arm64 /Users/admin/builder/spi-builder-workspace/.derivedData/SDKExplicitPrecompiledModules/os_object-3SDKD7F87FTZ26OON37DRYT6O.pcm
SwiftExplicitDependencyGeneratePcm arm64_32 /Users/admin/builder/spi-builder-workspace/.derivedData/SDKExplicitPrecompiledModules/os_workgroup-5JHTPDMNBUNHLJI8LPHKQK1JK.pcm
SwiftExplicitDependencyGeneratePcm arm64 /Users/admin/builder/spi-builder-workspace/.derivedData/SDKExplicitPrecompiledModules/os_workgroup-89GG5G7YC2D0ZTK6AZXXQ20DH.pcm
SwiftExplicitDependencyGeneratePcm arm64_32 /Users/admin/builder/spi-builder-workspace/.derivedData/SDKExplicitPrecompiledModules/Spatial-CWVWNML3T0NXVHZDKVLD3X1YZ.pcm
SwiftExplicitDependencyGeneratePcm arm64_32 /Users/admin/builder/spi-builder-workspace/.derivedData/SDKExplicitPrecompiledModules/Dispatch-2P62F1T4XV63S4P99TUDTOK2Q.pcm
SwiftExplicitDependencyGeneratePcm arm64 /Users/admin/builder/spi-builder-workspace/.derivedData/SDKExplicitPrecompiledModules/Spatial-44FJGYXFAT2AQAW9Z6T7YS02U.pcm
SwiftExplicitDependencyGeneratePcm arm64 /Users/admin/builder/spi-builder-workspace/.derivedData/SDKExplicitPrecompiledModules/Dispatch-1NLJOVAK60XP0DUB05XA59EIM.pcm
SwiftExplicitDependencyGeneratePcm arm64_32 /Users/admin/builder/spi-builder-workspace/.derivedData/SDKExplicitPrecompiledModules/CoreFoundation-8E6Y4BA3EXYKUGJ24GT9LGV3N.pcm
SwiftExplicitDependencyGeneratePcm arm64_32 /Users/admin/builder/spi-builder-workspace/.derivedData/SDKExplicitPrecompiledModules/XPC-81Y45QFY96XYYFCW2GT6FY8S4.pcm
SwiftExplicitDependencyGeneratePcm arm64 /Users/admin/builder/spi-builder-workspace/.derivedData/SDKExplicitPrecompiledModules/XPC-40DR0X1DHKGCV4J1IOLFS8MOU.pcm
SwiftExplicitDependencyGeneratePcm arm64 /Users/admin/builder/spi-builder-workspace/.derivedData/SDKExplicitPrecompiledModules/CoreFoundation-8T2L24YC5NU7WO6WQJWRY7W08.pcm
SwiftExplicitDependencyGeneratePcm arm64_32 /Users/admin/builder/spi-builder-workspace/.derivedData/SDKExplicitPrecompiledModules/os-E5IGB442IA6SBB25TTCOLK2OC.pcm
SwiftExplicitDependencyGeneratePcm arm64_32 /Users/admin/builder/spi-builder-workspace/.derivedData/SDKExplicitPrecompiledModules/CoreAudioTypes-9GVB1DHA32M46R4A9NWSI3I2K.pcm
SwiftExplicitDependencyGeneratePcm arm64_32 /Users/admin/builder/spi-builder-workspace/.derivedData/SDKExplicitPrecompiledModules/CoreGraphics-9FDXYX6BKBUT6TJ2VF819E7T5.pcm
SwiftExplicitDependencyGeneratePcm arm64_32 /Users/admin/builder/spi-builder-workspace/.derivedData/SDKExplicitPrecompiledModules/Security-D7TOWF88VWF67TB9HAFP5UWB1.pcm
SwiftExplicitDependencyGeneratePcm arm64 /Users/admin/builder/spi-builder-workspace/.derivedData/SDKExplicitPrecompiledModules/os-5DIL6Z9LFIGLMZAHM7X2T5435.pcm
SwiftExplicitDependencyGeneratePcm arm64 /Users/admin/builder/spi-builder-workspace/.derivedData/SDKExplicitPrecompiledModules/Security-6RZ6YBRU8WCUHRFFRVUK5WKMM.pcm
SwiftExplicitDependencyGeneratePcm arm64 /Users/admin/builder/spi-builder-workspace/.derivedData/SDKExplicitPrecompiledModules/CoreGraphics-DWNZ73GEH98SBJXZ7DEXB420K.pcm
SwiftExplicitDependencyGeneratePcm arm64 /Users/admin/builder/spi-builder-workspace/.derivedData/SDKExplicitPrecompiledModules/CoreAudioTypes-A9MF7N5LT63G21HNFVM6BT14B.pcm
SwiftExplicitDependencyGeneratePcm arm64_32 /Users/admin/builder/spi-builder-workspace/.derivedData/SDKExplicitPrecompiledModules/CoreAudio-5W6MX6OUPWBMUR8VD5LHT1PZF.pcm
SwiftExplicitDependencyGeneratePcm arm64_32 /Users/admin/builder/spi-builder-workspace/.derivedData/SDKExplicitPrecompiledModules/Foundation-BJ2VQGI3OGR34500MEQ1VKHPH.pcm
SwiftExplicitDependencyGeneratePcm arm64_32 /Users/admin/builder/spi-builder-workspace/.derivedData/SDKExplicitPrecompiledModules/CoreVideo-2P8HI0403J99LBDPKNFJ5D4DL.pcm
SwiftExplicitDependencyGeneratePcm arm64_32 /Users/admin/builder/spi-builder-workspace/.derivedData/SDKExplicitPrecompiledModules/CoreText-C9X2REPZN2V5BSU4G80FCETDR.pcm
SwiftExplicitDependencyGeneratePcm arm64 /Users/admin/builder/spi-builder-workspace/.derivedData/SDKExplicitPrecompiledModules/CoreAudio-1B79RJJTP71GE6UY9WLESAN3C.pcm
SwiftExplicitDependencyGeneratePcm arm64 /Users/admin/builder/spi-builder-workspace/.derivedData/SDKExplicitPrecompiledModules/Foundation-DLBKUSGXN8QHAT8W0OARR9S8A.pcm
SwiftExplicitDependencyGeneratePcm arm64 /Users/admin/builder/spi-builder-workspace/.derivedData/SDKExplicitPrecompiledModules/CoreText-970YJN6NIYGK1316L35Z0O8QT.pcm
SwiftExplicitDependencyGeneratePcm arm64 /Users/admin/builder/spi-builder-workspace/.derivedData/SDKExplicitPrecompiledModules/CoreVideo-8MRR5MNWUOAW2DBPGUQ8FKK4.pcm
SwiftExplicitDependencyGeneratePcm arm64_32 /Users/admin/builder/spi-builder-workspace/.derivedData/SDKExplicitPrecompiledModules/CoreMedia-AO387T8CHWTTZODD1DGT0UAFA.pcm
SwiftExplicitDependencyGeneratePcm arm64 /Users/admin/builder/spi-builder-workspace/.derivedData/SDKExplicitPrecompiledModules/CoreMedia-1AJVCUZNAO74KIKMFVFUUHWDI.pcm
SwiftExplicitDependencyGeneratePcm arm64_32 /Users/admin/builder/spi-builder-workspace/.derivedData/SDKExplicitPrecompiledModules/OSLog-D9AVFY0KWO7RVBIQ73CBIJVCN.pcm
SwiftExplicitDependencyGeneratePcm arm64_32 /Users/admin/builder/spi-builder-workspace/.derivedData/SDKExplicitPrecompiledModules/DataDetection-U9BF7WHFVA6BZGFXXXP272PS.pcm
SwiftExplicitDependencyGeneratePcm arm64_32 /Users/admin/builder/spi-builder-workspace/.derivedData/SDKExplicitPrecompiledModules/_LocationEssentials-AQ1OL9QKC3LQLY5CNSRM1HB53.pcm
SwiftExplicitDependencyGeneratePcm arm64_32 /Users/admin/builder/spi-builder-workspace/.derivedData/SDKExplicitPrecompiledModules/QuartzCore-6375NPYACK5NYVHPMC1QQ8MC2.pcm
SwiftExplicitDependencyGeneratePcm arm64_32 /Users/admin/builder/spi-builder-workspace/.derivedData/SDKExplicitPrecompiledModules/UniformTypeIdentifiers-CJZ3NTHPSBH4XWX5EVOG56UZS.pcm
SwiftExplicitDependencyGeneratePcm arm64_32 /Users/admin/builder/spi-builder-workspace/.derivedData/SDKExplicitPrecompiledModules/SceneKit-DKNLHKM5FJBQ79LSNMSSMBUBR.pcm
SwiftExplicitDependencyGeneratePcm arm64_32 /Users/admin/builder/spi-builder-workspace/.derivedData/SDKExplicitPrecompiledModules/Symbols-1H97WMG76HU94F5VGJR19PXFY.pcm
SwiftExplicitDependencyGeneratePcm arm64_32 /Users/admin/builder/spi-builder-workspace/.derivedData/SDKExplicitPrecompiledModules/CoreTransferable-5D4IR6X37682FPHJ5CBPTKQV6.pcm
SwiftExplicitDependencyGeneratePcm arm64_32 /Users/admin/builder/spi-builder-workspace/.derivedData/SDKExplicitPrecompiledModules/Accessibility-F385OMZ5GYBUY5O4QAJB4NRII.pcm
SwiftExplicitDependencyGeneratePcm arm64_32 /Users/admin/builder/spi-builder-workspace/.derivedData/SDKExplicitPrecompiledModules/UIUtilities-9YFVNIMRC5HRVOIARNWHP1E3H.pcm
SwiftExplicitDependencyGeneratePcm arm64 /Users/admin/builder/spi-builder-workspace/.derivedData/SDKExplicitPrecompiledModules/SceneKit-5HZKIL7XETTTD8TOHYPN8JKRJ.pcm
SwiftExplicitDependencyGeneratePcm arm64 /Users/admin/builder/spi-builder-workspace/.derivedData/SDKExplicitPrecompiledModules/QuartzCore-94KFMWNOU7ZLUZNB4T5DLZC9D.pcm
SwiftExplicitDependencyGeneratePcm arm64 /Users/admin/builder/spi-builder-workspace/.derivedData/SDKExplicitPrecompiledModules/_LocationEssentials-5ZZDGDXB6HLQUC72SJW7YJ7MK.pcm
SwiftExplicitDependencyGeneratePcm arm64 /Users/admin/builder/spi-builder-workspace/.derivedData/SDKExplicitPrecompiledModules/Accessibility-27QMG6ZQ1NKYTNBYFPM1XKNFC.pcm
SwiftExplicitDependencyGeneratePcm arm64 /Users/admin/builder/spi-builder-workspace/.derivedData/SDKExplicitPrecompiledModules/CoreData-9JFJC4UET8BAO5IPV2JU6W9V8.pcm
SwiftExplicitDependencyGeneratePcm arm64 /Users/admin/builder/spi-builder-workspace/.derivedData/SDKExplicitPrecompiledModules/CoreTransferable-9PPG3SLJ55T4LITIFYX2M0NOZ.pcm
SwiftExplicitDependencyGeneratePcm arm64 /Users/admin/builder/spi-builder-workspace/.derivedData/SDKExplicitPrecompiledModules/UniformTypeIdentifiers-8L08Q8DQJV8C4AW84YVGFGTRN.pcm
SwiftExplicitDependencyGeneratePcm arm64 /Users/admin/builder/spi-builder-workspace/.derivedData/SDKExplicitPrecompiledModules/DataDetection-7BNVI1SZW5ISQL5SX4WL2X7I5.pcm
SwiftExplicitDependencyGeneratePcm arm64_32 /Users/admin/builder/spi-builder-workspace/.derivedData/SDKExplicitPrecompiledModules/SwiftUICore-3Q7WLRD8MR9R3NGIPUBQCP6F6.pcm
SwiftExplicitDependencyGeneratePcm arm64 /Users/admin/builder/spi-builder-workspace/.derivedData/SDKExplicitPrecompiledModules/UIUtilities-IR7RNW23VAUKYI9MLCS9NL9A.pcm
SwiftExplicitDependencyGeneratePcm arm64_32 /Users/admin/builder/spi-builder-workspace/.derivedData/SDKExplicitPrecompiledModules/CoreData-7AU1AFQWUH88EAPDKVMLJPKVD.pcm
SwiftExplicitDependencyGeneratePcm arm64 /Users/admin/builder/spi-builder-workspace/.derivedData/SDKExplicitPrecompiledModules/CoreLocation-ACKJ9K7ABI14F97Y46Y6SRR17.pcm
SwiftExplicitDependencyGeneratePcm arm64 /Users/admin/builder/spi-builder-workspace/.derivedData/SDKExplicitPrecompiledModules/OSLog-B7VGO357Y3GJG35TST7DKDSI3.pcm
SwiftExplicitDependencyGeneratePcm arm64_32 /Users/admin/builder/spi-builder-workspace/.derivedData/SDKExplicitPrecompiledModules/CoreLocation-8XU5YMYM4P11RQMYCQAG65ITK.pcm
SwiftExplicitDependencyGeneratePcm arm64 /Users/admin/builder/spi-builder-workspace/.derivedData/SDKExplicitPrecompiledModules/Symbols-3EFABTJ9L5PQDJ7RQCYQWEJMM.pcm
SwiftExplicitDependencyGeneratePcm arm64_32 /Users/admin/builder/spi-builder-workspace/.derivedData/SDKExplicitPrecompiledModules/UserNotifications-6TBN8TEAKO014N1T2QD926XED.pcm
SwiftExplicitDependencyGeneratePcm arm64 /Users/admin/builder/spi-builder-workspace/.derivedData/SDKExplicitPrecompiledModules/SwiftUICore-C1DST1IX2Z0PTH5SJJZ1IULRB.pcm
SwiftExplicitDependencyGeneratePcm arm64 /Users/admin/builder/spi-builder-workspace/.derivedData/SDKExplicitPrecompiledModules/UserNotifications-ARAH8MEQ0C2L0FBO39HITJMAO.pcm
SwiftExplicitDependencyGeneratePcm arm64 /Users/admin/builder/spi-builder-workspace/.derivedData/SDKExplicitPrecompiledModules/CoreMotion-6RD5K48QT1F4L9CATNFD2O7YB.pcm
SwiftExplicitDependencyGeneratePcm arm64_32 /Users/admin/builder/spi-builder-workspace/.derivedData/SDKExplicitPrecompiledModules/CoreMotion-1XGTVTE5PP32UHME8AC63TL6.pcm
SwiftExplicitDependencyGeneratePcm arm64 /Users/admin/builder/spi-builder-workspace/.derivedData/SDKExplicitPrecompiledModules/UIKit-27R3P1YMV4C6JLDT661G3MRIA.pcm
SwiftExplicitDependencyGeneratePcm arm64_32 /Users/admin/builder/spi-builder-workspace/.derivedData/SDKExplicitPrecompiledModules/UIKit-6PPV7YPZ89CZPHYAP072QH8B6.pcm
SwiftExplicitDependencyGeneratePcm arm64 /Users/admin/builder/spi-builder-workspace/.derivedData/SDKExplicitPrecompiledModules/HomeKit-DTS1N4AWILAL1URZ5IOXV5221.pcm
SwiftExplicitDependencyGeneratePcm arm64 /Users/admin/builder/spi-builder-workspace/.derivedData/SDKExplicitPrecompiledModules/MapKit-EJJWC7IL56MPLQMI93GJRE5OG.pcm
SwiftExplicitDependencyGeneratePcm arm64_32 /Users/admin/builder/spi-builder-workspace/.derivedData/SDKExplicitPrecompiledModules/MapKit-CWGB4YMP1VX1NYQN5FULFD5DR.pcm
SwiftExplicitDependencyGeneratePcm arm64_32 /Users/admin/builder/spi-builder-workspace/.derivedData/SDKExplicitPrecompiledModules/HomeKit-DUDZOMSN3UK8GNTNBNMPIWJRN.pcm
SwiftExplicitDependencyGeneratePcm arm64_32 /Users/admin/builder/spi-builder-workspace/.derivedData/SDKExplicitPrecompiledModules/WatchKit-FHF6WTKLC2APGK3LA2XJ6516.pcm
SwiftExplicitDependencyGeneratePcm arm64 /Users/admin/builder/spi-builder-workspace/.derivedData/SDKExplicitPrecompiledModules/WatchKit-3VT3K8YON6FJ6OWSUFJMFMP8J.pcm
SwiftExplicitDependencyGeneratePcm arm64_32 /Users/admin/builder/spi-builder-workspace/.derivedData/SDKExplicitPrecompiledModules/SwiftUI-9AYG9OCT5VOJK7V4MX1WYR86T.pcm
SwiftExplicitDependencyGeneratePcm arm64 /Users/admin/builder/spi-builder-workspace/.derivedData/SDKExplicitPrecompiledModules/SwiftUI-APXDH8ULYLM6FD17YRA73TULO.pcm
SwiftCompile normal arm64 Compiling\ UITabBarControllerRepresentable.swift /Users/admin/builder/spi-builder-workspace/Sources/CustomTabView/iOS/UITabBarControllerRepresentable.swift (in target 'CustomTabView' from project 'CustomTabView')
SwiftCompile normal arm64 /Users/admin/builder/spi-builder-workspace/Sources/CustomTabView/iOS/UITabBarControllerRepresentable.swift (in target 'CustomTabView' from project 'CustomTabView')
    cd /Users/admin/builder/spi-builder-workspace/.swiftpm/xcode
    builtin-SwiftPerFileCompile UITabBarControllerRepresentable.swift
SwiftEmitModule normal arm64 Emitting\ module\ for\ CustomTabView (in target 'CustomTabView' from project 'CustomTabView')
/Users/admin/builder/spi-builder-workspace/Sources/CustomTabView/CustomTabView.swift:228:19: error: 'SubviewsCollection' is only available in watchOS 11.0 or newer
220 |
221 | @available(iOS 18.0, macOS 15.0, *)
222 | private struct _LayoutView<TabBarView: View, SelectionValue: Hashable>: View {
    |                `- note: add '@available' attribute to enclosing generic struct
223 |     @Environment(\.layoutDirection) private var layoutDirection: LayoutDirection
224 |     @Environment(\.tabBarPosition) private var tabBarPosition: TabBarPosition
    :
226 |     let tabBarView: TabBarView
227 |     let selectedTabIndex: Int
228 |     let subviews: SubviewsCollection
    |                   `- error: 'SubviewsCollection' is only available in watchOS 11.0 or newer
229 |
230 |     private func contentView(subviews: SubviewsCollection) -> some View {
/Users/admin/builder/spi-builder-workspace/Sources/CustomTabView/CustomTabView.swift:230:40: error: 'SubviewsCollection' is only available in watchOS 11.0 or newer
220 |
221 | @available(iOS 18.0, macOS 15.0, *)
222 | private struct _LayoutView<TabBarView: View, SelectionValue: Hashable>: View {
    |                `- note: add '@available' attribute to enclosing generic struct
223 |     @Environment(\.layoutDirection) private var layoutDirection: LayoutDirection
224 |     @Environment(\.tabBarPosition) private var tabBarPosition: TabBarPosition
    :
228 |     let subviews: SubviewsCollection
229 |
230 |     private func contentView(subviews: SubviewsCollection) -> some View {
    |                  |                     `- error: 'SubviewsCollection' is only available in watchOS 11.0 or newer
    |                  `- note: add '@available' attribute to enclosing instance method
231 |         #if os(iOS)
232 |         return UITabBarControllerRepresentable_iOS18(
/Users/admin/builder/spi-builder-workspace/Sources/CustomTabView/CustomTabView.swift:244:39: error: 'SubviewsCollection' is only available in watchOS 11.0 or newer
220 |
221 | @available(iOS 18.0, macOS 15.0, *)
222 | private struct _LayoutView<TabBarView: View, SelectionValue: Hashable>: View {
    |                `- note: add '@available' attribute to enclosing generic struct
223 |     @Environment(\.layoutDirection) private var layoutDirection: LayoutDirection
224 |     @Environment(\.tabBarPosition) private var tabBarPosition: TabBarPosition
    :
242 |     }
243 |
244 |     private func topBarView(subviews: SubviewsCollection) -> some View {
    |                  |                    `- error: 'SubviewsCollection' is only available in watchOS 11.0 or newer
    |                  `- note: add '@available' attribute to enclosing instance method
245 |         VStack(spacing: 0) {
246 |             tabBarView
/Users/admin/builder/spi-builder-workspace/Sources/CustomTabView/CustomTabView.swift:252:42: error: 'SubviewsCollection' is only available in watchOS 11.0 or newer
220 |
221 | @available(iOS 18.0, macOS 15.0, *)
222 | private struct _LayoutView<TabBarView: View, SelectionValue: Hashable>: View {
    |                `- note: add '@available' attribute to enclosing generic struct
223 |     @Environment(\.layoutDirection) private var layoutDirection: LayoutDirection
224 |     @Environment(\.tabBarPosition) private var tabBarPosition: TabBarPosition
    :
250 |     }
251 |
252 |     private func bottomBarView(subviews: SubviewsCollection) -> some View {
    |                  |                       `- error: 'SubviewsCollection' is only available in watchOS 11.0 or newer
    |                  `- note: add '@available' attribute to enclosing instance method
253 |         VStack(spacing: 0) {
254 |             contentView(subviews: subviews)
/Users/admin/builder/spi-builder-workspace/Sources/CustomTabView/CustomTabView.swift:260:40: error: 'SubviewsCollection' is only available in watchOS 11.0 or newer
220 |
221 | @available(iOS 18.0, macOS 15.0, *)
222 | private struct _LayoutView<TabBarView: View, SelectionValue: Hashable>: View {
    |                `- note: add '@available' attribute to enclosing generic struct
223 |     @Environment(\.layoutDirection) private var layoutDirection: LayoutDirection
224 |     @Environment(\.tabBarPosition) private var tabBarPosition: TabBarPosition
    :
258 |     }
259 |
260 |     private func leftBarView(subviews: SubviewsCollection) -> some View {
    |                  |                     `- error: 'SubviewsCollection' is only available in watchOS 11.0 or newer
    |                  `- note: add '@available' attribute to enclosing instance method
261 |         HStack(spacing: 0) {
262 |             tabBarView
/Users/admin/builder/spi-builder-workspace/Sources/CustomTabView/CustomTabView.swift:268:41: error: 'SubviewsCollection' is only available in watchOS 11.0 or newer
220 |
221 | @available(iOS 18.0, macOS 15.0, *)
222 | private struct _LayoutView<TabBarView: View, SelectionValue: Hashable>: View {
    |                `- note: add '@available' attribute to enclosing generic struct
223 |     @Environment(\.layoutDirection) private var layoutDirection: LayoutDirection
224 |     @Environment(\.tabBarPosition) private var tabBarPosition: TabBarPosition
    :
266 |     }
267 |
268 |     private func rightBarView(subviews: SubviewsCollection) -> some View {
    |                  |                      `- error: 'SubviewsCollection' is only available in watchOS 11.0 or newer
    |                  `- note: add '@available' attribute to enclosing instance method
269 |         HStack(spacing: 0) {
270 |             contentView(subviews: subviews)
/Users/admin/builder/spi-builder-workspace/Sources/CustomTabView/CustomTabView.swift:276:44: error: 'SubviewsCollection' is only available in watchOS 11.0 or newer
220 |
221 | @available(iOS 18.0, macOS 15.0, *)
222 | private struct _LayoutView<TabBarView: View, SelectionValue: Hashable>: View {
    |                `- note: add '@available' attribute to enclosing generic struct
223 |     @Environment(\.layoutDirection) private var layoutDirection: LayoutDirection
224 |     @Environment(\.tabBarPosition) private var tabBarPosition: TabBarPosition
    :
274 |     }
275 |
276 |     private func floatingBarView(subviews: SubviewsCollection, edge: Edge) -> some View {
    |                  |                         `- error: 'SubviewsCollection' is only available in watchOS 11.0 or newer
    |                  `- note: add '@available' attribute to enclosing instance method
277 |         let alignment: Alignment
278 |         switch edge {
/Users/admin/builder/spi-builder-workspace/Sources/CustomTabView/Example/BottomFloatingTabBarView.swift:59:17: error: 'UIVisualEffect' is unavailable in watchOS
57 | #if canImport(UIKit)
58 | struct VisualEffectView: UIViewRepresentable {
59 |     var effect: UIVisualEffect?
   |                 `- error: 'UIVisualEffect' is unavailable in watchOS
60 |
61 |     func makeUIView(context: UIViewRepresentableContext<Self>) -> UIVisualEffectView { UIVisualEffectView()
/Applications/Xcode-27.0.0-Release.Candidate.app/Contents/Developer/Platforms/WatchOS.platform/Developer/SDKs/WatchOS27.0.sdk/System/Library/Frameworks/UIKit.framework/Headers/UIVisualEffect.h:15:12: note: 'UIVisualEffect' has been explicitly marked unavailable here
13 |
14 | UIKIT_EXTERN API_AVAILABLE(ios(8.0)) API_UNAVAILABLE(watchos) NS_SWIFT_UI_ACTOR
15 | @interface UIVisualEffect : NSObject <NSCopying, NSSecureCoding>
   |            `- note: 'UIVisualEffect' has been explicitly marked unavailable here
16 |
17 | @end
/Users/admin/builder/spi-builder-workspace/Sources/CustomTabView/Example/BottomFloatingTabBarView.swift:61:30: error: cannot find type 'UIViewRepresentableContext' in scope
59 |     var effect: UIVisualEffect?
60 |
61 |     func makeUIView(context: UIViewRepresentableContext<Self>) -> UIVisualEffectView { UIVisualEffectView()
   |                              `- error: cannot find type 'UIViewRepresentableContext' in scope
62 |     }
63 |
/Users/admin/builder/spi-builder-workspace/Sources/CustomTabView/Example/BottomFloatingTabBarView.swift:61:67: error: 'UIVisualEffectView' is unavailable in watchOS
59 |     var effect: UIVisualEffect?
60 |
61 |     func makeUIView(context: UIViewRepresentableContext<Self>) -> UIVisualEffectView { UIVisualEffectView()
   |                                                                   `- error: 'UIVisualEffectView' is unavailable in watchOS
62 |     }
63 |
/Applications/Xcode-27.0.0-Release.Candidate.app/Contents/Developer/Platforms/WatchOS.platform/Developer/SDKs/WatchOS27.0.sdk/System/Library/Frameworks/UIKit.framework/Headers/UIVisualEffectView.h:28:12: note: 'UIVisualEffectView' has been explicitly marked unavailable here
26 |
27 | UIKIT_EXTERN API_AVAILABLE(ios(8.0)) API_UNAVAILABLE(watchos) NS_SWIFT_UI_ACTOR
28 | @interface UIVisualEffectView : UIView <NSSecureCoding>
   |            `- note: 'UIVisualEffectView' has been explicitly marked unavailable here
29 |
30 | @property (nonatomic, strong, readonly) UIView *contentView; // Do not add subviews directly to UIVisualEffectView, use this view instead.
/Users/admin/builder/spi-builder-workspace/Sources/CustomTabView/Example/BottomFloatingTabBarView.swift:64:62: error: cannot find type 'UIViewRepresentableContext' in scope
62 |     }
63 |
64 |     func updateUIView(_ uiView: UIVisualEffectView, context: UIViewRepresentableContext<Self>) { uiView.effect = effect
   |                                                              `- error: cannot find type 'UIViewRepresentableContext' in scope
65 |     }
66 | }
/Users/admin/builder/spi-builder-workspace/Sources/CustomTabView/Example/BottomFloatingTabBarView.swift:64:33: error: 'UIVisualEffectView' is unavailable in watchOS
62 |     }
63 |
64 |     func updateUIView(_ uiView: UIVisualEffectView, context: UIViewRepresentableContext<Self>) { uiView.effect = effect
   |                                 `- error: 'UIVisualEffectView' is unavailable in watchOS
65 |     }
66 | }
/Applications/Xcode-27.0.0-Release.Candidate.app/Contents/Developer/Platforms/WatchOS.platform/Developer/SDKs/WatchOS27.0.sdk/System/Library/Frameworks/UIKit.framework/Headers/UIVisualEffectView.h:28:12: note: 'UIVisualEffectView' has been explicitly marked unavailable here
26 |
27 | UIKIT_EXTERN API_AVAILABLE(ios(8.0)) API_UNAVAILABLE(watchos) NS_SWIFT_UI_ACTOR
28 | @interface UIVisualEffectView : UIView <NSSecureCoding>
   |            `- note: 'UIVisualEffectView' has been explicitly marked unavailable here
29 |
30 | @property (nonatomic, strong, readonly) UIView *contentView; // Do not add subviews directly to UIVisualEffectView, use this view instead.
/Users/admin/builder/spi-builder-workspace/Sources/CustomTabView/Example/BottomFloatingTabBarView.swift:58:26: error: cannot find type 'UIViewRepresentable' in scope
56 |
57 | #if canImport(UIKit)
58 | struct VisualEffectView: UIViewRepresentable {
   |                          `- error: cannot find type 'UIViewRepresentable' in scope
59 |     var effect: UIVisualEffect?
60 |
Failed frontend command:
/Applications/Xcode-27.0.0-Release.Candidate.app/Contents/Developer/Toolchains/XcodeDefault.xctoolchain/usr/bin/swift-frontend -frontend -emit-module -experimental-skip-non-inlinable-function-bodies-without-types /Users/admin/builder/spi-builder-workspace/Sources/CustomTabView/CustomTabView.swift /Users/admin/builder/spi-builder-workspace/Sources/CustomTabView/EnvironmentValues+TabBarPosition.swift /Users/admin/builder/spi-builder-workspace/Sources/CustomTabView/Example/BottomFloatingTabBarView.swift /Users/admin/builder/spi-builder-workspace/Sources/CustomTabView/Example/ExampleView.swift /Users/admin/builder/spi-builder-workspace/Sources/CustomTabView/Example/Tab.swift /Users/admin/builder/spi-builder-workspace/Sources/CustomTabView/Example/TopIndicatorTabBarView.swift /Users/admin/builder/spi-builder-workspace/Sources/CustomTabView/iOS/KeyboardReadable.swift /Users/admin/builder/spi-builder-workspace/Sources/CustomTabView/iOS/UITabBarControllerRepresentable.swift /Users/admin/builder/spi-builder-workspace/Sources/CustomTabView/macOS/NSTabBarControllerRepresentable.swift -target arm64-apple-watchos9.0 -module-can-import-version Combine 3023 0 -module-can-import-version UIKit 9127.0.84.1 9127.0.84 -disable-cross-import-overlay-search -load-resolved-plugin /Applications/Xcode-27.0.0-Release.Candidate.app/Contents/Developer/Platforms/WatchOS.platform/Developer/usr/lib/swift/host/plugins/libFoundationMacros.dylib\#/Applications/Xcode-27.0.0-Release.Candidate.app/Contents/Developer/Platforms/WatchOS.platform/Developer/usr/bin/swift-plugin-server\#FoundationMacros -load-resolved-plugin /Applications/Xcode-27.0.0-Release.Candidate.app/Contents/Developer/Platforms/WatchOS.platform/Developer/usr/lib/swift/host/plugins/libObservationMacros.dylib\#/Applications/Xcode-27.0.0-Release.Candidate.app/Contents/Developer/Platforms/WatchOS.platform/Developer/usr/bin/swift-plugin-server\#ObservationMacros -load-resolved-plugin /Applications/Xcode-27.0.0-Release.Candidate.app/Contents/Developer/Platforms/WatchOS.platform/Developer/usr/lib/swift/host/plugins/libPreviewsMacros.dylib\#/Applications/Xcode-27.0.0-Release.Candidate.app/Contents/Developer/Platforms/WatchOS.platform/Developer/usr/bin/swift-plugin-server\#PreviewsMacros -load-resolved-plugin /Applications/Xcode-27.0.0-Release.Candidate.app/Contents/Developer/Platforms/WatchOS.platform/Developer/usr/lib/swift/host/plugins/libSwiftMacros.dylib\#/Applications/Xcode-27.0.0-Release.Candidate.app/Contents/Developer/Platforms/WatchOS.platform/Developer/usr/bin/swift-plugin-server\#SwiftMacros -load-resolved-plugin /Applications/Xcode-27.0.0-Release.Candidate.app/Contents/Developer/Platforms/WatchOS.platform/Developer/usr/lib/swift/host/plugins/libSwiftUIMacros.dylib\#/Applications/Xcode-27.0.0-Release.Candidate.app/Contents/Developer/Platforms/WatchOS.platform/Developer/usr/bin/swift-plugin-server\#SwiftUIMacros -disable-implicit-swift-modules -Xcc -fno-implicit-modules -Xcc -fno-implicit-module-maps -explicit-swift-module-map-file /Users/admin/builder/spi-builder-workspace/.derivedData/Build/Intermediates.noindex/CustomTabView.build/Debug-watchos/CustomTabView-t.build/Objects-normal/arm64/CustomTabView-dependencies-1.json -Xllvm -aarch64-use-tbi -enable-objc-interop -stack-check -sdk /Applications/Xcode-27.0.0-Release.Candidate.app/Contents/Developer/Platforms/WatchOS.platform/Developer/SDKs/WatchOS27.0.sdk -I /Users/admin/builder/spi-builder-workspace/.derivedData/Build/Products/Debug-watchos -Isystem /Applications/Xcode-27.0.0-Release.Candidate.app/Contents/Developer/Platforms/WatchOS.platform/Developer/usr/lib -F /Users/admin/builder/spi-builder-workspace/.derivedData/Build/Products/Debug-watchos -F /Applications/Xcode-27.0.0-Release.Candidate.app/Contents/Developer/Platforms/WatchOS.platform/Developer/Library/Frameworks -F /Applications/Xcode-27.0.0-Release.Candidate.app/Contents/Developer/Platforms/WatchOS.platform/Developer/SDKs/WatchOS27.0.sdk/Developer/Library/Frameworks -module-cache-path /Users/admin/builder/spi-builder-workspace/.derivedData/Build/Intermediates.noindex/SwiftExplicitPrecompiledModules -no-color-diagnostics -Xcc -fno-color-diagnostics -enable-testing -g -debug-info-format\=dwarf -dwarf-version\=4 -profile-generate -profile-coverage-mapping -swift-version 5 -Onone -D SWIFT_PACKAGE -D DEBUG -D SWIFT_MODULE_RESOURCE_BUNDLE_UNAVAILABLE -D Xcode -serialize-debugging-options -enable-experimental-feature DebugDescriptionMacro -empty-abi-descriptor -validate-clang-modules-once -clang-build-session-file /Users/admin/builder/spi-builder-workspace/.derivedData/ModuleCache.noindex/Session.modulevalidation -Xcc -working-directory -Xcc /Users/admin/builder/spi-builder-workspace/.swiftpm/xcode -enable-anonymous-context-mangled-names -file-compilation-dir /Users/admin/builder/spi-builder-workspace/.swiftpm/xcode -Xcc -D_LIBCPP_HARDENING_MODE\=_LIBCPP_HARDENING_MODE_DEBUG -Xcc -ivfsstatcache -Xcc /Users/admin/builder/spi-builder-workspace/.derivedData/SDKStatCaches.noindex/watchos27.0-24R360-e829b21a6f8c9b70876ba0858053c04477534ef55a1706bf4c1112bbb242f0a2.sdkstatcache -Xcc -fmodules-prune-interval\=86400 -Xcc -fmodules-prune-after\=345600 -Xcc -I/Users/admin/builder/spi-builder-workspace/.derivedData/Build/Products/Debug-watchos/include -Xcc -I/Users/admin/builder/spi-builder-workspace/.derivedData/Build/Intermediates.noindex/CustomTabView.build/Debug-watchos/CustomTabView-t.build/DerivedSources-normal/arm64 -Xcc -I/Users/admin/builder/spi-builder-workspace/.derivedData/Build/Intermediates.noindex/CustomTabView.build/Debug-watchos/CustomTabView-t.build/DerivedSources/arm64 -Xcc -I/Users/admin/builder/spi-builder-workspace/.derivedData/Build/Intermediates.noindex/CustomTabView.build/Debug-watchos/CustomTabView-t.build/DerivedSources -Xcc -DSWIFT_PACKAGE -Xcc -DDEBUG\=1 -no-auto-bridging-header-chaining -module-name CustomTabView -const-gather-protocols-file /Users/admin/builder/spi-builder-workspace/.derivedData/Build/Intermediates.noindex/CustomTabView.build/Debug-watchos/CustomTabView-t.build/Objects-normal/arm64/CustomTabView_const_extract_protocols.json -disable-clang-spi -clang-target arm64-apple-watchos27.0 -target-sdk-version 27.0 -target-sdk-name watchos27.0 -in-process-plugin-server-path /Applications/Xcode-27.0.0-Release.Candidate.app/Contents/Developer/Toolchains/XcodeDefault.xctoolchain/usr/lib/swift/host/libSwiftInProcPluginServer.dylib -emit-module-doc-path /Users/admin/builder/spi-builder-workspace/.derivedData/Build/Intermediates.noindex/CustomTabView.build/Debug-watchos/CustomTabView-t.build/Objects-normal/arm64/CustomTabView.swiftdoc -emit-module-source-info-path /Users/admin/builder/spi-builder-workspace/.derivedData/Build/Intermediates.noindex/CustomTabView.build/Debug-watchos/CustomTabView-t.build/Objects-normal/arm64/CustomTabView.swiftsourceinfo -emit-objc-header-path /Users/admin/builder/spi-builder-workspace/.derivedData/Build/Intermediates.noindex/CustomTabView.build/Debug-watchos/CustomTabView-t.build/Objects-normal/arm64/CustomTabView-Swift.h -serialize-diagnostics-path /Users/admin/builder/spi-builder-workspace/.derivedData/Build/Intermediates.noindex/CustomTabView.build/Debug-watchos/CustomTabView-t.build/Objects-normal/arm64/CustomTabView-primary-emit-module.dia -emit-dependencies-path /Users/admin/builder/spi-builder-workspace/.derivedData/Build/Intermediates.noindex/CustomTabView.build/Debug-watchos/CustomTabView-t.build/Objects-normal/arm64/CustomTabView-primary-emit-module.d -parse-as-library -o /Users/admin/builder/spi-builder-workspace/.derivedData/Build/Intermediates.noindex/CustomTabView.build/Debug-watchos/CustomTabView-t.build/Objects-normal/arm64/CustomTabView.swiftmodule -emit-abi-descriptor-path /Users/admin/builder/spi-builder-workspace/.derivedData/Build/Intermediates.noindex/CustomTabView.build/Debug-watchos/CustomTabView-t.build/Objects-normal/arm64/CustomTabView.abi.json
SwiftCompile normal arm64 (in target 'CustomTabView' from project 'CustomTabView')
    cd /Users/admin/builder/spi-builder-workspace/.swiftpm/xcode

SwiftCompile normal arm64 Compiling\ ExampleView.swift /Users/admin/builder/spi-builder-workspace/Sources/CustomTabView/Example/ExampleView.swift (in target 'CustomTabView' from project 'CustomTabView')
SwiftCompile normal arm64 /Users/admin/builder/spi-builder-workspace/Sources/CustomTabView/Example/ExampleView.swift (in target 'CustomTabView' from project 'CustomTabView')
    cd /Users/admin/builder/spi-builder-workspace/.swiftpm/xcode
    builtin-SwiftPerFileCompile ExampleView.swift
SwiftCompile normal arm64 Compiling\ EnvironmentValues+TabBarPosition.swift /Users/admin/builder/spi-builder-workspace/Sources/CustomTabView/EnvironmentValues+TabBarPosition.swift (in target 'CustomTabView' from project 'CustomTabView')
SwiftCompile normal arm64 /Users/admin/builder/spi-builder-workspace/Sources/CustomTabView/EnvironmentValues+TabBarPosition.swift (in target 'CustomTabView' from project 'CustomTabView')
    cd /Users/admin/builder/spi-builder-workspace/.swiftpm/xcode
    builtin-SwiftPerFileCompile EnvironmentValues+TabBarPosition.swift
SwiftCompile normal arm64 Compiling\ BottomFloatingTabBarView.swift /Users/admin/builder/spi-builder-workspace/Sources/CustomTabView/Example/BottomFloatingTabBarView.swift (in target 'CustomTabView' from project 'CustomTabView')
SwiftCompile normal arm64 /Users/admin/builder/spi-builder-workspace/Sources/CustomTabView/Example/BottomFloatingTabBarView.swift (in target 'CustomTabView' from project 'CustomTabView')
    cd /Users/admin/builder/spi-builder-workspace/.swiftpm/xcode
    builtin-SwiftPerFileCompile BottomFloatingTabBarView.swift
/Users/admin/builder/spi-builder-workspace/Sources/CustomTabView/Example/BottomFloatingTabBarView.swift:59:17: error: 'UIVisualEffect' is unavailable in watchOS
57 | #if canImport(UIKit)
58 | struct VisualEffectView: UIViewRepresentable {
59 |     var effect: UIVisualEffect?
   |                 `- error: 'UIVisualEffect' is unavailable in watchOS
60 |
61 |     func makeUIView(context: UIViewRepresentableContext<Self>) -> UIVisualEffectView { UIVisualEffectView()
/Applications/Xcode-27.0.0-Release.Candidate.app/Contents/Developer/Platforms/WatchOS.platform/Developer/SDKs/WatchOS27.0.sdk/System/Library/Frameworks/UIKit.framework/Headers/UIVisualEffect.h:15:12: note: 'UIVisualEffect' has been explicitly marked unavailable here
13 |
14 | UIKIT_EXTERN API_AVAILABLE(ios(8.0)) API_UNAVAILABLE(watchos) NS_SWIFT_UI_ACTOR
15 | @interface UIVisualEffect : NSObject <NSCopying, NSSecureCoding>
   |            `- note: 'UIVisualEffect' has been explicitly marked unavailable here
16 |
17 | @end
/Users/admin/builder/spi-builder-workspace/Sources/CustomTabView/Example/BottomFloatingTabBarView.swift:61:30: error: cannot find type 'UIViewRepresentableContext' in scope
59 |     var effect: UIVisualEffect?
60 |
61 |     func makeUIView(context: UIViewRepresentableContext<Self>) -> UIVisualEffectView { UIVisualEffectView()
   |                              `- error: cannot find type 'UIViewRepresentableContext' in scope
62 |     }
63 |
/Users/admin/builder/spi-builder-workspace/Sources/CustomTabView/Example/BottomFloatingTabBarView.swift:61:67: error: 'UIVisualEffectView' is unavailable in watchOS
59 |     var effect: UIVisualEffect?
60 |
61 |     func makeUIView(context: UIViewRepresentableContext<Self>) -> UIVisualEffectView { UIVisualEffectView()
   |                                                                   `- error: 'UIVisualEffectView' is unavailable in watchOS
62 |     }
63 |
/Applications/Xcode-27.0.0-Release.Candidate.app/Contents/Developer/Platforms/WatchOS.platform/Developer/SDKs/WatchOS27.0.sdk/System/Library/Frameworks/UIKit.framework/Headers/UIVisualEffectView.h:28:12: note: 'UIVisualEffectView' has been explicitly marked unavailable here
26 |
27 | UIKIT_EXTERN API_AVAILABLE(ios(8.0)) API_UNAVAILABLE(watchos) NS_SWIFT_UI_ACTOR
28 | @interface UIVisualEffectView : UIView <NSSecureCoding>
   |            `- note: 'UIVisualEffectView' has been explicitly marked unavailable here
29 |
30 | @property (nonatomic, strong, readonly) UIView *contentView; // Do not add subviews directly to UIVisualEffectView, use this view instead.
/Users/admin/builder/spi-builder-workspace/Sources/CustomTabView/Example/BottomFloatingTabBarView.swift:64:62: error: cannot find type 'UIViewRepresentableContext' in scope
62 |     }
63 |
64 |     func updateUIView(_ uiView: UIVisualEffectView, context: UIViewRepresentableContext<Self>) { uiView.effect = effect
   |                                                              `- error: cannot find type 'UIViewRepresentableContext' in scope
65 |     }
66 | }
/Users/admin/builder/spi-builder-workspace/Sources/CustomTabView/Example/BottomFloatingTabBarView.swift:64:33: error: 'UIVisualEffectView' is unavailable in watchOS
62 |     }
63 |
64 |     func updateUIView(_ uiView: UIVisualEffectView, context: UIViewRepresentableContext<Self>) { uiView.effect = effect
   |                                 `- error: 'UIVisualEffectView' is unavailable in watchOS
65 |     }
66 | }
/Applications/Xcode-27.0.0-Release.Candidate.app/Contents/Developer/Platforms/WatchOS.platform/Developer/SDKs/WatchOS27.0.sdk/System/Library/Frameworks/UIKit.framework/Headers/UIVisualEffectView.h:28:12: note: 'UIVisualEffectView' has been explicitly marked unavailable here
26 |
27 | UIKIT_EXTERN API_AVAILABLE(ios(8.0)) API_UNAVAILABLE(watchos) NS_SWIFT_UI_ACTOR
28 | @interface UIVisualEffectView : UIView <NSSecureCoding>
   |            `- note: 'UIVisualEffectView' has been explicitly marked unavailable here
29 |
30 | @property (nonatomic, strong, readonly) UIView *contentView; // Do not add subviews directly to UIVisualEffectView, use this view instead.
/Users/admin/builder/spi-builder-workspace/Sources/CustomTabView/Example/BottomFloatingTabBarView.swift:58:26: error: cannot find type 'UIViewRepresentable' in scope
56 |
57 | #if canImport(UIKit)
58 | struct VisualEffectView: UIViewRepresentable {
   |                          `- error: cannot find type 'UIViewRepresentable' in scope
59 |     var effect: UIVisualEffect?
60 |
/Users/admin/builder/spi-builder-workspace/Sources/CustomTabView/Example/BottomFloatingTabBarView.swift:28:10: error: instance method 'background(_:ignoresSafeAreaEdges:)' requires that 'VisualEffectView' conform to 'ShapeStyle'
26 |         }
27 |         #if canImport(UIKit)
28 |         .background(
   |          `- error: instance method 'background(_:ignoresSafeAreaEdges:)' requires that 'VisualEffectView' conform to 'ShapeStyle'
29 |             VisualEffectView(effect: UIBlurEffect(style: .systemThinMaterial))
30 |         )
SwiftUI.View.background:2:36: note: where 'S' = 'VisualEffectView'
1 | protocol View {
2 | @inlinable nonisolated public func background<S>(_ style: S, ignoresSafeAreaEdges edges: Edge.Set = .all) -> some View where S : ShapeStyle
  |                                    `- note: where 'S' = 'VisualEffectView'
3 |   }
4 |
/Users/admin/builder/spi-builder-workspace/Sources/CustomTabView/Example/BottomFloatingTabBarView.swift:61:88: error: 'UIVisualEffectView' is unavailable in watchOS
59 |     var effect: UIVisualEffect?
60 |
61 |     func makeUIView(context: UIViewRepresentableContext<Self>) -> UIVisualEffectView { UIVisualEffectView()
   |                                                                                        `- error: 'UIVisualEffectView' is unavailable in watchOS
62 |     }
63 |
/Applications/Xcode-27.0.0-Release.Candidate.app/Contents/Developer/Platforms/WatchOS.platform/Developer/SDKs/WatchOS27.0.sdk/System/Library/Frameworks/UIKit.framework/Headers/UIVisualEffectView.h:28:12: note: 'UIVisualEffectView' has been explicitly marked unavailable here
26 |
27 | UIKIT_EXTERN API_AVAILABLE(ios(8.0)) API_UNAVAILABLE(watchos) NS_SWIFT_UI_ACTOR
28 | @interface UIVisualEffectView : UIView <NSSecureCoding>
   |            `- note: 'UIVisualEffectView' has been explicitly marked unavailable here
29 |
30 | @property (nonatomic, strong, readonly) UIView *contentView; // Do not add subviews directly to UIVisualEffectView, use this view instead.
SwiftCompile normal arm64 Compiling\ NSTabBarControllerRepresentable.swift /Users/admin/builder/spi-builder-workspace/Sources/CustomTabView/macOS/NSTabBarControllerRepresentable.swift (in target 'CustomTabView' from project 'CustomTabView')
SwiftCompile normal arm64 /Users/admin/builder/spi-builder-workspace/Sources/CustomTabView/macOS/NSTabBarControllerRepresentable.swift (in target 'CustomTabView' from project 'CustomTabView')
    cd /Users/admin/builder/spi-builder-workspace/.swiftpm/xcode
    builtin-SwiftPerFileCompile NSTabBarControllerRepresentable.swift
SwiftCompile normal arm64 Compiling\ Tab.swift /Users/admin/builder/spi-builder-workspace/Sources/CustomTabView/Example/Tab.swift (in target 'CustomTabView' from project 'CustomTabView')
SwiftCompile normal arm64 /Users/admin/builder/spi-builder-workspace/Sources/CustomTabView/Example/Tab.swift (in target 'CustomTabView' from project 'CustomTabView')
    cd /Users/admin/builder/spi-builder-workspace/.swiftpm/xcode
    builtin-SwiftPerFileCompile Tab.swift
SwiftCompile normal arm64 Compiling\ CustomTabView.swift /Users/admin/builder/spi-builder-workspace/Sources/CustomTabView/CustomTabView.swift (in target 'CustomTabView' from project 'CustomTabView')
/Users/admin/builder/spi-builder-workspace/Sources/CustomTabView/CustomTabView.swift:228:19: error: 'SubviewsCollection' is only available in watchOS 11.0 or newer
220 |
221 | @available(iOS 18.0, macOS 15.0, *)
222 | private struct _LayoutView<TabBarView: View, SelectionValue: Hashable>: View {
    |                `- note: add '@available' attribute to enclosing generic struct
223 |     @Environment(\.layoutDirection) private var layoutDirection: LayoutDirection
224 |     @Environment(\.tabBarPosition) private var tabBarPosition: TabBarPosition
    :
226 |     let tabBarView: TabBarView
227 |     let selectedTabIndex: Int
228 |     let subviews: SubviewsCollection
    |                   `- error: 'SubviewsCollection' is only available in watchOS 11.0 or newer
229 |
230 |     private func contentView(subviews: SubviewsCollection) -> some View {
/Users/admin/builder/spi-builder-workspace/Sources/CustomTabView/CustomTabView.swift:230:40: error: 'SubviewsCollection' is only available in watchOS 11.0 or newer
220 |
221 | @available(iOS 18.0, macOS 15.0, *)
222 | private struct _LayoutView<TabBarView: View, SelectionValue: Hashable>: View {
    |                `- note: add '@available' attribute to enclosing generic struct
223 |     @Environment(\.layoutDirection) private var layoutDirection: LayoutDirection
224 |     @Environment(\.tabBarPosition) private var tabBarPosition: TabBarPosition
    :
228 |     let subviews: SubviewsCollection
229 |
230 |     private func contentView(subviews: SubviewsCollection) -> some View {
    |                  |                     `- error: 'SubviewsCollection' is only available in watchOS 11.0 or newer
    |                  `- note: add '@available' attribute to enclosing instance method
231 |         #if os(iOS)
232 |         return UITabBarControllerRepresentable_iOS18(
/Users/admin/builder/spi-builder-workspace/Sources/CustomTabView/CustomTabView.swift:244:39: error: 'SubviewsCollection' is only available in watchOS 11.0 or newer
220 |
221 | @available(iOS 18.0, macOS 15.0, *)
222 | private struct _LayoutView<TabBarView: View, SelectionValue: Hashable>: View {
    |                `- note: add '@available' attribute to enclosing generic struct
223 |     @Environment(\.layoutDirection) private var layoutDirection: LayoutDirection
224 |     @Environment(\.tabBarPosition) private var tabBarPosition: TabBarPosition
    :
242 |     }
243 |
244 |     private func topBarView(subviews: SubviewsCollection) -> some View {
    |                  |                    `- error: 'SubviewsCollection' is only available in watchOS 11.0 or newer
    |                  `- note: add '@available' attribute to enclosing instance method
245 |         VStack(spacing: 0) {
246 |             tabBarView
/Users/admin/builder/spi-builder-workspace/Sources/CustomTabView/CustomTabView.swift:252:42: error: 'SubviewsCollection' is only available in watchOS 11.0 or newer
220 |
221 | @available(iOS 18.0, macOS 15.0, *)
222 | private struct _LayoutView<TabBarView: View, SelectionValue: Hashable>: View {
    |                `- note: add '@available' attribute to enclosing generic struct
223 |     @Environment(\.layoutDirection) private var layoutDirection: LayoutDirection
224 |     @Environment(\.tabBarPosition) private var tabBarPosition: TabBarPosition
    :
250 |     }
251 |
252 |     private func bottomBarView(subviews: SubviewsCollection) -> some View {
    |                  |                       `- error: 'SubviewsCollection' is only available in watchOS 11.0 or newer
    |                  `- note: add '@available' attribute to enclosing instance method
253 |         VStack(spacing: 0) {
254 |             contentView(subviews: subviews)
/Users/admin/builder/spi-builder-workspace/Sources/CustomTabView/CustomTabView.swift:260:40: error: 'SubviewsCollection' is only available in watchOS 11.0 or newer
220 |
221 | @available(iOS 18.0, macOS 15.0, *)
222 | private struct _LayoutView<TabBarView: View, SelectionValue: Hashable>: View {
    |                `- note: add '@available' attribute to enclosing generic struct
223 |     @Environment(\.layoutDirection) private var layoutDirection: LayoutDirection
224 |     @Environment(\.tabBarPosition) private var tabBarPosition: TabBarPosition
    :
258 |     }
259 |
260 |     private func leftBarView(subviews: SubviewsCollection) -> some View {
    |                  |                     `- error: 'SubviewsCollection' is only available in watchOS 11.0 or newer
    |                  `- note: add '@available' attribute to enclosing instance method
261 |         HStack(spacing: 0) {
262 |             tabBarView
/Users/admin/builder/spi-builder-workspace/Sources/CustomTabView/CustomTabView.swift:268:41: error: 'SubviewsCollection' is only available in watchOS 11.0 or newer
220 |
221 | @available(iOS 18.0, macOS 15.0, *)
222 | private struct _LayoutView<TabBarView: View, SelectionValue: Hashable>: View {
    |                `- note: add '@available' attribute to enclosing generic struct
223 |     @Environment(\.layoutDirection) private var layoutDirection: LayoutDirection
224 |     @Environment(\.tabBarPosition) private var tabBarPosition: TabBarPosition
    :
266 |     }
267 |
268 |     private func rightBarView(subviews: SubviewsCollection) -> some View {
    |                  |                      `- error: 'SubviewsCollection' is only available in watchOS 11.0 or newer
    |                  `- note: add '@available' attribute to enclosing instance method
269 |         HStack(spacing: 0) {
270 |             contentView(subviews: subviews)
/Users/admin/builder/spi-builder-workspace/Sources/CustomTabView/CustomTabView.swift:276:44: error: 'SubviewsCollection' is only available in watchOS 11.0 or newer
220 |
221 | @available(iOS 18.0, macOS 15.0, *)
222 | private struct _LayoutView<TabBarView: View, SelectionValue: Hashable>: View {
    |                `- note: add '@available' attribute to enclosing generic struct
223 |     @Environment(\.layoutDirection) private var layoutDirection: LayoutDirection
224 |     @Environment(\.tabBarPosition) private var tabBarPosition: TabBarPosition
    :
274 |     }
275 |
276 |     private func floatingBarView(subviews: SubviewsCollection, edge: Edge) -> some View {
    |                  |                         `- error: 'SubviewsCollection' is only available in watchOS 11.0 or newer
    |                  `- note: add '@available' attribute to enclosing instance method
277 |         let alignment: Alignment
278 |         switch edge {
/Users/admin/builder/spi-builder-workspace/Sources/CustomTabView/CustomTabView.swift:63:13: error: 'init(subviews:transform:)' is only available in watchOS 11.0 or newer
 35 | ///   - content: A closure that provides the content for each tab. The order and number of elements in the closure **must** match the `tabs` parameter.
 36 | @available(iOS 13.0, macOS 10.15, *)
 37 | public struct CustomTabView<SelectionValue: Hashable, TabBarView: View, Content: View>: View {
    |               `- note: add '@available' attribute to enclosing generic struct
 38 |
 39 |     // Tabs
    :
 59 |     }
 60 |
 61 |     public var body: some View {
    |                `- note: add '@available' attribute to enclosing property
 62 |         if #available(iOS 18.0, macOS 15.0, *) {
 63 |             Group(subviews: content) { subviews in
    |             |- error: 'init(subviews:transform:)' is only available in watchOS 11.0 or newer
    |             `- note: add 'if #available' version check
 64 |                 _LayoutView<TabBarView, SelectionValue>(
 65 |                     tabBarView: tabBarView,
/Users/admin/builder/spi-builder-workspace/Sources/CustomTabView/CustomTabView.swift:90:18: error: function declares an opaque return type, but has no return statements in its body from which to infer an underlying type [#OpaqueTypeInference]
 88 |     let selectedTabIndex: Int
 89 |
 90 |     private func contentView(subviews: _VariadicView.Children) -> some View {
    |                  `- error: function declares an opaque return type, but has no return statements in its body from which to infer an underlying type [#OpaqueTypeInference]
 91 |         #if os(iOS)
 92 |         return UITabBarControllerRepresentable(
SwiftCompile normal arm64 /Users/admin/builder/spi-builder-workspace/Sources/CustomTabView/CustomTabView.swift (in target 'CustomTabView' from project 'CustomTabView')
    cd /Users/admin/builder/spi-builder-workspace/.swiftpm/xcode
    builtin-SwiftPerFileCompile CustomTabView.swift
SwiftEmitModule normal arm64_32 Emitting\ module\ for\ CustomTabView (in target 'CustomTabView' from project 'CustomTabView')
/Users/admin/builder/spi-builder-workspace/Sources/CustomTabView/CustomTabView.swift:228:19: error: 'SubviewsCollection' is only available in watchOS 11.0 or newer
220 |
221 | @available(iOS 18.0, macOS 15.0, *)
222 | private struct _LayoutView<TabBarView: View, SelectionValue: Hashable>: View {
    |                `- note: add '@available' attribute to enclosing generic struct
223 |     @Environment(\.layoutDirection) private var layoutDirection: LayoutDirection
224 |     @Environment(\.tabBarPosition) private var tabBarPosition: TabBarPosition
    :
226 |     let tabBarView: TabBarView
227 |     let selectedTabIndex: Int
228 |     let subviews: SubviewsCollection
    |                   `- error: 'SubviewsCollection' is only available in watchOS 11.0 or newer
229 |
230 |     private func contentView(subviews: SubviewsCollection) -> some View {
/Users/admin/builder/spi-builder-workspace/Sources/CustomTabView/CustomTabView.swift:230:40: error: 'SubviewsCollection' is only available in watchOS 11.0 or newer
220 |
221 | @available(iOS 18.0, macOS 15.0, *)
222 | private struct _LayoutView<TabBarView: View, SelectionValue: Hashable>: View {
    |                `- note: add '@available' attribute to enclosing generic struct
223 |     @Environment(\.layoutDirection) private var layoutDirection: LayoutDirection
224 |     @Environment(\.tabBarPosition) private var tabBarPosition: TabBarPosition
    :
228 |     let subviews: SubviewsCollection
229 |
230 |     private func contentView(subviews: SubviewsCollection) -> some View {
    |                  |                     `- error: 'SubviewsCollection' is only available in watchOS 11.0 or newer
    |                  `- note: add '@available' attribute to enclosing instance method
231 |         #if os(iOS)
232 |         return UITabBarControllerRepresentable_iOS18(
/Users/admin/builder/spi-builder-workspace/Sources/CustomTabView/CustomTabView.swift:244:39: error: 'SubviewsCollection' is only available in watchOS 11.0 or newer
220 |
221 | @available(iOS 18.0, macOS 15.0, *)
222 | private struct _LayoutView<TabBarView: View, SelectionValue: Hashable>: View {
    |                `- note: add '@available' attribute to enclosing generic struct
223 |     @Environment(\.layoutDirection) private var layoutDirection: LayoutDirection
224 |     @Environment(\.tabBarPosition) private var tabBarPosition: TabBarPosition
    :
242 |     }
243 |
244 |     private func topBarView(subviews: SubviewsCollection) -> some View {
    |                  |                    `- error: 'SubviewsCollection' is only available in watchOS 11.0 or newer
    |                  `- note: add '@available' attribute to enclosing instance method
245 |         VStack(spacing: 0) {
246 |             tabBarView
/Users/admin/builder/spi-builder-workspace/Sources/CustomTabView/CustomTabView.swift:252:42: error: 'SubviewsCollection' is only available in watchOS 11.0 or newer
220 |
221 | @available(iOS 18.0, macOS 15.0, *)
222 | private struct _LayoutView<TabBarView: View, SelectionValue: Hashable>: View {
    |                `- note: add '@available' attribute to enclosing generic struct
223 |     @Environment(\.layoutDirection) private var layoutDirection: LayoutDirection
224 |     @Environment(\.tabBarPosition) private var tabBarPosition: TabBarPosition
    :
250 |     }
251 |
252 |     private func bottomBarView(subviews: SubviewsCollection) -> some View {
    |                  |                       `- error: 'SubviewsCollection' is only available in watchOS 11.0 or newer
    |                  `- note: add '@available' attribute to enclosing instance method
253 |         VStack(spacing: 0) {
254 |             contentView(subviews: subviews)
/Users/admin/builder/spi-builder-workspace/Sources/CustomTabView/CustomTabView.swift:260:40: error: 'SubviewsCollection' is only available in watchOS 11.0 or newer
220 |
221 | @available(iOS 18.0, macOS 15.0, *)
222 | private struct _LayoutView<TabBarView: View, SelectionValue: Hashable>: View {
    |                `- note: add '@available' attribute to enclosing generic struct
223 |     @Environment(\.layoutDirection) private var layoutDirection: LayoutDirection
224 |     @Environment(\.tabBarPosition) private var tabBarPosition: TabBarPosition
    :
258 |     }
259 |
260 |     private func leftBarView(subviews: SubviewsCollection) -> some View {
    |                  |                     `- error: 'SubviewsCollection' is only available in watchOS 11.0 or newer
    |                  `- note: add '@available' attribute to enclosing instance method
261 |         HStack(spacing: 0) {
262 |             tabBarView
/Users/admin/builder/spi-builder-workspace/Sources/CustomTabView/CustomTabView.swift:268:41: error: 'SubviewsCollection' is only available in watchOS 11.0 or newer
220 |
221 | @available(iOS 18.0, macOS 15.0, *)
222 | private struct _LayoutView<TabBarView: View, SelectionValue: Hashable>: View {
    |                `- note: add '@available' attribute to enclosing generic struct
223 |     @Environment(\.layoutDirection) private var layoutDirection: LayoutDirection
224 |     @Environment(\.tabBarPosition) private var tabBarPosition: TabBarPosition
    :
266 |     }
267 |
268 |     private func rightBarView(subviews: SubviewsCollection) -> some View {
    |                  |                      `- error: 'SubviewsCollection' is only available in watchOS 11.0 or newer
    |                  `- note: add '@available' attribute to enclosing instance method
269 |         HStack(spacing: 0) {
270 |             contentView(subviews: subviews)
/Users/admin/builder/spi-builder-workspace/Sources/CustomTabView/CustomTabView.swift:276:44: error: 'SubviewsCollection' is only available in watchOS 11.0 or newer
220 |
221 | @available(iOS 18.0, macOS 15.0, *)
222 | private struct _LayoutView<TabBarView: View, SelectionValue: Hashable>: View {
    |                `- note: add '@available' attribute to enclosing generic struct
223 |     @Environment(\.layoutDirection) private var layoutDirection: LayoutDirection
224 |     @Environment(\.tabBarPosition) private var tabBarPosition: TabBarPosition
    :
274 |     }
275 |
276 |     private func floatingBarView(subviews: SubviewsCollection, edge: Edge) -> some View {
    |                  |                         `- error: 'SubviewsCollection' is only available in watchOS 11.0 or newer
    |                  `- note: add '@available' attribute to enclosing instance method
277 |         let alignment: Alignment
278 |         switch edge {
/Users/admin/builder/spi-builder-workspace/Sources/CustomTabView/Example/BottomFloatingTabBarView.swift:59:17: error: 'UIVisualEffect' is unavailable in watchOS
57 | #if canImport(UIKit)
58 | struct VisualEffectView: UIViewRepresentable {
59 |     var effect: UIVisualEffect?
   |                 `- error: 'UIVisualEffect' is unavailable in watchOS
60 |
61 |     func makeUIView(context: UIViewRepresentableContext<Self>) -> UIVisualEffectView { UIVisualEffectView()
/Applications/Xcode-27.0.0-Release.Candidate.app/Contents/Developer/Platforms/WatchOS.platform/Developer/SDKs/WatchOS27.0.sdk/System/Library/Frameworks/UIKit.framework/Headers/UIVisualEffect.h:15:12: note: 'UIVisualEffect' has been explicitly marked unavailable here
13 |
14 | UIKIT_EXTERN API_AVAILABLE(ios(8.0)) API_UNAVAILABLE(watchos) NS_SWIFT_UI_ACTOR
15 | @interface UIVisualEffect : NSObject <NSCopying, NSSecureCoding>
   |            `- note: 'UIVisualEffect' has been explicitly marked unavailable here
16 |
17 | @end
/Users/admin/builder/spi-builder-workspace/Sources/CustomTabView/Example/BottomFloatingTabBarView.swift:61:30: error: cannot find type 'UIViewRepresentableContext' in scope
59 |     var effect: UIVisualEffect?
60 |
61 |     func makeUIView(context: UIViewRepresentableContext<Self>) -> UIVisualEffectView { UIVisualEffectView()
   |                              `- error: cannot find type 'UIViewRepresentableContext' in scope
62 |     }
63 |
/Users/admin/builder/spi-builder-workspace/Sources/CustomTabView/Example/BottomFloatingTabBarView.swift:61:67: error: 'UIVisualEffectView' is unavailable in watchOS
59 |     var effect: UIVisualEffect?
60 |
61 |     func makeUIView(context: UIViewRepresentableContext<Self>) -> UIVisualEffectView { UIVisualEffectView()
   |                                                                   `- error: 'UIVisualEffectView' is unavailable in watchOS
62 |     }
63 |
/Applications/Xcode-27.0.0-Release.Candidate.app/Contents/Developer/Platforms/WatchOS.platform/Developer/SDKs/WatchOS27.0.sdk/System/Library/Frameworks/UIKit.framework/Headers/UIVisualEffectView.h:28:12: note: 'UIVisualEffectView' has been explicitly marked unavailable here
26 |
27 | UIKIT_EXTERN API_AVAILABLE(ios(8.0)) API_UNAVAILABLE(watchos) NS_SWIFT_UI_ACTOR
28 | @interface UIVisualEffectView : UIView <NSSecureCoding>
   |            `- note: 'UIVisualEffectView' has been explicitly marked unavailable here
29 |
30 | @property (nonatomic, strong, readonly) UIView *contentView; // Do not add subviews directly to UIVisualEffectView, use this view instead.
/Users/admin/builder/spi-builder-workspace/Sources/CustomTabView/Example/BottomFloatingTabBarView.swift:64:62: error: cannot find type 'UIViewRepresentableContext' in scope
62 |     }
63 |
64 |     func updateUIView(_ uiView: UIVisualEffectView, context: UIViewRepresentableContext<Self>) { uiView.effect = effect
   |                                                              `- error: cannot find type 'UIViewRepresentableContext' in scope
65 |     }
66 | }
/Users/admin/builder/spi-builder-workspace/Sources/CustomTabView/Example/BottomFloatingTabBarView.swift:64:33: error: 'UIVisualEffectView' is unavailable in watchOS
62 |     }
63 |
64 |     func updateUIView(_ uiView: UIVisualEffectView, context: UIViewRepresentableContext<Self>) { uiView.effect = effect
   |                                 `- error: 'UIVisualEffectView' is unavailable in watchOS
65 |     }
66 | }
/Applications/Xcode-27.0.0-Release.Candidate.app/Contents/Developer/Platforms/WatchOS.platform/Developer/SDKs/WatchOS27.0.sdk/System/Library/Frameworks/UIKit.framework/Headers/UIVisualEffectView.h:28:12: note: 'UIVisualEffectView' has been explicitly marked unavailable here
26 |
27 | UIKIT_EXTERN API_AVAILABLE(ios(8.0)) API_UNAVAILABLE(watchos) NS_SWIFT_UI_ACTOR
28 | @interface UIVisualEffectView : UIView <NSSecureCoding>
   |            `- note: 'UIVisualEffectView' has been explicitly marked unavailable here
29 |
30 | @property (nonatomic, strong, readonly) UIView *contentView; // Do not add subviews directly to UIVisualEffectView, use this view instead.
/Users/admin/builder/spi-builder-workspace/Sources/CustomTabView/Example/BottomFloatingTabBarView.swift:58:26: error: cannot find type 'UIViewRepresentable' in scope
56 |
57 | #if canImport(UIKit)
58 | struct VisualEffectView: UIViewRepresentable {
   |                          `- error: cannot find type 'UIViewRepresentable' in scope
59 |     var effect: UIVisualEffect?
60 |
SwiftCompile normal arm64_32 (in target 'CustomTabView' from project 'CustomTabView')
    cd /Users/admin/builder/spi-builder-workspace/.swiftpm/xcode

SwiftCompile normal arm64_32 Compiling\ ExampleView.swift /Users/admin/builder/spi-builder-workspace/Sources/CustomTabView/Example/ExampleView.swift (in target 'CustomTabView' from project 'CustomTabView')
SwiftCompile normal arm64_32 /Users/admin/builder/spi-builder-workspace/Sources/CustomTabView/Example/ExampleView.swift (in target 'CustomTabView' from project 'CustomTabView')
    cd /Users/admin/builder/spi-builder-workspace/.swiftpm/xcode
    builtin-SwiftPerFileCompile ExampleView.swift
SwiftCompile normal arm64_32 Compiling\ CustomTabView.swift /Users/admin/builder/spi-builder-workspace/Sources/CustomTabView/CustomTabView.swift (in target 'CustomTabView' from project 'CustomTabView')
SwiftCompile normal arm64_32 /Users/admin/builder/spi-builder-workspace/Sources/CustomTabView/CustomTabView.swift (in target 'CustomTabView' from project 'CustomTabView')
    cd /Users/admin/builder/spi-builder-workspace/.swiftpm/xcode
    builtin-SwiftPerFileCompile CustomTabView.swift
PruneExplicitPrecompiledModules /Users/admin/builder/spi-builder-workspace/.derivedData/Build/Intermediates.noindex/SwiftExplicitPrecompiledModules
PruneExplicitPrecompiledModules /Users/admin/builder/spi-builder-workspace/.derivedData/SDKExplicitPrecompiledModules
PruneExplicitPrecompiledModules /Users/admin/builder/spi-builder-workspace/.derivedData/Build/Intermediates.noindex/ExplicitPrecompiledModules
2026-09-28 06:16:49.617 xcodebuild[643:4091] [MT] IDERunDestination: Supported platforms for the buildables in the current scheme is empty.
** BUILD FAILED **
The following build commands failed:
	SwiftEmitModule normal arm64 Emitting\ module\ for\ CustomTabView (in target 'CustomTabView' from project 'CustomTabView')
	SwiftCompile normal arm64 (in target 'CustomTabView' from project 'CustomTabView')
	Building workspace CustomTabView with scheme CustomTabView
(3 failures)
Command line invocation:
    /Applications/Xcode-27.0.0-Release.Candidate.app/Contents/Developer/usr/bin/xcodebuild -IDEClonedSourcePackagesDirPathOverride=/Users/admin/builder/spi-builder-workspace/.dependencies -resolvePackageDependencies
Resolve Package Graph
Resolved source packages:
  CustomTabView: /Users/admin/builder/spi-builder-workspace
resolved source packages: CustomTabView
2026-09-28 06:16:56.234 xcodebuild[793:4668] [MT] IDERunDestination: Supported platforms for the buildables in the current scheme is empty.
{
  "dependencies" : [
  ],
  "manifest_display_name" : "CustomTabView",
  "name" : "CustomTabView",
  "path" : "/Users/admin/builder/spi-builder-workspace",
  "platforms" : [
    {
      "name" : "ios",
      "version" : "13.0"
    },
    {
      "name" : "macos",
      "version" : "10.15"
    }
  ],
  "products" : [
    {
      "name" : "CustomTabView",
      "targets" : [
        "CustomTabView"
      ],
      "type" : {
        "library" : [
          "automatic"
        ]
      }
    }
  ],
  "targets" : [
    {
      "c99name" : "CustomTabViewTests",
      "module_type" : "SwiftTarget",
      "name" : "CustomTabViewTests",
      "path" : "Tests/CustomTabViewTests",
      "sources" : [
        "CustomTabViewTests.swift"
      ],
      "target_dependencies" : [
        "CustomTabView"
      ],
      "type" : "test"
    },
    {
      "c99name" : "CustomTabView",
      "module_type" : "SwiftTarget",
      "name" : "CustomTabView",
      "path" : "Sources/CustomTabView",
      "product_memberships" : [
        "CustomTabView"
      ],
      "sources" : [
        "CustomTabView.swift",
        "EnvironmentValues+TabBarPosition.swift",
        "Example/BottomFloatingTabBarView.swift",
        "Example/ExampleView.swift",
        "Example/Tab.swift",
        "Example/TopIndicatorTabBarView.swift",
        "iOS/KeyboardReadable.swift",
        "iOS/UITabBarControllerRepresentable.swift",
        "macOS/NSTabBarControllerRepresentable.swift"
      ],
      "type" : "library"
    }
  ],
  "tools_version" : "5.7"
}
{
  "workspace" : {
    "name" : "CustomTabView",
    "schemes" : [
      "CustomTabView"
    ]
  }
}
2026-09-28 06:16:57.446 xcodebuild[801:4746] [MT] IDERunDestination: Supported platforms for the buildables in the current scheme is empty.
Running build ...
env DEVELOPER_DIR=/Applications/Xcode-27.0.0-Release.Candidate.app xcrun xcodebuild -IDEClonedSourcePackagesDirPathOverride=$PWD/.dependencies -skipMacroValidation -skipPackagePluginValidation -derivedDataPath $PWD/.derivedData build -scheme CustomTabView -destination generic/platform=watchOS
Command line invocation:
    /Applications/Xcode-27.0.0-Release.Candidate.app/Contents/Developer/usr/bin/xcodebuild -IDEClonedSourcePackagesDirPathOverride=/Users/admin/builder/spi-builder-workspace/.dependencies -skipMacroValidation -skipPackagePluginValidation -derivedDataPath /Users/admin/builder/spi-builder-workspace/.derivedData build -scheme CustomTabView -destination generic/platform=watchOS
Resolve Package Graph
Resolved source packages:
  CustomTabView: /Users/admin/builder/spi-builder-workspace
ComputePackagePrebuildTargetDependencyGraph
Prepare packages
CreateBuildRequest
SendProjectDescription
CreateBuildOperation
ComputeTargetDependencyGraph
note: Building targets in dependency order
note: Target dependency graph (2 targets)
    Target 'CustomTabView-product' in project 'CustomTabView'
        ➜ Explicit dependency on target 'CustomTabView' in project 'CustomTabView'
    Target 'CustomTabView' in project 'CustomTabView' (no dependencies)
GatherProvisioningInputs
CreateBuildDescription
ClangStatCache /Applications/Xcode-27.0.0-Release.Candidate.app/Contents/Developer/Toolchains/XcodeDefault.xctoolchain/usr/bin/clang-stat-cache /Applications/Xcode-27.0.0-Release.Candidate.app/Contents/Developer/Platforms/WatchOS.platform/Developer/SDKs/WatchOS27.0.sdk /Users/admin/builder/spi-builder-workspace/.derivedData/SDKStatCaches.noindex/watchos27.0-24R360-e829b21a6f8c9b70876ba0858053c04477534ef55a1706bf4c1112bbb242f0a2.sdkstatcache
    cd /Users/admin/builder/spi-builder-workspace/.swiftpm/xcode
    /Applications/Xcode-27.0.0-Release.Candidate.app/Contents/Developer/Toolchains/XcodeDefault.xctoolchain/usr/bin/clang-stat-cache /Applications/Xcode-27.0.0-Release.Candidate.app/Contents/Developer/Platforms/WatchOS.platform/Developer/SDKs/WatchOS27.0.sdk -o /Users/admin/builder/spi-builder-workspace/.derivedData/SDKStatCaches.noindex/watchos27.0-24R360-e829b21a6f8c9b70876ba0858053c04477534ef55a1706bf4c1112bbb242f0a2.sdkstatcache
SwiftDriver CustomTabView normal arm64 com.apple.xcode.tools.swift.compiler (in target 'CustomTabView' from project 'CustomTabView')
    cd /Users/admin/builder/spi-builder-workspace/.swiftpm/xcode
    builtin-SwiftDriver -- /Applications/Xcode-27.0.0-Release.Candidate.app/Contents/Developer/Toolchains/XcodeDefault.xctoolchain/usr/bin/swiftc -parse-as-library -module-name CustomTabView -Onone @/Users/admin/builder/spi-builder-workspace/.derivedData/Build/Intermediates.noindex/CustomTabView.build/Debug-watchos/CustomTabView-t.build/Objects-normal/arm64/CustomTabView.SwiftFileList -DSWIFT_PACKAGE -DDEBUG -DSWIFT_MODULE_RESOURCE_BUNDLE_UNAVAILABLE -DXcode -plugin-path /Applications/Xcode-27.0.0-Release.Candidate.app/Contents/Developer/Toolchains/XcodeDefault.xctoolchain/usr/lib/swift/host/plugins/testing -enable-experimental-feature DebugDescriptionMacro -sdk /Applications/Xcode-27.0.0-Release.Candidate.app/Contents/Developer/Platforms/WatchOS.platform/Developer/SDKs/WatchOS27.0.sdk -target arm64-apple-watchos9.0 -g -module-cache-path /Users/admin/builder/spi-builder-workspace/.derivedData/ModuleCache.noindex -Xfrontend -serialize-debugging-options -profile-coverage-mapping -profile-generate -enable-testing -index-store-path /Users/admin/builder/spi-builder-workspace/.derivedData/Index.noindex/DataStore -Xcc -D_LIBCPP_HARDENING_MODE\=_LIBCPP_HARDENING_MODE_DEBUG -swift-version 5 -I /Users/admin/builder/spi-builder-workspace/.derivedData/Build/Products/Debug-watchos -Isystem /Applications/Xcode-27.0.0-Release.Candidate.app/Contents/Developer/Platforms/WatchOS.platform/Developer/usr/lib -F /Users/admin/builder/spi-builder-workspace/.derivedData/Build/Products/Debug-watchos -F /Applications/Xcode-27.0.0-Release.Candidate.app/Contents/Developer/Platforms/WatchOS.platform/Developer/Library/Frameworks -F /Applications/Xcode-27.0.0-Release.Candidate.app/Contents/Developer/Platforms/WatchOS.platform/Developer/SDKs/WatchOS27.0.sdk/Developer/Library/Frameworks -c -j10 -enable-batch-mode -incremental -Xcc -ivfsstatcache -Xcc /Users/admin/builder/spi-builder-workspace/.derivedData/SDKStatCaches.noindex/watchos27.0-24R360-e829b21a6f8c9b70876ba0858053c04477534ef55a1706bf4c1112bbb242f0a2.sdkstatcache -output-file-map /Users/admin/builder/spi-builder-workspace/.derivedData/Build/Intermediates.noindex/CustomTabView.build/Debug-watchos/CustomTabView-t.build/Objects-normal/arm64/CustomTabView-OutputFileMap.json -save-temps -no-color-diagnostics -explicit-module-build -module-cache-path /Users/admin/builder/spi-builder-workspace/.derivedData/Build/Intermediates.noindex/SwiftExplicitPrecompiledModules -clang-scanner-module-cache-path /Users/admin/builder/spi-builder-workspace/.derivedData/ModuleCache.noindex -sdk-module-cache-path /Users/admin/builder/spi-builder-workspace/.derivedData/SDKExplicitPrecompiledModules -emit-dependencies -emit-module -emit-module-path /Users/admin/builder/spi-builder-workspace/.derivedData/Build/Intermediates.noindex/CustomTabView.build/Debug-watchos/CustomTabView-t.build/Objects-normal/arm64/CustomTabView.swiftmodule -serialize-diagnostics -dependency-scan-serialize-diagnostics-path /Users/admin/builder/spi-builder-workspace/.derivedData/Build/Intermediates.noindex/CustomTabView.build/Debug-watchos/CustomTabView-t.build/Objects-normal/arm64/CustomTabView-dependency-scan.dia -validate-clang-modules-once -clang-build-session-file /Users/admin/builder/spi-builder-workspace/.derivedData/ModuleCache.noindex/Session.modulevalidation -Xcc -fmodules-prune-interval\=86400 -Xcc -fmodules-prune-after\=345600 -emit-const-values -const-gather-protocols-list /Users/admin/builder/spi-builder-workspace/.derivedData/Build/Intermediates.noindex/CustomTabView.build/Debug-watchos/CustomTabView-t.build/Objects-normal/arm64/CustomTabView_const_extract_protocols.json -Xcc -I/Users/admin/builder/spi-builder-workspace/.derivedData/Build/Products/Debug-watchos/include -Xcc -I/Users/admin/builder/spi-builder-workspace/.derivedData/Build/Intermediates.noindex/CustomTabView.build/Debug-watchos/CustomTabView-t.build/DerivedSources-normal/arm64 -Xcc -I/Users/admin/builder/spi-builder-workspace/.derivedData/Build/Intermediates.noindex/CustomTabView.build/Debug-watchos/CustomTabView-t.build/DerivedSources/arm64 -Xcc -I/Users/admin/builder/spi-builder-workspace/.derivedData/Build/Intermediates.noindex/CustomTabView.build/Debug-watchos/CustomTabView-t.build/DerivedSources -Xcc -DSWIFT_PACKAGE -Xcc -DDEBUG\=1 -emit-objc-header -emit-objc-header-path /Users/admin/builder/spi-builder-workspace/.derivedData/Build/Intermediates.noindex/CustomTabView.build/Debug-watchos/CustomTabView-t.build/Objects-normal/arm64/CustomTabView-Swift.h -working-directory /Users/admin/builder/spi-builder-workspace/.swiftpm/xcode -experimental-emit-module-separately -disable-cmo
SwiftDriver CustomTabView normal arm64_32 com.apple.xcode.tools.swift.compiler (in target 'CustomTabView' from project 'CustomTabView')
    cd /Users/admin/builder/spi-builder-workspace/.swiftpm/xcode
    builtin-SwiftDriver -- /Applications/Xcode-27.0.0-Release.Candidate.app/Contents/Developer/Toolchains/XcodeDefault.xctoolchain/usr/bin/swiftc -parse-as-library -module-name CustomTabView -Onone @/Users/admin/builder/spi-builder-workspace/.derivedData/Build/Intermediates.noindex/CustomTabView.build/Debug-watchos/CustomTabView-t.build/Objects-normal/arm64_32/CustomTabView.SwiftFileList -DSWIFT_PACKAGE -DDEBUG -DSWIFT_MODULE_RESOURCE_BUNDLE_UNAVAILABLE -DXcode -plugin-path /Applications/Xcode-27.0.0-Release.Candidate.app/Contents/Developer/Toolchains/XcodeDefault.xctoolchain/usr/lib/swift/host/plugins/testing -enable-experimental-feature DebugDescriptionMacro -sdk /Applications/Xcode-27.0.0-Release.Candidate.app/Contents/Developer/Platforms/WatchOS.platform/Developer/SDKs/WatchOS27.0.sdk -target arm64_32-apple-watchos9.0 -g -module-cache-path /Users/admin/builder/spi-builder-workspace/.derivedData/ModuleCache.noindex -Xfrontend -serialize-debugging-options -profile-coverage-mapping -profile-generate -enable-testing -index-store-path /Users/admin/builder/spi-builder-workspace/.derivedData/Index.noindex/DataStore -Xcc -D_LIBCPP_HARDENING_MODE\=_LIBCPP_HARDENING_MODE_DEBUG -swift-version 5 -I /Users/admin/builder/spi-builder-workspace/.derivedData/Build/Products/Debug-watchos -Isystem /Applications/Xcode-27.0.0-Release.Candidate.app/Contents/Developer/Platforms/WatchOS.platform/Developer/usr/lib -F /Users/admin/builder/spi-builder-workspace/.derivedData/Build/Products/Debug-watchos -F /Applications/Xcode-27.0.0-Release.Candidate.app/Contents/Developer/Platforms/WatchOS.platform/Developer/Library/Frameworks -F /Applications/Xcode-27.0.0-Release.Candidate.app/Contents/Developer/Platforms/WatchOS.platform/Developer/SDKs/WatchOS27.0.sdk/Developer/Library/Frameworks -c -j10 -enable-batch-mode -incremental -Xcc -ivfsstatcache -Xcc /Users/admin/builder/spi-builder-workspace/.derivedData/SDKStatCaches.noindex/watchos27.0-24R360-e829b21a6f8c9b70876ba0858053c04477534ef55a1706bf4c1112bbb242f0a2.sdkstatcache -output-file-map /Users/admin/builder/spi-builder-workspace/.derivedData/Build/Intermediates.noindex/CustomTabView.build/Debug-watchos/CustomTabView-t.build/Objects-normal/arm64_32/CustomTabView-OutputFileMap.json -save-temps -no-color-diagnostics -explicit-module-build -module-cache-path /Users/admin/builder/spi-builder-workspace/.derivedData/Build/Intermediates.noindex/SwiftExplicitPrecompiledModules -clang-scanner-module-cache-path /Users/admin/builder/spi-builder-workspace/.derivedData/ModuleCache.noindex -sdk-module-cache-path /Users/admin/builder/spi-builder-workspace/.derivedData/SDKExplicitPrecompiledModules -emit-dependencies -emit-module -emit-module-path /Users/admin/builder/spi-builder-workspace/.derivedData/Build/Intermediates.noindex/CustomTabView.build/Debug-watchos/CustomTabView-t.build/Objects-normal/arm64_32/CustomTabView.swiftmodule -serialize-diagnostics -dependency-scan-serialize-diagnostics-path /Users/admin/builder/spi-builder-workspace/.derivedData/Build/Intermediates.noindex/CustomTabView.build/Debug-watchos/CustomTabView-t.build/Objects-normal/arm64_32/CustomTabView-dependency-scan.dia -validate-clang-modules-once -clang-build-session-file /Users/admin/builder/spi-builder-workspace/.derivedData/ModuleCache.noindex/Session.modulevalidation -Xcc -fmodules-prune-interval\=86400 -Xcc -fmodules-prune-after\=345600 -emit-const-values -const-gather-protocols-list /Users/admin/builder/spi-builder-workspace/.derivedData/Build/Intermediates.noindex/CustomTabView.build/Debug-watchos/CustomTabView-t.build/Objects-normal/arm64_32/CustomTabView_const_extract_protocols.json -Xcc -I/Users/admin/builder/spi-builder-workspace/.derivedData/Build/Products/Debug-watchos/include -Xcc -I/Users/admin/builder/spi-builder-workspace/.derivedData/Build/Intermediates.noindex/CustomTabView.build/Debug-watchos/CustomTabView-t.build/DerivedSources-normal/arm64_32 -Xcc -I/Users/admin/builder/spi-builder-workspace/.derivedData/Build/Intermediates.noindex/CustomTabView.build/Debug-watchos/CustomTabView-t.build/DerivedSources/arm64_32 -Xcc -I/Users/admin/builder/spi-builder-workspace/.derivedData/Build/Intermediates.noindex/CustomTabView.build/Debug-watchos/CustomTabView-t.build/DerivedSources -Xcc -DSWIFT_PACKAGE -Xcc -DDEBUG\=1 -emit-objc-header -emit-objc-header-path /Users/admin/builder/spi-builder-workspace/.derivedData/Build/Intermediates.noindex/CustomTabView.build/Debug-watchos/CustomTabView-t.build/Objects-normal/arm64_32/CustomTabView-Swift.h -working-directory /Users/admin/builder/spi-builder-workspace/.swiftpm/xcode -experimental-emit-module-separately -disable-cmo
SwiftEmitModule normal arm64_32 Emitting\ module\ for\ CustomTabView (in target 'CustomTabView' from project 'CustomTabView')
/Users/admin/builder/spi-builder-workspace/Sources/CustomTabView/CustomTabView.swift:228:19: error: 'SubviewsCollection' is only available in watchOS 11.0 or newer
220 |
221 | @available(iOS 18.0, macOS 15.0, *)
222 | private struct _LayoutView<TabBarView: View, SelectionValue: Hashable>: View {
    |                `- note: add '@available' attribute to enclosing generic struct
223 |     @Environment(\.layoutDirection) private var layoutDirection: LayoutDirection
224 |     @Environment(\.tabBarPosition) private var tabBarPosition: TabBarPosition
    :
226 |     let tabBarView: TabBarView
227 |     let selectedTabIndex: Int
228 |     let subviews: SubviewsCollection
    |                   `- error: 'SubviewsCollection' is only available in watchOS 11.0 or newer
229 |
230 |     private func contentView(subviews: SubviewsCollection) -> some View {
/Users/admin/builder/spi-builder-workspace/Sources/CustomTabView/CustomTabView.swift:230:40: error: 'SubviewsCollection' is only available in watchOS 11.0 or newer
220 |
221 | @available(iOS 18.0, macOS 15.0, *)
222 | private struct _LayoutView<TabBarView: View, SelectionValue: Hashable>: View {
    |                `- note: add '@available' attribute to enclosing generic struct
223 |     @Environment(\.layoutDirection) private var layoutDirection: LayoutDirection
224 |     @Environment(\.tabBarPosition) private var tabBarPosition: TabBarPosition
    :
228 |     let subviews: SubviewsCollection
229 |
230 |     private func contentView(subviews: SubviewsCollection) -> some View {
    |                  |                     `- error: 'SubviewsCollection' is only available in watchOS 11.0 or newer
    |                  `- note: add '@available' attribute to enclosing instance method
231 |         #if os(iOS)
232 |         return UITabBarControllerRepresentable_iOS18(
/Users/admin/builder/spi-builder-workspace/Sources/CustomTabView/CustomTabView.swift:244:39: error: 'SubviewsCollection' is only available in watchOS 11.0 or newer
220 |
221 | @available(iOS 18.0, macOS 15.0, *)
222 | private struct _LayoutView<TabBarView: View, SelectionValue: Hashable>: View {
    |                `- note: add '@available' attribute to enclosing generic struct
223 |     @Environment(\.layoutDirection) private var layoutDirection: LayoutDirection
224 |     @Environment(\.tabBarPosition) private var tabBarPosition: TabBarPosition
    :
242 |     }
243 |
244 |     private func topBarView(subviews: SubviewsCollection) -> some View {
    |                  |                    `- error: 'SubviewsCollection' is only available in watchOS 11.0 or newer
    |                  `- note: add '@available' attribute to enclosing instance method
245 |         VStack(spacing: 0) {
246 |             tabBarView
/Users/admin/builder/spi-builder-workspace/Sources/CustomTabView/CustomTabView.swift:252:42: error: 'SubviewsCollection' is only available in watchOS 11.0 or newer
220 |
221 | @available(iOS 18.0, macOS 15.0, *)
222 | private struct _LayoutView<TabBarView: View, SelectionValue: Hashable>: View {
    |                `- note: add '@available' attribute to enclosing generic struct
223 |     @Environment(\.layoutDirection) private var layoutDirection: LayoutDirection
224 |     @Environment(\.tabBarPosition) private var tabBarPosition: TabBarPosition
    :
250 |     }
251 |
252 |     private func bottomBarView(subviews: SubviewsCollection) -> some View {
    |                  |                       `- error: 'SubviewsCollection' is only available in watchOS 11.0 or newer
    |                  `- note: add '@available' attribute to enclosing instance method
253 |         VStack(spacing: 0) {
254 |             contentView(subviews: subviews)
/Users/admin/builder/spi-builder-workspace/Sources/CustomTabView/CustomTabView.swift:260:40: error: 'SubviewsCollection' is only available in watchOS 11.0 or newer
220 |
221 | @available(iOS 18.0, macOS 15.0, *)
222 | private struct _LayoutView<TabBarView: View, SelectionValue: Hashable>: View {
    |                `- note: add '@available' attribute to enclosing generic struct
223 |     @Environment(\.layoutDirection) private var layoutDirection: LayoutDirection
224 |     @Environment(\.tabBarPosition) private var tabBarPosition: TabBarPosition
    :
258 |     }
259 |
260 |     private func leftBarView(subviews: SubviewsCollection) -> some View {
    |                  |                     `- error: 'SubviewsCollection' is only available in watchOS 11.0 or newer
    |                  `- note: add '@available' attribute to enclosing instance method
261 |         HStack(spacing: 0) {
262 |             tabBarView
/Users/admin/builder/spi-builder-workspace/Sources/CustomTabView/CustomTabView.swift:268:41: error: 'SubviewsCollection' is only available in watchOS 11.0 or newer
220 |
221 | @available(iOS 18.0, macOS 15.0, *)
222 | private struct _LayoutView<TabBarView: View, SelectionValue: Hashable>: View {
    |                `- note: add '@available' attribute to enclosing generic struct
223 |     @Environment(\.layoutDirection) private var layoutDirection: LayoutDirection
224 |     @Environment(\.tabBarPosition) private var tabBarPosition: TabBarPosition
    :
266 |     }
267 |
268 |     private func rightBarView(subviews: SubviewsCollection) -> some View {
    |                  |                      `- error: 'SubviewsCollection' is only available in watchOS 11.0 or newer
    |                  `- note: add '@available' attribute to enclosing instance method
269 |         HStack(spacing: 0) {
270 |             contentView(subviews: subviews)
/Users/admin/builder/spi-builder-workspace/Sources/CustomTabView/CustomTabView.swift:276:44: error: 'SubviewsCollection' is only available in watchOS 11.0 or newer
220 |
221 | @available(iOS 18.0, macOS 15.0, *)
222 | private struct _LayoutView<TabBarView: View, SelectionValue: Hashable>: View {
    |                `- note: add '@available' attribute to enclosing generic struct
223 |     @Environment(\.layoutDirection) private var layoutDirection: LayoutDirection
224 |     @Environment(\.tabBarPosition) private var tabBarPosition: TabBarPosition
    :
274 |     }
275 |
276 |     private func floatingBarView(subviews: SubviewsCollection, edge: Edge) -> some View {
    |                  |                         `- error: 'SubviewsCollection' is only available in watchOS 11.0 or newer
    |                  `- note: add '@available' attribute to enclosing instance method
277 |         let alignment: Alignment
278 |         switch edge {
/Users/admin/builder/spi-builder-workspace/Sources/CustomTabView/Example/BottomFloatingTabBarView.swift:59:17: error: 'UIVisualEffect' is unavailable in watchOS
57 | #if canImport(UIKit)
58 | struct VisualEffectView: UIViewRepresentable {
59 |     var effect: UIVisualEffect?
   |                 `- error: 'UIVisualEffect' is unavailable in watchOS
60 |
61 |     func makeUIView(context: UIViewRepresentableContext<Self>) -> UIVisualEffectView { UIVisualEffectView()
/Applications/Xcode-27.0.0-Release.Candidate.app/Contents/Developer/Platforms/WatchOS.platform/Developer/SDKs/WatchOS27.0.sdk/System/Library/Frameworks/UIKit.framework/Headers/UIVisualEffect.h:15:12: note: 'UIVisualEffect' has been explicitly marked unavailable here
13 |
14 | UIKIT_EXTERN API_AVAILABLE(ios(8.0)) API_UNAVAILABLE(watchos) NS_SWIFT_UI_ACTOR
15 | @interface UIVisualEffect : NSObject <NSCopying, NSSecureCoding>
   |            `- note: 'UIVisualEffect' has been explicitly marked unavailable here
16 |
17 | @end
/Users/admin/builder/spi-builder-workspace/Sources/CustomTabView/Example/BottomFloatingTabBarView.swift:61:30: error: cannot find type 'UIViewRepresentableContext' in scope
59 |     var effect: UIVisualEffect?
60 |
61 |     func makeUIView(context: UIViewRepresentableContext<Self>) -> UIVisualEffectView { UIVisualEffectView()
   |                              `- error: cannot find type 'UIViewRepresentableContext' in scope
62 |     }
63 |
/Users/admin/builder/spi-builder-workspace/Sources/CustomTabView/Example/BottomFloatingTabBarView.swift:61:67: error: 'UIVisualEffectView' is unavailable in watchOS
59 |     var effect: UIVisualEffect?
60 |
61 |     func makeUIView(context: UIViewRepresentableContext<Self>) -> UIVisualEffectView { UIVisualEffectView()
   |                                                                   `- error: 'UIVisualEffectView' is unavailable in watchOS
62 |     }
63 |
/Applications/Xcode-27.0.0-Release.Candidate.app/Contents/Developer/Platforms/WatchOS.platform/Developer/SDKs/WatchOS27.0.sdk/System/Library/Frameworks/UIKit.framework/Headers/UIVisualEffectView.h:28:12: note: 'UIVisualEffectView' has been explicitly marked unavailable here
26 |
27 | UIKIT_EXTERN API_AVAILABLE(ios(8.0)) API_UNAVAILABLE(watchos) NS_SWIFT_UI_ACTOR
28 | @interface UIVisualEffectView : UIView <NSSecureCoding>
   |            `- note: 'UIVisualEffectView' has been explicitly marked unavailable here
29 |
30 | @property (nonatomic, strong, readonly) UIView *contentView; // Do not add subviews directly to UIVisualEffectView, use this view instead.
/Users/admin/builder/spi-builder-workspace/Sources/CustomTabView/Example/BottomFloatingTabBarView.swift:64:62: error: cannot find type 'UIViewRepresentableContext' in scope
62 |     }
63 |
64 |     func updateUIView(_ uiView: UIVisualEffectView, context: UIViewRepresentableContext<Self>) { uiView.effect = effect
   |                                                              `- error: cannot find type 'UIViewRepresentableContext' in scope
65 |     }
66 | }
/Users/admin/builder/spi-builder-workspace/Sources/CustomTabView/Example/BottomFloatingTabBarView.swift:64:33: error: 'UIVisualEffectView' is unavailable in watchOS
62 |     }
63 |
64 |     func updateUIView(_ uiView: UIVisualEffectView, context: UIViewRepresentableContext<Self>) { uiView.effect = effect
   |                                 `- error: 'UIVisualEffectView' is unavailable in watchOS
65 |     }
66 | }
/Applications/Xcode-27.0.0-Release.Candidate.app/Contents/Developer/Platforms/WatchOS.platform/Developer/SDKs/WatchOS27.0.sdk/System/Library/Frameworks/UIKit.framework/Headers/UIVisualEffectView.h:28:12: note: 'UIVisualEffectView' has been explicitly marked unavailable here
26 |
27 | UIKIT_EXTERN API_AVAILABLE(ios(8.0)) API_UNAVAILABLE(watchos) NS_SWIFT_UI_ACTOR
28 | @interface UIVisualEffectView : UIView <NSSecureCoding>
   |            `- note: 'UIVisualEffectView' has been explicitly marked unavailable here
29 |
30 | @property (nonatomic, strong, readonly) UIView *contentView; // Do not add subviews directly to UIVisualEffectView, use this view instead.
/Users/admin/builder/spi-builder-workspace/Sources/CustomTabView/Example/BottomFloatingTabBarView.swift:58:26: error: cannot find type 'UIViewRepresentable' in scope
56 |
57 | #if canImport(UIKit)
58 | struct VisualEffectView: UIViewRepresentable {
   |                          `- error: cannot find type 'UIViewRepresentable' in scope
59 |     var effect: UIVisualEffect?
60 |
Failed frontend command:
SwiftCompile normal arm64_32 (in target 'CustomTabView' from project 'CustomTabView')
    cd /Users/admin/builder/spi-builder-workspace/.swiftpm/xcode

/Applications/Xcode-27.0.0-Release.Candidate.app/Contents/Developer/Toolchains/XcodeDefault.xctoolchain/usr/bin/swift-frontend -frontend -emit-module -experimental-skip-non-inlinable-function-bodies-without-types /Users/admin/builder/spi-builder-workspace/Sources/CustomTabView/CustomTabView.swift /Users/admin/builder/spi-builder-workspace/Sources/CustomTabView/EnvironmentValues+TabBarPosition.swift /Users/admin/builder/spi-builder-workspace/Sources/CustomTabView/Example/BottomFloatingTabBarView.swift /Users/admin/builder/spi-builder-workspace/Sources/CustomTabView/Example/ExampleView.swift /Users/admin/builder/spi-builder-workspace/Sources/CustomTabView/Example/Tab.swift /Users/admin/builder/spi-builder-workspace/Sources/CustomTabView/Example/TopIndicatorTabBarView.swift /Users/admin/builder/spi-builder-workspace/Sources/CustomTabView/iOS/KeyboardReadable.swift /Users/admin/builder/spi-builder-workspace/Sources/CustomTabView/iOS/UITabBarControllerRepresentable.swift /Users/admin/builder/spi-builder-workspace/Sources/CustomTabView/macOS/NSTabBarControllerRepresentable.swift -target arm64_32-apple-watchos9.0 -module-can-import-version Combine 3023 0 -module-can-import-version UIKit 9127.0.84.1 9127.0.84 -disable-cross-import-overlay-search -load-resolved-plugin /Applications/Xcode-27.0.0-Release.Candidate.app/Contents/Developer/Platforms/WatchOS.platform/Developer/usr/lib/swift/host/plugins/libFoundationMacros.dylib\#/Applications/Xcode-27.0.0-Release.Candidate.app/Contents/Developer/Platforms/WatchOS.platform/Developer/usr/bin/swift-plugin-server\#FoundationMacros -load-resolved-plugin /Applications/Xcode-27.0.0-Release.Candidate.app/Contents/Developer/Platforms/WatchOS.platform/Developer/usr/lib/swift/host/plugins/libObservationMacros.dylib\#/Applications/Xcode-27.0.0-Release.Candidate.app/Contents/Developer/Platforms/WatchOS.platform/Developer/usr/bin/swift-plugin-server\#ObservationMacros -load-resolved-plugin /Applications/Xcode-27.0.0-Release.Candidate.app/Contents/Developer/Platforms/WatchOS.platform/Developer/usr/lib/swift/host/plugins/libPreviewsMacros.dylib\#/Applications/Xcode-27.0.0-Release.Candidate.app/Contents/Developer/Platforms/WatchOS.platform/Developer/usr/bin/swift-plugin-server\#PreviewsMacros -load-resolved-plugin /Applications/Xcode-27.0.0-Release.Candidate.app/Contents/Developer/Platforms/WatchOS.platform/Developer/usr/lib/swift/host/plugins/libSwiftMacros.dylib\#/Applications/Xcode-27.0.0-Release.Candidate.app/Contents/Developer/Platforms/WatchOS.platform/Developer/usr/bin/swift-plugin-server\#SwiftMacros -load-resolved-plugin /Applications/Xcode-27.0.0-Release.Candidate.app/Contents/Developer/Platforms/WatchOS.platform/Developer/usr/lib/swift/host/plugins/libSwiftUIMacros.dylib\#/Applications/Xcode-27.0.0-Release.Candidate.app/Contents/Developer/Platforms/WatchOS.platform/Developer/usr/bin/swift-plugin-server\#SwiftUIMacros -disable-implicit-swift-modules -Xcc -fno-implicit-modules -Xcc -fno-implicit-module-maps -explicit-swift-module-map-file /Users/admin/builder/spi-builder-workspace/.derivedData/Build/Intermediates.noindex/CustomTabView.build/Debug-watchos/CustomTabView-t.build/Objects-normal/arm64_32/CustomTabView-dependencies-2.json -enable-objc-interop -sdk /Applications/Xcode-27.0.0-Release.Candidate.app/Contents/Developer/Platforms/WatchOS.platform/Developer/SDKs/WatchOS27.0.sdk -I /Users/admin/builder/spi-builder-workspace/.derivedData/Build/Products/Debug-watchos -Isystem /Applications/Xcode-27.0.0-Release.Candidate.app/Contents/Developer/Platforms/WatchOS.platform/Developer/usr/lib -F /Users/admin/builder/spi-builder-workspace/.derivedData/Build/Products/Debug-watchos -F /Applications/Xcode-27.0.0-Release.Candidate.app/Contents/Developer/Platforms/WatchOS.platform/Developer/Library/Frameworks -F /Applications/Xcode-27.0.0-Release.Candidate.app/Contents/Developer/Platforms/WatchOS.platform/Developer/SDKs/WatchOS27.0.sdk/Developer/Library/Frameworks -module-cache-path /Users/admin/builder/spi-builder-workspace/.derivedData/Build/Intermediates.noindex/SwiftExplicitPrecompiledModules -no-color-diagnostics -Xcc -fno-color-diagnostics -enable-testing -g -debug-info-format\=dwarf -dwarf-version\=4 -profile-generate -profile-coverage-mapping -swift-version 5 -Onone -D SWIFT_PACKAGE -D DEBUG -D SWIFT_MODULE_RESOURCE_BUNDLE_UNAVAILABLE -D Xcode -serialize-debugging-options -enable-experimental-feature DebugDescriptionMacro -empty-abi-descriptor -validate-clang-modules-once -clang-build-session-file /Users/admin/builder/spi-builder-workspace/.derivedData/ModuleCache.noindex/Session.modulevalidation -Xcc -working-directory -Xcc /Users/admin/builder/spi-builder-workspace/.swiftpm/xcode -enable-anonymous-context-mangled-names -file-compilation-dir /Users/admin/builder/spi-builder-workspace/.swiftpm/xcode -Xcc -D_LIBCPP_HARDENING_MODE\=_LIBCPP_HARDENING_MODE_DEBUG -Xcc -ivfsstatcache -Xcc /Users/admin/builder/spi-builder-workspace/.derivedData/SDKStatCaches.noindex/watchos27.0-24R360-e829b21a6f8c9b70876ba0858053c04477534ef55a1706bf4c1112bbb242f0a2.sdkstatcache -Xcc -fmodules-prune-interval\=86400 -Xcc -fmodules-prune-after\=345600 -Xcc -I/Users/admin/builder/spi-builder-workspace/.derivedData/Build/Products/Debug-watchos/include -Xcc -I/Users/admin/builder/spi-builder-workspace/.derivedData/Build/Intermediates.noindex/CustomTabView.build/Debug-watchos/CustomTabView-t.build/DerivedSources-normal/arm64_32 -Xcc -I/Users/admin/builder/spi-builder-workspace/.derivedData/Build/Intermediates.noindex/CustomTabView.build/Debug-watchos/CustomTabView-t.build/DerivedSources/arm64_32 -Xcc -I/Users/admin/builder/spi-builder-workspace/.derivedData/Build/Intermediates.noindex/CustomTabView.build/Debug-watchos/CustomTabView-t.build/DerivedSources -Xcc -DSWIFT_PACKAGE -Xcc -DDEBUG\=1 -no-auto-bridging-header-chaining -module-name CustomTabView -const-gather-protocols-file /Users/admin/builder/spi-builder-workspace/.derivedData/Build/Intermediates.noindex/CustomTabView.build/Debug-watchos/CustomTabView-t.build/Objects-normal/arm64_32/CustomTabView_const_extract_protocols.json -disable-clang-spi -clang-target arm64_32-apple-watchos27.0 -target-sdk-version 27.0 -target-sdk-name watchos27.0 -in-process-plugin-server-path /Applications/Xcode-27.0.0-Release.Candidate.app/Contents/Developer/Toolchains/XcodeDefault.xctoolchain/usr/lib/swift/host/libSwiftInProcPluginServer.dylib -emit-module-doc-path /Users/admin/builder/spi-builder-workspace/.derivedData/Build/Intermediates.noindex/CustomTabView.build/Debug-watchos/CustomTabView-t.build/Objects-normal/arm64_32/CustomTabView.swiftdoc -emit-module-source-info-path /Users/admin/builder/spi-builder-workspace/.derivedData/Build/Intermediates.noindex/CustomTabView.build/Debug-watchos/CustomTabView-t.build/Objects-normal/arm64_32/CustomTabView.swiftsourceinfo -emit-objc-header-path /Users/admin/builder/spi-builder-workspace/.derivedData/Build/Intermediates.noindex/CustomTabView.build/Debug-watchos/CustomTabView-t.build/Objects-normal/arm64_32/CustomTabView-Swift.h -serialize-diagnostics-path /Users/admin/builder/spi-builder-workspace/.derivedData/Build/Intermediates.noindex/CustomTabView.build/Debug-watchos/CustomTabView-t.build/Objects-normal/arm64_32/CustomTabView-primary-emit-module.dia -emit-dependencies-path /Users/admin/builder/spi-builder-workspace/.derivedData/Build/Intermediates.noindex/CustomTabView.build/Debug-watchos/CustomTabView-t.build/Objects-normal/arm64_32/CustomTabView-primary-emit-module.d -parse-as-library -o /Users/admin/builder/spi-builder-workspace/.derivedData/Build/Intermediates.noindex/CustomTabView.build/Debug-watchos/CustomTabView-t.build/Objects-normal/arm64_32/CustomTabView.swiftmodule -emit-abi-descriptor-path /Users/admin/builder/spi-builder-workspace/.derivedData/Build/Intermediates.noindex/CustomTabView.build/Debug-watchos/CustomTabView-t.build/Objects-normal/arm64_32/CustomTabView.abi.json
SwiftCompile normal arm64_32 Compiling\ BottomFloatingTabBarView.swift /Users/admin/builder/spi-builder-workspace/Sources/CustomTabView/Example/BottomFloatingTabBarView.swift (in target 'CustomTabView' from project 'CustomTabView')
SwiftCompile normal arm64_32 /Users/admin/builder/spi-builder-workspace/Sources/CustomTabView/Example/BottomFloatingTabBarView.swift (in target 'CustomTabView' from project 'CustomTabView')
    cd /Users/admin/builder/spi-builder-workspace/.swiftpm/xcode
    builtin-SwiftPerFileCompile BottomFloatingTabBarView.swift
/Users/admin/builder/spi-builder-workspace/Sources/CustomTabView/Example/BottomFloatingTabBarView.swift:59:17: error: 'UIVisualEffect' is unavailable in watchOS
57 | #if canImport(UIKit)
58 | struct VisualEffectView: UIViewRepresentable {
59 |     var effect: UIVisualEffect?
   |                 `- error: 'UIVisualEffect' is unavailable in watchOS
60 |
61 |     func makeUIView(context: UIViewRepresentableContext<Self>) -> UIVisualEffectView { UIVisualEffectView()
/Applications/Xcode-27.0.0-Release.Candidate.app/Contents/Developer/Platforms/WatchOS.platform/Developer/SDKs/WatchOS27.0.sdk/System/Library/Frameworks/UIKit.framework/Headers/UIVisualEffect.h:15:12: note: 'UIVisualEffect' has been explicitly marked unavailable here
13 |
14 | UIKIT_EXTERN API_AVAILABLE(ios(8.0)) API_UNAVAILABLE(watchos) NS_SWIFT_UI_ACTOR
15 | @interface UIVisualEffect : NSObject <NSCopying, NSSecureCoding>
   |            `- note: 'UIVisualEffect' has been explicitly marked unavailable here
16 |
17 | @end
/Users/admin/builder/spi-builder-workspace/Sources/CustomTabView/Example/BottomFloatingTabBarView.swift:61:30: error: cannot find type 'UIViewRepresentableContext' in scope
59 |     var effect: UIVisualEffect?
60 |
61 |     func makeUIView(context: UIViewRepresentableContext<Self>) -> UIVisualEffectView { UIVisualEffectView()
   |                              `- error: cannot find type 'UIViewRepresentableContext' in scope
62 |     }
63 |
/Users/admin/builder/spi-builder-workspace/Sources/CustomTabView/Example/BottomFloatingTabBarView.swift:61:67: error: 'UIVisualEffectView' is unavailable in watchOS
59 |     var effect: UIVisualEffect?
60 |
61 |     func makeUIView(context: UIViewRepresentableContext<Self>) -> UIVisualEffectView { UIVisualEffectView()
   |                                                                   `- error: 'UIVisualEffectView' is unavailable in watchOS
62 |     }
63 |
/Applications/Xcode-27.0.0-Release.Candidate.app/Contents/Developer/Platforms/WatchOS.platform/Developer/SDKs/WatchOS27.0.sdk/System/Library/Frameworks/UIKit.framework/Headers/UIVisualEffectView.h:28:12: note: 'UIVisualEffectView' has been explicitly marked unavailable here
26 |
27 | UIKIT_EXTERN API_AVAILABLE(ios(8.0)) API_UNAVAILABLE(watchos) NS_SWIFT_UI_ACTOR
28 | @interface UIVisualEffectView : UIView <NSSecureCoding>
   |            `- note: 'UIVisualEffectView' has been explicitly marked unavailable here
29 |
30 | @property (nonatomic, strong, readonly) UIView *contentView; // Do not add subviews directly to UIVisualEffectView, use this view instead.
/Users/admin/builder/spi-builder-workspace/Sources/CustomTabView/Example/BottomFloatingTabBarView.swift:64:62: error: cannot find type 'UIViewRepresentableContext' in scope
62 |     }
63 |
64 |     func updateUIView(_ uiView: UIVisualEffectView, context: UIViewRepresentableContext<Self>) { uiView.effect = effect
   |                                                              `- error: cannot find type 'UIViewRepresentableContext' in scope
65 |     }
66 | }
/Users/admin/builder/spi-builder-workspace/Sources/CustomTabView/Example/BottomFloatingTabBarView.swift:64:33: error: 'UIVisualEffectView' is unavailable in watchOS
62 |     }
63 |
64 |     func updateUIView(_ uiView: UIVisualEffectView, context: UIViewRepresentableContext<Self>) { uiView.effect = effect
   |                                 `- error: 'UIVisualEffectView' is unavailable in watchOS
65 |     }
66 | }
/Applications/Xcode-27.0.0-Release.Candidate.app/Contents/Developer/Platforms/WatchOS.platform/Developer/SDKs/WatchOS27.0.sdk/System/Library/Frameworks/UIKit.framework/Headers/UIVisualEffectView.h:28:12: note: 'UIVisualEffectView' has been explicitly marked unavailable here
26 |
27 | UIKIT_EXTERN API_AVAILABLE(ios(8.0)) API_UNAVAILABLE(watchos) NS_SWIFT_UI_ACTOR
28 | @interface UIVisualEffectView : UIView <NSSecureCoding>
   |            `- note: 'UIVisualEffectView' has been explicitly marked unavailable here
29 |
30 | @property (nonatomic, strong, readonly) UIView *contentView; // Do not add subviews directly to UIVisualEffectView, use this view instead.
/Users/admin/builder/spi-builder-workspace/Sources/CustomTabView/Example/BottomFloatingTabBarView.swift:58:26: error: cannot find type 'UIViewRepresentable' in scope
56 |
57 | #if canImport(UIKit)
58 | struct VisualEffectView: UIViewRepresentable {
   |                          `- error: cannot find type 'UIViewRepresentable' in scope
59 |     var effect: UIVisualEffect?
60 |
/Users/admin/builder/spi-builder-workspace/Sources/CustomTabView/Example/BottomFloatingTabBarView.swift:28:10: error: instance method 'background(_:ignoresSafeAreaEdges:)' requires that 'VisualEffectView' conform to 'ShapeStyle'
26 |         }
27 |         #if canImport(UIKit)
28 |         .background(
   |          `- error: instance method 'background(_:ignoresSafeAreaEdges:)' requires that 'VisualEffectView' conform to 'ShapeStyle'
29 |             VisualEffectView(effect: UIBlurEffect(style: .systemThinMaterial))
30 |         )
SwiftUI.View.background:2:36: note: where 'S' = 'VisualEffectView'
1 | protocol View {
2 | @inlinable nonisolated public func background<S>(_ style: S, ignoresSafeAreaEdges edges: Edge.Set = .all) -> some View where S : ShapeStyle
  |                                    `- note: where 'S' = 'VisualEffectView'
3 |   }
4 |
/Users/admin/builder/spi-builder-workspace/Sources/CustomTabView/Example/BottomFloatingTabBarView.swift:61:88: error: 'UIVisualEffectView' is unavailable in watchOS
59 |     var effect: UIVisualEffect?
60 |
61 |     func makeUIView(context: UIViewRepresentableContext<Self>) -> UIVisualEffectView { UIVisualEffectView()
   |                                                                                        `- error: 'UIVisualEffectView' is unavailable in watchOS
62 |     }
63 |
/Applications/Xcode-27.0.0-Release.Candidate.app/Contents/Developer/Platforms/WatchOS.platform/Developer/SDKs/WatchOS27.0.sdk/System/Library/Frameworks/UIKit.framework/Headers/UIVisualEffectView.h:28:12: note: 'UIVisualEffectView' has been explicitly marked unavailable here
26 |
27 | UIKIT_EXTERN API_AVAILABLE(ios(8.0)) API_UNAVAILABLE(watchos) NS_SWIFT_UI_ACTOR
28 | @interface UIVisualEffectView : UIView <NSSecureCoding>
   |            `- note: 'UIVisualEffectView' has been explicitly marked unavailable here
29 |
30 | @property (nonatomic, strong, readonly) UIView *contentView; // Do not add subviews directly to UIVisualEffectView, use this view instead.
SwiftCompile normal arm64_32 Compiling\ CustomTabView.swift /Users/admin/builder/spi-builder-workspace/Sources/CustomTabView/CustomTabView.swift (in target 'CustomTabView' from project 'CustomTabView')
/Users/admin/builder/spi-builder-workspace/Sources/CustomTabView/CustomTabView.swift:228:19: error: 'SubviewsCollection' is only available in watchOS 11.0 or newer
220 |
221 | @available(iOS 18.0, macOS 15.0, *)
222 | private struct _LayoutView<TabBarView: View, SelectionValue: Hashable>: View {
    |                `- note: add '@available' attribute to enclosing generic struct
223 |     @Environment(\.layoutDirection) private var layoutDirection: LayoutDirection
224 |     @Environment(\.tabBarPosition) private var tabBarPosition: TabBarPosition
    :
226 |     let tabBarView: TabBarView
227 |     let selectedTabIndex: Int
228 |     let subviews: SubviewsCollection
    |                   `- error: 'SubviewsCollection' is only available in watchOS 11.0 or newer
229 |
230 |     private func contentView(subviews: SubviewsCollection) -> some View {
/Users/admin/builder/spi-builder-workspace/Sources/CustomTabView/CustomTabView.swift:230:40: error: 'SubviewsCollection' is only available in watchOS 11.0 or newer
220 |
221 | @available(iOS 18.0, macOS 15.0, *)
222 | private struct _LayoutView<TabBarView: View, SelectionValue: Hashable>: View {
    |                `- note: add '@available' attribute to enclosing generic struct
223 |     @Environment(\.layoutDirection) private var layoutDirection: LayoutDirection
224 |     @Environment(\.tabBarPosition) private var tabBarPosition: TabBarPosition
    :
228 |     let subviews: SubviewsCollection
229 |
230 |     private func contentView(subviews: SubviewsCollection) -> some View {
    |                  |                     `- error: 'SubviewsCollection' is only available in watchOS 11.0 or newer
    |                  `- note: add '@available' attribute to enclosing instance method
231 |         #if os(iOS)
232 |         return UITabBarControllerRepresentable_iOS18(
/Users/admin/builder/spi-builder-workspace/Sources/CustomTabView/CustomTabView.swift:244:39: error: 'SubviewsCollection' is only available in watchOS 11.0 or newer
220 |
221 | @available(iOS 18.0, macOS 15.0, *)
222 | private struct _LayoutView<TabBarView: View, SelectionValue: Hashable>: View {
    |                `- note: add '@available' attribute to enclosing generic struct
223 |     @Environment(\.layoutDirection) private var layoutDirection: LayoutDirection
224 |     @Environment(\.tabBarPosition) private var tabBarPosition: TabBarPosition
    :
242 |     }
243 |
244 |     private func topBarView(subviews: SubviewsCollection) -> some View {
    |                  |                    `- error: 'SubviewsCollection' is only available in watchOS 11.0 or newer
    |                  `- note: add '@available' attribute to enclosing instance method
245 |         VStack(spacing: 0) {
246 |             tabBarView
/Users/admin/builder/spi-builder-workspace/Sources/CustomTabView/CustomTabView.swift:252:42: error: 'SubviewsCollection' is only available in watchOS 11.0 or newer
220 |
221 | @available(iOS 18.0, macOS 15.0, *)
222 | private struct _LayoutView<TabBarView: View, SelectionValue: Hashable>: View {
    |                `- note: add '@available' attribute to enclosing generic struct
223 |     @Environment(\.layoutDirection) private var layoutDirection: LayoutDirection
224 |     @Environment(\.tabBarPosition) private var tabBarPosition: TabBarPosition
    :
250 |     }
251 |
252 |     private func bottomBarView(subviews: SubviewsCollection) -> some View {
    |                  |                       `- error: 'SubviewsCollection' is only available in watchOS 11.0 or newer
    |                  `- note: add '@available' attribute to enclosing instance method
253 |         VStack(spacing: 0) {
254 |             contentView(subviews: subviews)
/Users/admin/builder/spi-builder-workspace/Sources/CustomTabView/CustomTabView.swift:260:40: error: 'SubviewsCollection' is only available in watchOS 11.0 or newer
220 |
221 | @available(iOS 18.0, macOS 15.0, *)
222 | private struct _LayoutView<TabBarView: View, SelectionValue: Hashable>: View {
    |                `- note: add '@available' attribute to enclosing generic struct
223 |     @Environment(\.layoutDirection) private var layoutDirection: LayoutDirection
224 |     @Environment(\.tabBarPosition) private var tabBarPosition: TabBarPosition
    :
258 |     }
259 |
260 |     private func leftBarView(subviews: SubviewsCollection) -> some View {
    |                  |                     `- error: 'SubviewsCollection' is only available in watchOS 11.0 or newer
    |                  `- note: add '@available' attribute to enclosing instance method
261 |         HStack(spacing: 0) {
262 |             tabBarView
/Users/admin/builder/spi-builder-workspace/Sources/CustomTabView/CustomTabView.swift:268:41: error: 'SubviewsCollection' is only available in watchOS 11.0 or newer
220 |
221 | @available(iOS 18.0, macOS 15.0, *)
222 | private struct _LayoutView<TabBarView: View, SelectionValue: Hashable>: View {
    |                `- note: add '@available' attribute to enclosing generic struct
223 |     @Environment(\.layoutDirection) private var layoutDirection: LayoutDirection
224 |     @Environment(\.tabBarPosition) private var tabBarPosition: TabBarPosition
    :
266 |     }
267 |
268 |     private func rightBarView(subviews: SubviewsCollection) -> some View {
    |                  |                      `- error: 'SubviewsCollection' is only available in watchOS 11.0 or newer
    |                  `- note: add '@available' attribute to enclosing instance method
269 |         HStack(spacing: 0) {
270 |             contentView(subviews: subviews)
/Users/admin/builder/spi-builder-workspace/Sources/CustomTabView/CustomTabView.swift:276:44: error: 'SubviewsCollection' is only available in watchOS 11.0 or newer
220 |
221 | @available(iOS 18.0, macOS 15.0, *)
222 | private struct _LayoutView<TabBarView: View, SelectionValue: Hashable>: View {
    |                `- note: add '@available' attribute to enclosing generic struct
223 |     @Environment(\.layoutDirection) private var layoutDirection: LayoutDirection
224 |     @Environment(\.tabBarPosition) private var tabBarPosition: TabBarPosition
    :
274 |     }
275 |
276 |     private func floatingBarView(subviews: SubviewsCollection, edge: Edge) -> some View {
    |                  |                         `- error: 'SubviewsCollection' is only available in watchOS 11.0 or newer
    |                  `- note: add '@available' attribute to enclosing instance method
277 |         let alignment: Alignment
278 |         switch edge {
/Users/admin/builder/spi-builder-workspace/Sources/CustomTabView/CustomTabView.swift:63:13: error: 'init(subviews:transform:)' is only available in watchOS 11.0 or newer
 35 | ///   - content: A closure that provides the content for each tab. The order and number of elements in the closure **must** match the `tabs` parameter.
 36 | @available(iOS 13.0, macOS 10.15, *)
 37 | public struct CustomTabView<SelectionValue: Hashable, TabBarView: View, Content: View>: View {
    |               `- note: add '@available' attribute to enclosing generic struct
 38 |
 39 |     // Tabs
    :
 59 |     }
 60 |
 61 |     public var body: some View {
    |                `- note: add '@available' attribute to enclosing property
 62 |         if #available(iOS 18.0, macOS 15.0, *) {
 63 |             Group(subviews: content) { subviews in
    |             |- error: 'init(subviews:transform:)' is only available in watchOS 11.0 or newer
    |             `- note: add 'if #available' version check
 64 |                 _LayoutView<TabBarView, SelectionValue>(
 65 |                     tabBarView: tabBarView,
/Users/admin/builder/spi-builder-workspace/Sources/CustomTabView/CustomTabView.swift:90:18: error: function declares an opaque return type, but has no return statements in its body from which to infer an underlying type [#OpaqueTypeInference]
 88 |     let selectedTabIndex: Int
 89 |
 90 |     private func contentView(subviews: _VariadicView.Children) -> some View {
    |                  `- error: function declares an opaque return type, but has no return statements in its body from which to infer an underlying type [#OpaqueTypeInference]
 91 |         #if os(iOS)
 92 |         return UITabBarControllerRepresentable(
SwiftCompile normal arm64_32 /Users/admin/builder/spi-builder-workspace/Sources/CustomTabView/CustomTabView.swift (in target 'CustomTabView' from project 'CustomTabView')
    cd /Users/admin/builder/spi-builder-workspace/.swiftpm/xcode
    builtin-SwiftPerFileCompile CustomTabView.swift
SwiftCompile normal arm64_32 Compiling\ ExampleView.swift /Users/admin/builder/spi-builder-workspace/Sources/CustomTabView/Example/ExampleView.swift (in target 'CustomTabView' from project 'CustomTabView')
SwiftCompile normal arm64_32 /Users/admin/builder/spi-builder-workspace/Sources/CustomTabView/Example/ExampleView.swift (in target 'CustomTabView' from project 'CustomTabView')
    cd /Users/admin/builder/spi-builder-workspace/.swiftpm/xcode
    builtin-SwiftPerFileCompile ExampleView.swift
SwiftCompile normal arm64_32 Compiling\ Tab.swift /Users/admin/builder/spi-builder-workspace/Sources/CustomTabView/Example/Tab.swift (in target 'CustomTabView' from project 'CustomTabView')
SwiftCompile normal arm64_32 /Users/admin/builder/spi-builder-workspace/Sources/CustomTabView/Example/Tab.swift (in target 'CustomTabView' from project 'CustomTabView')
    cd /Users/admin/builder/spi-builder-workspace/.swiftpm/xcode
    builtin-SwiftPerFileCompile Tab.swift
SwiftCompile normal arm64_32 Compiling\ TopIndicatorTabBarView.swift /Users/admin/builder/spi-builder-workspace/Sources/CustomTabView/Example/TopIndicatorTabBarView.swift (in target 'CustomTabView' from project 'CustomTabView')
SwiftCompile normal arm64_32 /Users/admin/builder/spi-builder-workspace/Sources/CustomTabView/Example/TopIndicatorTabBarView.swift (in target 'CustomTabView' from project 'CustomTabView')
    cd /Users/admin/builder/spi-builder-workspace/.swiftpm/xcode
    builtin-SwiftPerFileCompile TopIndicatorTabBarView.swift
SwiftCompile normal arm64 Compiling\ TopIndicatorTabBarView.swift /Users/admin/builder/spi-builder-workspace/Sources/CustomTabView/Example/TopIndicatorTabBarView.swift (in target 'CustomTabView' from project 'CustomTabView')
SwiftCompile normal arm64 /Users/admin/builder/spi-builder-workspace/Sources/CustomTabView/Example/TopIndicatorTabBarView.swift (in target 'CustomTabView' from project 'CustomTabView')
    cd /Users/admin/builder/spi-builder-workspace/.swiftpm/xcode
    builtin-SwiftPerFileCompile TopIndicatorTabBarView.swift
SwiftCompile normal arm64_32 Compiling\ NSTabBarControllerRepresentable.swift /Users/admin/builder/spi-builder-workspace/Sources/CustomTabView/macOS/NSTabBarControllerRepresentable.swift (in target 'CustomTabView' from project 'CustomTabView')
SwiftCompile normal arm64_32 /Users/admin/builder/spi-builder-workspace/Sources/CustomTabView/macOS/NSTabBarControllerRepresentable.swift (in target 'CustomTabView' from project 'CustomTabView')
    cd /Users/admin/builder/spi-builder-workspace/.swiftpm/xcode
    builtin-SwiftPerFileCompile NSTabBarControllerRepresentable.swift
SwiftEmitModule normal arm64 Emitting\ module\ for\ CustomTabView (in target 'CustomTabView' from project 'CustomTabView')
/Users/admin/builder/spi-builder-workspace/Sources/CustomTabView/CustomTabView.swift:228:19: error: 'SubviewsCollection' is only available in watchOS 11.0 or newer
220 |
221 | @available(iOS 18.0, macOS 15.0, *)
222 | private struct _LayoutView<TabBarView: View, SelectionValue: Hashable>: View {
    |                `- note: add '@available' attribute to enclosing generic struct
223 |     @Environment(\.layoutDirection) private var layoutDirection: LayoutDirection
224 |     @Environment(\.tabBarPosition) private var tabBarPosition: TabBarPosition
    :
226 |     let tabBarView: TabBarView
227 |     let selectedTabIndex: Int
228 |     let subviews: SubviewsCollection
    |                   `- error: 'SubviewsCollection' is only available in watchOS 11.0 or newer
229 |
230 |     private func contentView(subviews: SubviewsCollection) -> some View {
/Users/admin/builder/spi-builder-workspace/Sources/CustomTabView/CustomTabView.swift:230:40: error: 'SubviewsCollection' is only available in watchOS 11.0 or newer
220 |
221 | @available(iOS 18.0, macOS 15.0, *)
222 | private struct _LayoutView<TabBarView: View, SelectionValue: Hashable>: View {
    |                `- note: add '@available' attribute to enclosing generic struct
223 |     @Environment(\.layoutDirection) private var layoutDirection: LayoutDirection
224 |     @Environment(\.tabBarPosition) private var tabBarPosition: TabBarPosition
    :
228 |     let subviews: SubviewsCollection
229 |
230 |     private func contentView(subviews: SubviewsCollection) -> some View {
    |                  |                     `- error: 'SubviewsCollection' is only available in watchOS 11.0 or newer
    |                  `- note: add '@available' attribute to enclosing instance method
231 |         #if os(iOS)
232 |         return UITabBarControllerRepresentable_iOS18(
/Users/admin/builder/spi-builder-workspace/Sources/CustomTabView/CustomTabView.swift:244:39: error: 'SubviewsCollection' is only available in watchOS 11.0 or newer
220 |
221 | @available(iOS 18.0, macOS 15.0, *)
222 | private struct _LayoutView<TabBarView: View, SelectionValue: Hashable>: View {
    |                `- note: add '@available' attribute to enclosing generic struct
223 |     @Environment(\.layoutDirection) private var layoutDirection: LayoutDirection
224 |     @Environment(\.tabBarPosition) private var tabBarPosition: TabBarPosition
    :
242 |     }
243 |
244 |     private func topBarView(subviews: SubviewsCollection) -> some View {
    |                  |                    `- error: 'SubviewsCollection' is only available in watchOS 11.0 or newer
    |                  `- note: add '@available' attribute to enclosing instance method
245 |         VStack(spacing: 0) {
246 |             tabBarView
/Users/admin/builder/spi-builder-workspace/Sources/CustomTabView/CustomTabView.swift:252:42: error: 'SubviewsCollection' is only available in watchOS 11.0 or newer
220 |
221 | @available(iOS 18.0, macOS 15.0, *)
222 | private struct _LayoutView<TabBarView: View, SelectionValue: Hashable>: View {
    |                `- note: add '@available' attribute to enclosing generic struct
223 |     @Environment(\.layoutDirection) private var layoutDirection: LayoutDirection
224 |     @Environment(\.tabBarPosition) private var tabBarPosition: TabBarPosition
    :
250 |     }
251 |
252 |     private func bottomBarView(subviews: SubviewsCollection) -> some View {
    |                  |                       `- error: 'SubviewsCollection' is only available in watchOS 11.0 or newer
    |                  `- note: add '@available' attribute to enclosing instance method
253 |         VStack(spacing: 0) {
254 |             contentView(subviews: subviews)
/Users/admin/builder/spi-builder-workspace/Sources/CustomTabView/CustomTabView.swift:260:40: error: 'SubviewsCollection' is only available in watchOS 11.0 or newer
220 |
221 | @available(iOS 18.0, macOS 15.0, *)
222 | private struct _LayoutView<TabBarView: View, SelectionValue: Hashable>: View {
    |                `- note: add '@available' attribute to enclosing generic struct
223 |     @Environment(\.layoutDirection) private var layoutDirection: LayoutDirection
224 |     @Environment(\.tabBarPosition) private var tabBarPosition: TabBarPosition
    :
258 |     }
259 |
260 |     private func leftBarView(subviews: SubviewsCollection) -> some View {
    |                  |                     `- error: 'SubviewsCollection' is only available in watchOS 11.0 or newer
    |                  `- note: add '@available' attribute to enclosing instance method
261 |         HStack(spacing: 0) {
262 |             tabBarView
/Users/admin/builder/spi-builder-workspace/Sources/CustomTabView/CustomTabView.swift:268:41: error: 'SubviewsCollection' is only available in watchOS 11.0 or newer
220 |
221 | @available(iOS 18.0, macOS 15.0, *)
222 | private struct _LayoutView<TabBarView: View, SelectionValue: Hashable>: View {
    |                `- note: add '@available' attribute to enclosing generic struct
223 |     @Environment(\.layoutDirection) private var layoutDirection: LayoutDirection
224 |     @Environment(\.tabBarPosition) private var tabBarPosition: TabBarPosition
    :
266 |     }
267 |
268 |     private func rightBarView(subviews: SubviewsCollection) -> some View {
    |                  |                      `- error: 'SubviewsCollection' is only available in watchOS 11.0 or newer
    |                  `- note: add '@available' attribute to enclosing instance method
269 |         HStack(spacing: 0) {
270 |             contentView(subviews: subviews)
/Users/admin/builder/spi-builder-workspace/Sources/CustomTabView/CustomTabView.swift:276:44: error: 'SubviewsCollection' is only available in watchOS 11.0 or newer
220 |
221 | @available(iOS 18.0, macOS 15.0, *)
222 | private struct _LayoutView<TabBarView: View, SelectionValue: Hashable>: View {
    |                `- note: add '@available' attribute to enclosing generic struct
223 |     @Environment(\.layoutDirection) private var layoutDirection: LayoutDirection
224 |     @Environment(\.tabBarPosition) private var tabBarPosition: TabBarPosition
    :
274 |     }
275 |
276 |     private func floatingBarView(subviews: SubviewsCollection, edge: Edge) -> some View {
    |                  |                         `- error: 'SubviewsCollection' is only available in watchOS 11.0 or newer
    |                  `- note: add '@available' attribute to enclosing instance method
277 |         let alignment: Alignment
278 |         switch edge {
/Users/admin/builder/spi-builder-workspace/Sources/CustomTabView/Example/BottomFloatingTabBarView.swift:59:17: error: 'UIVisualEffect' is unavailable in watchOS
57 | #if canImport(UIKit)
58 | struct VisualEffectView: UIViewRepresentable {
59 |     var effect: UIVisualEffect?
   |                 `- error: 'UIVisualEffect' is unavailable in watchOS
60 |
61 |     func makeUIView(context: UIViewRepresentableContext<Self>) -> UIVisualEffectView { UIVisualEffectView()
/Applications/Xcode-27.0.0-Release.Candidate.app/Contents/Developer/Platforms/WatchOS.platform/Developer/SDKs/WatchOS27.0.sdk/System/Library/Frameworks/UIKit.framework/Headers/UIVisualEffect.h:15:12: note: 'UIVisualEffect' has been explicitly marked unavailable here
13 |
14 | UIKIT_EXTERN API_AVAILABLE(ios(8.0)) API_UNAVAILABLE(watchos) NS_SWIFT_UI_ACTOR
15 | @interface UIVisualEffect : NSObject <NSCopying, NSSecureCoding>
   |            `- note: 'UIVisualEffect' has been explicitly marked unavailable here
16 |
17 | @end
/Users/admin/builder/spi-builder-workspace/Sources/CustomTabView/Example/BottomFloatingTabBarView.swift:61:30: error: cannot find type 'UIViewRepresentableContext' in scope
59 |     var effect: UIVisualEffect?
60 |
61 |     func makeUIView(context: UIViewRepresentableContext<Self>) -> UIVisualEffectView { UIVisualEffectView()
   |                              `- error: cannot find type 'UIViewRepresentableContext' in scope
62 |     }
63 |
/Users/admin/builder/spi-builder-workspace/Sources/CustomTabView/Example/BottomFloatingTabBarView.swift:61:67: error: 'UIVisualEffectView' is unavailable in watchOS
59 |     var effect: UIVisualEffect?
60 |
61 |     func makeUIView(context: UIViewRepresentableContext<Self>) -> UIVisualEffectView { UIVisualEffectView()
   |                                                                   `- error: 'UIVisualEffectView' is unavailable in watchOS
62 |     }
63 |
/Applications/Xcode-27.0.0-Release.Candidate.app/Contents/Developer/Platforms/WatchOS.platform/Developer/SDKs/WatchOS27.0.sdk/System/Library/Frameworks/UIKit.framework/Headers/UIVisualEffectView.h:28:12: note: 'UIVisualEffectView' has been explicitly marked unavailable here
26 |
27 | UIKIT_EXTERN API_AVAILABLE(ios(8.0)) API_UNAVAILABLE(watchos) NS_SWIFT_UI_ACTOR
28 | @interface UIVisualEffectView : UIView <NSSecureCoding>
   |            `- note: 'UIVisualEffectView' has been explicitly marked unavailable here
29 |
30 | @property (nonatomic, strong, readonly) UIView *contentView; // Do not add subviews directly to UIVisualEffectView, use this view instead.
/Users/admin/builder/spi-builder-workspace/Sources/CustomTabView/Example/BottomFloatingTabBarView.swift:64:62: error: cannot find type 'UIViewRepresentableContext' in scope
62 |     }
63 |
64 |     func updateUIView(_ uiView: UIVisualEffectView, context: UIViewRepresentableContext<Self>) { uiView.effect = effect
   |                                                              `- error: cannot find type 'UIViewRepresentableContext' in scope
65 |     }
66 | }
/Users/admin/builder/spi-builder-workspace/Sources/CustomTabView/Example/BottomFloatingTabBarView.swift:64:33: error: 'UIVisualEffectView' is unavailable in watchOS
62 |     }
63 |
64 |     func updateUIView(_ uiView: UIVisualEffectView, context: UIViewRepresentableContext<Self>) { uiView.effect = effect
   |                                 `- error: 'UIVisualEffectView' is unavailable in watchOS
65 |     }
66 | }
/Applications/Xcode-27.0.0-Release.Candidate.app/Contents/Developer/Platforms/WatchOS.platform/Developer/SDKs/WatchOS27.0.sdk/System/Library/Frameworks/UIKit.framework/Headers/UIVisualEffectView.h:28:12: note: 'UIVisualEffectView' has been explicitly marked unavailable here
26 |
27 | UIKIT_EXTERN API_AVAILABLE(ios(8.0)) API_UNAVAILABLE(watchos) NS_SWIFT_UI_ACTOR
28 | @interface UIVisualEffectView : UIView <NSSecureCoding>
   |            `- note: 'UIVisualEffectView' has been explicitly marked unavailable here
29 |
30 | @property (nonatomic, strong, readonly) UIView *contentView; // Do not add subviews directly to UIVisualEffectView, use this view instead.
/Users/admin/builder/spi-builder-workspace/Sources/CustomTabView/Example/BottomFloatingTabBarView.swift:58:26: error: cannot find type 'UIViewRepresentable' in scope
56 |
57 | #if canImport(UIKit)
58 | struct VisualEffectView: UIViewRepresentable {
   |                          `- error: cannot find type 'UIViewRepresentable' in scope
59 |     var effect: UIVisualEffect?
60 |
Failed frontend command:
/Applications/Xcode-27.0.0-Release.Candidate.app/Contents/Developer/Toolchains/XcodeDefault.xctoolchain/usr/bin/swift-frontend -frontend -emit-module -experimental-skip-non-inlinable-function-bodies-without-types /Users/admin/builder/spi-builder-workspace/Sources/CustomTabView/CustomTabView.swift /Users/admin/builder/spi-builder-workspace/Sources/CustomTabView/EnvironmentValues+TabBarPosition.swift /Users/admin/builder/spi-builder-workspace/Sources/CustomTabView/Example/BottomFloatingTabBarView.swift /Users/admin/builder/spi-builder-workspace/Sources/CustomTabView/Example/ExampleView.swift /Users/admin/builder/spi-builder-workspace/Sources/CustomTabView/Example/Tab.swift /Users/admin/builder/spi-builder-workspace/Sources/CustomTabView/Example/TopIndicatorTabBarView.swift /Users/admin/builder/spi-builder-workspace/Sources/CustomTabView/iOS/KeyboardReadable.swift /Users/admin/builder/spi-builder-workspace/Sources/CustomTabView/iOS/UITabBarControllerRepresentable.swift /Users/admin/builder/spi-builder-workspace/Sources/CustomTabView/macOS/NSTabBarControllerRepresentable.swift -target arm64-apple-watchos9.0 -module-can-import-version Combine 3023 0 -module-can-import-version UIKit 9127.0.84.1 9127.0.84 -disable-cross-import-overlay-search -load-resolved-plugin /Applications/Xcode-27.0.0-Release.Candidate.app/Contents/Developer/Platforms/WatchOS.platform/Developer/usr/lib/swift/host/plugins/libFoundationMacros.dylib\#/Applications/Xcode-27.0.0-Release.Candidate.app/Contents/Developer/Platforms/WatchOS.platform/Developer/usr/bin/swift-plugin-server\#FoundationMacros -load-resolved-plugin /Applications/Xcode-27.0.0-Release.Candidate.app/Contents/Developer/Platforms/WatchOS.platform/Developer/usr/lib/swift/host/plugins/libObservationMacros.dylib\#/Applications/Xcode-27.0.0-Release.Candidate.app/Contents/Developer/Platforms/WatchOS.platform/Developer/usr/bin/swift-plugin-server\#ObservationMacros -load-resolved-plugin /Applications/Xcode-27.0.0-Release.Candidate.app/Contents/Developer/Platforms/WatchOS.platform/Developer/usr/lib/swift/host/plugins/libPreviewsMacros.dylib\#/Applications/Xcode-27.0.0-Release.Candidate.app/Contents/Developer/Platforms/WatchOS.platform/Developer/usr/bin/swift-plugin-server\#PreviewsMacros -load-resolved-plugin /Applications/Xcode-27.0.0-Release.Candidate.app/Contents/Developer/Platforms/WatchOS.platform/Developer/usr/lib/swift/host/plugins/libSwiftMacros.dylib\#/Applications/Xcode-27.0.0-Release.Candidate.app/Contents/Developer/Platforms/WatchOS.platform/Developer/usr/bin/swift-plugin-server\#SwiftMacros -load-resolved-plugin /Applications/Xcode-27.0.0-Release.Candidate.app/Contents/Developer/Platforms/WatchOS.platform/Developer/usr/lib/swift/host/plugins/libSwiftUIMacros.dylib\#/Applications/Xcode-27.0.0-Release.Candidate.app/Contents/Developer/Platforms/WatchOS.platform/Developer/usr/bin/swift-plugin-server\#SwiftUIMacros -disable-implicit-swift-modules -Xcc -fno-implicit-modules -Xcc -fno-implicit-module-maps -explicit-swift-module-map-file /Users/admin/builder/spi-builder-workspace/.derivedData/Build/Intermediates.noindex/CustomTabView.build/Debug-watchos/CustomTabView-t.build/Objects-normal/arm64/CustomTabView-dependencies-1.json -Xllvm -aarch64-use-tbi -enable-objc-interop -stack-check -sdk /Applications/Xcode-27.0.0-Release.Candidate.app/Contents/Developer/Platforms/WatchOS.platform/Developer/SDKs/WatchOS27.0.sdk -I /Users/admin/builder/spi-builder-workspace/.derivedData/Build/Products/Debug-watchos -Isystem /Applications/Xcode-27.0.0-Release.Candidate.app/Contents/Developer/Platforms/WatchOS.platform/Developer/usr/lib -F /Users/admin/builder/spi-builder-workspace/.derivedData/Build/Products/Debug-watchos -F /Applications/Xcode-27.0.0-Release.Candidate.app/Contents/Developer/Platforms/WatchOS.platform/Developer/Library/Frameworks -F /Applications/Xcode-27.0.0-Release.Candidate.app/Contents/Developer/Platforms/WatchOS.platform/Developer/SDKs/WatchOS27.0.sdk/Developer/Library/Frameworks -module-cache-path /Users/admin/builder/spi-builder-workspace/.derivedData/Build/Intermediates.noindex/SwiftExplicitPrecompiledModules -no-color-diagnostics -Xcc -fno-color-diagnostics -enable-testing -g -debug-info-format\=dwarf -dwarf-version\=4 -profile-generate -profile-coverage-mapping -swift-version 5 -Onone -D SWIFT_PACKAGE -D DEBUG -D SWIFT_MODULE_RESOURCE_BUNDLE_UNAVAILABLE -D Xcode -serialize-debugging-options -enable-experimental-feature DebugDescriptionMacro -empty-abi-descriptor -validate-clang-modules-once -clang-build-session-file /Users/admin/builder/spi-builder-workspace/.derivedData/ModuleCache.noindex/Session.modulevalidation -Xcc -working-directory -Xcc /Users/admin/builder/spi-builder-workspace/.swiftpm/xcode -enable-anonymous-context-mangled-names -file-compilation-dir /Users/admin/builder/spi-builder-workspace/.swiftpm/xcode -Xcc -D_LIBCPP_HARDENING_MODE\=_LIBCPP_HARDENING_MODE_DEBUG -Xcc -ivfsstatcache -Xcc /Users/admin/builder/spi-builder-workspace/.derivedData/SDKStatCaches.noindex/watchos27.0-24R360-e829b21a6f8c9b70876ba0858053c04477534ef55a1706bf4c1112bbb242f0a2.sdkstatcache -Xcc -fmodules-prune-interval\=86400 -Xcc -fmodules-prune-after\=345600 -Xcc -I/Users/admin/builder/spi-builder-workspace/.derivedData/Build/Products/Debug-watchos/include -Xcc -I/Users/admin/builder/spi-builder-workspace/.derivedData/Build/Intermediates.noindex/CustomTabView.build/Debug-watchos/CustomTabView-t.build/DerivedSources-normal/arm64 -Xcc -I/Users/admin/builder/spi-builder-workspace/.derivedData/Build/Intermediates.noindex/CustomTabView.build/Debug-watchos/CustomTabView-t.build/DerivedSources/arm64 -Xcc -I/Users/admin/builder/spi-builder-workspace/.derivedData/Build/Intermediates.noindex/CustomTabView.build/Debug-watchos/CustomTabView-t.build/DerivedSources -Xcc -DSWIFT_PACKAGE -Xcc -DDEBUG\=1 -no-auto-bridging-header-chaining -module-name CustomTabView -const-gather-protocols-file /Users/admin/builder/spi-builder-workspace/.derivedData/Build/Intermediates.noindex/CustomTabView.build/Debug-watchos/CustomTabView-t.build/Objects-normal/arm64/CustomTabView_const_extract_protocols.json -disable-clang-spi -clang-target arm64-apple-watchos27.0 -target-sdk-version 27.0 -target-sdk-name watchos27.0 -in-process-plugin-server-path /Applications/Xcode-27.0.0-Release.Candidate.app/Contents/Developer/Toolchains/XcodeDefault.xctoolchain/usr/lib/swift/host/libSwiftInProcPluginServer.dylib -emit-module-doc-path /Users/admin/builder/spi-builder-workspace/.derivedData/Build/Intermediates.noindex/CustomTabView.build/Debug-watchos/CustomTabView-t.build/Objects-normal/arm64/CustomTabView.swiftdoc -emit-module-source-info-path /Users/admin/builder/spi-builder-workspace/.derivedData/Build/Intermediates.noindex/CustomTabView.build/Debug-watchos/CustomTabView-t.build/Objects-normal/arm64/CustomTabView.swiftsourceinfo -emit-objc-header-path /Users/admin/builder/spi-builder-workspace/.derivedData/Build/Intermediates.noindex/CustomTabView.build/Debug-watchos/CustomTabView-t.build/Objects-normal/arm64/CustomTabView-Swift.h -serialize-diagnostics-path /Users/admin/builder/spi-builder-workspace/.derivedData/Build/Intermediates.noindex/CustomTabView.build/Debug-watchos/CustomTabView-t.build/Objects-normal/arm64/CustomTabView-primary-emit-module.dia -emit-dependencies-path /Users/admin/builder/spi-builder-workspace/.derivedData/Build/Intermediates.noindex/CustomTabView.build/Debug-watchos/CustomTabView-t.build/Objects-normal/arm64/CustomTabView-primary-emit-module.d -parse-as-library -o /Users/admin/builder/spi-builder-workspace/.derivedData/Build/Intermediates.noindex/CustomTabView.build/Debug-watchos/CustomTabView-t.build/Objects-normal/arm64/CustomTabView.swiftmodule -emit-abi-descriptor-path /Users/admin/builder/spi-builder-workspace/.derivedData/Build/Intermediates.noindex/CustomTabView.build/Debug-watchos/CustomTabView-t.build/Objects-normal/arm64/CustomTabView.abi.json
SwiftCompile normal arm64 (in target 'CustomTabView' from project 'CustomTabView')
    cd /Users/admin/builder/spi-builder-workspace/.swiftpm/xcode

SwiftCompile normal arm64 Compiling\ KeyboardReadable.swift /Users/admin/builder/spi-builder-workspace/Sources/CustomTabView/iOS/KeyboardReadable.swift (in target 'CustomTabView' from project 'CustomTabView')
/Users/admin/builder/spi-builder-workspace/Sources/CustomTabView/iOS/KeyboardReadable.swift:23:33: error: 'UIResponder' is unavailable in watchOS
21 |         Publishers.Merge(
22 |             NotificationCenter.default
23 |                 .publisher(for: UIResponder.keyboardWillShowNotification)
   |                                 `- error: 'UIResponder' is unavailable in watchOS
24 |                 .map { _ in true },
25 |
/Applications/Xcode-27.0.0-Release.Candidate.app/Contents/Developer/Platforms/WatchOS.platform/Developer/SDKs/WatchOS27.0.sdk/System/Library/Frameworks/UIKit.framework/Headers/UIResponder.h:82:12: note: 'UIResponder' has been explicitly marked unavailable here
 80 |
 81 | UIKIT_EXTERN API_AVAILABLE(ios(2.0)) API_UNAVAILABLE(watchos) NS_SWIFT_UI_ACTOR
 82 | @interface UIResponder : NSObject <UIResponderStandardEditActions>
    |            `- note: 'UIResponder' has been explicitly marked unavailable here
 83 |
 84 | @property(nonatomic, readonly, nullable) UIResponder *nextResponder;
/Users/admin/builder/spi-builder-workspace/Sources/CustomTabView/iOS/KeyboardReadable.swift:23:45: error: 'keyboardWillShowNotification' is unavailable in watchOS
21 |         Publishers.Merge(
22 |             NotificationCenter.default
23 |                 .publisher(for: UIResponder.keyboardWillShowNotification)
   |                                             `- error: 'keyboardWillShowNotification' is unavailable in watchOS
24 |                 .map { _ in true },
25 |
/Applications/Xcode-27.0.0-Release.Candidate.app/Contents/Developer/Platforms/WatchOS.platform/Developer/SDKs/WatchOS27.0.sdk/System/Library/Frameworks/UIKit.framework/Headers/UIWindow.h:132:39: note: 'keyboardWillShowNotification' has been explicitly marked unavailable here
130 | // Use the various UICoordinateSpace convertRect facilities to get the frame in the desired coordinate system.
131 | // Animation key/value pairs are only available for the "will" family of notification.
132 | UIKIT_EXTERN NSNotificationName const UIKeyboardWillShowNotification API_UNAVAILABLE(tvos, watchos) NS_SWIFT_NONISOLATED;
    |                                       `- note: 'keyboardWillShowNotification' has been explicitly marked unavailable here
133 | UIKIT_EXTERN NSNotificationName const UIKeyboardDidShowNotification API_UNAVAILABLE(tvos, watchos) NS_SWIFT_NONISOLATED;
134 | UIKIT_EXTERN NSNotificationName const UIKeyboardWillHideNotification API_UNAVAILABLE(tvos, watchos) NS_SWIFT_NONISOLATED;
/Users/admin/builder/spi-builder-workspace/Sources/CustomTabView/iOS/KeyboardReadable.swift:27:33: error: 'UIResponder' is unavailable in watchOS
25 |
26 |             NotificationCenter.default
27 |                 .publisher(for: UIResponder.keyboardWillHideNotification)
   |                                 `- error: 'UIResponder' is unavailable in watchOS
28 |                 .map { _ in false }
29 |         )
/Applications/Xcode-27.0.0-Release.Candidate.app/Contents/Developer/Platforms/WatchOS.platform/Developer/SDKs/WatchOS27.0.sdk/System/Library/Frameworks/UIKit.framework/Headers/UIResponder.h:82:12: note: 'UIResponder' has been explicitly marked unavailable here
 80 |
 81 | UIKIT_EXTERN API_AVAILABLE(ios(2.0)) API_UNAVAILABLE(watchos) NS_SWIFT_UI_ACTOR
 82 | @interface UIResponder : NSObject <UIResponderStandardEditActions>
    |            `- note: 'UIResponder' has been explicitly marked unavailable here
 83 |
 84 | @property(nonatomic, readonly, nullable) UIResponder *nextResponder;
SwiftCompile normal arm64 /Users/admin/builder/spi-builder-workspace/Sources/CustomTabView/iOS/KeyboardReadable.swift (in target 'CustomTabView' from project 'CustomTabView')
    cd /Users/admin/builder/spi-builder-workspace/.swiftpm/xcode
    builtin-SwiftPerFileCompile KeyboardReadable.swift
SwiftCompile normal arm64 Compiling\ ExampleView.swift /Users/admin/builder/spi-builder-workspace/Sources/CustomTabView/Example/ExampleView.swift (in target 'CustomTabView' from project 'CustomTabView')
SwiftCompile normal arm64 /Users/admin/builder/spi-builder-workspace/Sources/CustomTabView/Example/ExampleView.swift (in target 'CustomTabView' from project 'CustomTabView')
    cd /Users/admin/builder/spi-builder-workspace/.swiftpm/xcode
    builtin-SwiftPerFileCompile ExampleView.swift
PruneExplicitPrecompiledModules /Users/admin/builder/spi-builder-workspace/.derivedData/Build/Intermediates.noindex/ExplicitPrecompiledModules
PruneExplicitPrecompiledModules /Users/admin/builder/spi-builder-workspace/.derivedData/Build/Intermediates.noindex/SwiftExplicitPrecompiledModules
PruneExplicitPrecompiledModules /Users/admin/builder/spi-builder-workspace/.derivedData/SDKExplicitPrecompiledModules
2026-09-28 06:16:58.377 xcodebuild[802:4775] [MT] IDERunDestination: Supported platforms for the buildables in the current scheme is empty.
** BUILD FAILED **
The following build commands failed:
	SwiftCompile normal arm64_32 (in target 'CustomTabView' from project 'CustomTabView')
	SwiftEmitModule normal arm64_32 Emitting\ module\ for\ CustomTabView (in target 'CustomTabView' from project 'CustomTabView')
	SwiftEmitModule normal arm64 Emitting\ module\ for\ CustomTabView (in target 'CustomTabView' from project 'CustomTabView')
	SwiftCompile normal arm64 (in target 'CustomTabView' from project 'CustomTabView')
	Building workspace CustomTabView with scheme CustomTabView
(5 failures)
BUILD FAILURE 6.4 watchOS