The Swift Package Index logo.Swift Package Index

Build Information

Failed to build SnabblePay, reference main (94e61a), with Swift 6.4 for macOS (Xcode) using Xcode 27.0 on 20 Sep 2026 06:11:37 UTC.

Build Command

env DEVELOPER_DIR=/Applications/Xcode-27.0.0-Release.Candidate.app xcrun xcodebuild -IDEClonedSourcePackagesDirPathOverride=$PWD/.dependencies -skipMacroValidation -skipPackagePluginValidation -derivedDataPath $PWD/.derivedData build -scheme SnabblePay-Package -destination platform=macOS,arch=arm64

Build Log

CpResource /Users/admin/builder/spi-builder-workspace/.derivedData/Build/Products/Debug/SnabblePay_SnabblePayNetworkTests.bundle/Contents/Resources/customer-null.json /Users/admin/builder/spi-builder-workspace/Tests/Network/Resources/customer-null.json (in target 'SnabblePay_SnabblePayNetworkTests' from project 'SnabblePay')
    cd /Users/admin/builder/spi-builder-workspace
    builtin-copy -exclude .DS_Store -exclude CVS -exclude .svn -exclude .git -exclude .hg -resolve-src-symlinks /Users/admin/builder/spi-builder-workspace/Tests/Network/Resources/customer-null.json /Users/admin/builder/spi-builder-workspace/.derivedData/Build/Products/Debug/SnabblePay_SnabblePayNetworkTests.bundle/Contents/Resources
CpResource /Users/admin/builder/spi-builder-workspace/.derivedData/Build/Products/Debug/SnabblePay_SnabblePayNetworkTests.bundle/Contents/Resources/accounts-one.json /Users/admin/builder/spi-builder-workspace/Tests/Network/Resources/accounts-one.json (in target 'SnabblePay_SnabblePayNetworkTests' from project 'SnabblePay')
    cd /Users/admin/builder/spi-builder-workspace
    builtin-copy -exclude .DS_Store -exclude CVS -exclude .svn -exclude .git -exclude .hg -resolve-src-symlinks /Users/admin/builder/spi-builder-workspace/Tests/Network/Resources/accounts-one.json /Users/admin/builder/spi-builder-workspace/.derivedData/Build/Products/Debug/SnabblePay_SnabblePayNetworkTests.bundle/Contents/Resources
CpResource /Users/admin/builder/spi-builder-workspace/.derivedData/Build/Products/Debug/SnabblePay_SnabblePayNetworkTests.bundle/Contents/Resources/accounts-many.json /Users/admin/builder/spi-builder-workspace/Tests/Network/Resources/accounts-many.json (in target 'SnabblePay_SnabblePayNetworkTests' from project 'SnabblePay')
    cd /Users/admin/builder/spi-builder-workspace
    builtin-copy -exclude .DS_Store -exclude CVS -exclude .svn -exclude .git -exclude .hg -resolve-src-symlinks /Users/admin/builder/spi-builder-workspace/Tests/Network/Resources/accounts-many.json /Users/admin/builder/spi-builder-workspace/.derivedData/Build/Products/Debug/SnabblePay_SnabblePayNetworkTests.bundle/Contents/Resources
CpResource /Users/admin/builder/spi-builder-workspace/.derivedData/Build/Products/Debug/SnabblePay_SnabblePayNetworkTests.bundle/Contents/Resources/accounts-empty.json /Users/admin/builder/spi-builder-workspace/Tests/Network/Resources/accounts-empty.json (in target 'SnabblePay_SnabblePayNetworkTests' from project 'SnabblePay')
    cd /Users/admin/builder/spi-builder-workspace
    builtin-copy -exclude .DS_Store -exclude CVS -exclude .svn -exclude .git -exclude .hg -resolve-src-symlinks /Users/admin/builder/spi-builder-workspace/Tests/Network/Resources/accounts-empty.json /Users/admin/builder/spi-builder-workspace/.derivedData/Build/Products/Debug/SnabblePay_SnabblePayNetworkTests.bundle/Contents/Resources
CpResource /Users/admin/builder/spi-builder-workspace/.derivedData/Build/Products/Debug/SnabblePay_SnabblePayNetworkTests.bundle/Contents/Resources/account-id.json /Users/admin/builder/spi-builder-workspace/Tests/Network/Resources/account-id.json (in target 'SnabblePay_SnabblePayNetworkTests' from project 'SnabblePay')
    cd /Users/admin/builder/spi-builder-workspace
    builtin-copy -exclude .DS_Store -exclude CVS -exclude .svn -exclude .git -exclude .hg -resolve-src-symlinks /Users/admin/builder/spi-builder-workspace/Tests/Network/Resources/account-id.json /Users/admin/builder/spi-builder-workspace/.derivedData/Build/Products/Debug/SnabblePay_SnabblePayNetworkTests.bundle/Contents/Resources
CpResource /Users/admin/builder/spi-builder-workspace/.derivedData/Build/Products/Debug/SnabblePay_SnabblePayNetworkTests.bundle/Contents/Resources/account-check.json /Users/admin/builder/spi-builder-workspace/Tests/Network/Resources/account-check.json (in target 'SnabblePay_SnabblePayNetworkTests' from project 'SnabblePay')
    cd /Users/admin/builder/spi-builder-workspace
    builtin-copy -exclude .DS_Store -exclude CVS -exclude .svn -exclude .git -exclude .hg -resolve-src-symlinks /Users/admin/builder/spi-builder-workspace/Tests/Network/Resources/account-check.json /Users/admin/builder/spi-builder-workspace/.derivedData/Build/Products/Debug/SnabblePay_SnabblePayNetworkTests.bundle/Contents/Resources
ProcessInfoPlistFile /Users/admin/builder/spi-builder-workspace/.derivedData/Build/Products/Debug/SnabblePay_SnabblePayCoreTests.bundle/Contents/Info.plist /Users/admin/builder/spi-builder-workspace/.derivedData/Build/Intermediates.noindex/SnabblePay.build/Debug/SnabblePay_SnabblePayCoreTests-b.build/empty-SnabblePay_SnabblePayCoreTests.plist (in target 'SnabblePay_SnabblePayCoreTests' from project 'SnabblePay')
    cd /Users/admin/builder/spi-builder-workspace
    builtin-infoPlistUtility /Users/admin/builder/spi-builder-workspace/.derivedData/Build/Intermediates.noindex/SnabblePay.build/Debug/SnabblePay_SnabblePayCoreTests-b.build/empty-SnabblePay_SnabblePayCoreTests.plist -producttype com.apple.product-type.bundle -expandbuildsettings -platform macosx -o /Users/admin/builder/spi-builder-workspace/.derivedData/Build/Products/Debug/SnabblePay_SnabblePayCoreTests.bundle/Contents/Info.plist
CpResource /Users/admin/builder/spi-builder-workspace/.derivedData/Build/Products/Debug/SnabblePay_SnabblePayCoreTests.bundle/Contents/Resources/token.json /Users/admin/builder/spi-builder-workspace/Tests/Core/Resources/token.json (in target 'SnabblePay_SnabblePayCoreTests' from project 'SnabblePay')
    cd /Users/admin/builder/spi-builder-workspace
    builtin-copy -exclude .DS_Store -exclude CVS -exclude .svn -exclude .git -exclude .hg -resolve-src-symlinks /Users/admin/builder/spi-builder-workspace/Tests/Core/Resources/token.json /Users/admin/builder/spi-builder-workspace/.derivedData/Build/Products/Debug/SnabblePay_SnabblePayCoreTests.bundle/Contents/Resources
CpResource /Users/admin/builder/spi-builder-workspace/.derivedData/Build/Products/Debug/SnabblePay_SnabblePayCoreTests.bundle/Contents/Resources/sessions-post.json /Users/admin/builder/spi-builder-workspace/Tests/Core/Resources/sessions-post.json (in target 'SnabblePay_SnabblePayCoreTests' from project 'SnabblePay')
    cd /Users/admin/builder/spi-builder-workspace
    builtin-copy -exclude .DS_Store -exclude CVS -exclude .svn -exclude .git -exclude .hg -resolve-src-symlinks /Users/admin/builder/spi-builder-workspace/Tests/Core/Resources/sessions-post.json /Users/admin/builder/spi-builder-workspace/.derivedData/Build/Products/Debug/SnabblePay_SnabblePayCoreTests.bundle/Contents/Resources
CpResource /Users/admin/builder/spi-builder-workspace/.derivedData/Build/Products/Debug/SnabblePay_SnabblePayCoreTests.bundle/Contents/Resources/sessions.json /Users/admin/builder/spi-builder-workspace/Tests/Core/Resources/sessions.json (in target 'SnabblePay_SnabblePayCoreTests' from project 'SnabblePay')
    cd /Users/admin/builder/spi-builder-workspace
    builtin-copy -exclude .DS_Store -exclude CVS -exclude .svn -exclude .git -exclude .hg -resolve-src-symlinks /Users/admin/builder/spi-builder-workspace/Tests/Core/Resources/sessions.json /Users/admin/builder/spi-builder-workspace/.derivedData/Build/Products/Debug/SnabblePay_SnabblePayCoreTests.bundle/Contents/Resources
CpResource /Users/admin/builder/spi-builder-workspace/.derivedData/Build/Products/Debug/SnabblePay_SnabblePayCoreTests.bundle/Contents/Resources/sessions-post-error-unknown.json /Users/admin/builder/spi-builder-workspace/Tests/Core/Resources/sessions-post-error-unknown.json (in target 'SnabblePay_SnabblePayCoreTests' from project 'SnabblePay')
    cd /Users/admin/builder/spi-builder-workspace
    builtin-copy -exclude .DS_Store -exclude CVS -exclude .svn -exclude .git -exclude .hg -resolve-src-symlinks /Users/admin/builder/spi-builder-workspace/Tests/Core/Resources/sessions-post-error-unknown.json /Users/admin/builder/spi-builder-workspace/.derivedData/Build/Products/Debug/SnabblePay_SnabblePayCoreTests.bundle/Contents/Resources
CpResource /Users/admin/builder/spi-builder-workspace/.derivedData/Build/Products/Debug/SnabblePay_SnabblePayCoreTests.bundle/Contents/Resources/sessions-get.json /Users/admin/builder/spi-builder-workspace/Tests/Core/Resources/sessions-get.json (in target 'SnabblePay_SnabblePayCoreTests' from project 'SnabblePay')
    cd /Users/admin/builder/spi-builder-workspace
    builtin-copy -exclude .DS_Store -exclude CVS -exclude .svn -exclude .git -exclude .hg -resolve-src-symlinks /Users/admin/builder/spi-builder-workspace/Tests/Core/Resources/sessions-get.json /Users/admin/builder/spi-builder-workspace/.derivedData/Build/Products/Debug/SnabblePay_SnabblePayCoreTests.bundle/Contents/Resources
CpResource /Users/admin/builder/spi-builder-workspace/.derivedData/Build/Products/Debug/SnabblePay_SnabblePayCoreTests.bundle/Contents/Resources/sessions-post-error-declined.json /Users/admin/builder/spi-builder-workspace/Tests/Core/Resources/sessions-post-error-declined.json (in target 'SnabblePay_SnabblePayCoreTests' from project 'SnabblePay')
    cd /Users/admin/builder/spi-builder-workspace
    builtin-copy -exclude .DS_Store -exclude CVS -exclude .svn -exclude .git -exclude .hg -resolve-src-symlinks /Users/admin/builder/spi-builder-workspace/Tests/Core/Resources/sessions-post-error-declined.json /Users/admin/builder/spi-builder-workspace/.derivedData/Build/Products/Debug/SnabblePay_SnabblePayCoreTests.bundle/Contents/Resources
CpResource /Users/admin/builder/spi-builder-workspace/.derivedData/Build/Products/Debug/SnabblePay_SnabblePayCoreTests.bundle/Contents/Resources/register.json /Users/admin/builder/spi-builder-workspace/Tests/Core/Resources/register.json (in target 'SnabblePay_SnabblePayCoreTests' from project 'SnabblePay')
    cd /Users/admin/builder/spi-builder-workspace
    builtin-copy -exclude .DS_Store -exclude CVS -exclude .svn -exclude .git -exclude .hg -resolve-src-symlinks /Users/admin/builder/spi-builder-workspace/Tests/Core/Resources/register.json /Users/admin/builder/spi-builder-workspace/.derivedData/Build/Products/Debug/SnabblePay_SnabblePayCoreTests.bundle/Contents/Resources
CpResource /Users/admin/builder/spi-builder-workspace/.derivedData/Build/Products/Debug/SnabblePay_SnabblePayCoreTests.bundle/Contents/Resources/mandate-pending.json /Users/admin/builder/spi-builder-workspace/Tests/Core/Resources/mandate-pending.json (in target 'SnabblePay_SnabblePayCoreTests' from project 'SnabblePay')
    cd /Users/admin/builder/spi-builder-workspace
    builtin-copy -exclude .DS_Store -exclude CVS -exclude .svn -exclude .git -exclude .hg -resolve-src-symlinks /Users/admin/builder/spi-builder-workspace/Tests/Core/Resources/mandate-pending.json /Users/admin/builder/spi-builder-workspace/.derivedData/Build/Products/Debug/SnabblePay_SnabblePayCoreTests.bundle/Contents/Resources
CpResource /Users/admin/builder/spi-builder-workspace/.derivedData/Build/Products/Debug/SnabblePay_SnabblePayCoreTests.bundle/Contents/Resources/mandate-declined.json /Users/admin/builder/spi-builder-workspace/Tests/Core/Resources/mandate-declined.json (in target 'SnabblePay_SnabblePayCoreTests' from project 'SnabblePay')
    cd /Users/admin/builder/spi-builder-workspace
    builtin-copy -exclude .DS_Store -exclude CVS -exclude .svn -exclude .git -exclude .hg -resolve-src-symlinks /Users/admin/builder/spi-builder-workspace/Tests/Core/Resources/mandate-declined.json /Users/admin/builder/spi-builder-workspace/.derivedData/Build/Products/Debug/SnabblePay_SnabblePayCoreTests.bundle/Contents/Resources
CpResource /Users/admin/builder/spi-builder-workspace/.derivedData/Build/Products/Debug/SnabblePay_SnabblePayCoreTests.bundle/Contents/Resources/mandate-accepted.json /Users/admin/builder/spi-builder-workspace/Tests/Core/Resources/mandate-accepted.json (in target 'SnabblePay_SnabblePayCoreTests' from project 'SnabblePay')
    cd /Users/admin/builder/spi-builder-workspace
    builtin-copy -exclude .DS_Store -exclude CVS -exclude .svn -exclude .git -exclude .hg -resolve-src-symlinks /Users/admin/builder/spi-builder-workspace/Tests/Core/Resources/mandate-accepted.json /Users/admin/builder/spi-builder-workspace/.derivedData/Build/Products/Debug/SnabblePay_SnabblePayCoreTests.bundle/Contents/Resources
CpResource /Users/admin/builder/spi-builder-workspace/.derivedData/Build/Products/Debug/SnabblePay_SnabblePayCoreTests.bundle/Contents/Resources/mandate-accepted-otherId.json /Users/admin/builder/spi-builder-workspace/Tests/Core/Resources/mandate-accepted-otherId.json (in target 'SnabblePay_SnabblePayCoreTests' from project 'SnabblePay')
    cd /Users/admin/builder/spi-builder-workspace
    builtin-copy -exclude .DS_Store -exclude CVS -exclude .svn -exclude .git -exclude .hg -resolve-src-symlinks /Users/admin/builder/spi-builder-workspace/Tests/Core/Resources/mandate-accepted-otherId.json /Users/admin/builder/spi-builder-workspace/.derivedData/Build/Products/Debug/SnabblePay_SnabblePayCoreTests.bundle/Contents/Resources
CpResource /Users/admin/builder/spi-builder-workspace/.derivedData/Build/Products/Debug/SnabblePay_SnabblePayCoreTests.bundle/Contents/Resources/accounts-many.json /Users/admin/builder/spi-builder-workspace/Tests/Core/Resources/accounts-many.json (in target 'SnabblePay_SnabblePayCoreTests' from project 'SnabblePay')
    cd /Users/admin/builder/spi-builder-workspace
    builtin-copy -exclude .DS_Store -exclude CVS -exclude .svn -exclude .git -exclude .hg -resolve-src-symlinks /Users/admin/builder/spi-builder-workspace/Tests/Core/Resources/accounts-many.json /Users/admin/builder/spi-builder-workspace/.derivedData/Build/Products/Debug/SnabblePay_SnabblePayCoreTests.bundle/Contents/Resources
CpResource /Users/admin/builder/spi-builder-workspace/.derivedData/Build/Products/Debug/SnabblePay_SnabblePayCoreTests.bundle/Contents/Resources/accounts-one.json /Users/admin/builder/spi-builder-workspace/Tests/Core/Resources/accounts-one.json (in target 'SnabblePay_SnabblePayCoreTests' from project 'SnabblePay')
    cd /Users/admin/builder/spi-builder-workspace
    builtin-copy -exclude .DS_Store -exclude CVS -exclude .svn -exclude .git -exclude .hg -resolve-src-symlinks /Users/admin/builder/spi-builder-workspace/Tests/Core/Resources/accounts-one.json /Users/admin/builder/spi-builder-workspace/.derivedData/Build/Products/Debug/SnabblePay_SnabblePayCoreTests.bundle/Contents/Resources
CpResource /Users/admin/builder/spi-builder-workspace/.derivedData/Build/Products/Debug/SnabblePay_SnabblePayCoreTests.bundle/Contents/Resources/accounts-empty.json /Users/admin/builder/spi-builder-workspace/Tests/Core/Resources/accounts-empty.json (in target 'SnabblePay_SnabblePayCoreTests' from project 'SnabblePay')
    cd /Users/admin/builder/spi-builder-workspace
    builtin-copy -exclude .DS_Store -exclude CVS -exclude .svn -exclude .git -exclude .hg -resolve-src-symlinks /Users/admin/builder/spi-builder-workspace/Tests/Core/Resources/accounts-empty.json /Users/admin/builder/spi-builder-workspace/.derivedData/Build/Products/Debug/SnabblePay_SnabblePayCoreTests.bundle/Contents/Resources
CpResource /Users/admin/builder/spi-builder-workspace/.derivedData/Build/Products/Debug/SnabblePay_SnabblePayCoreTests.bundle/Contents/Resources/account-id.json /Users/admin/builder/spi-builder-workspace/Tests/Core/Resources/account-id.json (in target 'SnabblePay_SnabblePayCoreTests' from project 'SnabblePay')
    cd /Users/admin/builder/spi-builder-workspace
    builtin-copy -exclude .DS_Store -exclude CVS -exclude .svn -exclude .git -exclude .hg -resolve-src-symlinks /Users/admin/builder/spi-builder-workspace/Tests/Core/Resources/account-id.json /Users/admin/builder/spi-builder-workspace/.derivedData/Build/Products/Debug/SnabblePay_SnabblePayCoreTests.bundle/Contents/Resources
CpResource /Users/admin/builder/spi-builder-workspace/.derivedData/Build/Products/Debug/SnabblePay_SnabblePayCoreTests.bundle/Contents/Resources/account-check.json /Users/admin/builder/spi-builder-workspace/Tests/Core/Resources/account-check.json (in target 'SnabblePay_SnabblePayCoreTests' from project 'SnabblePay')
    cd /Users/admin/builder/spi-builder-workspace
    builtin-copy -exclude .DS_Store -exclude CVS -exclude .svn -exclude .git -exclude .hg -resolve-src-symlinks /Users/admin/builder/spi-builder-workspace/Tests/Core/Resources/account-check.json /Users/admin/builder/spi-builder-workspace/.derivedData/Build/Products/Debug/SnabblePay_SnabblePayCoreTests.bundle/Contents/Resources
RegisterExecutionPolicyException /Users/admin/builder/spi-builder-workspace/.derivedData/Build/Products/Debug/SnabblePay_SnabblePayNetworkTests.bundle (in target 'SnabblePay_SnabblePayNetworkTests' from project 'SnabblePay')
    cd /Users/admin/builder/spi-builder-workspace
    builtin-RegisterExecutionPolicyException /Users/admin/builder/spi-builder-workspace/.derivedData/Build/Products/Debug/SnabblePay_SnabblePayNetworkTests.bundle
RegisterExecutionPolicyException /Users/admin/builder/spi-builder-workspace/.derivedData/Build/Products/Debug/SnabblePay_SnabblePayCoreTests.bundle (in target 'SnabblePay_SnabblePayCoreTests' from project 'SnabblePay')
    cd /Users/admin/builder/spi-builder-workspace
    builtin-RegisterExecutionPolicyException /Users/admin/builder/spi-builder-workspace/.derivedData/Build/Products/Debug/SnabblePay_SnabblePayCoreTests.bundle
Touch /Users/admin/builder/spi-builder-workspace/.derivedData/Build/Products/Debug/SnabblePay_SnabblePayCoreTests.bundle (in target 'SnabblePay_SnabblePayCoreTests' from project 'SnabblePay')
    cd /Users/admin/builder/spi-builder-workspace
    /usr/bin/touch -c /Users/admin/builder/spi-builder-workspace/.derivedData/Build/Products/Debug/SnabblePay_SnabblePayCoreTests.bundle
Touch /Users/admin/builder/spi-builder-workspace/.derivedData/Build/Products/Debug/SnabblePay_SnabblePayNetworkTests.bundle (in target 'SnabblePay_SnabblePayNetworkTests' from project 'SnabblePay')
    cd /Users/admin/builder/spi-builder-workspace
    /usr/bin/touch -c /Users/admin/builder/spi-builder-workspace/.derivedData/Build/Products/Debug/SnabblePay_SnabblePayNetworkTests.bundle
SwiftDriver Tagged normal arm64 com.apple.xcode.tools.swift.compiler (in target 'Tagged' from project 'swift-tagged')
    cd /Users/admin/builder/spi-builder-workspace/.swiftpm/xcode
    builtin-SwiftDriver -- /Applications/Xcode-27.0.0-Release.Candidate.app/Contents/Developer/Toolchains/XcodeDefault.xctoolchain/usr/bin/swiftc -parse-as-library -module-name Tagged -Onone @/Users/admin/builder/spi-builder-workspace/.derivedData/Build/Intermediates.noindex/swift-tagged.build/Debug/Tagged-t.build/Objects-normal/arm64/Tagged.SwiftFileList -DSWIFT_PACKAGE -DDEBUG -DSWIFT_MODULE_RESOURCE_BUNDLE_UNAVAILABLE -DXcode -plugin-path /Applications/Xcode-27.0.0-Release.Candidate.app/Contents/Developer/Toolchains/XcodeDefault.xctoolchain/usr/lib/swift/host/plugins/testing -enable-experimental-feature DebugDescriptionMacro -sdk /Applications/Xcode-27.0.0-Release.Candidate.app/Contents/Developer/Platforms/MacOSX.platform/Developer/SDKs/MacOSX27.0.sdk -target arm64-apple-macos12.0 -g -module-cache-path /Users/admin/builder/spi-builder-workspace/.derivedData/ModuleCache.noindex -Xfrontend -serialize-debugging-options -enable-testing -suppress-warnings -index-store-path /Users/admin/builder/spi-builder-workspace/.derivedData/Index.noindex/DataStore -Xcc -D_LIBCPP_HARDENING_MODE\=_LIBCPP_HARDENING_MODE_DEBUG -swift-version 5 -I /Users/admin/builder/spi-builder-workspace/.derivedData/Build/Products/Debug -Isystem /Applications/Xcode-27.0.0-Release.Candidate.app/Contents/Developer/Platforms/MacOSX.platform/Developer/usr/lib -F /Users/admin/builder/spi-builder-workspace/.derivedData/Build/Products/Debug -F /Applications/Xcode-27.0.0-Release.Candidate.app/Contents/Developer/Platforms/MacOSX.platform/Developer/Library/Frameworks -c -j10 -enable-batch-mode -incremental -Xcc -ivfsstatcache -Xcc /Users/admin/builder/spi-builder-workspace/.derivedData/SDKStatCaches.noindex/macosx27.0-26A425-e829b21a6f8c9b70876ba0858053c0446a22442a12e9d48fe1a705f55a1adfc4.sdkstatcache -output-file-map /Users/admin/builder/spi-builder-workspace/.derivedData/Build/Intermediates.noindex/swift-tagged.build/Debug/Tagged-t.build/Objects-normal/arm64/Tagged-OutputFileMap.json -save-temps -no-color-diagnostics -explicit-module-build -module-cache-path /Users/admin/builder/spi-builder-workspace/.derivedData/Build/Intermediates.noindex/SwiftExplicitPrecompiledModules -clang-scanner-module-cache-path /Users/admin/builder/spi-builder-workspace/.derivedData/ModuleCache.noindex -sdk-module-cache-path /Users/admin/builder/spi-builder-workspace/.derivedData/SDKExplicitPrecompiledModules -emit-dependencies -emit-module -emit-module-path /Users/admin/builder/spi-builder-workspace/.derivedData/Build/Intermediates.noindex/swift-tagged.build/Debug/Tagged-t.build/Objects-normal/arm64/Tagged.swiftmodule -serialize-diagnostics -dependency-scan-serialize-diagnostics-path /Users/admin/builder/spi-builder-workspace/.derivedData/Build/Intermediates.noindex/swift-tagged.build/Debug/Tagged-t.build/Objects-normal/arm64/Tagged-dependency-scan.dia -validate-clang-modules-once -clang-build-session-file /Users/admin/builder/spi-builder-workspace/.derivedData/ModuleCache.noindex/Session.modulevalidation -Xcc -fmodules-prune-interval\=86400 -Xcc -fmodules-prune-after\=345600 -emit-const-values -const-gather-protocols-list /Users/admin/builder/spi-builder-workspace/.derivedData/Build/Intermediates.noindex/swift-tagged.build/Debug/Tagged-t.build/Objects-normal/arm64/Tagged_const_extract_protocols.json -Xcc -I/Users/admin/builder/spi-builder-workspace/.derivedData/Build/Products/Debug/include -Xcc -I/Users/admin/builder/spi-builder-workspace/.derivedData/Build/Intermediates.noindex/swift-tagged.build/Debug/Tagged-t.build/DerivedSources-normal/arm64 -Xcc -I/Users/admin/builder/spi-builder-workspace/.derivedData/Build/Intermediates.noindex/swift-tagged.build/Debug/Tagged-t.build/DerivedSources/arm64 -Xcc -I/Users/admin/builder/spi-builder-workspace/.derivedData/Build/Intermediates.noindex/swift-tagged.build/Debug/Tagged-t.build/DerivedSources -Xcc -DSWIFT_PACKAGE -Xcc -DDEBUG\=1 -emit-objc-header -emit-objc-header-path /Users/admin/builder/spi-builder-workspace/.derivedData/Build/Intermediates.noindex/swift-tagged.build/Debug/Tagged-t.build/Objects-normal/arm64/Tagged-Swift.h -working-directory /Users/admin/builder/spi-builder-workspace/.swiftpm/xcode -experimental-emit-module-separately -disable-cmo
SwiftDriver Logging normal arm64 com.apple.xcode.tools.swift.compiler (in target 'Logging' from project 'swift-log')
    cd /Users/admin/builder/spi-builder-workspace/.swiftpm/xcode
    builtin-SwiftDriver -- /Applications/Xcode-27.0.0-Release.Candidate.app/Contents/Developer/Toolchains/XcodeDefault.xctoolchain/usr/bin/swiftc -parse-as-library -module-name Logging -Onone @/Users/admin/builder/spi-builder-workspace/.derivedData/Build/Intermediates.noindex/swift-log.build/Debug/Logging-t.build/Objects-normal/arm64/Logging.SwiftFileList -DSWIFT_PACKAGE -DDEBUG -DSWIFT_MODULE_RESOURCE_BUNDLE_UNAVAILABLE -DXcode -enable-upcoming-feature ExistentialAny -enable-upcoming-feature MemberImportVisibility -enable-upcoming-feature InternalImportsByDefault -enable-upcoming-feature NonisolatedNonsendingByDefault -Xfrontend -require-explicit-sendable -plugin-path /Applications/Xcode-27.0.0-Release.Candidate.app/Contents/Developer/Toolchains/XcodeDefault.xctoolchain/usr/lib/swift/host/plugins/testing -enable-experimental-feature DebugDescriptionMacro -sdk /Applications/Xcode-27.0.0-Release.Candidate.app/Contents/Developer/Platforms/MacOSX.platform/Developer/SDKs/MacOSX27.0.sdk -target arm64-apple-macos12.0 -g -module-cache-path /Users/admin/builder/spi-builder-workspace/.derivedData/ModuleCache.noindex -Xfrontend -serialize-debugging-options -enable-testing -suppress-warnings -index-store-path /Users/admin/builder/spi-builder-workspace/.derivedData/Index.noindex/DataStore -Xcc -D_LIBCPP_HARDENING_MODE\=_LIBCPP_HARDENING_MODE_DEBUG -swift-version 6 -I /Users/admin/builder/spi-builder-workspace/.derivedData/Build/Products/Debug -Isystem /Applications/Xcode-27.0.0-Release.Candidate.app/Contents/Developer/Platforms/MacOSX.platform/Developer/usr/lib -F /Users/admin/builder/spi-builder-workspace/.derivedData/Build/Products/Debug -F /Applications/Xcode-27.0.0-Release.Candidate.app/Contents/Developer/Platforms/MacOSX.platform/Developer/Library/Frameworks -c -j10 -enable-batch-mode -incremental -Xcc -ivfsstatcache -Xcc /Users/admin/builder/spi-builder-workspace/.derivedData/SDKStatCaches.noindex/macosx27.0-26A425-e829b21a6f8c9b70876ba0858053c0446a22442a12e9d48fe1a705f55a1adfc4.sdkstatcache -output-file-map /Users/admin/builder/spi-builder-workspace/.derivedData/Build/Intermediates.noindex/swift-log.build/Debug/Logging-t.build/Objects-normal/arm64/Logging-OutputFileMap.json -save-temps -no-color-diagnostics -explicit-module-build -module-cache-path /Users/admin/builder/spi-builder-workspace/.derivedData/Build/Intermediates.noindex/SwiftExplicitPrecompiledModules -clang-scanner-module-cache-path /Users/admin/builder/spi-builder-workspace/.derivedData/ModuleCache.noindex -sdk-module-cache-path /Users/admin/builder/spi-builder-workspace/.derivedData/SDKExplicitPrecompiledModules -emit-dependencies -emit-module -emit-module-path /Users/admin/builder/spi-builder-workspace/.derivedData/Build/Intermediates.noindex/swift-log.build/Debug/Logging-t.build/Objects-normal/arm64/Logging.swiftmodule -serialize-diagnostics -dependency-scan-serialize-diagnostics-path /Users/admin/builder/spi-builder-workspace/.derivedData/Build/Intermediates.noindex/swift-log.build/Debug/Logging-t.build/Objects-normal/arm64/Logging-dependency-scan.dia -user-module-version 1.15.1 -validate-clang-modules-once -clang-build-session-file /Users/admin/builder/spi-builder-workspace/.derivedData/ModuleCache.noindex/Session.modulevalidation -Xcc -fmodules-prune-interval\=86400 -Xcc -fmodules-prune-after\=345600 -package-name swift_log -emit-const-values -const-gather-protocols-list /Users/admin/builder/spi-builder-workspace/.derivedData/Build/Intermediates.noindex/swift-log.build/Debug/Logging-t.build/Objects-normal/arm64/Logging_const_extract_protocols.json -Xcc -I/Users/admin/builder/spi-builder-workspace/.derivedData/Build/Products/Debug/include -Xcc -I/Users/admin/builder/spi-builder-workspace/.derivedData/Build/Intermediates.noindex/swift-log.build/Debug/Logging-t.build/DerivedSources-normal/arm64 -Xcc -I/Users/admin/builder/spi-builder-workspace/.derivedData/Build/Intermediates.noindex/swift-log.build/Debug/Logging-t.build/DerivedSources/arm64 -Xcc -I/Users/admin/builder/spi-builder-workspace/.derivedData/Build/Intermediates.noindex/swift-log.build/Debug/Logging-t.build/DerivedSources -Xcc -DSWIFT_PACKAGE -Xcc -DDEBUG\=1 -emit-objc-header -emit-objc-header-path /Users/admin/builder/spi-builder-workspace/.derivedData/Build/Intermediates.noindex/swift-log.build/Debug/Logging-t.build/Objects-normal/arm64/Logging-Swift.h -working-directory /Users/admin/builder/spi-builder-workspace/.swiftpm/xcode -experimental-emit-module-separately -disable-cmo
SwiftDriver TestHelper normal arm64 com.apple.xcode.tools.swift.compiler (in target 'TestHelper' from project 'SnabblePay')
    cd /Users/admin/builder/spi-builder-workspace/.swiftpm/xcode
    builtin-SwiftDriver -- /Applications/Xcode-27.0.0-Release.Candidate.app/Contents/Developer/Toolchains/XcodeDefault.xctoolchain/usr/bin/swiftc -parse-as-library -module-name TestHelper -Onone @/Users/admin/builder/spi-builder-workspace/.derivedData/Build/Intermediates.noindex/SnabblePay.build/Debug/TestHelper-t.build/Objects-normal/arm64/TestHelper.SwiftFileList -DSWIFT_PACKAGE -DDEBUG -DSWIFT_MODULE_RESOURCE_BUNDLE_UNAVAILABLE -DXcode -plugin-path /Applications/Xcode-27.0.0-Release.Candidate.app/Contents/Developer/Toolchains/XcodeDefault.xctoolchain/usr/lib/swift/host/plugins/testing -enable-experimental-feature DebugDescriptionMacro -sdk /Applications/Xcode-27.0.0-Release.Candidate.app/Contents/Developer/Platforms/MacOSX.platform/Developer/SDKs/MacOSX27.0.sdk -target arm64-apple-macos12.0 -g -module-cache-path /Users/admin/builder/spi-builder-workspace/.derivedData/ModuleCache.noindex -Xfrontend -serialize-debugging-options -enable-testing -index-store-path /Users/admin/builder/spi-builder-workspace/.derivedData/Index.noindex/DataStore -Xcc -D_LIBCPP_HARDENING_MODE\=_LIBCPP_HARDENING_MODE_DEBUG -swift-version 5 -I /Users/admin/builder/spi-builder-workspace/.derivedData/Build/Products/Debug -Isystem /Applications/Xcode-27.0.0-Release.Candidate.app/Contents/Developer/Platforms/MacOSX.platform/Developer/usr/lib -F /Users/admin/builder/spi-builder-workspace/.derivedData/Build/Products/Debug -F /Applications/Xcode-27.0.0-Release.Candidate.app/Contents/Developer/Platforms/MacOSX.platform/Developer/Library/Frameworks -emit-localized-strings -emit-localized-strings-path /Users/admin/builder/spi-builder-workspace/.derivedData/Build/Intermediates.noindex/SnabblePay.build/Debug/TestHelper-t.build/Objects-normal/arm64 -c -j10 -enable-batch-mode -incremental -Xcc -ivfsstatcache -Xcc /Users/admin/builder/spi-builder-workspace/.derivedData/SDKStatCaches.noindex/macosx27.0-26A425-e829b21a6f8c9b70876ba0858053c0446a22442a12e9d48fe1a705f55a1adfc4.sdkstatcache -output-file-map /Users/admin/builder/spi-builder-workspace/.derivedData/Build/Intermediates.noindex/SnabblePay.build/Debug/TestHelper-t.build/Objects-normal/arm64/TestHelper-OutputFileMap.json -save-temps -no-color-diagnostics -explicit-module-build -module-cache-path /Users/admin/builder/spi-builder-workspace/.derivedData/Build/Intermediates.noindex/SwiftExplicitPrecompiledModules -clang-scanner-module-cache-path /Users/admin/builder/spi-builder-workspace/.derivedData/ModuleCache.noindex -sdk-module-cache-path /Users/admin/builder/spi-builder-workspace/.derivedData/SDKExplicitPrecompiledModules -emit-dependencies -emit-module -emit-module-path /Users/admin/builder/spi-builder-workspace/.derivedData/Build/Intermediates.noindex/SnabblePay.build/Debug/TestHelper-t.build/Objects-normal/arm64/TestHelper.swiftmodule -serialize-diagnostics -dependency-scan-serialize-diagnostics-path /Users/admin/builder/spi-builder-workspace/.derivedData/Build/Intermediates.noindex/SnabblePay.build/Debug/TestHelper-t.build/Objects-normal/arm64/TestHelper-dependency-scan.dia -validate-clang-modules-once -clang-build-session-file /Users/admin/builder/spi-builder-workspace/.derivedData/ModuleCache.noindex/Session.modulevalidation -Xcc -fmodules-prune-interval\=86400 -Xcc -fmodules-prune-after\=345600 -emit-const-values -const-gather-protocols-list /Users/admin/builder/spi-builder-workspace/.derivedData/Build/Intermediates.noindex/SnabblePay.build/Debug/TestHelper-t.build/Objects-normal/arm64/TestHelper_const_extract_protocols.json -Xcc -I/Users/admin/builder/spi-builder-workspace/.derivedData/Build/Products/Debug/include -Xcc -I/Users/admin/builder/spi-builder-workspace/.derivedData/Build/Intermediates.noindex/SnabblePay.build/Debug/TestHelper-t.build/DerivedSources-normal/arm64 -Xcc -I/Users/admin/builder/spi-builder-workspace/.derivedData/Build/Intermediates.noindex/SnabblePay.build/Debug/TestHelper-t.build/DerivedSources/arm64 -Xcc -I/Users/admin/builder/spi-builder-workspace/.derivedData/Build/Intermediates.noindex/SnabblePay.build/Debug/TestHelper-t.build/DerivedSources -Xcc -DSWIFT_PACKAGE -Xcc -DDEBUG\=1 -emit-objc-header -emit-objc-header-path /Users/admin/builder/spi-builder-workspace/.derivedData/Build/Intermediates.noindex/SnabblePay.build/Debug/TestHelper-t.build/Objects-normal/arm64/TestHelper-Swift.h -working-directory /Users/admin/builder/spi-builder-workspace/.swiftpm/xcode -experimental-emit-module-separately -disable-cmo
SwiftExplicitDependencyGeneratePcm arm64 /Users/admin/builder/spi-builder-workspace/.derivedData/SDKExplicitPrecompiledModules/_Builtin_float-EXGUO4XEWWSRONNTP4II1R3BM.pcm
SwiftExplicitDependencyGeneratePcm arm64 /Users/admin/builder/spi-builder-workspace/.derivedData/SDKExplicitPrecompiledModules/_SwiftConcurrencyShims-11TYQJH3GW4GGN6M952RT44S2.pcm
SwiftExplicitDependencyGeneratePcm arm64 /Users/admin/builder/spi-builder-workspace/.derivedData/SDKExplicitPrecompiledModules/SwiftShims-8117TUG7HSOLBQL517OWAROM7.pcm
SwiftExplicitDependencyGeneratePcm arm64 /Users/admin/builder/spi-builder-workspace/.derivedData/SDKExplicitPrecompiledModules/_Builtin_stdbool-8V6HC39D8H2ZKW3GSD1KJ09A9.pcm
SwiftExplicitDependencyGeneratePcm arm64 /Users/admin/builder/spi-builder-workspace/.derivedData/SDKExplicitPrecompiledModules/_AvailabilityInternal-5OQ8S18SKM02L42PKV6U5ZAWA.pcm
SwiftExplicitDependencyGeneratePcm arm64 /Users/admin/builder/spi-builder-workspace/.derivedData/SDKExplicitPrecompiledModules/ptrcheck-7F7OST5MV9OHXZMCIL2H6FYAO.pcm
SwiftExplicitDependencyGeneratePcm arm64 /Users/admin/builder/spi-builder-workspace/.derivedData/SDKExplicitPrecompiledModules/_Builtin_stddef-BRQYWAPA5F9I3AGC7LZEIAIGS.pcm
SwiftExplicitDependencyGeneratePcm arm64 /Users/admin/builder/spi-builder-workspace/.derivedData/SDKExplicitPrecompiledModules/_Builtin_stdarg-DVP6W0QP66W8E74TX0GQAIEFM.pcm
SwiftExplicitDependencyGeneratePcm arm64 /Users/admin/builder/spi-builder-workspace/.derivedData/SDKExplicitPrecompiledModules/_DarwinFoundation1-CEB668520FVMM3FPLUP3ZX3DP.pcm
SwiftExplicitDependencyGeneratePcm arm64 /Users/admin/builder/spi-builder-workspace/.derivedData/SDKExplicitPrecompiledModules/_Builtin_limits-HXF6WMF65IXTY4LB9YQRPDVS.pcm
SwiftExplicitDependencyGeneratePcm arm64 /Users/admin/builder/spi-builder-workspace/.derivedData/SDKExplicitPrecompiledModules/_DarwinFoundation2-8A4UVIA5QLD0UNZXBQYRW6KN7.pcm
SwiftExplicitDependencyGeneratePcm arm64 /Users/admin/builder/spi-builder-workspace/.derivedData/SDKExplicitPrecompiledModules/_AvailabilityInternal-CJTV5E7EL3MWRA437DUFPBVN2.pcm
SwiftExplicitDependencyGeneratePcm arm64 /Users/admin/builder/spi-builder-workspace/.derivedData/SDKExplicitPrecompiledModules/_SwiftConcurrencyShims-BLUUWKI6AGMD7TJ4RGYS7DP6T.pcm
SwiftExplicitDependencyGeneratePcm arm64 /Users/admin/builder/spi-builder-workspace/.derivedData/SDKExplicitPrecompiledModules/ptrcheck-DHLCBWKPNUZOYTPJ1J3QVTCXK.pcm
SwiftExplicitDependencyGeneratePcm arm64 /Users/admin/builder/spi-builder-workspace/.derivedData/SDKExplicitPrecompiledModules/SwiftShims-C4V0DQ62WSTCYBYGILXXGQNO3.pcm
SwiftExplicitDependencyGeneratePcm arm64 /Users/admin/builder/spi-builder-workspace/.derivedData/SDKExplicitPrecompiledModules/_Builtin_stdarg-7CFWA9OSW5N24E7PG4ZOCF1VH.pcm
SwiftExplicitDependencyGeneratePcm arm64 /Users/admin/builder/spi-builder-workspace/.derivedData/SDKExplicitPrecompiledModules/_Builtin_float-105CRCDRP90FQCQO5ZX1LHV7H.pcm
SwiftExplicitDependencyGeneratePcm arm64 /Users/admin/builder/spi-builder-workspace/.derivedData/SDKExplicitPrecompiledModules/_Builtin_stdbool-KYV2HKP8IKLKMKQS9DGA2GUQ.pcm
SwiftExplicitDependencyGeneratePcm arm64 /Users/admin/builder/spi-builder-workspace/.derivedData/SDKExplicitPrecompiledModules/_Builtin_stddef-3GI9GOKXSW3QCTFOI1USFLDZO.pcm
SwiftExplicitDependencyGeneratePcm arm64 /Users/admin/builder/spi-builder-workspace/.derivedData/SDKExplicitPrecompiledModules/ptrauth-2W92ZJRLNJU99RJUQGGJG3OC3.pcm
SwiftExplicitDependencyGeneratePcm arm64 /Users/admin/builder/spi-builder-workspace/.derivedData/SDKExplicitPrecompiledModules/_Builtin_stdint-1OD4P9W70NM45YK5V1IH8JOXR.pcm
SwiftExplicitDependencyGeneratePcm arm64 /Users/admin/builder/spi-builder-workspace/.derivedData/SDKExplicitPrecompiledModules/sys_types-8B5WBGNKQGP8VGVHGXXFAVHM4.pcm
SwiftExplicitDependencyGeneratePcm arm64 /Users/admin/builder/spi-builder-workspace/.derivedData/SDKExplicitPrecompiledModules/_DarwinFoundation3-DNXKXFFQ8MRLRO9KQN10R21I0.pcm
SwiftExplicitDependencyGeneratePcm arm64 /Users/admin/builder/spi-builder-workspace/.derivedData/SDKExplicitPrecompiledModules/_DarwinFoundation1-7PRJIG163YE9KSKYA3BS35ZZP.pcm
SwiftExplicitDependencyGeneratePcm arm64 /Users/admin/builder/spi-builder-workspace/.derivedData/SDKExplicitPrecompiledModules/_DarwinFoundation2-94WUUGE4H5R03OWXE0QFZX1DN.pcm
SwiftExplicitDependencyGeneratePcm arm64 /Users/admin/builder/spi-builder-workspace/.derivedData/SDKExplicitPrecompiledModules/_Builtin_limits-AXGUGXBFPC0I7QDLJFB0K341Y.pcm
SwiftExplicitDependencyGeneratePcm arm64 /Users/admin/builder/spi-builder-workspace/.derivedData/SDKExplicitPrecompiledModules/_Builtin_inttypes-489CMR9E9YGXYB1ZU4Y2FSN2V.pcm
SwiftExplicitDependencyGeneratePcm arm64 /Users/admin/builder/spi-builder-workspace/.derivedData/SDKExplicitPrecompiledModules/Darwin-4SSYTF9FPWUAJVNBQDXTH3HIS.pcm
SwiftExplicitDependencyGeneratePcm arm64 /Users/admin/builder/spi-builder-workspace/.derivedData/SDKExplicitPrecompiledModules/sys_types-F4RNCN6UR5R5OWTLTOUM7TN3E.pcm
SwiftExplicitDependencyGeneratePcm arm64 /Users/admin/builder/spi-builder-workspace/.derivedData/SDKExplicitPrecompiledModules/_Builtin_stdint-22CBBOK8BNSF0UELDCAXSHGB.pcm
SwiftExplicitDependencyGeneratePcm arm64 /Users/admin/builder/spi-builder-workspace/.derivedData/SDKExplicitPrecompiledModules/string_h-10WPXBF3YFYMX5HUAW06LSABR.pcm
SwiftExplicitDependencyGeneratePcm arm64 /Users/admin/builder/spi-builder-workspace/.derivedData/SDKExplicitPrecompiledModules/libDER-5RCYOD0PCUUY2UGMBNE9LI8N9.pcm
SwiftExplicitDependencyGeneratePcm arm64 /Users/admin/builder/spi-builder-workspace/.derivedData/SDKExplicitPrecompiledModules/_DarwinFoundation3-32PO5Q4RCB6WXH5VFO3HA3AVS.pcm
SwiftExplicitDependencyGeneratePcm arm64 /Users/admin/builder/spi-builder-workspace/.derivedData/SDKExplicitPrecompiledModules/_Builtin_inttypes-1U6AP9A8AJ4G9WD98E9RHLGTJ.pcm
SwiftExplicitDependencyGeneratePcm arm64 /Users/admin/builder/spi-builder-workspace/.derivedData/SDKExplicitPrecompiledModules/Darwin-1RAAWNGKQM8YGHV0YJNNN5YDY.pcm
SwiftEmitModule normal arm64 Emitting\ module\ for\ Logging (in target 'Logging' from project 'swift-log')
SwiftCompile normal arm64 (in target 'Logging' from project 'swift-log')
    cd /Users/admin/builder/spi-builder-workspace/.swiftpm/xcode

SwiftCompile normal arm64 Compiling\ SwiftLogNoOpLogHandler.swift /Users/admin/builder/spi-builder-workspace/.dependencies/checkouts/swift-log/Sources/Logging/Handlers/SwiftLogNoOpLogHandler.swift (in target 'Logging' from project 'swift-log')
SwiftCompile normal arm64 /Users/admin/builder/spi-builder-workspace/.dependencies/checkouts/swift-log/Sources/Logging/Handlers/SwiftLogNoOpLogHandler.swift (in target 'Logging' from project 'swift-log')
    cd /Users/admin/builder/spi-builder-workspace/.swiftpm/xcode
    builtin-SwiftPerFileCompile SwiftLogNoOpLogHandler.swift
SwiftCompile normal arm64 Compiling\ MetadataProvider.swift /Users/admin/builder/spi-builder-workspace/.dependencies/checkouts/swift-log/Sources/Logging/MetadataProvider.swift (in target 'Logging' from project 'swift-log')
SwiftCompile normal arm64 /Users/admin/builder/spi-builder-workspace/.dependencies/checkouts/swift-log/Sources/Logging/MetadataProvider.swift (in target 'Logging' from project 'swift-log')
    cd /Users/admin/builder/spi-builder-workspace/.swiftpm/xcode
    builtin-SwiftPerFileCompile MetadataProvider.swift
SwiftCompile normal arm64 Compiling\ Logger.swift /Users/admin/builder/spi-builder-workspace/.dependencies/checkouts/swift-log/Sources/Logging/Logger.swift (in target 'Logging' from project 'swift-log')
SwiftCompile normal arm64 /Users/admin/builder/spi-builder-workspace/.dependencies/checkouts/swift-log/Sources/Logging/Logger.swift (in target 'Logging' from project 'swift-log')
    cd /Users/admin/builder/spi-builder-workspace/.swiftpm/xcode
    builtin-SwiftPerFileCompile Logger.swift
SwiftCompile normal arm64 Compiling\ Locks.swift /Users/admin/builder/spi-builder-workspace/.dependencies/checkouts/swift-log/Sources/Logging/Locks.swift (in target 'Logging' from project 'swift-log')
SwiftCompile normal arm64 /Users/admin/builder/spi-builder-workspace/.dependencies/checkouts/swift-log/Sources/Logging/Locks.swift (in target 'Logging' from project 'swift-log')
    cd /Users/admin/builder/spi-builder-workspace/.swiftpm/xcode
    builtin-SwiftPerFileCompile Locks.swift
SwiftCompile normal arm64 Compiling\ LogEvent.swift /Users/admin/builder/spi-builder-workspace/.dependencies/checkouts/swift-log/Sources/Logging/LogEvent.swift (in target 'Logging' from project 'swift-log')
SwiftCompile normal arm64 /Users/admin/builder/spi-builder-workspace/.dependencies/checkouts/swift-log/Sources/Logging/LogEvent.swift (in target 'Logging' from project 'swift-log')
    cd /Users/admin/builder/spi-builder-workspace/.swiftpm/xcode
    builtin-SwiftPerFileCompile LogEvent.swift
SwiftCompile normal arm64 Compiling\ MultiplexLogHandler.swift,\ StreamLogHandler.swift /Users/admin/builder/spi-builder-workspace/.dependencies/checkouts/swift-log/Sources/Logging/Handlers/MultiplexLogHandler.swift /Users/admin/builder/spi-builder-workspace/.dependencies/checkouts/swift-log/Sources/Logging/Handlers/StreamLogHandler.swift (in target 'Logging' from project 'swift-log')
SwiftCompile normal arm64 /Users/admin/builder/spi-builder-workspace/.dependencies/checkouts/swift-log/Sources/Logging/Handlers/MultiplexLogHandler.swift (in target 'Logging' from project 'swift-log')
    cd /Users/admin/builder/spi-builder-workspace/.swiftpm/xcode
    builtin-SwiftPerFileCompile MultiplexLogHandler.swift
SwiftCompile normal arm64 /Users/admin/builder/spi-builder-workspace/.dependencies/checkouts/swift-log/Sources/Logging/Handlers/StreamLogHandler.swift (in target 'Logging' from project 'swift-log')
    cd /Users/admin/builder/spi-builder-workspace/.swiftpm/xcode
    builtin-SwiftPerFileCompile StreamLogHandler.swift
SwiftCompile normal arm64 Compiling\ Logger+Attributes.swift /Users/admin/builder/spi-builder-workspace/.dependencies/checkouts/swift-log/Sources/Logging/Logger+Attributes.swift (in target 'Logging' from project 'swift-log')
SwiftCompile normal arm64 /Users/admin/builder/spi-builder-workspace/.dependencies/checkouts/swift-log/Sources/Logging/Logger+Attributes.swift (in target 'Logging' from project 'swift-log')
    cd /Users/admin/builder/spi-builder-workspace/.swiftpm/xcode
    builtin-SwiftPerFileCompile Logger+Attributes.swift
SwiftCompile normal arm64 Compiling\ Logger+With.swift /Users/admin/builder/spi-builder-workspace/.dependencies/checkouts/swift-log/Sources/Logging/Logger+With.swift (in target 'Logging' from project 'swift-log')
SwiftCompile normal arm64 /Users/admin/builder/spi-builder-workspace/.dependencies/checkouts/swift-log/Sources/Logging/Logger+With.swift (in target 'Logging' from project 'swift-log')
    cd /Users/admin/builder/spi-builder-workspace/.swiftpm/xcode
    builtin-SwiftPerFileCompile Logger+With.swift
SwiftCompile normal arm64 Compiling\ LoggingSystem.swift /Users/admin/builder/spi-builder-workspace/.dependencies/checkouts/swift-log/Sources/Logging/LoggingSystem.swift (in target 'Logging' from project 'swift-log')
SwiftCompile normal arm64 /Users/admin/builder/spi-builder-workspace/.dependencies/checkouts/swift-log/Sources/Logging/LoggingSystem.swift (in target 'Logging' from project 'swift-log')
    cd /Users/admin/builder/spi-builder-workspace/.swiftpm/xcode
    builtin-SwiftPerFileCompile LoggingSystem.swift
SwiftExplicitDependencyGeneratePcm arm64 /Users/admin/builder/spi-builder-workspace/.derivedData/SDKExplicitPrecompiledModules/MachO-AWTJ65TFR7TMST2NUE6ZCC1SL.pcm
SwiftDriverJobDiscovery normal arm64 Emitting module for Logging (in target 'Logging' from project 'swift-log')
SwiftDriver\ Compilation\ Requirements Logging normal arm64 com.apple.xcode.tools.swift.compiler (in target 'Logging' from project 'swift-log')
    cd /Users/admin/builder/spi-builder-workspace/.swiftpm/xcode
    builtin-Swift-Compilation-Requirements -- /Applications/Xcode-27.0.0-Release.Candidate.app/Contents/Developer/Toolchains/XcodeDefault.xctoolchain/usr/bin/swiftc -parse-as-library -module-name Logging -Onone @/Users/admin/builder/spi-builder-workspace/.derivedData/Build/Intermediates.noindex/swift-log.build/Debug/Logging-t.build/Objects-normal/arm64/Logging.SwiftFileList -DSWIFT_PACKAGE -DDEBUG -DSWIFT_MODULE_RESOURCE_BUNDLE_UNAVAILABLE -DXcode -enable-upcoming-feature ExistentialAny -enable-upcoming-feature MemberImportVisibility -enable-upcoming-feature InternalImportsByDefault -enable-upcoming-feature NonisolatedNonsendingByDefault -Xfrontend -require-explicit-sendable -plugin-path /Applications/Xcode-27.0.0-Release.Candidate.app/Contents/Developer/Toolchains/XcodeDefault.xctoolchain/usr/lib/swift/host/plugins/testing -enable-experimental-feature DebugDescriptionMacro -sdk /Applications/Xcode-27.0.0-Release.Candidate.app/Contents/Developer/Platforms/MacOSX.platform/Developer/SDKs/MacOSX27.0.sdk -target arm64-apple-macos12.0 -g -module-cache-path /Users/admin/builder/spi-builder-workspace/.derivedData/ModuleCache.noindex -Xfrontend -serialize-debugging-options -enable-testing -suppress-warnings -index-store-path /Users/admin/builder/spi-builder-workspace/.derivedData/Index.noindex/DataStore -Xcc -D_LIBCPP_HARDENING_MODE\=_LIBCPP_HARDENING_MODE_DEBUG -swift-version 6 -I /Users/admin/builder/spi-builder-workspace/.derivedData/Build/Products/Debug -Isystem /Applications/Xcode-27.0.0-Release.Candidate.app/Contents/Developer/Platforms/MacOSX.platform/Developer/usr/lib -F /Users/admin/builder/spi-builder-workspace/.derivedData/Build/Products/Debug -F /Applications/Xcode-27.0.0-Release.Candidate.app/Contents/Developer/Platforms/MacOSX.platform/Developer/Library/Frameworks -c -j10 -enable-batch-mode -incremental -Xcc -ivfsstatcache -Xcc /Users/admin/builder/spi-builder-workspace/.derivedData/SDKStatCaches.noindex/macosx27.0-26A425-e829b21a6f8c9b70876ba0858053c0446a22442a12e9d48fe1a705f55a1adfc4.sdkstatcache -output-file-map /Users/admin/builder/spi-builder-workspace/.derivedData/Build/Intermediates.noindex/swift-log.build/Debug/Logging-t.build/Objects-normal/arm64/Logging-OutputFileMap.json -save-temps -no-color-diagnostics -explicit-module-build -module-cache-path /Users/admin/builder/spi-builder-workspace/.derivedData/Build/Intermediates.noindex/SwiftExplicitPrecompiledModules -clang-scanner-module-cache-path /Users/admin/builder/spi-builder-workspace/.derivedData/ModuleCache.noindex -sdk-module-cache-path /Users/admin/builder/spi-builder-workspace/.derivedData/SDKExplicitPrecompiledModules -emit-dependencies -emit-module -emit-module-path /Users/admin/builder/spi-builder-workspace/.derivedData/Build/Intermediates.noindex/swift-log.build/Debug/Logging-t.build/Objects-normal/arm64/Logging.swiftmodule -serialize-diagnostics -dependency-scan-serialize-diagnostics-path /Users/admin/builder/spi-builder-workspace/.derivedData/Build/Intermediates.noindex/swift-log.build/Debug/Logging-t.build/Objects-normal/arm64/Logging-dependency-scan.dia -user-module-version 1.15.1 -validate-clang-modules-once -clang-build-session-file /Users/admin/builder/spi-builder-workspace/.derivedData/ModuleCache.noindex/Session.modulevalidation -Xcc -fmodules-prune-interval\=86400 -Xcc -fmodules-prune-after\=345600 -package-name swift_log -emit-const-values -const-gather-protocols-list /Users/admin/builder/spi-builder-workspace/.derivedData/Build/Intermediates.noindex/swift-log.build/Debug/Logging-t.build/Objects-normal/arm64/Logging_const_extract_protocols.json -Xcc -I/Users/admin/builder/spi-builder-workspace/.derivedData/Build/Products/Debug/include -Xcc -I/Users/admin/builder/spi-builder-workspace/.derivedData/Build/Intermediates.noindex/swift-log.build/Debug/Logging-t.build/DerivedSources-normal/arm64 -Xcc -I/Users/admin/builder/spi-builder-workspace/.derivedData/Build/Intermediates.noindex/swift-log.build/Debug/Logging-t.build/DerivedSources/arm64 -Xcc -I/Users/admin/builder/spi-builder-workspace/.derivedData/Build/Intermediates.noindex/swift-log.build/Debug/Logging-t.build/DerivedSources -Xcc -DSWIFT_PACKAGE -Xcc -DDEBUG\=1 -emit-objc-header -emit-objc-header-path /Users/admin/builder/spi-builder-workspace/.derivedData/Build/Intermediates.noindex/swift-log.build/Debug/Logging-t.build/Objects-normal/arm64/Logging-Swift.h -working-directory /Users/admin/builder/spi-builder-workspace/.swiftpm/xcode -experimental-emit-module-separately -disable-cmo
SwiftExplicitDependencyGeneratePcm arm64 /Users/admin/builder/spi-builder-workspace/.derivedData/SDKExplicitPrecompiledModules/ObjectiveC-B89IQP2TC4CFSWOUMTUZRI1VZ.pcm
SwiftMergeGeneratedHeaders /Users/admin/builder/spi-builder-workspace/.derivedData/Build/Intermediates.noindex/GeneratedModuleMaps/Logging-Swift.h /Users/admin/builder/spi-builder-workspace/.derivedData/Build/Intermediates.noindex/swift-log.build/Debug/Logging-t.build/Objects-normal/arm64/Logging-Swift.h (in target 'Logging' from project 'swift-log')
    cd /Users/admin/builder/spi-builder-workspace/.dependencies/checkouts/swift-log
    builtin-swiftHeaderTool -arch arm64 /Users/admin/builder/spi-builder-workspace/.derivedData/Build/Intermediates.noindex/swift-log.build/Debug/Logging-t.build/Objects-normal/arm64/Logging-Swift.h -o /Users/admin/builder/spi-builder-workspace/.derivedData/Build/Intermediates.noindex/GeneratedModuleMaps/Logging-Swift.h
Copy /Users/admin/builder/spi-builder-workspace/.derivedData/Build/Products/Debug/Logging.swiftmodule/arm64-apple-macos.swiftmodule /Users/admin/builder/spi-builder-workspace/.derivedData/Build/Intermediates.noindex/swift-log.build/Debug/Logging-t.build/Objects-normal/arm64/Logging.swiftmodule (in target 'Logging' from project 'swift-log')
    cd /Users/admin/builder/spi-builder-workspace/.dependencies/checkouts/swift-log
    builtin-copy -exclude .DS_Store -exclude CVS -exclude .svn -exclude .git -exclude .hg -resolve-src-symlinks -rename /Users/admin/builder/spi-builder-workspace/.derivedData/Build/Intermediates.noindex/swift-log.build/Debug/Logging-t.build/Objects-normal/arm64/Logging.swiftmodule /Users/admin/builder/spi-builder-workspace/.derivedData/Build/Products/Debug/Logging.swiftmodule/arm64-apple-macos.swiftmodule
Copy /Users/admin/builder/spi-builder-workspace/.derivedData/Build/Products/Debug/Logging.swiftmodule/arm64-apple-macos.swiftdoc /Users/admin/builder/spi-builder-workspace/.derivedData/Build/Intermediates.noindex/swift-log.build/Debug/Logging-t.build/Objects-normal/arm64/Logging.swiftdoc (in target 'Logging' from project 'swift-log')
    cd /Users/admin/builder/spi-builder-workspace/.dependencies/checkouts/swift-log
    builtin-copy -exclude .DS_Store -exclude CVS -exclude .svn -exclude .git -exclude .hg -resolve-src-symlinks -rename /Users/admin/builder/spi-builder-workspace/.derivedData/Build/Intermediates.noindex/swift-log.build/Debug/Logging-t.build/Objects-normal/arm64/Logging.swiftdoc /Users/admin/builder/spi-builder-workspace/.derivedData/Build/Products/Debug/Logging.swiftmodule/arm64-apple-macos.swiftdoc
Copy /Users/admin/builder/spi-builder-workspace/.derivedData/Build/Products/Debug/Logging.swiftmodule/arm64-apple-macos.abi.json /Users/admin/builder/spi-builder-workspace/.derivedData/Build/Intermediates.noindex/swift-log.build/Debug/Logging-t.build/Objects-normal/arm64/Logging.abi.json (in target 'Logging' from project 'swift-log')
    cd /Users/admin/builder/spi-builder-workspace/.dependencies/checkouts/swift-log
    builtin-copy -exclude .DS_Store -exclude CVS -exclude .svn -exclude .git -exclude .hg -resolve-src-symlinks -rename /Users/admin/builder/spi-builder-workspace/.derivedData/Build/Intermediates.noindex/swift-log.build/Debug/Logging-t.build/Objects-normal/arm64/Logging.abi.json /Users/admin/builder/spi-builder-workspace/.derivedData/Build/Products/Debug/Logging.swiftmodule/arm64-apple-macos.abi.json
Copy /Users/admin/builder/spi-builder-workspace/.derivedData/Build/Products/Debug/Logging.swiftmodule/Project/arm64-apple-macos.swiftsourceinfo /Users/admin/builder/spi-builder-workspace/.derivedData/Build/Intermediates.noindex/swift-log.build/Debug/Logging-t.build/Objects-normal/arm64/Logging.swiftsourceinfo (in target 'Logging' from project 'swift-log')
    cd /Users/admin/builder/spi-builder-workspace/.dependencies/checkouts/swift-log
    builtin-copy -exclude .DS_Store -exclude CVS -exclude .svn -exclude .git -exclude .hg -resolve-src-symlinks -rename /Users/admin/builder/spi-builder-workspace/.derivedData/Build/Intermediates.noindex/swift-log.build/Debug/Logging-t.build/Objects-normal/arm64/Logging.swiftsourceinfo /Users/admin/builder/spi-builder-workspace/.derivedData/Build/Products/Debug/Logging.swiftmodule/Project/arm64-apple-macos.swiftsourceinfo
SwiftExplicitDependencyGeneratePcm arm64 /Users/admin/builder/spi-builder-workspace/.derivedData/SDKExplicitPrecompiledModules/launch-2XAORMJNLLVS0OVKC1M0752GY.pcm
SwiftDriverJobDiscovery normal arm64 Compiling LogEvent.swift (in target 'Logging' from project 'swift-log')
SwiftExplicitDependencyGeneratePcm arm64 /Users/admin/builder/spi-builder-workspace/.derivedData/SDKExplicitPrecompiledModules/libkern-22MDXN9G35RPO3OLKX9B2PN16.pcm
SwiftExplicitDependencyGeneratePcm arm64 /Users/admin/builder/spi-builder-workspace/.derivedData/SDKExplicitPrecompiledModules/os_object-3KLCCI03OX6OQTLJ92KQH2KIO.pcm
SwiftDriverJobDiscovery normal arm64 Compiling SwiftLogNoOpLogHandler.swift (in target 'Logging' from project 'swift-log')
SwiftDriverJobDiscovery normal arm64 Compiling Logger+With.swift (in target 'Logging' from project 'swift-log')
SwiftCompile normal arm64 Compiling\ LogHandler.swift /Users/admin/builder/spi-builder-workspace/.dependencies/checkouts/swift-log/Sources/Logging/LogHandler.swift (in target 'Logging' from project 'swift-log')
SwiftCompile normal arm64 /Users/admin/builder/spi-builder-workspace/.dependencies/checkouts/swift-log/Sources/Logging/LogHandler.swift (in target 'Logging' from project 'swift-log')
    cd /Users/admin/builder/spi-builder-workspace/.swiftpm/xcode
    builtin-SwiftPerFileCompile LogHandler.swift
SwiftDriverJobDiscovery normal arm64 Compiling Logger+Attributes.swift (in target 'Logging' from project 'swift-log')
SwiftDriver SnabbleLogger normal arm64 com.apple.xcode.tools.swift.compiler (in target 'SnabbleLogger' from project 'SnabblePay')
    cd /Users/admin/builder/spi-builder-workspace/.swiftpm/xcode
    builtin-SwiftDriver -- /Applications/Xcode-27.0.0-Release.Candidate.app/Contents/Developer/Toolchains/XcodeDefault.xctoolchain/usr/bin/swiftc -parse-as-library -module-name SnabbleLogger -Onone @/Users/admin/builder/spi-builder-workspace/.derivedData/Build/Intermediates.noindex/SnabblePay.build/Debug/SnabbleLogger-t.build/Objects-normal/arm64/SnabbleLogger.SwiftFileList -DSWIFT_PACKAGE -DDEBUG -DSWIFT_MODULE_RESOURCE_BUNDLE_UNAVAILABLE -DXcode -plugin-path /Applications/Xcode-27.0.0-Release.Candidate.app/Contents/Developer/Toolchains/XcodeDefault.xctoolchain/usr/lib/swift/host/plugins/testing -enable-experimental-feature DebugDescriptionMacro -sdk /Applications/Xcode-27.0.0-Release.Candidate.app/Contents/Developer/Platforms/MacOSX.platform/Developer/SDKs/MacOSX27.0.sdk -target arm64-apple-macos12.0 -g -module-cache-path /Users/admin/builder/spi-builder-workspace/.derivedData/ModuleCache.noindex -Xfrontend -serialize-debugging-options -enable-testing -index-store-path /Users/admin/builder/spi-builder-workspace/.derivedData/Index.noindex/DataStore -Xcc -D_LIBCPP_HARDENING_MODE\=_LIBCPP_HARDENING_MODE_DEBUG -swift-version 5 -I /Users/admin/builder/spi-builder-workspace/.derivedData/Build/Products/Debug -Isystem /Applications/Xcode-27.0.0-Release.Candidate.app/Contents/Developer/Platforms/MacOSX.platform/Developer/usr/lib -F /Users/admin/builder/spi-builder-workspace/.derivedData/Build/Products/Debug/PackageFrameworks -F /Users/admin/builder/spi-builder-workspace/.derivedData/Build/Products/Debug -F /Applications/Xcode-27.0.0-Release.Candidate.app/Contents/Developer/Platforms/MacOSX.platform/Developer/Library/Frameworks -emit-localized-strings -emit-localized-strings-path /Users/admin/builder/spi-builder-workspace/.derivedData/Build/Intermediates.noindex/SnabblePay.build/Debug/SnabbleLogger-t.build/Objects-normal/arm64 -c -j10 -enable-batch-mode -incremental -Xcc -ivfsstatcache -Xcc /Users/admin/builder/spi-builder-workspace/.derivedData/SDKStatCaches.noindex/macosx27.0-26A425-e829b21a6f8c9b70876ba0858053c0446a22442a12e9d48fe1a705f55a1adfc4.sdkstatcache -output-file-map /Users/admin/builder/spi-builder-workspace/.derivedData/Build/Intermediates.noindex/SnabblePay.build/Debug/SnabbleLogger-t.build/Objects-normal/arm64/SnabbleLogger-OutputFileMap.json -save-temps -no-color-diagnostics -explicit-module-build -module-cache-path /Users/admin/builder/spi-builder-workspace/.derivedData/Build/Intermediates.noindex/SwiftExplicitPrecompiledModules -clang-scanner-module-cache-path /Users/admin/builder/spi-builder-workspace/.derivedData/ModuleCache.noindex -sdk-module-cache-path /Users/admin/builder/spi-builder-workspace/.derivedData/SDKExplicitPrecompiledModules -emit-dependencies -emit-module -emit-module-path /Users/admin/builder/spi-builder-workspace/.derivedData/Build/Intermediates.noindex/SnabblePay.build/Debug/SnabbleLogger-t.build/Objects-normal/arm64/SnabbleLogger.swiftmodule -serialize-diagnostics -dependency-scan-serialize-diagnostics-path /Users/admin/builder/spi-builder-workspace/.derivedData/Build/Intermediates.noindex/SnabblePay.build/Debug/SnabbleLogger-t.build/Objects-normal/arm64/SnabbleLogger-dependency-scan.dia -validate-clang-modules-once -clang-build-session-file /Users/admin/builder/spi-builder-workspace/.derivedData/ModuleCache.noindex/Session.modulevalidation -Xcc -fmodules-prune-interval\=86400 -Xcc -fmodules-prune-after\=345600 -emit-const-values -const-gather-protocols-list /Users/admin/builder/spi-builder-workspace/.derivedData/Build/Intermediates.noindex/SnabblePay.build/Debug/SnabbleLogger-t.build/Objects-normal/arm64/SnabbleLogger_const_extract_protocols.json -Xcc -I/Users/admin/builder/spi-builder-workspace/.derivedData/Build/Products/Debug/include -Xcc -I/Users/admin/builder/spi-builder-workspace/.derivedData/Build/Intermediates.noindex/SnabblePay.build/Debug/SnabbleLogger-t.build/DerivedSources-normal/arm64 -Xcc -I/Users/admin/builder/spi-builder-workspace/.derivedData/Build/Intermediates.noindex/SnabblePay.build/Debug/SnabbleLogger-t.build/DerivedSources/arm64 -Xcc -I/Users/admin/builder/spi-builder-workspace/.derivedData/Build/Intermediates.noindex/SnabblePay.build/Debug/SnabbleLogger-t.build/DerivedSources -Xcc -DSWIFT_PACKAGE -Xcc -DDEBUG\=1 -emit-objc-header -emit-objc-header-path /Users/admin/builder/spi-builder-workspace/.derivedData/Build/Intermediates.noindex/SnabblePay.build/Debug/SnabbleLogger-t.build/Objects-normal/arm64/SnabbleLogger-Swift.h -working-directory /Users/admin/builder/spi-builder-workspace/.swiftpm/xcode -experimental-emit-module-separately -disable-cmo
SwiftExplicitDependencyGeneratePcm arm64 /Users/admin/builder/spi-builder-workspace/.derivedData/SDKExplicitPrecompiledModules/os_workgroup-10SJ5M8R2OB4BG1TPFL9SZMKV.pcm
SwiftDriverJobDiscovery normal arm64 Compiling Logger.swift (in target 'Logging' from project 'swift-log')
SwiftDriverJobDiscovery normal arm64 Compiling LogHandler.swift (in target 'Logging' from project 'swift-log')
SwiftExplicitDependencyGeneratePcm arm64 /Users/admin/builder/spi-builder-workspace/.derivedData/SDKExplicitPrecompiledModules/Dispatch-NAMWF9KN29KC7Z5OS3TTTAE8.pcm
SwiftDriverJobDiscovery normal arm64 Compiling LoggingSystem.swift (in target 'Logging' from project 'swift-log')
SwiftExplicitDependencyGeneratePcm arm64 /Users/admin/builder/spi-builder-workspace/.derivedData/SDKExplicitPrecompiledModules/XPC-E1MSAZG4ZNL24S2WK6K6Y7GWW.pcm
SwiftExplicitDependencyGeneratePcm arm64 /Users/admin/builder/spi-builder-workspace/.derivedData/SDKExplicitPrecompiledModules/CoreFoundation-4ZIITQ30SOGUQE8KJAB99ZV0Q.pcm
SwiftDriverJobDiscovery normal arm64 Compiling MultiplexLogHandler.swift, StreamLogHandler.swift (in target 'Logging' from project 'swift-log')
SwiftDriverJobDiscovery normal arm64 Compiling MetadataProvider.swift (in target 'Logging' from project 'swift-log')
SwiftDriverJobDiscovery normal arm64 Compiling Locks.swift (in target 'Logging' from project 'swift-log')
SwiftDriver\ Compilation Logging normal arm64 com.apple.xcode.tools.swift.compiler (in target 'Logging' from project 'swift-log')
    cd /Users/admin/builder/spi-builder-workspace/.swiftpm/xcode
    builtin-Swift-Compilation -- /Applications/Xcode-27.0.0-Release.Candidate.app/Contents/Developer/Toolchains/XcodeDefault.xctoolchain/usr/bin/swiftc -parse-as-library -module-name Logging -Onone @/Users/admin/builder/spi-builder-workspace/.derivedData/Build/Intermediates.noindex/swift-log.build/Debug/Logging-t.build/Objects-normal/arm64/Logging.SwiftFileList -DSWIFT_PACKAGE -DDEBUG -DSWIFT_MODULE_RESOURCE_BUNDLE_UNAVAILABLE -DXcode -enable-upcoming-feature ExistentialAny -enable-upcoming-feature MemberImportVisibility -enable-upcoming-feature InternalImportsByDefault -enable-upcoming-feature NonisolatedNonsendingByDefault -Xfrontend -require-explicit-sendable -plugin-path /Applications/Xcode-27.0.0-Release.Candidate.app/Contents/Developer/Toolchains/XcodeDefault.xctoolchain/usr/lib/swift/host/plugins/testing -enable-experimental-feature DebugDescriptionMacro -sdk /Applications/Xcode-27.0.0-Release.Candidate.app/Contents/Developer/Platforms/MacOSX.platform/Developer/SDKs/MacOSX27.0.sdk -target arm64-apple-macos12.0 -g -module-cache-path /Users/admin/builder/spi-builder-workspace/.derivedData/ModuleCache.noindex -Xfrontend -serialize-debugging-options -enable-testing -suppress-warnings -index-store-path /Users/admin/builder/spi-builder-workspace/.derivedData/Index.noindex/DataStore -Xcc -D_LIBCPP_HARDENING_MODE\=_LIBCPP_HARDENING_MODE_DEBUG -swift-version 6 -I /Users/admin/builder/spi-builder-workspace/.derivedData/Build/Products/Debug -Isystem /Applications/Xcode-27.0.0-Release.Candidate.app/Contents/Developer/Platforms/MacOSX.platform/Developer/usr/lib -F /Users/admin/builder/spi-builder-workspace/.derivedData/Build/Products/Debug -F /Applications/Xcode-27.0.0-Release.Candidate.app/Contents/Developer/Platforms/MacOSX.platform/Developer/Library/Frameworks -c -j10 -enable-batch-mode -incremental -Xcc -ivfsstatcache -Xcc /Users/admin/builder/spi-builder-workspace/.derivedData/SDKStatCaches.noindex/macosx27.0-26A425-e829b21a6f8c9b70876ba0858053c0446a22442a12e9d48fe1a705f55a1adfc4.sdkstatcache -output-file-map /Users/admin/builder/spi-builder-workspace/.derivedData/Build/Intermediates.noindex/swift-log.build/Debug/Logging-t.build/Objects-normal/arm64/Logging-OutputFileMap.json -save-temps -no-color-diagnostics -explicit-module-build -module-cache-path /Users/admin/builder/spi-builder-workspace/.derivedData/Build/Intermediates.noindex/SwiftExplicitPrecompiledModules -clang-scanner-module-cache-path /Users/admin/builder/spi-builder-workspace/.derivedData/ModuleCache.noindex -sdk-module-cache-path /Users/admin/builder/spi-builder-workspace/.derivedData/SDKExplicitPrecompiledModules -emit-dependencies -emit-module -emit-module-path /Users/admin/builder/spi-builder-workspace/.derivedData/Build/Intermediates.noindex/swift-log.build/Debug/Logging-t.build/Objects-normal/arm64/Logging.swiftmodule -serialize-diagnostics -dependency-scan-serialize-diagnostics-path /Users/admin/builder/spi-builder-workspace/.derivedData/Build/Intermediates.noindex/swift-log.build/Debug/Logging-t.build/Objects-normal/arm64/Logging-dependency-scan.dia -user-module-version 1.15.1 -validate-clang-modules-once -clang-build-session-file /Users/admin/builder/spi-builder-workspace/.derivedData/ModuleCache.noindex/Session.modulevalidation -Xcc -fmodules-prune-interval\=86400 -Xcc -fmodules-prune-after\=345600 -package-name swift_log -emit-const-values -const-gather-protocols-list /Users/admin/builder/spi-builder-workspace/.derivedData/Build/Intermediates.noindex/swift-log.build/Debug/Logging-t.build/Objects-normal/arm64/Logging_const_extract_protocols.json -Xcc -I/Users/admin/builder/spi-builder-workspace/.derivedData/Build/Products/Debug/include -Xcc -I/Users/admin/builder/spi-builder-workspace/.derivedData/Build/Intermediates.noindex/swift-log.build/Debug/Logging-t.build/DerivedSources-normal/arm64 -Xcc -I/Users/admin/builder/spi-builder-workspace/.derivedData/Build/Intermediates.noindex/swift-log.build/Debug/Logging-t.build/DerivedSources/arm64 -Xcc -I/Users/admin/builder/spi-builder-workspace/.derivedData/Build/Intermediates.noindex/swift-log.build/Debug/Logging-t.build/DerivedSources -Xcc -DSWIFT_PACKAGE -Xcc -DDEBUG\=1 -emit-objc-header -emit-objc-header-path /Users/admin/builder/spi-builder-workspace/.derivedData/Build/Intermediates.noindex/swift-log.build/Debug/Logging-t.build/Objects-normal/arm64/Logging-Swift.h -working-directory /Users/admin/builder/spi-builder-workspace/.swiftpm/xcode -experimental-emit-module-separately -disable-cmo
Ld /Users/admin/builder/spi-builder-workspace/.derivedData/Build/Products/Debug/Logging.o normal (in target 'Logging' from project 'swift-log')
    cd /Users/admin/builder/spi-builder-workspace/.dependencies/checkouts/swift-log
    /Applications/Xcode-27.0.0-Release.Candidate.app/Contents/Developer/Toolchains/XcodeDefault.xctoolchain/usr/bin/clang -Xlinker -reproducible -target arm64-apple-macos12.0 -r -isysroot /Applications/Xcode-27.0.0-Release.Candidate.app/Contents/Developer/Platforms/MacOSX.platform/Developer/SDKs/MacOSX27.0.sdk -O0 -w -Xlinker -no_warn_duplicate_libraries -F/Users/admin/builder/spi-builder-workspace/.derivedData/Build/Intermediates.noindex/EagerLinkingTBDs/Debug -F/Users/admin/builder/spi-builder-workspace/.derivedData/Build/Products/Debug -iframework /Applications/Xcode-27.0.0-Release.Candidate.app/Contents/Developer/Platforms/MacOSX.platform/Developer/Library/Frameworks -filelist /Users/admin/builder/spi-builder-workspace/.derivedData/Build/Intermediates.noindex/swift-log.build/Debug/Logging-t.build/Objects-normal/arm64/Logging.LinkFileList -nostdlib -Xlinker -object_path_lto -Xlinker /Users/admin/builder/spi-builder-workspace/.derivedData/Build/Intermediates.noindex/swift-log.build/Debug/Logging-t.build/Objects-normal/arm64/Logging_lto.o -Xlinker -no_deduplicate -Xlinker -dependency_info -Xlinker /Users/admin/builder/spi-builder-workspace/.derivedData/Build/Intermediates.noindex/swift-log.build/Debug/Logging-t.build/Objects-normal/arm64/Logging_dependency_info.dat -fobjc-link-runtime -L/Applications/Xcode-27.0.0-Release.Candidate.app/Contents/Developer/Toolchains/XcodeDefault.xctoolchain/usr/lib/swift/macosx -L/usr/lib/swift -Xlinker -add_ast_path -Xlinker /Users/admin/builder/spi-builder-workspace/.derivedData/Build/Intermediates.noindex/swift-log.build/Debug/Logging-t.build/Objects-normal/arm64/Logging.swiftmodule -o /Users/admin/builder/spi-builder-workspace/.derivedData/Build/Products/Debug/Logging.o
SwiftExplicitDependencyGeneratePcm arm64 /Users/admin/builder/spi-builder-workspace/.derivedData/SDKExplicitPrecompiledModules/CFNetwork-CVHS5CT20191MFYXQIEDWSRGJ.pcm
SwiftExplicitDependencyGeneratePcm arm64 /Users/admin/builder/spi-builder-workspace/.derivedData/SDKExplicitPrecompiledModules/IOKit-6H3X691EDBH124EYTC2PEOP5T.pcm
SwiftExplicitDependencyGeneratePcm arm64 /Users/admin/builder/spi-builder-workspace/.derivedData/SDKExplicitPrecompiledModules/Security-ESPJ7FP0YAY1EL3VXBGY9MCZ8.pcm
ExtractAppIntentsMetadata (in target 'Logging' from project 'swift-log')
    cd /Users/admin/builder/spi-builder-workspace/.dependencies/checkouts/swift-log
    /Applications/Xcode-27.0.0-Release.Candidate.app/Contents/Developer/Toolchains/XcodeDefault.xctoolchain/usr/bin/appintentsmetadataprocessor --toolchain-dir /var/run/com.apple.security.cryptexd/mnt/com.apple.MobileAsset.MetalToolchain-v27.1.266.1.GVorCU/Metal.xctoolchain --module-name Logging --sdk-root /Applications/Xcode-27.0.0-Release.Candidate.app/Contents/Developer/Platforms/MacOSX.platform/Developer/SDKs/MacOSX27.0.sdk --xcode-version 27A266a --platform-family macOS --deployment-target 12.0 --bundle-identifier swift-log.Logging --output /Users/admin/builder/spi-builder-workspace/.derivedData/Build/Products/Debug/Logging.appintents --target-triple arm64-apple-macos12.0 --binary-file /Users/admin/builder/spi-builder-workspace/.derivedData/Build/Products/Debug/Logging.o --dependency-file /Users/admin/builder/spi-builder-workspace/.derivedData/Build/Intermediates.noindex/swift-log.build/Debug/Logging-t.build/Objects-normal/arm64/Logging_dependency_info.dat --stringsdata-file /Users/admin/builder/spi-builder-workspace/.derivedData/Build/Intermediates.noindex/swift-log.build/Debug/Logging-t.build/Objects-normal/arm64/ExtractedAppShortcutsMetadata.stringsdata --source-file-list /Users/admin/builder/spi-builder-workspace/.derivedData/Build/Intermediates.noindex/swift-log.build/Debug/Logging-t.build/Objects-normal/arm64/Logging.SwiftFileList --metadata-file-list /Users/admin/builder/spi-builder-workspace/.derivedData/Build/Intermediates.noindex/swift-log.build/Debug/Logging-t.build/Logging.DependencyMetadataFileList --static-metadata-file-list /Users/admin/builder/spi-builder-workspace/.derivedData/Build/Intermediates.noindex/swift-log.build/Debug/Logging-t.build/Logging.DependencyStaticMetadataFileList --swift-const-vals-list /Users/admin/builder/spi-builder-workspace/.derivedData/Build/Intermediates.noindex/swift-log.build/Debug/Logging-t.build/Objects-normal/arm64/Logging.SwiftConstValuesFileList --force --compile-time-extraction --deployment-aware-processing --no-app-shortcuts-localization
2026-09-20 02:11:29.660 appintentsmetadataprocessor[869:5170] Starting appintentsmetadataprocessor export
2026-09-20 02:11:29.756 appintentsmetadataprocessor[869:5170] Extracted no relevant App Intents symbols, skipping writing output
SwiftExplicitDependencyGeneratePcm arm64 /Users/admin/builder/spi-builder-workspace/.derivedData/SDKExplicitPrecompiledModules/DiskArbitration-ZNZZU7T0SYELB0DAR56WQF0R.pcm
SwiftExplicitDependencyGeneratePcm arm64 /Users/admin/builder/spi-builder-workspace/.derivedData/SDKExplicitPrecompiledModules/CoreServices-CGCGY0FOMEQGSNMO3HQSC09XU.pcm
SwiftExplicitDependencyGeneratePcm arm64 /Users/admin/builder/spi-builder-workspace/.derivedData/SDKExplicitPrecompiledModules/Foundation-44WR0NU86C67CV5BW8W1MGKNG.pcm
SwiftEmitModule normal arm64 Emitting\ module\ for\ TestHelper (in target 'TestHelper' from project 'SnabblePay')
SwiftCompile normal arm64 (in target 'TestHelper' from project 'SnabblePay')
    cd /Users/admin/builder/spi-builder-workspace/.swiftpm/xcode

SwiftCompile normal arm64 Compiling\ MockURLProtocol.swift /Users/admin/builder/spi-builder-workspace/Tests/Helper/MockURLProtocol.swift (in target 'TestHelper' from project 'SnabblePay')
SwiftCompile normal arm64 /Users/admin/builder/spi-builder-workspace/Tests/Helper/MockURLProtocol.swift (in target 'TestHelper' from project 'SnabblePay')
    cd /Users/admin/builder/spi-builder-workspace/.swiftpm/xcode
    builtin-SwiftPerFileCompile MockURLProtocol.swift
SwiftEmitModule normal arm64 Emitting\ module\ for\ SnabbleLogger (in target 'SnabbleLogger' from project 'SnabblePay')
SwiftCompile normal arm64 (in target 'SnabbleLogger' from project 'SnabblePay')
    cd /Users/admin/builder/spi-builder-workspace/.swiftpm/xcode

SwiftCompile normal arm64 Compiling\ MockNetworking.swift /Users/admin/builder/spi-builder-workspace/Tests/Helper/MockNetworking.swift (in target 'TestHelper' from project 'SnabblePay')
SwiftCompile normal arm64 /Users/admin/builder/spi-builder-workspace/Tests/Helper/MockNetworking.swift (in target 'TestHelper' from project 'SnabblePay')
    cd /Users/admin/builder/spi-builder-workspace/.swiftpm/xcode
    builtin-SwiftPerFileCompile MockNetworking.swift
SwiftEmitModule normal arm64 Emitting\ module\ for\ Tagged (in target 'Tagged' from project 'swift-tagged')
SwiftCompile normal arm64 (in target 'Tagged' from project 'swift-tagged')
    cd /Users/admin/builder/spi-builder-workspace/.swiftpm/xcode

SwiftCompile normal arm64 Compiling\ TestingDefaults.swift /Users/admin/builder/spi-builder-workspace/Tests/Helper/TestingDefaults.swift (in target 'TestHelper' from project 'SnabblePay')
SwiftCompile normal arm64 /Users/admin/builder/spi-builder-workspace/Tests/Helper/TestingDefaults.swift (in target 'TestHelper' from project 'SnabblePay')
    cd /Users/admin/builder/spi-builder-workspace/.swiftpm/xcode
    builtin-SwiftPerFileCompile TestingDefaults.swift
SwiftCompile normal arm64 Compiling\ Resource.swift /Users/admin/builder/spi-builder-workspace/Tests/Helper/Resource.swift (in target 'TestHelper' from project 'SnabblePay')
SwiftCompile normal arm64 /Users/admin/builder/spi-builder-workspace/Tests/Helper/Resource.swift (in target 'TestHelper' from project 'SnabblePay')
    cd /Users/admin/builder/spi-builder-workspace/.swiftpm/xcode
    builtin-SwiftPerFileCompile Resource.swift
SwiftCompile normal arm64 Compiling\ UUID.swift /Users/admin/builder/spi-builder-workspace/.dependencies/checkouts/swift-tagged/Sources/Tagged/UUID.swift (in target 'Tagged' from project 'swift-tagged')
SwiftCompile normal arm64 /Users/admin/builder/spi-builder-workspace/.dependencies/checkouts/swift-tagged/Sources/Tagged/UUID.swift (in target 'Tagged' from project 'swift-tagged')
    cd /Users/admin/builder/spi-builder-workspace/.swiftpm/xcode
    builtin-SwiftPerFileCompile UUID.swift
SwiftCompile normal arm64 Compiling\ Logger+Snabble.swift /Users/admin/builder/spi-builder-workspace/Sources/Logger/Logger+Snabble.swift (in target 'SnabbleLogger' from project 'SnabblePay')
SwiftCompile normal arm64 /Users/admin/builder/spi-builder-workspace/Sources/Logger/Logger+Snabble.swift (in target 'SnabbleLogger' from project 'SnabblePay')
    cd /Users/admin/builder/spi-builder-workspace/.swiftpm/xcode
    builtin-SwiftPerFileCompile Logger+Snabble.swift
SwiftCompile normal arm64 Compiling\ Tagged.swift /Users/admin/builder/spi-builder-workspace/.dependencies/checkouts/swift-tagged/Sources/Tagged/Tagged.swift (in target 'Tagged' from project 'swift-tagged')
SwiftCompile normal arm64 /Users/admin/builder/spi-builder-workspace/.dependencies/checkouts/swift-tagged/Sources/Tagged/Tagged.swift (in target 'Tagged' from project 'swift-tagged')
    cd /Users/admin/builder/spi-builder-workspace/.swiftpm/xcode
    builtin-SwiftPerFileCompile Tagged.swift
SwiftDriverJobDiscovery normal arm64 Emitting module for TestHelper (in target 'TestHelper' from project 'SnabblePay')
SwiftDriver\ Compilation\ Requirements TestHelper normal arm64 com.apple.xcode.tools.swift.compiler (in target 'TestHelper' from project 'SnabblePay')
    cd /Users/admin/builder/spi-builder-workspace/.swiftpm/xcode
    builtin-Swift-Compilation-Requirements -- /Applications/Xcode-27.0.0-Release.Candidate.app/Contents/Developer/Toolchains/XcodeDefault.xctoolchain/usr/bin/swiftc -parse-as-library -module-name TestHelper -Onone @/Users/admin/builder/spi-builder-workspace/.derivedData/Build/Intermediates.noindex/SnabblePay.build/Debug/TestHelper-t.build/Objects-normal/arm64/TestHelper.SwiftFileList -DSWIFT_PACKAGE -DDEBUG -DSWIFT_MODULE_RESOURCE_BUNDLE_UNAVAILABLE -DXcode -plugin-path /Applications/Xcode-27.0.0-Release.Candidate.app/Contents/Developer/Toolchains/XcodeDefault.xctoolchain/usr/lib/swift/host/plugins/testing -enable-experimental-feature DebugDescriptionMacro -sdk /Applications/Xcode-27.0.0-Release.Candidate.app/Contents/Developer/Platforms/MacOSX.platform/Developer/SDKs/MacOSX27.0.sdk -target arm64-apple-macos12.0 -g -module-cache-path /Users/admin/builder/spi-builder-workspace/.derivedData/ModuleCache.noindex -Xfrontend -serialize-debugging-options -enable-testing -index-store-path /Users/admin/builder/spi-builder-workspace/.derivedData/Index.noindex/DataStore -Xcc -D_LIBCPP_HARDENING_MODE\=_LIBCPP_HARDENING_MODE_DEBUG -swift-version 5 -I /Users/admin/builder/spi-builder-workspace/.derivedData/Build/Products/Debug -Isystem /Applications/Xcode-27.0.0-Release.Candidate.app/Contents/Developer/Platforms/MacOSX.platform/Developer/usr/lib -F /Users/admin/builder/spi-builder-workspace/.derivedData/Build/Products/Debug -F /Applications/Xcode-27.0.0-Release.Candidate.app/Contents/Developer/Platforms/MacOSX.platform/Developer/Library/Frameworks -emit-localized-strings -emit-localized-strings-path /Users/admin/builder/spi-builder-workspace/.derivedData/Build/Intermediates.noindex/SnabblePay.build/Debug/TestHelper-t.build/Objects-normal/arm64 -c -j10 -enable-batch-mode -incremental -Xcc -ivfsstatcache -Xcc /Users/admin/builder/spi-builder-workspace/.derivedData/SDKStatCaches.noindex/macosx27.0-26A425-e829b21a6f8c9b70876ba0858053c0446a22442a12e9d48fe1a705f55a1adfc4.sdkstatcache -output-file-map /Users/admin/builder/spi-builder-workspace/.derivedData/Build/Intermediates.noindex/SnabblePay.build/Debug/TestHelper-t.build/Objects-normal/arm64/TestHelper-OutputFileMap.json -save-temps -no-color-diagnostics -explicit-module-build -module-cache-path /Users/admin/builder/spi-builder-workspace/.derivedData/Build/Intermediates.noindex/SwiftExplicitPrecompiledModules -clang-scanner-module-cache-path /Users/admin/builder/spi-builder-workspace/.derivedData/ModuleCache.noindex -sdk-module-cache-path /Users/admin/builder/spi-builder-workspace/.derivedData/SDKExplicitPrecompiledModules -emit-dependencies -emit-module -emit-module-path /Users/admin/builder/spi-builder-workspace/.derivedData/Build/Intermediates.noindex/SnabblePay.build/Debug/TestHelper-t.build/Objects-normal/arm64/TestHelper.swiftmodule -serialize-diagnostics -dependency-scan-serialize-diagnostics-path /Users/admin/builder/spi-builder-workspace/.derivedData/Build/Intermediates.noindex/SnabblePay.build/Debug/TestHelper-t.build/Objects-normal/arm64/TestHelper-dependency-scan.dia -validate-clang-modules-once -clang-build-session-file /Users/admin/builder/spi-builder-workspace/.derivedData/ModuleCache.noindex/Session.modulevalidation -Xcc -fmodules-prune-interval\=86400 -Xcc -fmodules-prune-after\=345600 -emit-const-values -const-gather-protocols-list /Users/admin/builder/spi-builder-workspace/.derivedData/Build/Intermediates.noindex/SnabblePay.build/Debug/TestHelper-t.build/Objects-normal/arm64/TestHelper_const_extract_protocols.json -Xcc -I/Users/admin/builder/spi-builder-workspace/.derivedData/Build/Products/Debug/include -Xcc -I/Users/admin/builder/spi-builder-workspace/.derivedData/Build/Intermediates.noindex/SnabblePay.build/Debug/TestHelper-t.build/DerivedSources-normal/arm64 -Xcc -I/Users/admin/builder/spi-builder-workspace/.derivedData/Build/Intermediates.noindex/SnabblePay.build/Debug/TestHelper-t.build/DerivedSources/arm64 -Xcc -I/Users/admin/builder/spi-builder-workspace/.derivedData/Build/Intermediates.noindex/SnabblePay.build/Debug/TestHelper-t.build/DerivedSources -Xcc -DSWIFT_PACKAGE -Xcc -DDEBUG\=1 -emit-objc-header -emit-objc-header-path /Users/admin/builder/spi-builder-workspace/.derivedData/Build/Intermediates.noindex/SnabblePay.build/Debug/TestHelper-t.build/Objects-normal/arm64/TestHelper-Swift.h -working-directory /Users/admin/builder/spi-builder-workspace/.swiftpm/xcode -experimental-emit-module-separately -disable-cmo
SwiftMergeGeneratedHeaders /Users/admin/builder/spi-builder-workspace/.derivedData/Build/Intermediates.noindex/GeneratedModuleMaps/TestHelper-Swift.h /Users/admin/builder/spi-builder-workspace/.derivedData/Build/Intermediates.noindex/SnabblePay.build/Debug/TestHelper-t.build/Objects-normal/arm64/TestHelper-Swift.h (in target 'TestHelper' from project 'SnabblePay')
    cd /Users/admin/builder/spi-builder-workspace
    builtin-swiftHeaderTool -arch arm64 /Users/admin/builder/spi-builder-workspace/.derivedData/Build/Intermediates.noindex/SnabblePay.build/Debug/TestHelper-t.build/Objects-normal/arm64/TestHelper-Swift.h -o /Users/admin/builder/spi-builder-workspace/.derivedData/Build/Intermediates.noindex/GeneratedModuleMaps/TestHelper-Swift.h
Copy /Users/admin/builder/spi-builder-workspace/.derivedData/Build/Products/Debug/TestHelper.swiftmodule/arm64-apple-macos.swiftmodule /Users/admin/builder/spi-builder-workspace/.derivedData/Build/Intermediates.noindex/SnabblePay.build/Debug/TestHelper-t.build/Objects-normal/arm64/TestHelper.swiftmodule (in target 'TestHelper' from project 'SnabblePay')
    cd /Users/admin/builder/spi-builder-workspace
    builtin-copy -exclude .DS_Store -exclude CVS -exclude .svn -exclude .git -exclude .hg -resolve-src-symlinks -rename /Users/admin/builder/spi-builder-workspace/.derivedData/Build/Intermediates.noindex/SnabblePay.build/Debug/TestHelper-t.build/Objects-normal/arm64/TestHelper.swiftmodule /Users/admin/builder/spi-builder-workspace/.derivedData/Build/Products/Debug/TestHelper.swiftmodule/arm64-apple-macos.swiftmodule
Copy /Users/admin/builder/spi-builder-workspace/.derivedData/Build/Products/Debug/TestHelper.swiftmodule/arm64-apple-macos.swiftdoc /Users/admin/builder/spi-builder-workspace/.derivedData/Build/Intermediates.noindex/SnabblePay.build/Debug/TestHelper-t.build/Objects-normal/arm64/TestHelper.swiftdoc (in target 'TestHelper' from project 'SnabblePay')
    cd /Users/admin/builder/spi-builder-workspace
    builtin-copy -exclude .DS_Store -exclude CVS -exclude .svn -exclude .git -exclude .hg -resolve-src-symlinks -rename /Users/admin/builder/spi-builder-workspace/.derivedData/Build/Intermediates.noindex/SnabblePay.build/Debug/TestHelper-t.build/Objects-normal/arm64/TestHelper.swiftdoc /Users/admin/builder/spi-builder-workspace/.derivedData/Build/Products/Debug/TestHelper.swiftmodule/arm64-apple-macos.swiftdoc
Copy /Users/admin/builder/spi-builder-workspace/.derivedData/Build/Products/Debug/TestHelper.swiftmodule/arm64-apple-macos.abi.json /Users/admin/builder/spi-builder-workspace/.derivedData/Build/Intermediates.noindex/SnabblePay.build/Debug/TestHelper-t.build/Objects-normal/arm64/TestHelper.abi.json (in target 'TestHelper' from project 'SnabblePay')
    cd /Users/admin/builder/spi-builder-workspace
    builtin-copy -exclude .DS_Store -exclude CVS -exclude .svn -exclude .git -exclude .hg -resolve-src-symlinks -rename /Users/admin/builder/spi-builder-workspace/.derivedData/Build/Intermediates.noindex/SnabblePay.build/Debug/TestHelper-t.build/Objects-normal/arm64/TestHelper.abi.json /Users/admin/builder/spi-builder-workspace/.derivedData/Build/Products/Debug/TestHelper.swiftmodule/arm64-apple-macos.abi.json
Copy /Users/admin/builder/spi-builder-workspace/.derivedData/Build/Products/Debug/TestHelper.swiftmodule/Project/arm64-apple-macos.swiftsourceinfo /Users/admin/builder/spi-builder-workspace/.derivedData/Build/Intermediates.noindex/SnabblePay.build/Debug/TestHelper-t.build/Objects-normal/arm64/TestHelper.swiftsourceinfo (in target 'TestHelper' from project 'SnabblePay')
    cd /Users/admin/builder/spi-builder-workspace
    builtin-copy -exclude .DS_Store -exclude CVS -exclude .svn -exclude .git -exclude .hg -resolve-src-symlinks -rename /Users/admin/builder/spi-builder-workspace/.derivedData/Build/Intermediates.noindex/SnabblePay.build/Debug/TestHelper-t.build/Objects-normal/arm64/TestHelper.swiftsourceinfo /Users/admin/builder/spi-builder-workspace/.derivedData/Build/Products/Debug/TestHelper.swiftmodule/Project/arm64-apple-macos.swiftsourceinfo
SwiftDriverJobDiscovery normal arm64 Emitting module for SnabbleLogger (in target 'SnabbleLogger' from project 'SnabblePay')
SwiftDriver\ Compilation\ Requirements SnabbleLogger normal arm64 com.apple.xcode.tools.swift.compiler (in target 'SnabbleLogger' from project 'SnabblePay')
    cd /Users/admin/builder/spi-builder-workspace/.swiftpm/xcode
    builtin-Swift-Compilation-Requirements -- /Applications/Xcode-27.0.0-Release.Candidate.app/Contents/Developer/Toolchains/XcodeDefault.xctoolchain/usr/bin/swiftc -parse-as-library -module-name SnabbleLogger -Onone @/Users/admin/builder/spi-builder-workspace/.derivedData/Build/Intermediates.noindex/SnabblePay.build/Debug/SnabbleLogger-t.build/Objects-normal/arm64/SnabbleLogger.SwiftFileList -DSWIFT_PACKAGE -DDEBUG -DSWIFT_MODULE_RESOURCE_BUNDLE_UNAVAILABLE -DXcode -plugin-path /Applications/Xcode-27.0.0-Release.Candidate.app/Contents/Developer/Toolchains/XcodeDefault.xctoolchain/usr/lib/swift/host/plugins/testing -enable-experimental-feature DebugDescriptionMacro -sdk /Applications/Xcode-27.0.0-Release.Candidate.app/Contents/Developer/Platforms/MacOSX.platform/Developer/SDKs/MacOSX27.0.sdk -target arm64-apple-macos12.0 -g -module-cache-path /Users/admin/builder/spi-builder-workspace/.derivedData/ModuleCache.noindex -Xfrontend -serialize-debugging-options -enable-testing -index-store-path /Users/admin/builder/spi-builder-workspace/.derivedData/Index.noindex/DataStore -Xcc -D_LIBCPP_HARDENING_MODE\=_LIBCPP_HARDENING_MODE_DEBUG -swift-version 5 -I /Users/admin/builder/spi-builder-workspace/.derivedData/Build/Products/Debug -Isystem /Applications/Xcode-27.0.0-Release.Candidate.app/Contents/Developer/Platforms/MacOSX.platform/Developer/usr/lib -F /Users/admin/builder/spi-builder-workspace/.derivedData/Build/Products/Debug/PackageFrameworks -F /Users/admin/builder/spi-builder-workspace/.derivedData/Build/Products/Debug -F /Applications/Xcode-27.0.0-Release.Candidate.app/Contents/Developer/Platforms/MacOSX.platform/Developer/Library/Frameworks -emit-localized-strings -emit-localized-strings-path /Users/admin/builder/spi-builder-workspace/.derivedData/Build/Intermediates.noindex/SnabblePay.build/Debug/SnabbleLogger-t.build/Objects-normal/arm64 -c -j10 -enable-batch-mode -incremental -Xcc -ivfsstatcache -Xcc /Users/admin/builder/spi-builder-workspace/.derivedData/SDKStatCaches.noindex/macosx27.0-26A425-e829b21a6f8c9b70876ba0858053c0446a22442a12e9d48fe1a705f55a1adfc4.sdkstatcache -output-file-map /Users/admin/builder/spi-builder-workspace/.derivedData/Build/Intermediates.noindex/SnabblePay.build/Debug/SnabbleLogger-t.build/Objects-normal/arm64/SnabbleLogger-OutputFileMap.json -save-temps -no-color-diagnostics -explicit-module-build -module-cache-path /Users/admin/builder/spi-builder-workspace/.derivedData/Build/Intermediates.noindex/SwiftExplicitPrecompiledModules -clang-scanner-module-cache-path /Users/admin/builder/spi-builder-workspace/.derivedData/ModuleCache.noindex -sdk-module-cache-path /Users/admin/builder/spi-builder-workspace/.derivedData/SDKExplicitPrecompiledModules -emit-dependencies -emit-module -emit-module-path /Users/admin/builder/spi-builder-workspace/.derivedData/Build/Intermediates.noindex/SnabblePay.build/Debug/SnabbleLogger-t.build/Objects-normal/arm64/SnabbleLogger.swiftmodule -serialize-diagnostics -dependency-scan-serialize-diagnostics-path /Users/admin/builder/spi-builder-workspace/.derivedData/Build/Intermediates.noindex/SnabblePay.build/Debug/SnabbleLogger-t.build/Objects-normal/arm64/SnabbleLogger-dependency-scan.dia -validate-clang-modules-once -clang-build-session-file /Users/admin/builder/spi-builder-workspace/.derivedData/ModuleCache.noindex/Session.modulevalidation -Xcc -fmodules-prune-interval\=86400 -Xcc -fmodules-prune-after\=345600 -emit-const-values -const-gather-protocols-list /Users/admin/builder/spi-builder-workspace/.derivedData/Build/Intermediates.noindex/SnabblePay.build/Debug/SnabbleLogger-t.build/Objects-normal/arm64/SnabbleLogger_const_extract_protocols.json -Xcc -I/Users/admin/builder/spi-builder-workspace/.derivedData/Build/Products/Debug/include -Xcc -I/Users/admin/builder/spi-builder-workspace/.derivedData/Build/Intermediates.noindex/SnabblePay.build/Debug/SnabbleLogger-t.build/DerivedSources-normal/arm64 -Xcc -I/Users/admin/builder/spi-builder-workspace/.derivedData/Build/Intermediates.noindex/SnabblePay.build/Debug/SnabbleLogger-t.build/DerivedSources/arm64 -Xcc -I/Users/admin/builder/spi-builder-workspace/.derivedData/Build/Intermediates.noindex/SnabblePay.build/Debug/SnabbleLogger-t.build/DerivedSources -Xcc -DSWIFT_PACKAGE -Xcc -DDEBUG\=1 -emit-objc-header -emit-objc-header-path /Users/admin/builder/spi-builder-workspace/.derivedData/Build/Intermediates.noindex/SnabblePay.build/Debug/SnabbleLogger-t.build/Objects-normal/arm64/SnabbleLogger-Swift.h -working-directory /Users/admin/builder/spi-builder-workspace/.swiftpm/xcode -experimental-emit-module-separately -disable-cmo
SwiftMergeGeneratedHeaders /Users/admin/builder/spi-builder-workspace/.derivedData/Build/Intermediates.noindex/GeneratedModuleMaps/SnabbleLogger-Swift.h /Users/admin/builder/spi-builder-workspace/.derivedData/Build/Intermediates.noindex/SnabblePay.build/Debug/SnabbleLogger-t.build/Objects-normal/arm64/SnabbleLogger-Swift.h (in target 'SnabbleLogger' from project 'SnabblePay')
    cd /Users/admin/builder/spi-builder-workspace
    builtin-swiftHeaderTool -arch arm64 /Users/admin/builder/spi-builder-workspace/.derivedData/Build/Intermediates.noindex/SnabblePay.build/Debug/SnabbleLogger-t.build/Objects-normal/arm64/SnabbleLogger-Swift.h -o /Users/admin/builder/spi-builder-workspace/.derivedData/Build/Intermediates.noindex/GeneratedModuleMaps/SnabbleLogger-Swift.h
Copy /Users/admin/builder/spi-builder-workspace/.derivedData/Build/Products/Debug/SnabbleLogger.swiftmodule/arm64-apple-macos.swiftmodule /Users/admin/builder/spi-builder-workspace/.derivedData/Build/Intermediates.noindex/SnabblePay.build/Debug/SnabbleLogger-t.build/Objects-normal/arm64/SnabbleLogger.swiftmodule (in target 'SnabbleLogger' from project 'SnabblePay')
    cd /Users/admin/builder/spi-builder-workspace
    builtin-copy -exclude .DS_Store -exclude CVS -exclude .svn -exclude .git -exclude .hg -resolve-src-symlinks -rename /Users/admin/builder/spi-builder-workspace/.derivedData/Build/Intermediates.noindex/SnabblePay.build/Debug/SnabbleLogger-t.build/Objects-normal/arm64/SnabbleLogger.swiftmodule /Users/admin/builder/spi-builder-workspace/.derivedData/Build/Products/Debug/SnabbleLogger.swiftmodule/arm64-apple-macos.swiftmodule
Copy /Users/admin/builder/spi-builder-workspace/.derivedData/Build/Products/Debug/SnabbleLogger.swiftmodule/arm64-apple-macos.swiftdoc /Users/admin/builder/spi-builder-workspace/.derivedData/Build/Intermediates.noindex/SnabblePay.build/Debug/SnabbleLogger-t.build/Objects-normal/arm64/SnabbleLogger.swiftdoc (in target 'SnabbleLogger' from project 'SnabblePay')
    cd /Users/admin/builder/spi-builder-workspace
    builtin-copy -exclude .DS_Store -exclude CVS -exclude .svn -exclude .git -exclude .hg -resolve-src-symlinks -rename /Users/admin/builder/spi-builder-workspace/.derivedData/Build/Intermediates.noindex/SnabblePay.build/Debug/SnabbleLogger-t.build/Objects-normal/arm64/SnabbleLogger.swiftdoc /Users/admin/builder/spi-builder-workspace/.derivedData/Build/Products/Debug/SnabbleLogger.swiftmodule/arm64-apple-macos.swiftdoc
Copy /Users/admin/builder/spi-builder-workspace/.derivedData/Build/Products/Debug/SnabbleLogger.swiftmodule/arm64-apple-macos.abi.json /Users/admin/builder/spi-builder-workspace/.derivedData/Build/Intermediates.noindex/SnabblePay.build/Debug/SnabbleLogger-t.build/Objects-normal/arm64/SnabbleLogger.abi.json (in target 'SnabbleLogger' from project 'SnabblePay')
    cd /Users/admin/builder/spi-builder-workspace
    builtin-copy -exclude .DS_Store -exclude CVS -exclude .svn -exclude .git -exclude .hg -resolve-src-symlinks -rename /Users/admin/builder/spi-builder-workspace/.derivedData/Build/Intermediates.noindex/SnabblePay.build/Debug/SnabbleLogger-t.build/Objects-normal/arm64/SnabbleLogger.abi.json /Users/admin/builder/spi-builder-workspace/.derivedData/Build/Products/Debug/SnabbleLogger.swiftmodule/arm64-apple-macos.abi.json
Copy /Users/admin/builder/spi-builder-workspace/.derivedData/Build/Products/Debug/SnabbleLogger.swiftmodule/Project/arm64-apple-macos.swiftsourceinfo /Users/admin/builder/spi-builder-workspace/.derivedData/Build/Intermediates.noindex/SnabblePay.build/Debug/SnabbleLogger-t.build/Objects-normal/arm64/SnabbleLogger.swiftsourceinfo (in target 'SnabbleLogger' from project 'SnabblePay')
    cd /Users/admin/builder/spi-builder-workspace
    builtin-copy -exclude .DS_Store -exclude CVS -exclude .svn -exclude .git -exclude .hg -resolve-src-symlinks -rename /Users/admin/builder/spi-builder-workspace/.derivedData/Build/Intermediates.noindex/SnabblePay.build/Debug/SnabbleLogger-t.build/Objects-normal/arm64/SnabbleLogger.swiftsourceinfo /Users/admin/builder/spi-builder-workspace/.derivedData/Build/Products/Debug/SnabbleLogger.swiftmodule/Project/arm64-apple-macos.swiftsourceinfo
SwiftDriver SnabblePayNetwork normal arm64 com.apple.xcode.tools.swift.compiler (in target 'SnabblePayNetwork' from project 'SnabblePay')
    cd /Users/admin/builder/spi-builder-workspace/.swiftpm/xcode
    builtin-SwiftDriver -- /Applications/Xcode-27.0.0-Release.Candidate.app/Contents/Developer/Toolchains/XcodeDefault.xctoolchain/usr/bin/swiftc -parse-as-library -module-name SnabblePayNetwork -Onone @/Users/admin/builder/spi-builder-workspace/.derivedData/Build/Intermediates.noindex/SnabblePay.build/Debug/SnabblePayNetwork-t.build/Objects-normal/arm64/SnabblePayNetwork.SwiftFileList -DSWIFT_PACKAGE -DDEBUG -DSWIFT_MODULE_RESOURCE_BUNDLE_UNAVAILABLE -DXcode -plugin-path /Applications/Xcode-27.0.0-Release.Candidate.app/Contents/Developer/Toolchains/XcodeDefault.xctoolchain/usr/lib/swift/host/plugins/testing -enable-experimental-feature DebugDescriptionMacro -sdk /Applications/Xcode-27.0.0-Release.Candidate.app/Contents/Developer/Platforms/MacOSX.platform/Developer/SDKs/MacOSX27.0.sdk -target arm64-apple-macos12.0 -g -module-cache-path /Users/admin/builder/spi-builder-workspace/.derivedData/ModuleCache.noindex -Xfrontend -serialize-debugging-options -enable-testing -index-store-path /Users/admin/builder/spi-builder-workspace/.derivedData/Index.noindex/DataStore -Xcc -D_LIBCPP_HARDENING_MODE\=_LIBCPP_HARDENING_MODE_DEBUG -swift-version 5 -I /Users/admin/builder/spi-builder-workspace/.derivedData/Build/Products/Debug -Isystem /Applications/Xcode-27.0.0-Release.Candidate.app/Contents/Developer/Platforms/MacOSX.platform/Developer/usr/lib -F /Users/admin/builder/spi-builder-workspace/.derivedData/Build/Products/Debug/PackageFrameworks -F /Users/admin/builder/spi-builder-workspace/.derivedData/Build/Products/Debug -F /Applications/Xcode-27.0.0-Release.Candidate.app/Contents/Developer/Platforms/MacOSX.platform/Developer/Library/Frameworks -emit-localized-strings -emit-localized-strings-path /Users/admin/builder/spi-builder-workspace/.derivedData/Build/Intermediates.noindex/SnabblePay.build/Debug/SnabblePayNetwork-t.build/Objects-normal/arm64 -c -j10 -enable-batch-mode -incremental -Xcc -ivfsstatcache -Xcc /Users/admin/builder/spi-builder-workspace/.derivedData/SDKStatCaches.noindex/macosx27.0-26A425-e829b21a6f8c9b70876ba0858053c0446a22442a12e9d48fe1a705f55a1adfc4.sdkstatcache -output-file-map /Users/admin/builder/spi-builder-workspace/.derivedData/Build/Intermediates.noindex/SnabblePay.build/Debug/SnabblePayNetwork-t.build/Objects-normal/arm64/SnabblePayNetwork-OutputFileMap.json -save-temps -no-color-diagnostics -explicit-module-build -module-cache-path /Users/admin/builder/spi-builder-workspace/.derivedData/Build/Intermediates.noindex/SwiftExplicitPrecompiledModules -clang-scanner-module-cache-path /Users/admin/builder/spi-builder-workspace/.derivedData/ModuleCache.noindex -sdk-module-cache-path /Users/admin/builder/spi-builder-workspace/.derivedData/SDKExplicitPrecompiledModules -emit-dependencies -emit-module -emit-module-path /Users/admin/builder/spi-builder-workspace/.derivedData/Build/Intermediates.noindex/SnabblePay.build/Debug/SnabblePayNetwork-t.build/Objects-normal/arm64/SnabblePayNetwork.swiftmodule -serialize-diagnostics -dependency-scan-serialize-diagnostics-path /Users/admin/builder/spi-builder-workspace/.derivedData/Build/Intermediates.noindex/SnabblePay.build/Debug/SnabblePayNetwork-t.build/Objects-normal/arm64/SnabblePayNetwork-dependency-scan.dia -validate-clang-modules-once -clang-build-session-file /Users/admin/builder/spi-builder-workspace/.derivedData/ModuleCache.noindex/Session.modulevalidation -Xcc -fmodules-prune-interval\=86400 -Xcc -fmodules-prune-after\=345600 -emit-const-values -const-gather-protocols-list /Users/admin/builder/spi-builder-workspace/.derivedData/Build/Intermediates.noindex/SnabblePay.build/Debug/SnabblePayNetwork-t.build/Objects-normal/arm64/SnabblePayNetwork_const_extract_protocols.json -Xcc -I/Users/admin/builder/spi-builder-workspace/.derivedData/Build/Products/Debug/include -Xcc -I/Users/admin/builder/spi-builder-workspace/.derivedData/Build/Intermediates.noindex/SnabblePay.build/Debug/SnabblePayNetwork-t.build/DerivedSources-normal/arm64 -Xcc -I/Users/admin/builder/spi-builder-workspace/.derivedData/Build/Intermediates.noindex/SnabblePay.build/Debug/SnabblePayNetwork-t.build/DerivedSources/arm64 -Xcc -I/Users/admin/builder/spi-builder-workspace/.derivedData/Build/Intermediates.noindex/SnabblePay.build/Debug/SnabblePayNetwork-t.build/DerivedSources -Xcc -DSWIFT_PACKAGE -Xcc -DDEBUG\=1 -emit-objc-header -emit-objc-header-path /Users/admin/builder/spi-builder-workspace/.derivedData/Build/Intermediates.noindex/SnabblePay.build/Debug/SnabblePayNetwork-t.build/Objects-normal/arm64/SnabblePayNetwork-Swift.h -working-directory /Users/admin/builder/spi-builder-workspace/.swiftpm/xcode -experimental-emit-module-separately -disable-cmo
SwiftDriverJobDiscovery normal arm64 Emitting module for Tagged (in target 'Tagged' from project 'swift-tagged')
SwiftDriver\ Compilation\ Requirements Tagged normal arm64 com.apple.xcode.tools.swift.compiler (in target 'Tagged' from project 'swift-tagged')
    cd /Users/admin/builder/spi-builder-workspace/.swiftpm/xcode
    builtin-Swift-Compilation-Requirements -- /Applications/Xcode-27.0.0-Release.Candidate.app/Contents/Developer/Toolchains/XcodeDefault.xctoolchain/usr/bin/swiftc -parse-as-library -module-name Tagged -Onone @/Users/admin/builder/spi-builder-workspace/.derivedData/Build/Intermediates.noindex/swift-tagged.build/Debug/Tagged-t.build/Objects-normal/arm64/Tagged.SwiftFileList -DSWIFT_PACKAGE -DDEBUG -DSWIFT_MODULE_RESOURCE_BUNDLE_UNAVAILABLE -DXcode -plugin-path /Applications/Xcode-27.0.0-Release.Candidate.app/Contents/Developer/Toolchains/XcodeDefault.xctoolchain/usr/lib/swift/host/plugins/testing -enable-experimental-feature DebugDescriptionMacro -sdk /Applications/Xcode-27.0.0-Release.Candidate.app/Contents/Developer/Platforms/MacOSX.platform/Developer/SDKs/MacOSX27.0.sdk -target arm64-apple-macos12.0 -g -module-cache-path /Users/admin/builder/spi-builder-workspace/.derivedData/ModuleCache.noindex -Xfrontend -serialize-debugging-options -enable-testing -suppress-warnings -index-store-path /Users/admin/builder/spi-builder-workspace/.derivedData/Index.noindex/DataStore -Xcc -D_LIBCPP_HARDENING_MODE\=_LIBCPP_HARDENING_MODE_DEBUG -swift-version 5 -I /Users/admin/builder/spi-builder-workspace/.derivedData/Build/Products/Debug -Isystem /Applications/Xcode-27.0.0-Release.Candidate.app/Contents/Developer/Platforms/MacOSX.platform/Developer/usr/lib -F /Users/admin/builder/spi-builder-workspace/.derivedData/Build/Products/Debug -F /Applications/Xcode-27.0.0-Release.Candidate.app/Contents/Developer/Platforms/MacOSX.platform/Developer/Library/Frameworks -c -j10 -enable-batch-mode -incremental -Xcc -ivfsstatcache -Xcc /Users/admin/builder/spi-builder-workspace/.derivedData/SDKStatCaches.noindex/macosx27.0-26A425-e829b21a6f8c9b70876ba0858053c0446a22442a12e9d48fe1a705f55a1adfc4.sdkstatcache -output-file-map /Users/admin/builder/spi-builder-workspace/.derivedData/Build/Intermediates.noindex/swift-tagged.build/Debug/Tagged-t.build/Objects-normal/arm64/Tagged-OutputFileMap.json -save-temps -no-color-diagnostics -explicit-module-build -module-cache-path /Users/admin/builder/spi-builder-workspace/.derivedData/Build/Intermediates.noindex/SwiftExplicitPrecompiledModules -clang-scanner-module-cache-path /Users/admin/builder/spi-builder-workspace/.derivedData/ModuleCache.noindex -sdk-module-cache-path /Users/admin/builder/spi-builder-workspace/.derivedData/SDKExplicitPrecompiledModules -emit-dependencies -emit-module -emit-module-path /Users/admin/builder/spi-builder-workspace/.derivedData/Build/Intermediates.noindex/swift-tagged.build/Debug/Tagged-t.build/Objects-normal/arm64/Tagged.swiftmodule -serialize-diagnostics -dependency-scan-serialize-diagnostics-path /Users/admin/builder/spi-builder-workspace/.derivedData/Build/Intermediates.noindex/swift-tagged.build/Debug/Tagged-t.build/Objects-normal/arm64/Tagged-dependency-scan.dia -validate-clang-modules-once -clang-build-session-file /Users/admin/builder/spi-builder-workspace/.derivedData/ModuleCache.noindex/Session.modulevalidation -Xcc -fmodules-prune-interval\=86400 -Xcc -fmodules-prune-after\=345600 -emit-const-values -const-gather-protocols-list /Users/admin/builder/spi-builder-workspace/.derivedData/Build/Intermediates.noindex/swift-tagged.build/Debug/Tagged-t.build/Objects-normal/arm64/Tagged_const_extract_protocols.json -Xcc -I/Users/admin/builder/spi-builder-workspace/.derivedData/Build/Products/Debug/include -Xcc -I/Users/admin/builder/spi-builder-workspace/.derivedData/Build/Intermediates.noindex/swift-tagged.build/Debug/Tagged-t.build/DerivedSources-normal/arm64 -Xcc -I/Users/admin/builder/spi-builder-workspace/.derivedData/Build/Intermediates.noindex/swift-tagged.build/Debug/Tagged-t.build/DerivedSources/arm64 -Xcc -I/Users/admin/builder/spi-builder-workspace/.derivedData/Build/Intermediates.noindex/swift-tagged.build/Debug/Tagged-t.build/DerivedSources -Xcc -DSWIFT_PACKAGE -Xcc -DDEBUG\=1 -emit-objc-header -emit-objc-header-path /Users/admin/builder/spi-builder-workspace/.derivedData/Build/Intermediates.noindex/swift-tagged.build/Debug/Tagged-t.build/Objects-normal/arm64/Tagged-Swift.h -working-directory /Users/admin/builder/spi-builder-workspace/.swiftpm/xcode -experimental-emit-module-separately -disable-cmo
SwiftMergeGeneratedHeaders /Users/admin/builder/spi-builder-workspace/.derivedData/Build/Intermediates.noindex/GeneratedModuleMaps/Tagged-Swift.h /Users/admin/builder/spi-builder-workspace/.derivedData/Build/Intermediates.noindex/swift-tagged.build/Debug/Tagged-t.build/Objects-normal/arm64/Tagged-Swift.h (in target 'Tagged' from project 'swift-tagged')
    cd /Users/admin/builder/spi-builder-workspace/.dependencies/checkouts/swift-tagged
    builtin-swiftHeaderTool -arch arm64 /Users/admin/builder/spi-builder-workspace/.derivedData/Build/Intermediates.noindex/swift-tagged.build/Debug/Tagged-t.build/Objects-normal/arm64/Tagged-Swift.h -o /Users/admin/builder/spi-builder-workspace/.derivedData/Build/Intermediates.noindex/GeneratedModuleMaps/Tagged-Swift.h
Copy /Users/admin/builder/spi-builder-workspace/.derivedData/Build/Products/Debug/Tagged.swiftmodule/arm64-apple-macos.swiftmodule /Users/admin/builder/spi-builder-workspace/.derivedData/Build/Intermediates.noindex/swift-tagged.build/Debug/Tagged-t.build/Objects-normal/arm64/Tagged.swiftmodule (in target 'Tagged' from project 'swift-tagged')
    cd /Users/admin/builder/spi-builder-workspace/.dependencies/checkouts/swift-tagged
    builtin-copy -exclude .DS_Store -exclude CVS -exclude .svn -exclude .git -exclude .hg -resolve-src-symlinks -rename /Users/admin/builder/spi-builder-workspace/.derivedData/Build/Intermediates.noindex/swift-tagged.build/Debug/Tagged-t.build/Objects-normal/arm64/Tagged.swiftmodule /Users/admin/builder/spi-builder-workspace/.derivedData/Build/Products/Debug/Tagged.swiftmodule/arm64-apple-macos.swiftmodule
Copy /Users/admin/builder/spi-builder-workspace/.derivedData/Build/Products/Debug/Tagged.swiftmodule/arm64-apple-macos.swiftdoc /Users/admin/builder/spi-builder-workspace/.derivedData/Build/Intermediates.noindex/swift-tagged.build/Debug/Tagged-t.build/Objects-normal/arm64/Tagged.swiftdoc (in target 'Tagged' from project 'swift-tagged')
    cd /Users/admin/builder/spi-builder-workspace/.dependencies/checkouts/swift-tagged
    builtin-copy -exclude .DS_Store -exclude CVS -exclude .svn -exclude .git -exclude .hg -resolve-src-symlinks -rename /Users/admin/builder/spi-builder-workspace/.derivedData/Build/Intermediates.noindex/swift-tagged.build/Debug/Tagged-t.build/Objects-normal/arm64/Tagged.swiftdoc /Users/admin/builder/spi-builder-workspace/.derivedData/Build/Products/Debug/Tagged.swiftmodule/arm64-apple-macos.swiftdoc
Copy /Users/admin/builder/spi-builder-workspace/.derivedData/Build/Products/Debug/Tagged.swiftmodule/arm64-apple-macos.abi.json /Users/admin/builder/spi-builder-workspace/.derivedData/Build/Intermediates.noindex/swift-tagged.build/Debug/Tagged-t.build/Objects-normal/arm64/Tagged.abi.json (in target 'Tagged' from project 'swift-tagged')
    cd /Users/admin/builder/spi-builder-workspace/.dependencies/checkouts/swift-tagged
    builtin-copy -exclude .DS_Store -exclude CVS -exclude .svn -exclude .git -exclude .hg -resolve-src-symlinks -rename /Users/admin/builder/spi-builder-workspace/.derivedData/Build/Intermediates.noindex/swift-tagged.build/Debug/Tagged-t.build/Objects-normal/arm64/Tagged.abi.json /Users/admin/builder/spi-builder-workspace/.derivedData/Build/Products/Debug/Tagged.swiftmodule/arm64-apple-macos.abi.json
Copy /Users/admin/builder/spi-builder-workspace/.derivedData/Build/Products/Debug/Tagged.swiftmodule/Project/arm64-apple-macos.swiftsourceinfo /Users/admin/builder/spi-builder-workspace/.derivedData/Build/Intermediates.noindex/swift-tagged.build/Debug/Tagged-t.build/Objects-normal/arm64/Tagged.swiftsourceinfo (in target 'Tagged' from project 'swift-tagged')
    cd /Users/admin/builder/spi-builder-workspace/.dependencies/checkouts/swift-tagged
    builtin-copy -exclude .DS_Store -exclude CVS -exclude .svn -exclude .git -exclude .hg -resolve-src-symlinks -rename /Users/admin/builder/spi-builder-workspace/.derivedData/Build/Intermediates.noindex/swift-tagged.build/Debug/Tagged-t.build/Objects-normal/arm64/Tagged.swiftsourceinfo /Users/admin/builder/spi-builder-workspace/.derivedData/Build/Products/Debug/Tagged.swiftmodule/Project/arm64-apple-macos.swiftsourceinfo
SwiftEmitModule normal arm64 Emitting\ module\ for\ SnabblePayNetwork (in target 'SnabblePayNetwork' from project 'SnabblePay')
/Users/admin/builder/spi-builder-workspace/Sources/Network/Core/URL+StringLliteral.swift:10:1: warning: extension declares a conformance of imported type 'URL' to imported protocols 'ExpressibleByStringLiteral', 'ExpressibleByExtendedGraphemeClusterLiteral', 'ExpressibleByUnicodeScalarLiteral'; this will not behave correctly if the owners of 'Foundation' introduce this conformance in the future
 8 | import Foundation
 9 |
10 | extension URL: ExpressibleByStringLiteral {
   | |- warning: extension declares a conformance of imported type 'URL' to imported protocols 'ExpressibleByStringLiteral', 'ExpressibleByExtendedGraphemeClusterLiteral', 'ExpressibleByUnicodeScalarLiteral'; this will not behave correctly if the owners of 'Foundation' introduce this conformance in the future
   | `- note: add '@retroactive' to silence this warning
11 |     public init(stringLiteral value: StaticString) {
12 |         self = URL(string: "\(value)")!
SwiftCompile normal arm64 (in target 'SnabblePayNetwork' from project 'SnabblePay')
    cd /Users/admin/builder/spi-builder-workspace/.swiftpm/xcode

SwiftCompile normal arm64 Compiling\ CustomerEndpoint.swift,\ MandateEndpoint.swift,\ RegisterEndpoint.swift /Users/admin/builder/spi-builder-workspace/Sources/Network/Endpoints/CustomerEndpoint.swift /Users/admin/builder/spi-builder-workspace/Sources/Network/Endpoints/MandateEndpoint.swift /Users/admin/builder/spi-builder-workspace/Sources/Network/Endpoints/RegisterEndpoint.swift (in target 'SnabblePayNetwork' from project 'SnabblePay')
SwiftCompile normal arm64 /Users/admin/builder/spi-builder-workspace/Sources/Network/Endpoints/CustomerEndpoint.swift (in target 'SnabblePayNetwork' from project 'SnabblePay')
    cd /Users/admin/builder/spi-builder-workspace/.swiftpm/xcode
    builtin-SwiftPerFileCompile CustomerEndpoint.swift
SwiftCompile normal arm64 /Users/admin/builder/spi-builder-workspace/Sources/Network/Endpoints/MandateEndpoint.swift (in target 'SnabblePayNetwork' from project 'SnabblePay')
    cd /Users/admin/builder/spi-builder-workspace/.swiftpm/xcode
    builtin-SwiftPerFileCompile MandateEndpoint.swift
SwiftCompile normal arm64 /Users/admin/builder/spi-builder-workspace/Sources/Network/Endpoints/RegisterEndpoint.swift (in target 'SnabblePayNetwork' from project 'SnabblePay')
    cd /Users/admin/builder/spi-builder-workspace/.swiftpm/xcode
    builtin-SwiftPerFileCompile RegisterEndpoint.swift
SwiftCompile normal arm64 Compiling\ URL+StringLliteral.swift,\ URLSession+Endpoint.swift,\ AccountsEndpoint.swift /Users/admin/builder/spi-builder-workspace/Sources/Network/Core/URL+StringLliteral.swift /Users/admin/builder/spi-builder-workspace/Sources/Network/Core/URLSession+Endpoint.swift /Users/admin/builder/spi-builder-workspace/Sources/Network/Endpoints/AccountsEndpoint.swift (in target 'SnabblePayNetwork' from project 'SnabblePay')
/Users/admin/builder/spi-builder-workspace/Sources/Network/Core/URL+StringLliteral.swift:10:1: warning: extension declares a conformance of imported type 'URL' to imported protocols 'ExpressibleByStringLiteral', 'ExpressibleByExtendedGraphemeClusterLiteral', 'ExpressibleByUnicodeScalarLiteral'; this will not behave correctly if the owners of 'Foundation' introduce this conformance in the future
 8 | import Foundation
 9 |
10 | extension URL: ExpressibleByStringLiteral {
   | |- warning: extension declares a conformance of imported type 'URL' to imported protocols 'ExpressibleByStringLiteral', 'ExpressibleByExtendedGraphemeClusterLiteral', 'ExpressibleByUnicodeScalarLiteral'; this will not behave correctly if the owners of 'Foundation' introduce this conformance in the future
   | `- note: add '@retroactive' to silence this warning
11 |     public init(stringLiteral value: StaticString) {
12 |         self = URL(string: "\(value)")!
SwiftCompile normal arm64 /Users/admin/builder/spi-builder-workspace/Sources/Network/Core/URL+StringLliteral.swift (in target 'SnabblePayNetwork' from project 'SnabblePay')
    cd /Users/admin/builder/spi-builder-workspace/.swiftpm/xcode
    builtin-SwiftPerFileCompile URL+StringLliteral.swift
SwiftCompile normal arm64 /Users/admin/builder/spi-builder-workspace/Sources/Network/Core/URLSession+Endpoint.swift (in target 'SnabblePayNetwork' from project 'SnabblePay')
    cd /Users/admin/builder/spi-builder-workspace/.swiftpm/xcode
    builtin-SwiftPerFileCompile URLSession+Endpoint.swift
SwiftCompile normal arm64 /Users/admin/builder/spi-builder-workspace/Sources/Network/Endpoints/AccountsEndpoint.swift (in target 'SnabblePayNetwork' from project 'SnabblePay')
    cd /Users/admin/builder/spi-builder-workspace/.swiftpm/xcode
    builtin-SwiftPerFileCompile AccountsEndpoint.swift
SwiftCompile normal arm64 Compiling\ SessionEndpoint.swift,\ TokenEndpoint.swift,\ Publisher+RetryWhenDoBefore.swift /Users/admin/builder/spi-builder-workspace/Sources/Network/Endpoints/SessionEndpoint.swift /Users/admin/builder/spi-builder-workspace/Sources/Network/Endpoints/TokenEndpoint.swift /Users/admin/builder/spi-builder-workspace/Sources/Network/Helper/Publisher+RetryWhenDoBefore.swift (in target 'SnabblePayNetwork' from project 'SnabblePay')
SwiftCompile normal arm64 /Users/admin/builder/spi-builder-workspace/Sources/Network/Endpoints/SessionEndpoint.swift (in target 'SnabblePayNetwork' from project 'SnabblePay')
    cd /Users/admin/builder/spi-builder-workspace/.swiftpm/xcode
    builtin-SwiftPerFileCompile SessionEndpoint.swift
SwiftCompile normal arm64 /Users/admin/builder/spi-builder-workspace/Sources/Network/Endpoints/TokenEndpoint.swift (in target 'SnabblePayNetwork' from project 'SnabblePay')
    cd /Users/admin/builder/spi-builder-workspace/.swiftpm/xcode
    builtin-SwiftPerFileCompile TokenEndpoint.swift
SwiftCompile normal arm64 /Users/admin/builder/spi-builder-workspace/Sources/Network/Helper/Publisher+RetryWhenDoBefore.swift (in target 'SnabblePayNetwork' from project 'SnabblePay')
    cd /Users/admin/builder/spi-builder-workspace/.swiftpm/xcode
    builtin-SwiftPerFileCompile Publisher+RetryWhenDoBefore.swift
SwiftDriverJobDiscovery normal arm64 Emitting module for SnabblePayNetwork (in target 'SnabblePayNetwork' from project 'SnabblePay')
SwiftDriver\ Compilation\ Requirements SnabblePayNetwork normal arm64 com.apple.xcode.tools.swift.compiler (in target 'SnabblePayNetwork' from project 'SnabblePay')
    cd /Users/admin/builder/spi-builder-workspace/.swiftpm/xcode
    builtin-Swift-Compilation-Requirements -- /Applications/Xcode-27.0.0-Release.Candidate.app/Contents/Developer/Toolchains/XcodeDefault.xctoolchain/usr/bin/swiftc -parse-as-library -module-name SnabblePayNetwork -Onone @/Users/admin/builder/spi-builder-workspace/.derivedData/Build/Intermediates.noindex/SnabblePay.build/Debug/SnabblePayNetwork-t.build/Objects-normal/arm64/SnabblePayNetwork.SwiftFileList -DSWIFT_PACKAGE -DDEBUG -DSWIFT_MODULE_RESOURCE_BUNDLE_UNAVAILABLE -DXcode -plugin-path /Applications/Xcode-27.0.0-Release.Candidate.app/Contents/Developer/Toolchains/XcodeDefault.xctoolchain/usr/lib/swift/host/plugins/testing -enable-experimental-feature DebugDescriptionMacro -sdk /Applications/Xcode-27.0.0-Release.Candidate.app/Contents/Developer/Platforms/MacOSX.platform/Developer/SDKs/MacOSX27.0.sdk -target arm64-apple-macos12.0 -g -module-cache-path /Users/admin/builder/spi-builder-workspace/.derivedData/ModuleCache.noindex -Xfrontend -serialize-debugging-options -enable-testing -index-store-path /Users/admin/builder/spi-builder-workspace/.derivedData/Index.noindex/DataStore -Xcc -D_LIBCPP_HARDENING_MODE\=_LIBCPP_HARDENING_MODE_DEBUG -swift-version 5 -I /Users/admin/builder/spi-builder-workspace/.derivedData/Build/Products/Debug -Isystem /Applications/Xcode-27.0.0-Release.Candidate.app/Contents/Developer/Platforms/MacOSX.platform/Developer/usr/lib -F /Users/admin/builder/spi-builder-workspace/.derivedData/Build/Products/Debug/PackageFrameworks -F /Users/admin/builder/spi-builder-workspace/.derivedData/Build/Products/Debug -F /Applications/Xcode-27.0.0-Release.Candidate.app/Contents/Developer/Platforms/MacOSX.platform/Developer/Library/Frameworks -emit-localized-strings -emit-localized-strings-path /Users/admin/builder/spi-builder-workspace/.derivedData/Build/Intermediates.noindex/SnabblePay.build/Debug/SnabblePayNetwork-t.build/Objects-normal/arm64 -c -j10 -enable-batch-mode -incremental -Xcc -ivfsstatcache -Xcc /Users/admin/builder/spi-builder-workspace/.derivedData/SDKStatCaches.noindex/macosx27.0-26A425-e829b21a6f8c9b70876ba0858053c0446a22442a12e9d48fe1a705f55a1adfc4.sdkstatcache -output-file-map /Users/admin/builder/spi-builder-workspace/.derivedData/Build/Intermediates.noindex/SnabblePay.build/Debug/SnabblePayNetwork-t.build/Objects-normal/arm64/SnabblePayNetwork-OutputFileMap.json -save-temps -no-color-diagnostics -explicit-module-build -module-cache-path /Users/admin/builder/spi-builder-workspace/.derivedData/Build/Intermediates.noindex/SwiftExplicitPrecompiledModules -clang-scanner-module-cache-path /Users/admin/builder/spi-builder-workspace/.derivedData/ModuleCache.noindex -sdk-module-cache-path /Users/admin/builder/spi-builder-workspace/.derivedData/SDKExplicitPrecompiledModules -emit-dependencies -emit-module -emit-module-path /Users/admin/builder/spi-builder-workspace/.derivedData/Build/Intermediates.noindex/SnabblePay.build/Debug/SnabblePayNetwork-t.build/Objects-normal/arm64/SnabblePayNetwork.swiftmodule -serialize-diagnostics -dependency-scan-serialize-diagnostics-path /Users/admin/builder/spi-builder-workspace/.derivedData/Build/Intermediates.noindex/SnabblePay.build/Debug/SnabblePayNetwork-t.build/Objects-normal/arm64/SnabblePayNetwork-dependency-scan.dia -validate-clang-modules-once -clang-build-session-file /Users/admin/builder/spi-builder-workspace/.derivedData/ModuleCache.noindex/Session.modulevalidation -Xcc -fmodules-prune-interval\=86400 -Xcc -fmodules-prune-after\=345600 -emit-const-values -const-gather-protocols-list /Users/admin/builder/spi-builder-workspace/.derivedData/Build/Intermediates.noindex/SnabblePay.build/Debug/SnabblePayNetwork-t.build/Objects-normal/arm64/SnabblePayNetwork_const_extract_protocols.json -Xcc -I/Users/admin/builder/spi-builder-workspace/.derivedData/Build/Products/Debug/include -Xcc -I/Users/admin/builder/spi-builder-workspace/.derivedData/Build/Intermediates.noindex/SnabblePay.build/Debug/SnabblePayNetwork-t.build/DerivedSources-normal/arm64 -Xcc -I/Users/admin/builder/spi-builder-workspace/.derivedData/Build/Intermediates.noindex/SnabblePay.build/Debug/SnabblePayNetwork-t.build/DerivedSources/arm64 -Xcc -I/Users/admin/builder/spi-builder-workspace/.derivedData/Build/Intermediates.noindex/SnabblePay.build/Debug/SnabblePayNetwork-t.build/DerivedSources -Xcc -DSWIFT_PACKAGE -Xcc -DDEBUG\=1 -emit-objc-header -emit-objc-header-path /Users/admin/builder/spi-builder-workspace/.derivedData/Build/Intermediates.noindex/SnabblePay.build/Debug/SnabblePayNetwork-t.build/Objects-normal/arm64/SnabblePayNetwork-Swift.h -working-directory /Users/admin/builder/spi-builder-workspace/.swiftpm/xcode -experimental-emit-module-separately -disable-cmo
SwiftDriverJobDiscovery normal arm64 Compiling TestingDefaults.swift (in target 'TestHelper' from project 'SnabblePay')
SwiftCompile normal arm64 Compiling\ HTTPMethod.swift,\ HTTPStatusCode.swift,\ NetworkManager.swift /Users/admin/builder/spi-builder-workspace/Sources/Network/Core/HTTPMethod.swift /Users/admin/builder/spi-builder-workspace/Sources/Network/Core/HTTPStatusCode.swift /Users/admin/builder/spi-builder-workspace/Sources/Network/Core/NetworkManager.swift (in target 'SnabblePayNetwork' from project 'SnabblePay')
SwiftCompile normal arm64 /Users/admin/builder/spi-builder-workspace/Sources/Network/Core/HTTPMethod.swift (in target 'SnabblePayNetwork' from project 'SnabblePay')
    cd /Users/admin/builder/spi-builder-workspace/.swiftpm/xcode
    builtin-SwiftPerFileCompile HTTPMethod.swift
SwiftCompile normal arm64 /Users/admin/builder/spi-builder-workspace/Sources/Network/Core/HTTPStatusCode.swift (in target 'SnabblePayNetwork' from project 'SnabblePay')
    cd /Users/admin/builder/spi-builder-workspace/.swiftpm/xcode
    builtin-SwiftPerFileCompile HTTPStatusCode.swift
SwiftCompile normal arm64 /Users/admin/builder/spi-builder-workspace/Sources/Network/Core/NetworkManager.swift (in target 'SnabblePayNetwork' from project 'SnabblePay')
    cd /Users/admin/builder/spi-builder-workspace/.swiftpm/xcode
    builtin-SwiftPerFileCompile NetworkManager.swift
SwiftDriverJobDiscovery normal arm64 Compiling SessionEndpoint.swift, TokenEndpoint.swift, Publisher+RetryWhenDoBefore.swift (in target 'SnabblePayNetwork' from project 'SnabblePay')
SwiftMergeGeneratedHeaders /Users/admin/builder/spi-builder-workspace/.derivedData/Build/Intermediates.noindex/GeneratedModuleMaps/SnabblePayNetwork-Swift.h /Users/admin/builder/spi-builder-workspace/.derivedData/Build/Intermediates.noindex/SnabblePay.build/Debug/SnabblePayNetwork-t.build/Objects-normal/arm64/SnabblePayNetwork-Swift.h (in target 'SnabblePayNetwork' from project 'SnabblePay')
    cd /Users/admin/builder/spi-builder-workspace
    builtin-swiftHeaderTool -arch arm64 /Users/admin/builder/spi-builder-workspace/.derivedData/Build/Intermediates.noindex/SnabblePay.build/Debug/SnabblePayNetwork-t.build/Objects-normal/arm64/SnabblePayNetwork-Swift.h -o /Users/admin/builder/spi-builder-workspace/.derivedData/Build/Intermediates.noindex/GeneratedModuleMaps/SnabblePayNetwork-Swift.h
SwiftCompile normal arm64 Compiling\ Endpoint.swift,\ Environment.swift,\ HTTPError.swift /Users/admin/builder/spi-builder-workspace/Sources/Network/Core/Endpoint.swift /Users/admin/builder/spi-builder-workspace/Sources/Network/Core/Environment.swift /Users/admin/builder/spi-builder-workspace/Sources/Network/Core/HTTPError.swift (in target 'SnabblePayNetwork' from project 'SnabblePay')
SwiftCompile normal arm64 /Users/admin/builder/spi-builder-workspace/Sources/Network/Core/Endpoint.swift (in target 'SnabblePayNetwork' from project 'SnabblePay')
    cd /Users/admin/builder/spi-builder-workspace/.swiftpm/xcode
    builtin-SwiftPerFileCompile Endpoint.swift
SwiftCompile normal arm64 /Users/admin/builder/spi-builder-workspace/Sources/Network/Core/Environment.swift (in target 'SnabblePayNetwork' from project 'SnabblePay')
    cd /Users/admin/builder/spi-builder-workspace/.swiftpm/xcode
    builtin-SwiftPerFileCompile Environment.swift
SwiftCompile normal arm64 /Users/admin/builder/spi-builder-workspace/Sources/Network/Core/HTTPError.swift (in target 'SnabblePayNetwork' from project 'SnabblePay')
    cd /Users/admin/builder/spi-builder-workspace/.swiftpm/xcode
    builtin-SwiftPerFileCompile HTTPError.swift
SwiftCompile normal arm64 Compiling\ Sequence+KeyPathSorted.swift,\ Account.swift,\ AccountCheck.swift /Users/admin/builder/spi-builder-workspace/Sources/Network/Helper/Sequence+KeyPathSorted.swift /Users/admin/builder/spi-builder-workspace/Sources/Network/Models/Account.swift /Users/admin/builder/spi-builder-workspace/Sources/Network/Models/AccountCheck.swift (in target 'SnabblePayNetwork' from project 'SnabblePay')
SwiftCompile normal arm64 /Users/admin/builder/spi-builder-workspace/Sources/Network/Helper/Sequence+KeyPathSorted.swift (in target 'SnabblePayNetwork' from project 'SnabblePay')
    cd /Users/admin/builder/spi-builder-workspace/.swiftpm/xcode
    builtin-SwiftPerFileCompile Sequence+KeyPathSorted.swift
SwiftCompile normal arm64 /Users/admin/builder/spi-builder-workspace/Sources/Network/Models/Account.swift (in target 'SnabblePayNetwork' from project 'SnabblePay')
    cd /Users/admin/builder/spi-builder-workspace/.swiftpm/xcode
    builtin-SwiftPerFileCompile Account.swift
SwiftCompile normal arm64 /Users/admin/builder/spi-builder-workspace/Sources/Network/Models/AccountCheck.swift (in target 'SnabblePayNetwork' from project 'SnabblePay')
    cd /Users/admin/builder/spi-builder-workspace/.swiftpm/xcode
    builtin-SwiftPerFileCompile AccountCheck.swift
SwiftCompile normal arm64 Compiling\ Mandate.swift,\ Session.swift /Users/admin/builder/spi-builder-workspace/Sources/Network/Models/Mandate.swift /Users/admin/builder/spi-builder-workspace/Sources/Network/Models/Session.swift (in target 'SnabblePayNetwork' from project 'SnabblePay')
SwiftCompile normal arm64 /Users/admin/builder/spi-builder-workspace/Sources/Network/Models/Mandate.swift (in target 'SnabblePayNetwork' from project 'SnabblePay')
    cd /Users/admin/builder/spi-builder-workspace/.swiftpm/xcode
    builtin-SwiftPerFileCompile Mandate.swift
SwiftCompile normal arm64 /Users/admin/builder/spi-builder-workspace/Sources/Network/Models/Session.swift (in target 'SnabblePayNetwork' from project 'SnabblePay')
    cd /Users/admin/builder/spi-builder-workspace/.swiftpm/xcode
    builtin-SwiftPerFileCompile Session.swift
SwiftCompile normal arm64 Compiling\ Credentials.swift,\ Customer.swift /Users/admin/builder/spi-builder-workspace/Sources/Network/Models/Credentials.swift /Users/admin/builder/spi-builder-workspace/Sources/Network/Models/Customer.swift (in target 'SnabblePayNetwork' from project 'SnabblePay')
SwiftCompile normal arm64 /Users/admin/builder/spi-builder-workspace/Sources/Network/Models/Credentials.swift (in target 'SnabblePayNetwork' from project 'SnabblePay')
    cd /Users/admin/builder/spi-builder-workspace/.swiftpm/xcode
    builtin-SwiftPerFileCompile Credentials.swift
SwiftCompile normal arm64 /Users/admin/builder/spi-builder-workspace/Sources/Network/Models/Customer.swift (in target 'SnabblePayNetwork' from project 'SnabblePay')
    cd /Users/admin/builder/spi-builder-workspace/.swiftpm/xcode
    builtin-SwiftPerFileCompile Customer.swift
SwiftCompile normal arm64 Compiling\ APIError.swift,\ Authenticator.swift,\ Endpoint+Error.swift /Users/admin/builder/spi-builder-workspace/Sources/Network/Core/APIError.swift /Users/admin/builder/spi-builder-workspace/Sources/Network/Core/Authenticator.swift /Users/admin/builder/spi-builder-workspace/Sources/Network/Core/Endpoint+Error.swift (in target 'SnabblePayNetwork' from project 'SnabblePay')
SwiftCompile normal arm64 /Users/admin/builder/spi-builder-workspace/Sources/Network/Core/APIError.swift (in target 'SnabblePayNetwork' from project 'SnabblePay')
    cd /Users/admin/builder/spi-builder-workspace/.swiftpm/xcode
    builtin-SwiftPerFileCompile APIError.swift
SwiftCompile normal arm64 /Users/admin/builder/spi-builder-workspace/Sources/Network/Core/Authenticator.swift (in target 'SnabblePayNetwork' from project 'SnabblePay')
    cd /Users/admin/builder/spi-builder-workspace/.swiftpm/xcode
    builtin-SwiftPerFileCompile Authenticator.swift
SwiftCompile normal arm64 /Users/admin/builder/spi-builder-workspace/Sources/Network/Core/Endpoint+Error.swift (in target 'SnabblePayNetwork' from project 'SnabblePay')
    cd /Users/admin/builder/spi-builder-workspace/.swiftpm/xcode
    builtin-SwiftPerFileCompile Endpoint+Error.swift
SwiftDriverJobDiscovery normal arm64 Compiling CustomerEndpoint.swift, MandateEndpoint.swift, RegisterEndpoint.swift (in target 'SnabblePayNetwork' from project 'SnabblePay')
SwiftCompile normal arm64 Compiling\ Token.swift,\ Transaction.swift /Users/admin/builder/spi-builder-workspace/Sources/Network/Models/Token.swift /Users/admin/builder/spi-builder-workspace/Sources/Network/Models/Transaction.swift (in target 'SnabblePayNetwork' from project 'SnabblePay')
SwiftCompile normal arm64 /Users/admin/builder/spi-builder-workspace/Sources/Network/Models/Token.swift (in target 'SnabblePayNetwork' from project 'SnabblePay')
    cd /Users/admin/builder/spi-builder-workspace/.swiftpm/xcode
    builtin-SwiftPerFileCompile Token.swift
SwiftCompile normal arm64 /Users/admin/builder/spi-builder-workspace/Sources/Network/Models/Transaction.swift (in target 'SnabblePayNetwork' from project 'SnabblePay')
    cd /Users/admin/builder/spi-builder-workspace/.swiftpm/xcode
    builtin-SwiftPerFileCompile Transaction.swift
SwiftDriverJobDiscovery normal arm64 Compiling UUID.swift (in target 'Tagged' from project 'swift-tagged')
SwiftDriverJobDiscovery normal arm64 Compiling MockNetworking.swift (in target 'TestHelper' from project 'SnabblePay')
SwiftDriverJobDiscovery normal arm64 Compiling URL+StringLliteral.swift, URLSession+Endpoint.swift, AccountsEndpoint.swift (in target 'SnabblePayNetwork' from project 'SnabblePay')
SwiftDriverJobDiscovery normal arm64 Compiling Resource.swift (in target 'TestHelper' from project 'SnabblePay')
Copy /Users/admin/builder/spi-builder-workspace/.derivedData/Build/Products/Debug/SnabblePayNetwork.swiftmodule/arm64-apple-macos.swiftmodule /Users/admin/builder/spi-builder-workspace/.derivedData/Build/Intermediates.noindex/SnabblePay.build/Debug/SnabblePayNetwork-t.build/Objects-normal/arm64/SnabblePayNetwork.swiftmodule (in target 'SnabblePayNetwork' from project 'SnabblePay')
    cd /Users/admin/builder/spi-builder-workspace
    builtin-copy -exclude .DS_Store -exclude CVS -exclude .svn -exclude .git -exclude .hg -resolve-src-symlinks -rename /Users/admin/builder/spi-builder-workspace/.derivedData/Build/Intermediates.noindex/SnabblePay.build/Debug/SnabblePayNetwork-t.build/Objects-normal/arm64/SnabblePayNetwork.swiftmodule /Users/admin/builder/spi-builder-workspace/.derivedData/Build/Products/Debug/SnabblePayNetwork.swiftmodule/arm64-apple-macos.swiftmodule
SwiftDriverJobDiscovery normal arm64 Compiling MockURLProtocol.swift (in target 'TestHelper' from project 'SnabblePay')
Copy /Users/admin/builder/spi-builder-workspace/.derivedData/Build/Products/Debug/SnabblePayNetwork.swiftmodule/arm64-apple-macos.swiftdoc /Users/admin/builder/spi-builder-workspace/.derivedData/Build/Intermediates.noindex/SnabblePay.build/Debug/SnabblePayNetwork-t.build/Objects-normal/arm64/SnabblePayNetwork.swiftdoc (in target 'SnabblePayNetwork' from project 'SnabblePay')
    cd /Users/admin/builder/spi-builder-workspace
    builtin-copy -exclude .DS_Store -exclude CVS -exclude .svn -exclude .git -exclude .hg -resolve-src-symlinks -rename /Users/admin/builder/spi-builder-workspace/.derivedData/Build/Intermediates.noindex/SnabblePay.build/Debug/SnabblePayNetwork-t.build/Objects-normal/arm64/SnabblePayNetwork.swiftdoc /Users/admin/builder/spi-builder-workspace/.derivedData/Build/Products/Debug/SnabblePayNetwork.swiftmodule/arm64-apple-macos.swiftdoc
SwiftDriverJobDiscovery normal arm64 Compiling Logger+Snabble.swift (in target 'SnabbleLogger' from project 'SnabblePay')
Copy /Users/admin/builder/spi-builder-workspace/.derivedData/Build/Products/Debug/SnabblePayNetwork.swiftmodule/arm64-apple-macos.abi.json /Users/admin/builder/spi-builder-workspace/.derivedData/Build/Intermediates.noindex/SnabblePay.build/Debug/SnabblePayNetwork-t.build/Objects-normal/arm64/SnabblePayNetwork.abi.json (in target 'SnabblePayNetwork' from project 'SnabblePay')
    cd /Users/admin/builder/spi-builder-workspace
    builtin-copy -exclude .DS_Store -exclude CVS -exclude .svn -exclude .git -exclude .hg -resolve-src-symlinks -rename /Users/admin/builder/spi-builder-workspace/.derivedData/Build/Intermediates.noindex/SnabblePay.build/Debug/SnabblePayNetwork-t.build/Objects-normal/arm64/SnabblePayNetwork.abi.json /Users/admin/builder/spi-builder-workspace/.derivedData/Build/Products/Debug/SnabblePayNetwork.swiftmodule/arm64-apple-macos.abi.json
Copy /Users/admin/builder/spi-builder-workspace/.derivedData/Build/Products/Debug/SnabblePayNetwork.swiftmodule/Project/arm64-apple-macos.swiftsourceinfo /Users/admin/builder/spi-builder-workspace/.derivedData/Build/Intermediates.noindex/SnabblePay.build/Debug/SnabblePayNetwork-t.build/Objects-normal/arm64/SnabblePayNetwork.swiftsourceinfo (in target 'SnabblePayNetwork' from project 'SnabblePay')
    cd /Users/admin/builder/spi-builder-workspace
    builtin-copy -exclude .DS_Store -exclude CVS -exclude .svn -exclude .git -exclude .hg -resolve-src-symlinks -rename /Users/admin/builder/spi-builder-workspace/.derivedData/Build/Intermediates.noindex/SnabblePay.build/Debug/SnabblePayNetwork-t.build/Objects-normal/arm64/SnabblePayNetwork.swiftsourceinfo /Users/admin/builder/spi-builder-workspace/.derivedData/Build/Products/Debug/SnabblePayNetwork.swiftmodule/Project/arm64-apple-macos.swiftsourceinfo
SwiftDriver\ Compilation TestHelper normal arm64 com.apple.xcode.tools.swift.compiler (in target 'TestHelper' from project 'SnabblePay')
    cd /Users/admin/builder/spi-builder-workspace/.swiftpm/xcode
    builtin-Swift-Compilation -- /Applications/Xcode-27.0.0-Release.Candidate.app/Contents/Developer/Toolchains/XcodeDefault.xctoolchain/usr/bin/swiftc -parse-as-library -module-name TestHelper -Onone @/Users/admin/builder/spi-builder-workspace/.derivedData/Build/Intermediates.noindex/SnabblePay.build/Debug/TestHelper-t.build/Objects-normal/arm64/TestHelper.SwiftFileList -DSWIFT_PACKAGE -DDEBUG -DSWIFT_MODULE_RESOURCE_BUNDLE_UNAVAILABLE -DXcode -plugin-path /Applications/Xcode-27.0.0-Release.Candidate.app/Contents/Developer/Toolchains/XcodeDefault.xctoolchain/usr/lib/swift/host/plugins/testing -enable-experimental-feature DebugDescriptionMacro -sdk /Applications/Xcode-27.0.0-Release.Candidate.app/Contents/Developer/Platforms/MacOSX.platform/Developer/SDKs/MacOSX27.0.sdk -target arm64-apple-macos12.0 -g -module-cache-path /Users/admin/builder/spi-builder-workspace/.derivedData/ModuleCache.noindex -Xfrontend -serialize-debugging-options -enable-testing -index-store-path /Users/admin/builder/spi-builder-workspace/.derivedData/Index.noindex/DataStore -Xcc -D_LIBCPP_HARDENING_MODE\=_LIBCPP_HARDENING_MODE_DEBUG -swift-version 5 -I /Users/admin/builder/spi-builder-workspace/.derivedData/Build/Products/Debug -Isystem /Applications/Xcode-27.0.0-Release.Candidate.app/Contents/Developer/Platforms/MacOSX.platform/Developer/usr/lib -F /Users/admin/builder/spi-builder-workspace/.derivedData/Build/Products/Debug -F /Applications/Xcode-27.0.0-Release.Candidate.app/Contents/Developer/Platforms/MacOSX.platform/Developer/Library/Frameworks -emit-localized-strings -emit-localized-strings-path /Users/admin/builder/spi-builder-workspace/.derivedData/Build/Intermediates.noindex/SnabblePay.build/Debug/TestHelper-t.build/Objects-normal/arm64 -c -j10 -enable-batch-mode -incremental -Xcc -ivfsstatcache -Xcc /Users/admin/builder/spi-builder-workspace/.derivedData/SDKStatCaches.noindex/macosx27.0-26A425-e829b21a6f8c9b70876ba0858053c0446a22442a12e9d48fe1a705f55a1adfc4.sdkstatcache -output-file-map /Users/admin/builder/spi-builder-workspace/.derivedData/Build/Intermediates.noindex/SnabblePay.build/Debug/TestHelper-t.build/Objects-normal/arm64/TestHelper-OutputFileMap.json -save-temps -no-color-diagnostics -explicit-module-build -module-cache-path /Users/admin/builder/spi-builder-workspace/.derivedData/Build/Intermediates.noindex/SwiftExplicitPrecompiledModules -clang-scanner-module-cache-path /Users/admin/builder/spi-builder-workspace/.derivedData/ModuleCache.noindex -sdk-module-cache-path /Users/admin/builder/spi-builder-workspace/.derivedData/SDKExplicitPrecompiledModules -emit-dependencies -emit-module -emit-module-path /Users/admin/builder/spi-builder-workspace/.derivedData/Build/Intermediates.noindex/SnabblePay.build/Debug/TestHelper-t.build/Objects-normal/arm64/TestHelper.swiftmodule -serialize-diagnostics -dependency-scan-serialize-diagnostics-path /Users/admin/builder/spi-builder-workspace/.derivedData/Build/Intermediates.noindex/SnabblePay.build/Debug/TestHelper-t.build/Objects-normal/arm64/TestHelper-dependency-scan.dia -validate-clang-modules-once -clang-build-session-file /Users/admin/builder/spi-builder-workspace/.derivedData/ModuleCache.noindex/Session.modulevalidation -Xcc -fmodules-prune-interval\=86400 -Xcc -fmodules-prune-after\=345600 -emit-const-values -const-gather-protocols-list /Users/admin/builder/spi-builder-workspace/.derivedData/Build/Intermediates.noindex/SnabblePay.build/Debug/TestHelper-t.build/Objects-normal/arm64/TestHelper_const_extract_protocols.json -Xcc -I/Users/admin/builder/spi-builder-workspace/.derivedData/Build/Products/Debug/include -Xcc -I/Users/admin/builder/spi-builder-workspace/.derivedData/Build/Intermediates.noindex/SnabblePay.build/Debug/TestHelper-t.build/DerivedSources-normal/arm64 -Xcc -I/Users/admin/builder/spi-builder-workspace/.derivedData/Build/Intermediates.noindex/SnabblePay.build/Debug/TestHelper-t.build/DerivedSources/arm64 -Xcc -I/Users/admin/builder/spi-builder-workspace/.derivedData/Build/Intermediates.noindex/SnabblePay.build/Debug/TestHelper-t.build/DerivedSources -Xcc -DSWIFT_PACKAGE -Xcc -DDEBUG\=1 -emit-objc-header -emit-objc-header-path /Users/admin/builder/spi-builder-workspace/.derivedData/Build/Intermediates.noindex/SnabblePay.build/Debug/TestHelper-t.build/Objects-normal/arm64/TestHelper-Swift.h -working-directory /Users/admin/builder/spi-builder-workspace/.swiftpm/xcode -experimental-emit-module-separately -disable-cmo
SwiftDriver\ Compilation SnabbleLogger normal arm64 com.apple.xcode.tools.swift.compiler (in target 'SnabbleLogger' from project 'SnabblePay')
    cd /Users/admin/builder/spi-builder-workspace/.swiftpm/xcode
    builtin-Swift-Compilation -- /Applications/Xcode-27.0.0-Release.Candidate.app/Contents/Developer/Toolchains/XcodeDefault.xctoolchain/usr/bin/swiftc -parse-as-library -module-name SnabbleLogger -Onone @/Users/admin/builder/spi-builder-workspace/.derivedData/Build/Intermediates.noindex/SnabblePay.build/Debug/SnabbleLogger-t.build/Objects-normal/arm64/SnabbleLogger.SwiftFileList -DSWIFT_PACKAGE -DDEBUG -DSWIFT_MODULE_RESOURCE_BUNDLE_UNAVAILABLE -DXcode -plugin-path /Applications/Xcode-27.0.0-Release.Candidate.app/Contents/Developer/Toolchains/XcodeDefault.xctoolchain/usr/lib/swift/host/plugins/testing -enable-experimental-feature DebugDescriptionMacro -sdk /Applications/Xcode-27.0.0-Release.Candidate.app/Contents/Developer/Platforms/MacOSX.platform/Developer/SDKs/MacOSX27.0.sdk -target arm64-apple-macos12.0 -g -module-cache-path /Users/admin/builder/spi-builder-workspace/.derivedData/ModuleCache.noindex -Xfrontend -serialize-debugging-options -enable-testing -index-store-path /Users/admin/builder/spi-builder-workspace/.derivedData/Index.noindex/DataStore -Xcc -D_LIBCPP_HARDENING_MODE\=_LIBCPP_HARDENING_MODE_DEBUG -swift-version 5 -I /Users/admin/builder/spi-builder-workspace/.derivedData/Build/Products/Debug -Isystem /Applications/Xcode-27.0.0-Release.Candidate.app/Contents/Developer/Platforms/MacOSX.platform/Developer/usr/lib -F /Users/admin/builder/spi-builder-workspace/.derivedData/Build/Products/Debug/PackageFrameworks -F /Users/admin/builder/spi-builder-workspace/.derivedData/Build/Products/Debug -F /Applications/Xcode-27.0.0-Release.Candidate.app/Contents/Developer/Platforms/MacOSX.platform/Developer/Library/Frameworks -emit-localized-strings -emit-localized-strings-path /Users/admin/builder/spi-builder-workspace/.derivedData/Build/Intermediates.noindex/SnabblePay.build/Debug/SnabbleLogger-t.build/Objects-normal/arm64 -c -j10 -enable-batch-mode -incremental -Xcc -ivfsstatcache -Xcc /Users/admin/builder/spi-builder-workspace/.derivedData/SDKStatCaches.noindex/macosx27.0-26A425-e829b21a6f8c9b70876ba0858053c0446a22442a12e9d48fe1a705f55a1adfc4.sdkstatcache -output-file-map /Users/admin/builder/spi-builder-workspace/.derivedData/Build/Intermediates.noindex/SnabblePay.build/Debug/SnabbleLogger-t.build/Objects-normal/arm64/SnabbleLogger-OutputFileMap.json -save-temps -no-color-diagnostics -explicit-module-build -module-cache-path /Users/admin/builder/spi-builder-workspace/.derivedData/Build/Intermediates.noindex/SwiftExplicitPrecompiledModules -clang-scanner-module-cache-path /Users/admin/builder/spi-builder-workspace/.derivedData/ModuleCache.noindex -sdk-module-cache-path /Users/admin/builder/spi-builder-workspace/.derivedData/SDKExplicitPrecompiledModules -emit-dependencies -emit-module -emit-module-path /Users/admin/builder/spi-builder-workspace/.derivedData/Build/Intermediates.noindex/SnabblePay.build/Debug/SnabbleLogger-t.build/Objects-normal/arm64/SnabbleLogger.swiftmodule -serialize-diagnostics -dependency-scan-serialize-diagnostics-path /Users/admin/builder/spi-builder-workspace/.derivedData/Build/Intermediates.noindex/SnabblePay.build/Debug/SnabbleLogger-t.build/Objects-normal/arm64/SnabbleLogger-dependency-scan.dia -validate-clang-modules-once -clang-build-session-file /Users/admin/builder/spi-builder-workspace/.derivedData/ModuleCache.noindex/Session.modulevalidation -Xcc -fmodules-prune-interval\=86400 -Xcc -fmodules-prune-after\=345600 -emit-const-values -const-gather-protocols-list /Users/admin/builder/spi-builder-workspace/.derivedData/Build/Intermediates.noindex/SnabblePay.build/Debug/SnabbleLogger-t.build/Objects-normal/arm64/SnabbleLogger_const_extract_protocols.json -Xcc -I/Users/admin/builder/spi-builder-workspace/.derivedData/Build/Products/Debug/include -Xcc -I/Users/admin/builder/spi-builder-workspace/.derivedData/Build/Intermediates.noindex/SnabblePay.build/Debug/SnabbleLogger-t.build/DerivedSources-normal/arm64 -Xcc -I/Users/admin/builder/spi-builder-workspace/.derivedData/Build/Intermediates.noindex/SnabblePay.build/Debug/SnabbleLogger-t.build/DerivedSources/arm64 -Xcc -I/Users/admin/builder/spi-builder-workspace/.derivedData/Build/Intermediates.noindex/SnabblePay.build/Debug/SnabbleLogger-t.build/DerivedSources -Xcc -DSWIFT_PACKAGE -Xcc -DDEBUG\=1 -emit-objc-header -emit-objc-header-path /Users/admin/builder/spi-builder-workspace/.derivedData/Build/Intermediates.noindex/SnabblePay.build/Debug/SnabbleLogger-t.build/Objects-normal/arm64/SnabbleLogger-Swift.h -working-directory /Users/admin/builder/spi-builder-workspace/.swiftpm/xcode -experimental-emit-module-separately -disable-cmo
Ld /Users/admin/builder/spi-builder-workspace/.derivedData/Build/Products/Debug/TestHelper.o normal (in target 'TestHelper' from project 'SnabblePay')
    cd /Users/admin/builder/spi-builder-workspace
    /Applications/Xcode-27.0.0-Release.Candidate.app/Contents/Developer/Toolchains/XcodeDefault.xctoolchain/usr/bin/clang -Xlinker -reproducible -target arm64-apple-macos12.0 -r -isysroot /Applications/Xcode-27.0.0-Release.Candidate.app/Contents/Developer/Platforms/MacOSX.platform/Developer/SDKs/MacOSX27.0.sdk -O0 -Xlinker -no_warn_duplicate_libraries -F/Users/admin/builder/spi-builder-workspace/.derivedData/Build/Intermediates.noindex/EagerLinkingTBDs/Debug -F/Users/admin/builder/spi-builder-workspace/.derivedData/Build/Products/Debug -iframework /Applications/Xcode-27.0.0-Release.Candidate.app/Contents/Developer/Platforms/MacOSX.platform/Developer/Library/Frameworks -filelist /Users/admin/builder/spi-builder-workspace/.derivedData/Build/Intermediates.noindex/SnabblePay.build/Debug/TestHelper-t.build/Objects-normal/arm64/TestHelper.LinkFileList -nostdlib -Xlinker -object_path_lto -Xlinker /Users/admin/builder/spi-builder-workspace/.derivedData/Build/Intermediates.noindex/SnabblePay.build/Debug/TestHelper-t.build/Objects-normal/arm64/TestHelper_lto.o -Xlinker -no_deduplicate -Xlinker -dependency_info -Xlinker /Users/admin/builder/spi-builder-workspace/.derivedData/Build/Intermediates.noindex/SnabblePay.build/Debug/TestHelper-t.build/Objects-normal/arm64/TestHelper_dependency_info.dat -fobjc-link-runtime -L/Applications/Xcode-27.0.0-Release.Candidate.app/Contents/Developer/Toolchains/XcodeDefault.xctoolchain/usr/lib/swift/macosx -L/usr/lib/swift -Xlinker -add_ast_path -Xlinker /Users/admin/builder/spi-builder-workspace/.derivedData/Build/Intermediates.noindex/SnabblePay.build/Debug/TestHelper-t.build/Objects-normal/arm64/TestHelper.swiftmodule -o /Users/admin/builder/spi-builder-workspace/.derivedData/Build/Products/Debug/TestHelper.o
Ld /Users/admin/builder/spi-builder-workspace/.derivedData/Build/Products/Debug/SnabbleLogger.o normal (in target 'SnabbleLogger' from project 'SnabblePay')
    cd /Users/admin/builder/spi-builder-workspace
    /Applications/Xcode-27.0.0-Release.Candidate.app/Contents/Developer/Toolchains/XcodeDefault.xctoolchain/usr/bin/clang -Xlinker -reproducible -target arm64-apple-macos12.0 -r -isysroot /Applications/Xcode-27.0.0-Release.Candidate.app/Contents/Developer/Platforms/MacOSX.platform/Developer/SDKs/MacOSX27.0.sdk -O0 -Xlinker -no_warn_duplicate_libraries -F/Users/admin/builder/spi-builder-workspace/.derivedData/Build/Intermediates.noindex/EagerLinkingTBDs/Debug -F/Users/admin/builder/spi-builder-workspace/.derivedData/Build/Products/Debug/PackageFrameworks -F/Users/admin/builder/spi-builder-workspace/.derivedData/Build/Products/Debug -iframework /Applications/Xcode-27.0.0-Release.Candidate.app/Contents/Developer/Platforms/MacOSX.platform/Developer/Library/Frameworks -filelist /Users/admin/builder/spi-builder-workspace/.derivedData/Build/Intermediates.noindex/SnabblePay.build/Debug/SnabbleLogger-t.build/Objects-normal/arm64/SnabbleLogger.LinkFileList -nostdlib -Xlinker -object_path_lto -Xlinker /Users/admin/builder/spi-builder-workspace/.derivedData/Build/Intermediates.noindex/SnabblePay.build/Debug/SnabbleLogger-t.build/Objects-normal/arm64/SnabbleLogger_lto.o -Xlinker -no_deduplicate -Xlinker -dependency_info -Xlinker /Users/admin/builder/spi-builder-workspace/.derivedData/Build/Intermediates.noindex/SnabblePay.build/Debug/SnabbleLogger-t.build/Objects-normal/arm64/SnabbleLogger_dependency_info.dat -fobjc-link-runtime -L/Applications/Xcode-27.0.0-Release.Candidate.app/Contents/Developer/Toolchains/XcodeDefault.xctoolchain/usr/lib/swift/macosx -L/usr/lib/swift -Xlinker -add_ast_path -Xlinker /Users/admin/builder/spi-builder-workspace/.derivedData/Build/Intermediates.noindex/SnabblePay.build/Debug/SnabbleLogger-t.build/Objects-normal/arm64/SnabbleLogger.swiftmodule -o /Users/admin/builder/spi-builder-workspace/.derivedData/Build/Products/Debug/SnabbleLogger.o
SwiftDriverJobDiscovery normal arm64 Compiling Tagged.swift (in target 'Tagged' from project 'swift-tagged')
SwiftDriver\ Compilation Tagged normal arm64 com.apple.xcode.tools.swift.compiler (in target 'Tagged' from project 'swift-tagged')
    cd /Users/admin/builder/spi-builder-workspace/.swiftpm/xcode
    builtin-Swift-Compilation -- /Applications/Xcode-27.0.0-Release.Candidate.app/Contents/Developer/Toolchains/XcodeDefault.xctoolchain/usr/bin/swiftc -parse-as-library -module-name Tagged -Onone @/Users/admin/builder/spi-builder-workspace/.derivedData/Build/Intermediates.noindex/swift-tagged.build/Debug/Tagged-t.build/Objects-normal/arm64/Tagged.SwiftFileList -DSWIFT_PACKAGE -DDEBUG -DSWIFT_MODULE_RESOURCE_BUNDLE_UNAVAILABLE -DXcode -plugin-path /Applications/Xcode-27.0.0-Release.Candidate.app/Contents/Developer/Toolchains/XcodeDefault.xctoolchain/usr/lib/swift/host/plugins/testing -enable-experimental-feature DebugDescriptionMacro -sdk /Applications/Xcode-27.0.0-Release.Candidate.app/Contents/Developer/Platforms/MacOSX.platform/Developer/SDKs/MacOSX27.0.sdk -target arm64-apple-macos12.0 -g -module-cache-path /Users/admin/builder/spi-builder-workspace/.derivedData/ModuleCache.noindex -Xfrontend -serialize-debugging-options -enable-testing -suppress-warnings -index-store-path /Users/admin/builder/spi-builder-workspace/.derivedData/Index.noindex/DataStore -Xcc -D_LIBCPP_HARDENING_MODE\=_LIBCPP_HARDENING_MODE_DEBUG -swift-version 5 -I /Users/admin/builder/spi-builder-workspace/.derivedData/Build/Products/Debug -Isystem /Applications/Xcode-27.0.0-Release.Candidate.app/Contents/Developer/Platforms/MacOSX.platform/Developer/usr/lib -F /Users/admin/builder/spi-builder-workspace/.derivedData/Build/Products/Debug -F /Applications/Xcode-27.0.0-Release.Candidate.app/Contents/Developer/Platforms/MacOSX.platform/Developer/Library/Frameworks -c -j10 -enable-batch-mode -incremental -Xcc -ivfsstatcache -Xcc /Users/admin/builder/spi-builder-workspace/.derivedData/SDKStatCaches.noindex/macosx27.0-26A425-e829b21a6f8c9b70876ba0858053c0446a22442a12e9d48fe1a705f55a1adfc4.sdkstatcache -output-file-map /Users/admin/builder/spi-builder-workspace/.derivedData/Build/Intermediates.noindex/swift-tagged.build/Debug/Tagged-t.build/Objects-normal/arm64/Tagged-OutputFileMap.json -save-temps -no-color-diagnostics -explicit-module-build -module-cache-path /Users/admin/builder/spi-builder-workspace/.derivedData/Build/Intermediates.noindex/SwiftExplicitPrecompiledModules -clang-scanner-module-cache-path /Users/admin/builder/spi-builder-workspace/.derivedData/ModuleCache.noindex -sdk-module-cache-path /Users/admin/builder/spi-builder-workspace/.derivedData/SDKExplicitPrecompiledModules -emit-dependencies -emit-module -emit-module-path /Users/admin/builder/spi-builder-workspace/.derivedData/Build/Intermediates.noindex/swift-tagged.build/Debug/Tagged-t.build/Objects-normal/arm64/Tagged.swiftmodule -serialize-diagnostics -dependency-scan-serialize-diagnostics-path /Users/admin/builder/spi-builder-workspace/.derivedData/Build/Intermediates.noindex/swift-tagged.build/Debug/Tagged-t.build/Objects-normal/arm64/Tagged-dependency-scan.dia -validate-clang-modules-once -clang-build-session-file /Users/admin/builder/spi-builder-workspace/.derivedData/ModuleCache.noindex/Session.modulevalidation -Xcc -fmodules-prune-interval\=86400 -Xcc -fmodules-prune-after\=345600 -emit-const-values -const-gather-protocols-list /Users/admin/builder/spi-builder-workspace/.derivedData/Build/Intermediates.noindex/swift-tagged.build/Debug/Tagged-t.build/Objects-normal/arm64/Tagged_const_extract_protocols.json -Xcc -I/Users/admin/builder/spi-builder-workspace/.derivedData/Build/Products/Debug/include -Xcc -I/Users/admin/builder/spi-builder-workspace/.derivedData/Build/Intermediates.noindex/swift-tagged.build/Debug/Tagged-t.build/DerivedSources-normal/arm64 -Xcc -I/Users/admin/builder/spi-builder-workspace/.derivedData/Build/Intermediates.noindex/swift-tagged.build/Debug/Tagged-t.build/DerivedSources/arm64 -Xcc -I/Users/admin/builder/spi-builder-workspace/.derivedData/Build/Intermediates.noindex/swift-tagged.build/Debug/Tagged-t.build/DerivedSources -Xcc -DSWIFT_PACKAGE -Xcc -DDEBUG\=1 -emit-objc-header -emit-objc-header-path /Users/admin/builder/spi-builder-workspace/.derivedData/Build/Intermediates.noindex/swift-tagged.build/Debug/Tagged-t.build/Objects-normal/arm64/Tagged-Swift.h -working-directory /Users/admin/builder/spi-builder-workspace/.swiftpm/xcode -experimental-emit-module-separately -disable-cmo
Ld /Users/admin/builder/spi-builder-workspace/.derivedData/Build/Products/Debug/Tagged.o normal (in target 'Tagged' from project 'swift-tagged')
    cd /Users/admin/builder/spi-builder-workspace/.dependencies/checkouts/swift-tagged
    /Applications/Xcode-27.0.0-Release.Candidate.app/Contents/Developer/Toolchains/XcodeDefault.xctoolchain/usr/bin/clang -Xlinker -reproducible -target arm64-apple-macos12.0 -r -isysroot /Applications/Xcode-27.0.0-Release.Candidate.app/Contents/Developer/Platforms/MacOSX.platform/Developer/SDKs/MacOSX27.0.sdk -O0 -w -Xlinker -no_warn_duplicate_libraries -F/Users/admin/builder/spi-builder-workspace/.derivedData/Build/Intermediates.noindex/EagerLinkingTBDs/Debug -F/Users/admin/builder/spi-builder-workspace/.derivedData/Build/Products/Debug -iframework /Applications/Xcode-27.0.0-Release.Candidate.app/Contents/Developer/Platforms/MacOSX.platform/Developer/Library/Frameworks -filelist /Users/admin/builder/spi-builder-workspace/.derivedData/Build/Intermediates.noindex/swift-tagged.build/Debug/Tagged-t.build/Objects-normal/arm64/Tagged.LinkFileList -nostdlib -Xlinker -object_path_lto -Xlinker /Users/admin/builder/spi-builder-workspace/.derivedData/Build/Intermediates.noindex/swift-tagged.build/Debug/Tagged-t.build/Objects-normal/arm64/Tagged_lto.o -Xlinker -no_deduplicate -Xlinker -dependency_info -Xlinker /Users/admin/builder/spi-builder-workspace/.derivedData/Build/Intermediates.noindex/swift-tagged.build/Debug/Tagged-t.build/Objects-normal/arm64/Tagged_dependency_info.dat -fobjc-link-runtime -L/Applications/Xcode-27.0.0-Release.Candidate.app/Contents/Developer/Toolchains/XcodeDefault.xctoolchain/usr/lib/swift/macosx -L/usr/lib/swift -Xlinker -add_ast_path -Xlinker /Users/admin/builder/spi-builder-workspace/.derivedData/Build/Intermediates.noindex/swift-tagged.build/Debug/Tagged-t.build/Objects-normal/arm64/Tagged.swiftmodule -o /Users/admin/builder/spi-builder-workspace/.derivedData/Build/Products/Debug/Tagged.o
ExtractAppIntentsMetadata (in target 'TestHelper' from project 'SnabblePay')
    cd /Users/admin/builder/spi-builder-workspace
    /Applications/Xcode-27.0.0-Release.Candidate.app/Contents/Developer/Toolchains/XcodeDefault.xctoolchain/usr/bin/appintentsmetadataprocessor --toolchain-dir /var/run/com.apple.security.cryptexd/mnt/com.apple.MobileAsset.MetalToolchain-v27.1.266.1.GVorCU/Metal.xctoolchain --module-name TestHelper --sdk-root /Applications/Xcode-27.0.0-Release.Candidate.app/Contents/Developer/Platforms/MacOSX.platform/Developer/SDKs/MacOSX27.0.sdk --xcode-version 27A266a --platform-family macOS --deployment-target 12.0 --bundle-identifier spi-builder-workspace.TestHelper --output /Users/admin/builder/spi-builder-workspace/.derivedData/Build/Products/Debug/TestHelper.appintents --target-triple arm64-apple-macos12.0 --binary-file /Users/admin/builder/spi-builder-workspace/.derivedData/Build/Products/Debug/TestHelper.o --dependency-file /Users/admin/builder/spi-builder-workspace/.derivedData/Build/Intermediates.noindex/SnabblePay.build/Debug/TestHelper-t.build/Objects-normal/arm64/TestHelper_dependency_info.dat --stringsdata-file /Users/admin/builder/spi-builder-workspace/.derivedData/Build/Intermediates.noindex/SnabblePay.build/Debug/TestHelper-t.build/Objects-normal/arm64/ExtractedAppShortcutsMetadata.stringsdata --source-file-list /Users/admin/builder/spi-builder-workspace/.derivedData/Build/Intermediates.noindex/SnabblePay.build/Debug/TestHelper-t.build/Objects-normal/arm64/TestHelper.SwiftFileList --metadata-file-list /Users/admin/builder/spi-builder-workspace/.derivedData/Build/Intermediates.noindex/SnabblePay.build/Debug/TestHelper-t.build/TestHelper.DependencyMetadataFileList --static-metadata-file-list /Users/admin/builder/spi-builder-workspace/.derivedData/Build/Intermediates.noindex/SnabblePay.build/Debug/TestHelper-t.build/TestHelper.DependencyStaticMetadataFileList --swift-const-vals-list /Users/admin/builder/spi-builder-workspace/.derivedData/Build/Intermediates.noindex/SnabblePay.build/Debug/TestHelper-t.build/Objects-normal/arm64/TestHelper.SwiftConstValuesFileList --force --compile-time-extraction --deployment-aware-processing --no-app-shortcuts-localization
2026-09-20 02:11:32.450 appintentsmetadataprocessor[899:5308] Starting appintentsmetadataprocessor export
2026-09-20 02:11:32.537 appintentsmetadataprocessor[899:5308] Extracted no relevant App Intents symbols, skipping writing output
ExtractAppIntentsMetadata (in target 'SnabbleLogger' from project 'SnabblePay')
    cd /Users/admin/builder/spi-builder-workspace
    /Applications/Xcode-27.0.0-Release.Candidate.app/Contents/Developer/Toolchains/XcodeDefault.xctoolchain/usr/bin/appintentsmetadataprocessor --toolchain-dir /var/run/com.apple.security.cryptexd/mnt/com.apple.MobileAsset.MetalToolchain-v27.1.266.1.GVorCU/Metal.xctoolchain --module-name SnabbleLogger --sdk-root /Applications/Xcode-27.0.0-Release.Candidate.app/Contents/Developer/Platforms/MacOSX.platform/Developer/SDKs/MacOSX27.0.sdk --xcode-version 27A266a --platform-family macOS --deployment-target 12.0 --bundle-identifier spi-builder-workspace.SnabbleLogger --output /Users/admin/builder/spi-builder-workspace/.derivedData/Build/Products/Debug/SnabbleLogger.appintents --target-triple arm64-apple-macos12.0 --binary-file /Users/admin/builder/spi-builder-workspace/.derivedData/Build/Products/Debug/SnabbleLogger.o --dependency-file /Users/admin/builder/spi-builder-workspace/.derivedData/Build/Intermediates.noindex/SnabblePay.build/Debug/SnabbleLogger-t.build/Objects-normal/arm64/SnabbleLogger_dependency_info.dat --stringsdata-file /Users/admin/builder/spi-builder-workspace/.derivedData/Build/Intermediates.noindex/SnabblePay.build/Debug/SnabbleLogger-t.build/Objects-normal/arm64/ExtractedAppShortcutsMetadata.stringsdata --source-file-list /Users/admin/builder/spi-builder-workspace/.derivedData/Build/Intermediates.noindex/SnabblePay.build/Debug/SnabbleLogger-t.build/Objects-normal/arm64/SnabbleLogger.SwiftFileList --metadata-file-list /Users/admin/builder/spi-builder-workspace/.derivedData/Build/Intermediates.noindex/SnabblePay.build/Debug/SnabbleLogger-t.build/SnabbleLogger.DependencyMetadataFileList --static-metadata-file-list /Users/admin/builder/spi-builder-workspace/.derivedData/Build/Intermediates.noindex/SnabblePay.build/Debug/SnabbleLogger-t.build/SnabbleLogger.DependencyStaticMetadataFileList --swift-const-vals-list /Users/admin/builder/spi-builder-workspace/.derivedData/Build/Intermediates.noindex/SnabblePay.build/Debug/SnabbleLogger-t.build/Objects-normal/arm64/SnabbleLogger.SwiftConstValuesFileList --force --compile-time-extraction --deployment-aware-processing --no-app-shortcuts-localization
2026-09-20 02:11:32.451 appintentsmetadataprocessor[900:5309] Starting appintentsmetadataprocessor export
2026-09-20 02:11:32.541 appintentsmetadataprocessor[900:5309] Extracted no relevant App Intents symbols, skipping writing output
ExtractAppIntentsMetadata (in target 'Tagged' from project 'swift-tagged')
    cd /Users/admin/builder/spi-builder-workspace/.dependencies/checkouts/swift-tagged
    /Applications/Xcode-27.0.0-Release.Candidate.app/Contents/Developer/Toolchains/XcodeDefault.xctoolchain/usr/bin/appintentsmetadataprocessor --toolchain-dir /var/run/com.apple.security.cryptexd/mnt/com.apple.MobileAsset.MetalToolchain-v27.1.266.1.GVorCU/Metal.xctoolchain --module-name Tagged --sdk-root /Applications/Xcode-27.0.0-Release.Candidate.app/Contents/Developer/Platforms/MacOSX.platform/Developer/SDKs/MacOSX27.0.sdk --xcode-version 27A266a --platform-family macOS --deployment-target 12.0 --bundle-identifier swift-tagged.Tagged --output /Users/admin/builder/spi-builder-workspace/.derivedData/Build/Products/Debug/Tagged.appintents --target-triple arm64-apple-macos12.0 --binary-file /Users/admin/builder/spi-builder-workspace/.derivedData/Build/Products/Debug/Tagged.o --dependency-file /Users/admin/builder/spi-builder-workspace/.derivedData/Build/Intermediates.noindex/swift-tagged.build/Debug/Tagged-t.build/Objects-normal/arm64/Tagged_dependency_info.dat --stringsdata-file /Users/admin/builder/spi-builder-workspace/.derivedData/Build/Intermediates.noindex/swift-tagged.build/Debug/Tagged-t.build/Objects-normal/arm64/ExtractedAppShortcutsMetadata.stringsdata --source-file-list /Users/admin/builder/spi-builder-workspace/.derivedData/Build/Intermediates.noindex/swift-tagged.build/Debug/Tagged-t.build/Objects-normal/arm64/Tagged.SwiftFileList --metadata-file-list /Users/admin/builder/spi-builder-workspace/.derivedData/Build/Intermediates.noindex/swift-tagged.build/Debug/Tagged-t.build/Tagged.DependencyMetadataFileList --static-metadata-file-list /Users/admin/builder/spi-builder-workspace/.derivedData/Build/Intermediates.noindex/swift-tagged.build/Debug/Tagged-t.build/Tagged.DependencyStaticMetadataFileList --swift-const-vals-list /Users/admin/builder/spi-builder-workspace/.derivedData/Build/Intermediates.noindex/swift-tagged.build/Debug/Tagged-t.build/Objects-normal/arm64/Tagged.SwiftConstValuesFileList --force --compile-time-extraction --deployment-aware-processing --no-app-shortcuts-localization
2026-09-20 02:11:32.490 appintentsmetadataprocessor[902:5325] Starting appintentsmetadataprocessor export
2026-09-20 02:11:32.569 appintentsmetadataprocessor[902:5325] Extracted no relevant App Intents symbols, skipping writing output
SwiftDriver SnabblePay normal arm64 com.apple.xcode.tools.swift.compiler (in target 'SnabblePay' from project 'SnabblePay')
    cd /Users/admin/builder/spi-builder-workspace/.swiftpm/xcode
    builtin-SwiftDriver -- /Applications/Xcode-27.0.0-Release.Candidate.app/Contents/Developer/Toolchains/XcodeDefault.xctoolchain/usr/bin/swiftc -parse-as-library -module-name SnabblePay -Onone @/Users/admin/builder/spi-builder-workspace/.derivedData/Build/Intermediates.noindex/SnabblePay.build/Debug/SnabblePay-t.build/Objects-normal/arm64/SnabblePay.SwiftFileList -DSWIFT_PACKAGE -DDEBUG -DSWIFT_MODULE_RESOURCE_BUNDLE_UNAVAILABLE -DXcode -plugin-path /Applications/Xcode-27.0.0-Release.Candidate.app/Contents/Developer/Toolchains/XcodeDefault.xctoolchain/usr/lib/swift/host/plugins/testing -enable-experimental-feature DebugDescriptionMacro -sdk /Applications/Xcode-27.0.0-Release.Candidate.app/Contents/Developer/Platforms/MacOSX.platform/Developer/SDKs/MacOSX27.0.sdk -target arm64-apple-macos12.0 -g -module-cache-path /Users/admin/builder/spi-builder-workspace/.derivedData/ModuleCache.noindex -Xfrontend -serialize-debugging-options -enable-testing -index-store-path /Users/admin/builder/spi-builder-workspace/.derivedData/Index.noindex/DataStore -Xcc -D_LIBCPP_HARDENING_MODE\=_LIBCPP_HARDENING_MODE_DEBUG -swift-version 5 -I /Users/admin/builder/spi-builder-workspace/.derivedData/Build/Products/Debug -Isystem /Applications/Xcode-27.0.0-Release.Candidate.app/Contents/Developer/Platforms/MacOSX.platform/Developer/usr/lib -F /Users/admin/builder/spi-builder-workspace/.derivedData/Build/Products/Debug/PackageFrameworks -F /Users/admin/builder/spi-builder-workspace/.derivedData/Build/Products/Debug -F /Applications/Xcode-27.0.0-Release.Candidate.app/Contents/Developer/Platforms/MacOSX.platform/Developer/Library/Frameworks -emit-localized-strings -emit-localized-strings-path /Users/admin/builder/spi-builder-workspace/.derivedData/Build/Intermediates.noindex/SnabblePay.build/Debug/SnabblePay-t.build/Objects-normal/arm64 -c -j10 -enable-batch-mode -incremental -Xcc -ivfsstatcache -Xcc /Users/admin/builder/spi-builder-workspace/.derivedData/SDKStatCaches.noindex/macosx27.0-26A425-e829b21a6f8c9b70876ba0858053c0446a22442a12e9d48fe1a705f55a1adfc4.sdkstatcache -output-file-map /Users/admin/builder/spi-builder-workspace/.derivedData/Build/Intermediates.noindex/SnabblePay.build/Debug/SnabblePay-t.build/Objects-normal/arm64/SnabblePay-OutputFileMap.json -save-temps -no-color-diagnostics -explicit-module-build -module-cache-path /Users/admin/builder/spi-builder-workspace/.derivedData/Build/Intermediates.noindex/SwiftExplicitPrecompiledModules -clang-scanner-module-cache-path /Users/admin/builder/spi-builder-workspace/.derivedData/ModuleCache.noindex -sdk-module-cache-path /Users/admin/builder/spi-builder-workspace/.derivedData/SDKExplicitPrecompiledModules -emit-dependencies -emit-module -emit-module-path /Users/admin/builder/spi-builder-workspace/.derivedData/Build/Intermediates.noindex/SnabblePay.build/Debug/SnabblePay-t.build/Objects-normal/arm64/SnabblePay.swiftmodule -serialize-diagnostics -dependency-scan-serialize-diagnostics-path /Users/admin/builder/spi-builder-workspace/.derivedData/Build/Intermediates.noindex/SnabblePay.build/Debug/SnabblePay-t.build/Objects-normal/arm64/SnabblePay-dependency-scan.dia -validate-clang-modules-once -clang-build-session-file /Users/admin/builder/spi-builder-workspace/.derivedData/ModuleCache.noindex/Session.modulevalidation -Xcc -fmodules-prune-interval\=86400 -Xcc -fmodules-prune-after\=345600 -emit-const-values -const-gather-protocols-list /Users/admin/builder/spi-builder-workspace/.derivedData/Build/Intermediates.noindex/SnabblePay.build/Debug/SnabblePay-t.build/Objects-normal/arm64/SnabblePay_const_extract_protocols.json -Xcc -I/Users/admin/builder/spi-builder-workspace/.derivedData/Build/Products/Debug/include -Xcc -I/Users/admin/builder/spi-builder-workspace/.derivedData/Build/Intermediates.noindex/SnabblePay.build/Debug/SnabblePay-t.build/DerivedSources-normal/arm64 -Xcc -I/Users/admin/builder/spi-builder-workspace/.derivedData/Build/Intermediates.noindex/SnabblePay.build/Debug/SnabblePay-t.build/DerivedSources/arm64 -Xcc -I/Users/admin/builder/spi-builder-workspace/.derivedData/Build/Intermediates.noindex/SnabblePay.build/Debug/SnabblePay-t.build/DerivedSources -Xcc -DSWIFT_PACKAGE -Xcc -DDEBUG\=1 -emit-objc-header -emit-objc-header-path /Users/admin/builder/spi-builder-workspace/.derivedData/Build/Intermediates.noindex/SnabblePay.build/Debug/SnabblePay-t.build/Objects-normal/arm64/SnabblePay-Swift.h -working-directory /Users/admin/builder/spi-builder-workspace/.swiftpm/xcode -experimental-emit-module-separately -disable-cmo
error: Clang dependency scanning failure:  (in target 'SnabblePay' from project 'SnabblePay')
/Users/admin/builder/spi-builder-workspace/Sources/Core/SnabblePay+CompletionHandler.swift:8:8: error: Unable to resolve module dependency: 'UIKit' (in target 'SnabblePay' from project 'SnabblePay')
    note: A dependency of main module 'SnabblePay'
/Users/admin/builder/spi-builder-workspace/Sources/Core/SnabblePay+CompletionHandler.swift:8:8: note: A dependency of main module 'SnabblePay'
import UIKit
       ^ (in target 'SnabblePay' from project 'SnabblePay')
SwiftDriverJobDiscovery normal arm64 Compiling Credentials.swift, Customer.swift (in target 'SnabblePayNetwork' from project 'SnabblePay')
SwiftDriverJobDiscovery normal arm64 Compiling Sequence+KeyPathSorted.swift, Account.swift, AccountCheck.swift (in target 'SnabblePayNetwork' from project 'SnabblePay')
SwiftDriverJobDiscovery normal arm64 Compiling Token.swift, Transaction.swift (in target 'SnabblePayNetwork' from project 'SnabblePay')
SwiftDriverJobDiscovery normal arm64 Compiling Mandate.swift, Session.swift (in target 'SnabblePayNetwork' from project 'SnabblePay')
SwiftDriverJobDiscovery normal arm64 Compiling Endpoint.swift, Environment.swift, HTTPError.swift (in target 'SnabblePayNetwork' from project 'SnabblePay')
SwiftDriverJobDiscovery normal arm64 Compiling HTTPMethod.swift, HTTPStatusCode.swift, NetworkManager.swift (in target 'SnabblePayNetwork' from project 'SnabblePay')
SwiftDriverJobDiscovery normal arm64 Compiling APIError.swift, Authenticator.swift, Endpoint+Error.swift (in target 'SnabblePayNetwork' from project 'SnabblePay')
SwiftDriver\ Compilation SnabblePayNetwork normal arm64 com.apple.xcode.tools.swift.compiler (in target 'SnabblePayNetwork' from project 'SnabblePay')
    cd /Users/admin/builder/spi-builder-workspace/.swiftpm/xcode
    builtin-Swift-Compilation -- /Applications/Xcode-27.0.0-Release.Candidate.app/Contents/Developer/Toolchains/XcodeDefault.xctoolchain/usr/bin/swiftc -parse-as-library -module-name SnabblePayNetwork -Onone @/Users/admin/builder/spi-builder-workspace/.derivedData/Build/Intermediates.noindex/SnabblePay.build/Debug/SnabblePayNetwork-t.build/Objects-normal/arm64/SnabblePayNetwork.SwiftFileList -DSWIFT_PACKAGE -DDEBUG -DSWIFT_MODULE_RESOURCE_BUNDLE_UNAVAILABLE -DXcode -plugin-path /Applications/Xcode-27.0.0-Release.Candidate.app/Contents/Developer/Toolchains/XcodeDefault.xctoolchain/usr/lib/swift/host/plugins/testing -enable-experimental-feature DebugDescriptionMacro -sdk /Applications/Xcode-27.0.0-Release.Candidate.app/Contents/Developer/Platforms/MacOSX.platform/Developer/SDKs/MacOSX27.0.sdk -target arm64-apple-macos12.0 -g -module-cache-path /Users/admin/builder/spi-builder-workspace/.derivedData/ModuleCache.noindex -Xfrontend -serialize-debugging-options -enable-testing -index-store-path /Users/admin/builder/spi-builder-workspace/.derivedData/Index.noindex/DataStore -Xcc -D_LIBCPP_HARDENING_MODE\=_LIBCPP_HARDENING_MODE_DEBUG -swift-version 5 -I /Users/admin/builder/spi-builder-workspace/.derivedData/Build/Products/Debug -Isystem /Applications/Xcode-27.0.0-Release.Candidate.app/Contents/Developer/Platforms/MacOSX.platform/Developer/usr/lib -F /Users/admin/builder/spi-builder-workspace/.derivedData/Build/Products/Debug/PackageFrameworks -F /Users/admin/builder/spi-builder-workspace/.derivedData/Build/Products/Debug -F /Applications/Xcode-27.0.0-Release.Candidate.app/Contents/Developer/Platforms/MacOSX.platform/Developer/Library/Frameworks -emit-localized-strings -emit-localized-strings-path /Users/admin/builder/spi-builder-workspace/.derivedData/Build/Intermediates.noindex/SnabblePay.build/Debug/SnabblePayNetwork-t.build/Objects-normal/arm64 -c -j10 -enable-batch-mode -incremental -Xcc -ivfsstatcache -Xcc /Users/admin/builder/spi-builder-workspace/.derivedData/SDKStatCaches.noindex/macosx27.0-26A425-e829b21a6f8c9b70876ba0858053c0446a22442a12e9d48fe1a705f55a1adfc4.sdkstatcache -output-file-map /Users/admin/builder/spi-builder-workspace/.derivedData/Build/Intermediates.noindex/SnabblePay.build/Debug/SnabblePayNetwork-t.build/Objects-normal/arm64/SnabblePayNetwork-OutputFileMap.json -save-temps -no-color-diagnostics -explicit-module-build -module-cache-path /Users/admin/builder/spi-builder-workspace/.derivedData/Build/Intermediates.noindex/SwiftExplicitPrecompiledModules -clang-scanner-module-cache-path /Users/admin/builder/spi-builder-workspace/.derivedData/ModuleCache.noindex -sdk-module-cache-path /Users/admin/builder/spi-builder-workspace/.derivedData/SDKExplicitPrecompiledModules -emit-dependencies -emit-module -emit-module-path /Users/admin/builder/spi-builder-workspace/.derivedData/Build/Intermediates.noindex/SnabblePay.build/Debug/SnabblePayNetwork-t.build/Objects-normal/arm64/SnabblePayNetwork.swiftmodule -serialize-diagnostics -dependency-scan-serialize-diagnostics-path /Users/admin/builder/spi-builder-workspace/.derivedData/Build/Intermediates.noindex/SnabblePay.build/Debug/SnabblePayNetwork-t.build/Objects-normal/arm64/SnabblePayNetwork-dependency-scan.dia -validate-clang-modules-once -clang-build-session-file /Users/admin/builder/spi-builder-workspace/.derivedData/ModuleCache.noindex/Session.modulevalidation -Xcc -fmodules-prune-interval\=86400 -Xcc -fmodules-prune-after\=345600 -emit-const-values -const-gather-protocols-list /Users/admin/builder/spi-builder-workspace/.derivedData/Build/Intermediates.noindex/SnabblePay.build/Debug/SnabblePayNetwork-t.build/Objects-normal/arm64/SnabblePayNetwork_const_extract_protocols.json -Xcc -I/Users/admin/builder/spi-builder-workspace/.derivedData/Build/Products/Debug/include -Xcc -I/Users/admin/builder/spi-builder-workspace/.derivedData/Build/Intermediates.noindex/SnabblePay.build/Debug/SnabblePayNetwork-t.build/DerivedSources-normal/arm64 -Xcc -I/Users/admin/builder/spi-builder-workspace/.derivedData/Build/Intermediates.noindex/SnabblePay.build/Debug/SnabblePayNetwork-t.build/DerivedSources/arm64 -Xcc -I/Users/admin/builder/spi-builder-workspace/.derivedData/Build/Intermediates.noindex/SnabblePay.build/Debug/SnabblePayNetwork-t.build/DerivedSources -Xcc -DSWIFT_PACKAGE -Xcc -DDEBUG\=1 -emit-objc-header -emit-objc-header-path /Users/admin/builder/spi-builder-workspace/.derivedData/Build/Intermediates.noindex/SnabblePay.build/Debug/SnabblePayNetwork-t.build/Objects-normal/arm64/SnabblePayNetwork-Swift.h -working-directory /Users/admin/builder/spi-builder-workspace/.swiftpm/xcode -experimental-emit-module-separately -disable-cmo
Ld /Users/admin/builder/spi-builder-workspace/.derivedData/Build/Products/Debug/SnabblePayNetwork.o normal (in target 'SnabblePayNetwork' from project 'SnabblePay')
    cd /Users/admin/builder/spi-builder-workspace
    /Applications/Xcode-27.0.0-Release.Candidate.app/Contents/Developer/Toolchains/XcodeDefault.xctoolchain/usr/bin/clang -Xlinker -reproducible -target arm64-apple-macos12.0 -r -isysroot /Applications/Xcode-27.0.0-Release.Candidate.app/Contents/Developer/Platforms/MacOSX.platform/Developer/SDKs/MacOSX27.0.sdk -O0 -Xlinker -no_warn_duplicate_libraries -F/Users/admin/builder/spi-builder-workspace/.derivedData/Build/Intermediates.noindex/EagerLinkingTBDs/Debug -F/Users/admin/builder/spi-builder-workspace/.derivedData/Build/Products/Debug/PackageFrameworks -F/Users/admin/builder/spi-builder-workspace/.derivedData/Build/Products/Debug -iframework /Applications/Xcode-27.0.0-Release.Candidate.app/Contents/Developer/Platforms/MacOSX.platform/Developer/Library/Frameworks -filelist /Users/admin/builder/spi-builder-workspace/.derivedData/Build/Intermediates.noindex/SnabblePay.build/Debug/SnabblePayNetwork-t.build/Objects-normal/arm64/SnabblePayNetwork.LinkFileList -nostdlib -Xlinker -object_path_lto -Xlinker /Users/admin/builder/spi-builder-workspace/.derivedData/Build/Intermediates.noindex/SnabblePay.build/Debug/SnabblePayNetwork-t.build/Objects-normal/arm64/SnabblePayNetwork_lto.o -Xlinker -no_deduplicate -Xlinker -dependency_info -Xlinker /Users/admin/builder/spi-builder-workspace/.derivedData/Build/Intermediates.noindex/SnabblePay.build/Debug/SnabblePayNetwork-t.build/Objects-normal/arm64/SnabblePayNetwork_dependency_info.dat -fobjc-link-runtime -L/Applications/Xcode-27.0.0-Release.Candidate.app/Contents/Developer/Toolchains/XcodeDefault.xctoolchain/usr/lib/swift/macosx -L/usr/lib/swift -Xlinker -add_ast_path -Xlinker /Users/admin/builder/spi-builder-workspace/.derivedData/Build/Intermediates.noindex/SnabblePay.build/Debug/SnabblePayNetwork-t.build/Objects-normal/arm64/SnabblePayNetwork.swiftmodule -o /Users/admin/builder/spi-builder-workspace/.derivedData/Build/Products/Debug/SnabblePayNetwork.o
ExtractAppIntentsMetadata (in target 'SnabblePayNetwork' from project 'SnabblePay')
    cd /Users/admin/builder/spi-builder-workspace
    /Applications/Xcode-27.0.0-Release.Candidate.app/Contents/Developer/Toolchains/XcodeDefault.xctoolchain/usr/bin/appintentsmetadataprocessor --toolchain-dir /var/run/com.apple.security.cryptexd/mnt/com.apple.MobileAsset.MetalToolchain-v27.1.266.1.GVorCU/Metal.xctoolchain --module-name SnabblePayNetwork --sdk-root /Applications/Xcode-27.0.0-Release.Candidate.app/Contents/Developer/Platforms/MacOSX.platform/Developer/SDKs/MacOSX27.0.sdk --xcode-version 27A266a --platform-family macOS --deployment-target 12.0 --bundle-identifier spi-builder-workspace.SnabblePayNetwork --output /Users/admin/builder/spi-builder-workspace/.derivedData/Build/Products/Debug/SnabblePayNetwork.appintents --target-triple arm64-apple-macos12.0 --binary-file /Users/admin/builder/spi-builder-workspace/.derivedData/Build/Products/Debug/SnabblePayNetwork.o --dependency-file /Users/admin/builder/spi-builder-workspace/.derivedData/Build/Intermediates.noindex/SnabblePay.build/Debug/SnabblePayNetwork-t.build/Objects-normal/arm64/SnabblePayNetwork_dependency_info.dat --stringsdata-file /Users/admin/builder/spi-builder-workspace/.derivedData/Build/Intermediates.noindex/SnabblePay.build/Debug/SnabblePayNetwork-t.build/Objects-normal/arm64/ExtractedAppShortcutsMetadata.stringsdata --source-file-list /Users/admin/builder/spi-builder-workspace/.derivedData/Build/Intermediates.noindex/SnabblePay.build/Debug/SnabblePayNetwork-t.build/Objects-normal/arm64/SnabblePayNetwork.SwiftFileList --metadata-file-list /Users/admin/builder/spi-builder-workspace/.derivedData/Build/Intermediates.noindex/SnabblePay.build/Debug/SnabblePayNetwork-t.build/SnabblePayNetwork.DependencyMetadataFileList --static-metadata-file-list /Users/admin/builder/spi-builder-workspace/.derivedData/Build/Intermediates.noindex/SnabblePay.build/Debug/SnabblePayNetwork-t.build/SnabblePayNetwork.DependencyStaticMetadataFileList --swift-const-vals-list /Users/admin/builder/spi-builder-workspace/.derivedData/Build/Intermediates.noindex/SnabblePay.build/Debug/SnabblePayNetwork-t.build/Objects-normal/arm64/SnabblePayNetwork.SwiftConstValuesFileList --force --compile-time-extraction --deployment-aware-processing --no-app-shortcuts-localization
2026-09-20 02:11:32.779 appintentsmetadataprocessor[905:5402] Starting appintentsmetadataprocessor export
2026-09-20 02:11:32.840 appintentsmetadataprocessor[905:5402] Extracted no relevant App Intents symbols, skipping writing output
PruneExplicitPrecompiledModules /Users/admin/builder/spi-builder-workspace/.derivedData/Build/Intermediates.noindex/SwiftExplicitPrecompiledModules
PruneExplicitPrecompiledModules /Users/admin/builder/spi-builder-workspace/.derivedData/SDKExplicitPrecompiledModules
PruneExplicitPrecompiledModules /Users/admin/builder/spi-builder-workspace/.derivedData/Build/Intermediates.noindex/ExplicitPrecompiledModules
2026-09-20 02:11:22.061 xcodebuild[776:4675] [MT] IDERunDestination: Supported platforms for the buildables in the current scheme is empty.
2026-09-20 02:11:22.163 xcodebuild[776:4675] [MT] IDERunDestination: Supported platforms for the buildables in the current scheme is empty.
--- xcodebuild: WARNING: Using the first of multiple matching destinations:
{ platform:macOS, arch:arm64, id:adc260e7c939c656cff8f03883044eb9534c9e33, name:My Mac }
{ platform:macOS, arch:arm64, variant:Mac Catalyst, id:adc260e7c939c656cff8f03883044eb9534c9e33, name:My Mac }
{ platform:macOS, arch:arm64, variant:DriverKit, id:adc260e7c939c656cff8f03883044eb9534c9e33, name:My Mac }
{ platform:macOS, arch:arm64, variant:Designed for [iPad,iPhone], id:adc260e7c939c656cff8f03883044eb9534c9e33, name:My Mac }
** BUILD FAILED **
The following build commands failed:
	SwiftDriver SnabblePay normal arm64 com.apple.xcode.tools.swift.compiler (in target 'SnabblePay' from project 'SnabblePay')
	Building workspace SnabblePay with scheme SnabblePay-Package
(2 failures)
Command line invocation:
    /Applications/Xcode-27.0.0-Release.Candidate.app/Contents/Developer/usr/bin/xcodebuild -IDEClonedSourcePackagesDirPathOverride=/Users/admin/builder/spi-builder-workspace/.dependencies -resolvePackageDependencies
Resolve Package Graph
Resolved source packages:
  swift-log: https://github.com/apple/swift-log.git @ 1.15.1
  SnabblePay: /Users/admin/builder/spi-builder-workspace
  swift-tagged: https://github.com/pointfreeco/swift-tagged @ 0.10.0
resolved source packages: swift-log, SnabblePay, swift-tagged
2026-09-20 02:11:33.710 xcodebuild[906:5424] [MT] IDERunDestination: Supported platforms for the buildables in the current scheme is empty.
2026-09-20 02:11:33.813 xcodebuild[906:5424] [MT] IDERunDestination: Supported platforms for the buildables in the current scheme is empty.
{
  "default_localization" : "en",
  "dependencies" : [
    {
      "identity" : "swift-tagged",
      "requirement" : {
        "range" : [
          {
            "lower_bound" : "0.10.0",
            "upper_bound" : "1.0.0"
          }
        ]
      },
      "type" : "sourceControl",
      "url" : "https://github.com/pointfreeco/swift-tagged"
    },
    {
      "identity" : "swift-log",
      "requirement" : {
        "range" : [
          {
            "lower_bound" : "1.5.3",
            "upper_bound" : "2.0.0"
          }
        ]
      },
      "type" : "sourceControl",
      "url" : "https://github.com/apple/swift-log.git"
    }
  ],
  "manifest_display_name" : "SnabblePay",
  "name" : "SnabblePay",
  "path" : "/Users/admin/builder/spi-builder-workspace",
  "platforms" : [
    {
      "name" : "ios",
      "version" : "15.0"
    }
  ],
  "products" : [
    {
      "name" : "SnabblePay",
      "targets" : [
        "SnabblePay"
      ],
      "type" : {
        "library" : [
          "automatic"
        ]
      }
    }
  ],
  "targets" : [
    {
      "c99name" : "TestHelper",
      "module_type" : "SwiftTarget",
      "name" : "TestHelper",
      "path" : "Tests/Helper",
      "sources" : [
        "MockNetworking.swift",
        "MockURLProtocol.swift",
        "Resource.swift",
        "TestingDefaults.swift"
      ],
      "type" : "library"
    },
    {
      "c99name" : "SnabblePayNetworkTests",
      "module_type" : "SwiftTarget",
      "name" : "SnabblePayNetworkTests",
      "path" : "Tests/Network",
      "resources" : [
        {
          "path" : "/Users/admin/builder/spi-builder-workspace/Tests/Network/Resources/account-check.json",
          "rule" : {
            "process" : {
            }
          }
        },
        {
          "path" : "/Users/admin/builder/spi-builder-workspace/Tests/Network/Resources/account-id.json",
          "rule" : {
            "process" : {
            }
          }
        },
        {
          "path" : "/Users/admin/builder/spi-builder-workspace/Tests/Network/Resources/accounts-empty.json",
          "rule" : {
            "process" : {
            }
          }
        },
        {
          "path" : "/Users/admin/builder/spi-builder-workspace/Tests/Network/Resources/accounts-many.json",
          "rule" : {
            "process" : {
            }
          }
        },
        {
          "path" : "/Users/admin/builder/spi-builder-workspace/Tests/Network/Resources/accounts-one.json",
          "rule" : {
            "process" : {
            }
          }
        },
        {
          "path" : "/Users/admin/builder/spi-builder-workspace/Tests/Network/Resources/customer-null.json",
          "rule" : {
            "process" : {
            }
          }
        },
        {
          "path" : "/Users/admin/builder/spi-builder-workspace/Tests/Network/Resources/customer.json",
          "rule" : {
            "process" : {
            }
          }
        },
        {
          "path" : "/Users/admin/builder/spi-builder-workspace/Tests/Network/Resources/error-unknown.json",
          "rule" : {
            "process" : {
            }
          }
        },
        {
          "path" : "/Users/admin/builder/spi-builder-workspace/Tests/Network/Resources/mandate-accepted-otherId.json",
          "rule" : {
            "process" : {
            }
          }
        },
        {
          "path" : "/Users/admin/builder/spi-builder-workspace/Tests/Network/Resources/mandate-accepted.json",
          "rule" : {
            "process" : {
            }
          }
        },
        {
          "path" : "/Users/admin/builder/spi-builder-workspace/Tests/Network/Resources/mandate-declined.json",
          "rule" : {
            "process" : {
            }
          }
        },
        {
          "path" : "/Users/admin/builder/spi-builder-workspace/Tests/Network/Resources/mandate-pending.json",
          "rule" : {
            "process" : {
            }
          }
        },
        {
          "path" : "/Users/admin/builder/spi-builder-workspace/Tests/Network/Resources/register.json",
          "rule" : {
            "process" : {
            }
          }
        },
        {
          "path" : "/Users/admin/builder/spi-builder-workspace/Tests/Network/Resources/sessions-get.json",
          "rule" : {
            "process" : {
            }
          }
        },
        {
          "path" : "/Users/admin/builder/spi-builder-workspace/Tests/Network/Resources/sessions-post-error-declined.json",
          "rule" : {
            "process" : {
            }
          }
        },
        {
          "path" : "/Users/admin/builder/spi-builder-workspace/Tests/Network/Resources/sessions-post-error-unknown.json",
          "rule" : {
            "process" : {
            }
          }
        },
        {
          "path" : "/Users/admin/builder/spi-builder-workspace/Tests/Network/Resources/sessions-post.json",
          "rule" : {
            "process" : {
            }
          }
        },
        {
          "path" : "/Users/admin/builder/spi-builder-workspace/Tests/Network/Resources/sessions.json",
          "rule" : {
            "process" : {
            }
          }
        },
        {
          "path" : "/Users/admin/builder/spi-builder-workspace/Tests/Network/Resources/token.json",
          "rule" : {
            "process" : {
            }
          }
        }
      ],
      "sources" : [
        "Core/EndpointTests.swift",
        "Core/EnvironmentTests.swift",
        "Core/HTTPMethodTests.swift",
        "Core/NetworkManagerTests.swift",
        "Core/SequencePathSortedTests.swift",
        "Core/URL+StringLiteralTests.swift",
        "Core/URLSessionEndpointTests.swift",
        "Endpoints/AccountsEndpointTests.swift",
        "Endpoints/CustomerEndpointTests.swift",
        "Endpoints/MandateEndpointTests.swift",
        "Endpoints/RegisterEndpointTests.swift",
        "Endpoints/SessionEndpointTests.swift",
        "Endpoints/TokenEndpointTests.swift"
      ],
      "target_dependencies" : [
        "SnabblePayNetwork",
        "TestHelper"
      ],
      "type" : "test"
    },
    {
      "c99name" : "SnabblePayNetwork",
      "module_type" : "SwiftTarget",
      "name" : "SnabblePayNetwork",
      "path" : "Sources/Network",
      "product_memberships" : [
        "SnabblePay"
      ],
      "sources" : [
        "Core/APIError.swift",
        "Core/Authenticator.swift",
        "Core/Endpoint+Error.swift",
        "Core/Endpoint.swift",
        "Core/Environment.swift",
        "Core/HTTPError.swift",
        "Core/HTTPMethod.swift",
        "Core/HTTPStatusCode.swift",
        "Core/NetworkManager.swift",
        "Core/URL+StringLliteral.swift",
        "Core/URLSession+Endpoint.swift",
        "Endpoints/AccountsEndpoint.swift",
        "Endpoints/CustomerEndpoint.swift",
        "Endpoints/MandateEndpoint.swift",
        "Endpoints/RegisterEndpoint.swift",
        "Endpoints/SessionEndpoint.swift",
        "Endpoints/TokenEndpoint.swift",
        "Helper/Publisher+RetryWhenDoBefore.swift",
        "Helper/Sequence+KeyPathSorted.swift",
        "Models/Account.swift",
        "Models/AccountCheck.swift",
        "Models/Credentials.swift",
        "Models/Customer.swift",
        "Models/Mandate.swift",
        "Models/Session.swift",
        "Models/Token.swift",
        "Models/Transaction.swift"
      ],
      "target_dependencies" : [
        "SnabbleLogger"
      ],
      "type" : "library"
    },
    {
      "c99name" : "SnabblePayCoreTests",
      "module_type" : "SwiftTarget",
      "name" : "SnabblePayCoreTests",
      "path" : "Tests/Core",
      "resources" : [
        {
          "path" : "/Users/admin/builder/spi-builder-workspace/Tests/Core/Resources/account-check.json",
          "rule" : {
            "process" : {
            }
          }
        },
        {
          "path" : "/Users/admin/builder/spi-builder-workspace/Tests/Core/Resources/account-id.json",
          "rule" : {
            "process" : {
            }
          }
        },
        {
          "path" : "/Users/admin/builder/spi-builder-workspace/Tests/Core/Resources/accounts-empty.json",
          "rule" : {
            "process" : {
            }
          }
        },
        {
          "path" : "/Users/admin/builder/spi-builder-workspace/Tests/Core/Resources/accounts-many.json",
          "rule" : {
            "process" : {
            }
          }
        },
        {
          "path" : "/Users/admin/builder/spi-builder-workspace/Tests/Core/Resources/accounts-one.json",
          "rule" : {
            "process" : {
            }
          }
        },
        {
          "path" : "/Users/admin/builder/spi-builder-workspace/Tests/Core/Resources/mandate-accepted-otherId.json",
          "rule" : {
            "process" : {
            }
          }
        },
        {
          "path" : "/Users/admin/builder/spi-builder-workspace/Tests/Core/Resources/mandate-accepted.json",
          "rule" : {
            "process" : {
            }
          }
        },
        {
          "path" : "/Users/admin/builder/spi-builder-workspace/Tests/Core/Resources/mandate-declined.json",
          "rule" : {
            "process" : {
            }
          }
        },
        {
          "path" : "/Users/admin/builder/spi-builder-workspace/Tests/Core/Resources/mandate-pending.json",
          "rule" : {
            "process" : {
            }
          }
        },
        {
          "path" : "/Users/admin/builder/spi-builder-workspace/Tests/Core/Resources/register.json",
          "rule" : {
            "process" : {
            }
          }
        },
        {
          "path" : "/Users/admin/builder/spi-builder-workspace/Tests/Core/Resources/sessions-get.json",
          "rule" : {
            "process" : {
            }
          }
        },
        {
          "path" : "/Users/admin/builder/spi-builder-workspace/Tests/Core/Resources/sessions-post-error-declined.json",
          "rule" : {
            "process" : {
            }
          }
        },
        {
          "path" : "/Users/admin/builder/spi-builder-workspace/Tests/Core/Resources/sessions-post-error-unknown.json",
          "rule" : {
            "process" : {
            }
          }
        },
        {
          "path" : "/Users/admin/builder/spi-builder-workspace/Tests/Core/Resources/sessions-post.json",
          "rule" : {
            "process" : {
            }
          }
        },
        {
          "path" : "/Users/admin/builder/spi-builder-workspace/Tests/Core/Resources/sessions.json",
          "rule" : {
            "process" : {
            }
          }
        },
        {
          "path" : "/Users/admin/builder/spi-builder-workspace/Tests/Core/Resources/token.json",
          "rule" : {
            "process" : {
            }
          }
        }
      ],
      "sources" : [
        "Models/MandateTests.swift",
        "SnabblePayTests.swift"
      ],
      "target_dependencies" : [
        "SnabblePay",
        "TestHelper"
      ],
      "type" : "test"
    },
    {
      "c99name" : "SnabblePay",
      "module_type" : "SwiftTarget",
      "name" : "SnabblePay",
      "path" : "Sources/Core",
      "product_dependencies" : [
        "Tagged"
      ],
      "product_memberships" : [
        "SnabblePay"
      ],
      "sources" : [
        "Models/Account.swift",
        "Models/AccountCheck.swift",
        "Models/Credentials.swift",
        "Models/Customer.swift",
        "Models/Mandate.swift",
        "Models/Protocols/DataTransferObject.swift",
        "Models/Session.swift",
        "Models/Transaction.swift",
        "SnabblePay+CompletionHandler.swift",
        "SnabblePay+Error.swift",
        "SnabblePay+NetworkManagerDelegate.swift",
        "SnabblePay.swift"
      ],
      "target_dependencies" : [
        "SnabblePayNetwork",
        "SnabbleLogger"
      ],
      "type" : "library"
    },
    {
      "c99name" : "SnabbleLogger",
      "module_type" : "SwiftTarget",
      "name" : "SnabbleLogger",
      "path" : "Sources/Logger",
      "product_dependencies" : [
        "Logging"
      ],
      "product_memberships" : [
        "SnabblePay"
      ],
      "sources" : [
        "Logger+Snabble.swift"
      ],
      "type" : "library"
    }
  ],
  "tools_version" : "5.7"
}
{
  "workspace" : {
    "name" : "SnabblePay",
    "schemes" : [
      "SnabblePay",
      "SnabblePay-Package",
      "SnabblePayCore",
      "SnabblePayUI"
    ]
  }
}
2026-09-20 02:11:34.985 xcodebuild[914:5498] [MT] IDERunDestination: Supported platforms for the buildables in the current scheme is empty.
2026-09-20 02:11:35.088 xcodebuild[914:5498] [MT] IDERunDestination: Supported platforms for the buildables in the current scheme is empty.
Running build ...
env DEVELOPER_DIR=/Applications/Xcode-27.0.0-Release.Candidate.app xcrun xcodebuild -IDEClonedSourcePackagesDirPathOverride=$PWD/.dependencies -skipMacroValidation -skipPackagePluginValidation -derivedDataPath $PWD/.derivedData build -scheme SnabblePay-Package -destination platform=macOS,arch=arm64
Command line invocation:
    /Applications/Xcode-27.0.0-Release.Candidate.app/Contents/Developer/usr/bin/xcodebuild -IDEClonedSourcePackagesDirPathOverride=/Users/admin/builder/spi-builder-workspace/.dependencies -skipMacroValidation -skipPackagePluginValidation -derivedDataPath /Users/admin/builder/spi-builder-workspace/.derivedData build -scheme SnabblePay-Package -destination platform=macOS,arch=arm64
Resolve Package Graph
Resolved source packages:
  SnabblePay: /Users/admin/builder/spi-builder-workspace
  swift-tagged: https://github.com/pointfreeco/swift-tagged @ 0.10.0
  swift-log: https://github.com/apple/swift-log.git @ 1.15.1
ComputePackagePrebuildTargetDependencyGraph
Prepare packages
CreateBuildRequest
SendProjectDescription
CreateBuildOperation
ComputeTargetDependencyGraph
note: Building targets in dependency order
note: Target dependency graph (12 targets)
    Target 'SnabblePay_SnabblePayNetworkTests' in project 'SnabblePay' (no dependencies)
    Target 'SnabblePayCoreTests-product' in project 'SnabblePay'
        ➜ Explicit dependency on target 'SnabblePay_SnabblePayCoreTests' in project 'SnabblePay'
        ➜ Explicit dependency on target 'SnabbleLogger' in project 'SnabblePay'
        ➜ Explicit dependency on target 'SnabblePayNetwork' in project 'SnabblePay'
        ➜ Explicit dependency on target 'SnabblePay' in project 'SnabblePay'
        ➜ Explicit dependency on target 'TestHelper' in project 'SnabblePay'
        ➜ Explicit dependency on target 'Logging-product' in project 'swift-log'
        ➜ Explicit dependency on target 'Tagged-product' in project 'swift-tagged'
    Target 'TestHelper' in project 'SnabblePay' (no dependencies)
    Target 'SnabblePay_SnabblePayCoreTests' in project 'SnabblePay' (no dependencies)
    Target 'SnabblePay-product' in project 'SnabblePay'
        ➜ Explicit dependency on target 'SnabblePay' in project 'SnabblePay'
        ➜ Explicit dependency on target 'SnabbleLogger' in project 'SnabblePay'
        ➜ Explicit dependency on target 'SnabblePayNetwork' in project 'SnabblePay'
        ➜ Explicit dependency on target 'Logging-product' in project 'swift-log'
        ➜ Explicit dependency on target 'Tagged-product' in project 'swift-tagged'
    Target 'SnabblePay' in project 'SnabblePay'
        ➜ Explicit dependency on target 'SnabbleLogger' in project 'SnabblePay'
        ➜ Explicit dependency on target 'SnabblePayNetwork' in project 'SnabblePay'
        ➜ Explicit dependency on target 'Logging-product' in project 'swift-log'
        ➜ Explicit dependency on target 'Tagged-product' in project 'swift-tagged'
    Target 'Tagged-product' in project 'swift-tagged'
        ➜ Explicit dependency on target 'Tagged' in project 'swift-tagged'
    Target 'Tagged' in project 'swift-tagged' (no dependencies)
    Target 'SnabblePayNetwork' in project 'SnabblePay'
        ➜ Explicit dependency on target 'SnabbleLogger' in project 'SnabblePay'
        ➜ Explicit dependency on target 'Logging-product' in project 'swift-log'
    Target 'SnabbleLogger' in project 'SnabblePay'
        ➜ Explicit dependency on target 'Logging-product' in project 'swift-log'
    Target 'Logging-product' in project 'swift-log'
        ➜ Explicit dependency on target 'Logging' in project 'swift-log'
    Target 'Logging' in project 'swift-log' (no dependencies)
GatherProvisioningInputs
CreateBuildDescription
ClangStatCache /Applications/Xcode-27.0.0-Release.Candidate.app/Contents/Developer/Toolchains/XcodeDefault.xctoolchain/usr/bin/clang-stat-cache /Applications/Xcode-27.0.0-Release.Candidate.app/Contents/Developer/Platforms/MacOSX.platform/Developer/SDKs/MacOSX27.0.sdk /Users/admin/builder/spi-builder-workspace/.derivedData/SDKStatCaches.noindex/macosx27.0-26A425-e829b21a6f8c9b70876ba0858053c0446a22442a12e9d48fe1a705f55a1adfc4.sdkstatcache
    cd /Users/admin/builder/spi-builder-workspace/.swiftpm/xcode
    /Applications/Xcode-27.0.0-Release.Candidate.app/Contents/Developer/Toolchains/XcodeDefault.xctoolchain/usr/bin/clang-stat-cache /Applications/Xcode-27.0.0-Release.Candidate.app/Contents/Developer/Platforms/MacOSX.platform/Developer/SDKs/MacOSX27.0.sdk -o /Users/admin/builder/spi-builder-workspace/.derivedData/SDKStatCaches.noindex/macosx27.0-26A425-e829b21a6f8c9b70876ba0858053c0446a22442a12e9d48fe1a705f55a1adfc4.sdkstatcache
SwiftDriver SnabblePay normal arm64 com.apple.xcode.tools.swift.compiler (in target 'SnabblePay' from project 'SnabblePay')
    cd /Users/admin/builder/spi-builder-workspace/.swiftpm/xcode
    builtin-SwiftDriver -- /Applications/Xcode-27.0.0-Release.Candidate.app/Contents/Developer/Toolchains/XcodeDefault.xctoolchain/usr/bin/swiftc -parse-as-library -module-name SnabblePay -Onone @/Users/admin/builder/spi-builder-workspace/.derivedData/Build/Intermediates.noindex/SnabblePay.build/Debug/SnabblePay-t.build/Objects-normal/arm64/SnabblePay.SwiftFileList -DSWIFT_PACKAGE -DDEBUG -DSWIFT_MODULE_RESOURCE_BUNDLE_UNAVAILABLE -DXcode -plugin-path /Applications/Xcode-27.0.0-Release.Candidate.app/Contents/Developer/Toolchains/XcodeDefault.xctoolchain/usr/lib/swift/host/plugins/testing -enable-experimental-feature DebugDescriptionMacro -sdk /Applications/Xcode-27.0.0-Release.Candidate.app/Contents/Developer/Platforms/MacOSX.platform/Developer/SDKs/MacOSX27.0.sdk -target arm64-apple-macos12.0 -g -module-cache-path /Users/admin/builder/spi-builder-workspace/.derivedData/ModuleCache.noindex -Xfrontend -serialize-debugging-options -enable-testing -index-store-path /Users/admin/builder/spi-builder-workspace/.derivedData/Index.noindex/DataStore -Xcc -D_LIBCPP_HARDENING_MODE\=_LIBCPP_HARDENING_MODE_DEBUG -swift-version 5 -I /Users/admin/builder/spi-builder-workspace/.derivedData/Build/Products/Debug -Isystem /Applications/Xcode-27.0.0-Release.Candidate.app/Contents/Developer/Platforms/MacOSX.platform/Developer/usr/lib -F /Users/admin/builder/spi-builder-workspace/.derivedData/Build/Products/Debug/PackageFrameworks -F /Users/admin/builder/spi-builder-workspace/.derivedData/Build/Products/Debug -F /Applications/Xcode-27.0.0-Release.Candidate.app/Contents/Developer/Platforms/MacOSX.platform/Developer/Library/Frameworks -emit-localized-strings -emit-localized-strings-path /Users/admin/builder/spi-builder-workspace/.derivedData/Build/Intermediates.noindex/SnabblePay.build/Debug/SnabblePay-t.build/Objects-normal/arm64 -c -j10 -enable-batch-mode -incremental -Xcc -ivfsstatcache -Xcc /Users/admin/builder/spi-builder-workspace/.derivedData/SDKStatCaches.noindex/macosx27.0-26A425-e829b21a6f8c9b70876ba0858053c0446a22442a12e9d48fe1a705f55a1adfc4.sdkstatcache -output-file-map /Users/admin/builder/spi-builder-workspace/.derivedData/Build/Intermediates.noindex/SnabblePay.build/Debug/SnabblePay-t.build/Objects-normal/arm64/SnabblePay-OutputFileMap.json -save-temps -no-color-diagnostics -explicit-module-build -module-cache-path /Users/admin/builder/spi-builder-workspace/.derivedData/Build/Intermediates.noindex/SwiftExplicitPrecompiledModules -clang-scanner-module-cache-path /Users/admin/builder/spi-builder-workspace/.derivedData/ModuleCache.noindex -sdk-module-cache-path /Users/admin/builder/spi-builder-workspace/.derivedData/SDKExplicitPrecompiledModules -emit-dependencies -emit-module -emit-module-path /Users/admin/builder/spi-builder-workspace/.derivedData/Build/Intermediates.noindex/SnabblePay.build/Debug/SnabblePay-t.build/Objects-normal/arm64/SnabblePay.swiftmodule -serialize-diagnostics -dependency-scan-serialize-diagnostics-path /Users/admin/builder/spi-builder-workspace/.derivedData/Build/Intermediates.noindex/SnabblePay.build/Debug/SnabblePay-t.build/Objects-normal/arm64/SnabblePay-dependency-scan.dia -validate-clang-modules-once -clang-build-session-file /Users/admin/builder/spi-builder-workspace/.derivedData/ModuleCache.noindex/Session.modulevalidation -Xcc -fmodules-prune-interval\=86400 -Xcc -fmodules-prune-after\=345600 -emit-const-values -const-gather-protocols-list /Users/admin/builder/spi-builder-workspace/.derivedData/Build/Intermediates.noindex/SnabblePay.build/Debug/SnabblePay-t.build/Objects-normal/arm64/SnabblePay_const_extract_protocols.json -Xcc -I/Users/admin/builder/spi-builder-workspace/.derivedData/Build/Products/Debug/include -Xcc -I/Users/admin/builder/spi-builder-workspace/.derivedData/Build/Intermediates.noindex/SnabblePay.build/Debug/SnabblePay-t.build/DerivedSources-normal/arm64 -Xcc -I/Users/admin/builder/spi-builder-workspace/.derivedData/Build/Intermediates.noindex/SnabblePay.build/Debug/SnabblePay-t.build/DerivedSources/arm64 -Xcc -I/Users/admin/builder/spi-builder-workspace/.derivedData/Build/Intermediates.noindex/SnabblePay.build/Debug/SnabblePay-t.build/DerivedSources -Xcc -DSWIFT_PACKAGE -Xcc -DDEBUG\=1 -emit-objc-header -emit-objc-header-path /Users/admin/builder/spi-builder-workspace/.derivedData/Build/Intermediates.noindex/SnabblePay.build/Debug/SnabblePay-t.build/Objects-normal/arm64/SnabblePay-Swift.h -working-directory /Users/admin/builder/spi-builder-workspace/.swiftpm/xcode -experimental-emit-module-separately -disable-cmo
error: Clang dependency scanning failure:  (in target 'SnabblePay' from project 'SnabblePay')
/Users/admin/builder/spi-builder-workspace/Sources/Core/SnabblePay+CompletionHandler.swift:8:8: error: Unable to resolve module dependency: 'UIKit' (in target 'SnabblePay' from project 'SnabblePay')
    note: A dependency of main module 'SnabblePay'
/Users/admin/builder/spi-builder-workspace/Sources/Core/SnabblePay+CompletionHandler.swift:8:8: note: A dependency of main module 'SnabblePay'
import UIKit
       ^ (in target 'SnabblePay' from project 'SnabblePay')
PruneExplicitPrecompiledModules /Users/admin/builder/spi-builder-workspace/.derivedData/SDKExplicitPrecompiledModules
PruneExplicitPrecompiledModules /Users/admin/builder/spi-builder-workspace/.derivedData/Build/Intermediates.noindex/ExplicitPrecompiledModules
PruneExplicitPrecompiledModules /Users/admin/builder/spi-builder-workspace/.derivedData/Build/Intermediates.noindex/SwiftExplicitPrecompiledModules
2026-09-20 02:11:36.013 xcodebuild[915:5521] [MT] IDERunDestination: Supported platforms for the buildables in the current scheme is empty.
2026-09-20 02:11:36.113 xcodebuild[915:5521] [MT] IDERunDestination: Supported platforms for the buildables in the current scheme is empty.
--- xcodebuild: WARNING: Using the first of multiple matching destinations:
{ platform:macOS, arch:arm64, id:adc260e7c939c656cff8f03883044eb9534c9e33, name:My Mac }
{ platform:macOS, arch:arm64, variant:Mac Catalyst, id:adc260e7c939c656cff8f03883044eb9534c9e33, name:My Mac }
{ platform:macOS, arch:arm64, variant:DriverKit, id:adc260e7c939c656cff8f03883044eb9534c9e33, name:My Mac }
{ platform:macOS, arch:arm64, variant:Designed for [iPad,iPhone], id:adc260e7c939c656cff8f03883044eb9534c9e33, name:My Mac }
** BUILD FAILED **
The following build commands failed:
	SwiftDriver SnabblePay normal arm64 com.apple.xcode.tools.swift.compiler (in target 'SnabblePay' from project 'SnabblePay')
	Building workspace SnabblePay with scheme SnabblePay-Package
(2 failures)
BUILD FAILURE 6.4 macosXcodebuild