The Swift Package Index logo.Swift Package Index

Build Information

Failed to build EudiWalletKit, reference v0.54.8 (54858f), with Swift 6.3 for Linux on 12 Oct 2026 10:12:28 UTC.

Build Command

bash -c docker run --pull=always --rm -v "checkouts-54344847-0":/host -w "$PWD" -e JAVA_HOME="/root/.sdkman/candidates/java/current" -e SPI_BUILD="1" -e SPI_PROCESSING="1" registry.gitlab.com/saguaro1/spi-images:basic-6.3-latest swift build --triple x86_64-unknown-linux-gnu 2>&1

Build Log

========================================
RunAll
========================================
Builder version: 5.1.1
Interrupt handler set up.
========================================
Checkout
========================================
Clone URL: https://github.com/eu-digital-identity-wallet/eudi-lib-ios-wallet-kit.git
Reference: v0.54.8
Initialized empty Git repository in /host/spi-builder-workspace/.git/
hint: Using 'master' as the name for the initial branch. This default branch name
hint: is subject to change. To configure the initial branch name to use in all
hint: of your new repositories, which will suppress this warning, call:
hint:
hint: 	git config --global init.defaultBranch <name>
hint:
hint: Names commonly chosen instead of 'master' are 'main', 'trunk' and
hint: 'development'. The just-created branch can be renamed via this command:
hint:
hint: 	git branch -m <name>
From https://github.com/eu-digital-identity-wallet/eudi-lib-ios-wallet-kit
 * tag               v0.54.8    -> FETCH_HEAD
HEAD is now at 54858f3 Merge pull request #500 from niscy-eudiw/main
Cloned https://github.com/eu-digital-identity-wallet/eudi-lib-ios-wallet-kit.git
Revision (git rev-parse @):
54858f3f52df88d619ca5c5c8c86bb163f847085
SUCCESS checkout https://github.com/eu-digital-identity-wallet/eudi-lib-ios-wallet-kit.git at v0.54.8
========================================
Build
========================================
Selected platform:         linux
Swift version:             6.3
Building package at path:  $PWD
https://github.com/eu-digital-identity-wallet/eudi-lib-ios-wallet-kit.git
Running build ...
bash -c docker run --pull=always --rm -v "checkouts-54344847-0":/host -w "$PWD" -e JAVA_HOME="/root/.sdkman/candidates/java/current" -e SPI_BUILD="1" -e SPI_PROCESSING="1" registry.gitlab.com/saguaro1/spi-images:basic-6.3-latest swift build --triple x86_64-unknown-linux-gnu 2>&1
basic-6.3-latest: Pulling from saguaro1/spi-images
Digest: sha256:3ca70b9b8664d81efdd98fa96053b1e7cad14580e7715018d5ab4380e807ba72
Status: Image is up to date for registry.gitlab.com/saguaro1/spi-images:basic-6.3-latest
Fetching https://github.com/eu-digital-identity-wallet/eudi-lib-ios-openid4vci-swift.git
Fetching https://github.com/eu-digital-identity-wallet/eudi-lib-sdjwt-swift.git
Fetching https://github.com/eu-digital-identity-wallet/eudi-lib-ios-openid4vp-swift.git
Fetching https://github.com/apple/swift-docc-plugin
Fetching https://github.com/eu-digital-identity-wallet/eudi-lib-ios-wallet-storage.git
Fetching https://github.com/eu-digital-identity-wallet/eudi-lib-ios-statium-swift.git
[1/2345] Fetching swift-docc-plugin
[2/6468] Fetching swift-docc-plugin, eudi-lib-sdjwt-swift
[2422/16250] Fetching swift-docc-plugin, eudi-lib-sdjwt-swift, eudi-lib-ios-openid4vp-swift
[13415/16923] Fetching swift-docc-plugin, eudi-lib-sdjwt-swift, eudi-lib-ios-openid4vp-swift, eudi-lib-ios-statium-swift
Fetched https://github.com/eu-digital-identity-wallet/eudi-lib-ios-statium-swift.git from cache (0.65s)
Fetching https://github.com/eu-digital-identity-wallet/eudi-lib-ios-iso18013-data-transfer.git
[14001/16250] Fetching swift-docc-plugin, eudi-lib-sdjwt-swift, eudi-lib-ios-openid4vp-swift
[16251/24894] Fetching swift-docc-plugin, eudi-lib-sdjwt-swift, eudi-lib-ios-openid4vp-swift, eudi-lib-ios-openid4vci-swift
[16252/27106] Fetching swift-docc-plugin, eudi-lib-sdjwt-swift, eudi-lib-ios-openid4vp-swift, eudi-lib-ios-openid4vci-swift, eudi-lib-ios-wallet-storage
Fetched https://github.com/eu-digital-identity-wallet/eudi-lib-ios-wallet-storage.git from cache (0.89s)
Fetched https://github.com/eu-digital-identity-wallet/eudi-lib-ios-openid4vp-swift.git from cache (0.89s)
Fetched https://github.com/apple/swift-docc-plugin from cache (0.89s)
Fetched https://github.com/eu-digital-identity-wallet/eudi-lib-ios-openid4vci-swift.git from cache (0.92s)
Fetched https://github.com/eu-digital-identity-wallet/eudi-lib-sdjwt-swift.git from cache (0.92s)
[1/2640] Fetching eudi-lib-ios-iso18013-data-transfer
Fetched https://github.com/eu-digital-identity-wallet/eudi-lib-ios-iso18013-data-transfer.git from cache (0.59s)
Computing version for https://github.com/apple/swift-docc-plugin
Computed https://github.com/apple/swift-docc-plugin at 1.5.0 (2.12s)
Fetching https://github.com/swiftlang/swift-docc-symbolkit
[1/3837] Fetching swift-docc-symbolkit
Fetched https://github.com/swiftlang/swift-docc-symbolkit from cache (0.63s)
Computing version for https://github.com/eu-digital-identity-wallet/eudi-lib-ios-statium-swift.git
Computed https://github.com/eu-digital-identity-wallet/eudi-lib-ios-statium-swift.git at 0.6.0 (0.78s)
Fetching https://github.com/apple/swift-collections.git
Fetching https://github.com/niscy-eudiw/SwiftCBOR.git
[1/1212] Fetching swiftcbor
[1213/29915] Fetching swiftcbor, swift-collections
Fetched https://github.com/niscy-eudiw/SwiftCBOR.git from cache (1.57s)
Fetched https://github.com/apple/swift-collections.git from cache (1.58s)
Computing version for https://github.com/eu-digital-identity-wallet/eudi-lib-ios-openid4vci-swift.git
Computed https://github.com/eu-digital-identity-wallet/eudi-lib-ios-openid4vci-swift.git at 0.55.2 (1.73s)
Fetching https://github.com/airsidemobile/JOSESwift.git
Fetching https://github.com/SwiftyJSON/SwiftyJSON.git
[1/12609] Fetching joseswift
[12610/18912] Fetching joseswift, swiftyjson
Fetched https://github.com/SwiftyJSON/SwiftyJSON.git from cache (0.65s)
Fetched https://github.com/airsidemobile/JOSESwift.git from cache (0.66s)
Computing version for https://github.com/eu-digital-identity-wallet/eudi-lib-ios-openid4vp-swift.git
Computed https://github.com/eu-digital-identity-wallet/eudi-lib-ios-openid4vp-swift.git at 0.43.2 (0.80s)
Fetching https://github.com/apple/swift-certificates.git
Fetching https://github.com/apple/swift-asn1.git
[1/2009] Fetching swift-asn1
[825/9622] Fetching swift-asn1, swift-certificates
Fetched https://github.com/apple/swift-asn1.git from cache (0.60s)
Fetched https://github.com/apple/swift-certificates.git from cache (0.61s)
Computing version for https://github.com/eu-digital-identity-wallet/eudi-lib-sdjwt-swift.git
Computed https://github.com/eu-digital-identity-wallet/eudi-lib-sdjwt-swift.git at 0.14.7 (0.75s)
Fetching https://github.com/beatt83/jose-swift.git
Fetching https://github.com/krzyzanowskim/CryptoSwift.git
[1/2241] Fetching jose-swift
[1256/15680] Fetching jose-swift, cryptoswift
Fetched https://github.com/beatt83/jose-swift.git from cache (0.49s)
[1210/13439] Fetching cryptoswift
Fetched https://github.com/krzyzanowskim/CryptoSwift.git from cache (1.11s)
Computing version for https://github.com/eu-digital-identity-wallet/eudi-lib-ios-wallet-storage.git
Computed https://github.com/eu-digital-identity-wallet/eudi-lib-ios-wallet-storage.git at 0.26.2 (1.25s)
Fetching https://github.com/eu-digital-identity-wallet/eudi-lib-ios-iso18013-data-model.git
Fetching https://github.com/apple/swift-log.git
[1/8257] Fetching swift-log
[2/32427] Fetching swift-log, eudi-lib-ios-iso18013-data-model
Fetched https://github.com/apple/swift-log.git from cache (1.04s)
Fetched https://github.com/eu-digital-identity-wallet/eudi-lib-ios-iso18013-data-model.git from cache (1.04s)
Computing version for https://github.com/eu-digital-identity-wallet/eudi-lib-ios-iso18013-data-transfer.git
Computed https://github.com/eu-digital-identity-wallet/eudi-lib-ios-iso18013-data-transfer.git at 0.27.3 (1.18s)
Fetching https://github.com/eu-digital-identity-wallet/eudi-lib-ios-iso18013-security
[1/5032] Fetching eudi-lib-ios-iso18013-security
Fetched https://github.com/eu-digital-identity-wallet/eudi-lib-ios-iso18013-security from cache (0.55s)
Computing version for https://github.com/swiftlang/swift-docc-symbolkit
Computed https://github.com/swiftlang/swift-docc-symbolkit at 1.0.0 (0.75s)
Computing version for https://github.com/apple/swift-collections.git
Computed https://github.com/apple/swift-collections.git at 1.6.0 (0.23s)
Computing version for https://github.com/airsidemobile/JOSESwift.git
Computed https://github.com/airsidemobile/JOSESwift.git at 3.0.0 (0.13s)
Computing version for https://github.com/beatt83/jose-swift.git
Computed https://github.com/beatt83/jose-swift.git at 6.0.5 (0.14s)
Fetching https://github.com/apple/swift-crypto.git
Fetching https://github.com/GigaBitcoin/secp256k1.swift.git
Fetching https://github.com/DLTAStudio/zlib.git
[1/65] Fetching zlib
Fetched https://github.com/DLTAStudio/zlib.git from cache (0.43s)
[1/18629] Fetching swift-crypto
[17513/30090] Fetching swift-crypto, secp256k1.swift
Fetched https://github.com/GigaBitcoin/secp256k1.swift.git from cache (2.35s)
Fetched https://github.com/apple/swift-crypto.git from cache (2.35s)
Computing version for https://github.com/krzyzanowskim/CryptoSwift.git
Computed https://github.com/krzyzanowskim/CryptoSwift.git at 1.10.0 (2.53s)
Computing version for https://github.com/eu-digital-identity-wallet/eudi-lib-ios-iso18013-security
Computed https://github.com/eu-digital-identity-wallet/eudi-lib-ios-iso18013-security at 0.27.3 (0.14s)
Computing version for https://github.com/eu-digital-identity-wallet/eudi-lib-ios-iso18013-data-model.git
Computed https://github.com/eu-digital-identity-wallet/eudi-lib-ios-iso18013-data-model.git at 0.27.2 (0.14s)
Fetching https://github.com/eu-digital-identity-wallet/SwiftCopyableMacro.git
[1/183] Fetching swiftcopyablemacro
Fetched https://github.com/eu-digital-identity-wallet/SwiftCopyableMacro.git from cache (0.36s)
Computing version for https://github.com/niscy-eudiw/SwiftCBOR.git
Computed https://github.com/niscy-eudiw/SwiftCBOR.git at 0.6.5 (0.50s)
Computing version for https://github.com/DLTAStudio/zlib.git
Computed https://github.com/DLTAStudio/zlib.git at 1.0.2 (0.17s)
Computing version for https://github.com/eu-digital-identity-wallet/SwiftCopyableMacro.git
Computed https://github.com/eu-digital-identity-wallet/SwiftCopyableMacro.git at 0.0.5 (0.14s)
Fetching https://github.com/swiftlang/swift-syntax.git
[1/80463] Fetching swift-syntax
Fetched https://github.com/swiftlang/swift-syntax.git from cache (4.99s)
Computing version for https://github.com/SwiftyJSON/SwiftyJSON.git
Computed https://github.com/SwiftyJSON/SwiftyJSON.git at 5.0.2 (5.17s)
Computing version for https://github.com/apple/swift-asn1.git
Computed https://github.com/apple/swift-asn1.git at 1.7.3 (0.88s)
Computing version for https://github.com/GigaBitcoin/secp256k1.swift.git
Computed https://github.com/GigaBitcoin/secp256k1.swift.git at 0.23.2 (0.20s)
Computing version for https://github.com/swiftlang/swift-syntax.git
Computed https://github.com/swiftlang/swift-syntax.git at 602.0.0 (0.25s)
Computing version for https://github.com/apple/swift-certificates.git
Computed https://github.com/apple/swift-certificates.git at 1.21.0 (0.20s)
Computing version for https://github.com/apple/swift-log.git
Computed https://github.com/apple/swift-log.git at 1.16.1 (0.15s)
Computing version for https://github.com/apple/swift-crypto.git
Computed https://github.com/apple/swift-crypto.git at 4.5.2 (0.22s)
Creating working copy for https://github.com/swiftlang/swift-docc-symbolkit
Working copy of https://github.com/swiftlang/swift-docc-symbolkit resolved at 1.0.0
Creating working copy for https://github.com/apple/swift-log.git
Working copy of https://github.com/apple/swift-log.git resolved at 1.16.1
Creating working copy for https://github.com/krzyzanowskim/CryptoSwift.git
Working copy of https://github.com/krzyzanowskim/CryptoSwift.git resolved at 1.10.0
Creating working copy for https://github.com/DLTAStudio/zlib.git
Working copy of https://github.com/DLTAStudio/zlib.git resolved at 1.0.2
Creating working copy for https://github.com/SwiftyJSON/SwiftyJSON.git
Working copy of https://github.com/SwiftyJSON/SwiftyJSON.git resolved at 5.0.2
Creating working copy for https://github.com/swiftlang/swift-syntax.git
Working copy of https://github.com/swiftlang/swift-syntax.git resolved at 602.0.0
Creating working copy for https://github.com/apple/swift-collections.git
Working copy of https://github.com/apple/swift-collections.git resolved at 1.6.0
Creating working copy for https://github.com/eu-digital-identity-wallet/eudi-lib-ios-openid4vp-swift.git
Working copy of https://github.com/eu-digital-identity-wallet/eudi-lib-ios-openid4vp-swift.git resolved at 0.43.2
Creating working copy for https://github.com/eu-digital-identity-wallet/SwiftCopyableMacro.git
Working copy of https://github.com/eu-digital-identity-wallet/SwiftCopyableMacro.git resolved at 0.0.5
Creating working copy for https://github.com/eu-digital-identity-wallet/eudi-lib-ios-iso18013-data-transfer.git
Working copy of https://github.com/eu-digital-identity-wallet/eudi-lib-ios-iso18013-data-transfer.git resolved at 0.27.3
Creating working copy for https://github.com/apple/swift-certificates.git
Working copy of https://github.com/apple/swift-certificates.git resolved at 1.21.0
Creating working copy for https://github.com/eu-digital-identity-wallet/eudi-lib-sdjwt-swift.git
Working copy of https://github.com/eu-digital-identity-wallet/eudi-lib-sdjwt-swift.git resolved at 0.14.7
Creating working copy for https://github.com/eu-digital-identity-wallet/eudi-lib-ios-iso18013-data-model.git
Working copy of https://github.com/eu-digital-identity-wallet/eudi-lib-ios-iso18013-data-model.git resolved at 0.27.2
Creating working copy for https://github.com/airsidemobile/JOSESwift.git
Working copy of https://github.com/airsidemobile/JOSESwift.git resolved at 3.0.0
Creating working copy for https://github.com/apple/swift-asn1.git
Working copy of https://github.com/apple/swift-asn1.git resolved at 1.7.3
Creating working copy for https://github.com/eu-digital-identity-wallet/eudi-lib-ios-openid4vci-swift.git
Working copy of https://github.com/eu-digital-identity-wallet/eudi-lib-ios-openid4vci-swift.git resolved at 0.55.2
Creating working copy for https://github.com/eu-digital-identity-wallet/eudi-lib-ios-iso18013-security
Working copy of https://github.com/eu-digital-identity-wallet/eudi-lib-ios-iso18013-security resolved at 0.27.3
Creating working copy for https://github.com/eu-digital-identity-wallet/eudi-lib-ios-wallet-storage.git
Working copy of https://github.com/eu-digital-identity-wallet/eudi-lib-ios-wallet-storage.git resolved at 0.26.2
Creating working copy for https://github.com/eu-digital-identity-wallet/eudi-lib-ios-statium-swift.git
Working copy of https://github.com/eu-digital-identity-wallet/eudi-lib-ios-statium-swift.git resolved at 0.6.0
Creating working copy for https://github.com/apple/swift-crypto.git
Working copy of https://github.com/apple/swift-crypto.git resolved at 4.5.2
Creating working copy for https://github.com/GigaBitcoin/secp256k1.swift.git
Working copy of https://github.com/GigaBitcoin/secp256k1.swift.git resolved at 0.23.2
Creating working copy for https://github.com/beatt83/jose-swift.git
Working copy of https://github.com/beatt83/jose-swift.git resolved at 6.0.5
Creating working copy for https://github.com/niscy-eudiw/SwiftCBOR.git
Working copy of https://github.com/niscy-eudiw/SwiftCBOR.git resolved at 0.6.5
Creating working copy for https://github.com/apple/swift-docc-plugin
Working copy of https://github.com/apple/swift-docc-plugin resolved at 1.5.0
Downloading binary artifact https://github.com/eu-digital-identity-wallet/eudi-lib-kmp-etsi-1196x2/releases/download/v0.4.0-alpha.3/EudiEtsi1196x2.xcframework.zip
[16375/17867473] Downloading https://github.com/eu-digital-identity-wallet/eudi-lib-kmp-etsi-1196x2/releases/download/v0.4.0-alpha.3/EudiEtsi1196x2.xcframework.zip
Downloaded https://github.com/eu-digital-identity-wallet/eudi-lib-kmp-etsi-1196x2/releases/download/v0.4.0-alpha.3/EudiEtsi1196x2.xcframework.zip (1.22s)
Downloading package prebuilt https://download.swift.org/prebuilts/swift-syntax/602.0.0/swift-6.3.2-RELEASE-ubuntu_noble_x86_64-MacroSupport.tar.gz
Downloaded https://download.swift.org/prebuilts/swift-syntax/602.0.0/swift-6.3.2-RELEASE-ubuntu_noble_x86_64-MacroSupport.tar.gz (0.18s)
warning: 'joseswift': found 1 file(s) which are unhandled; explicitly declare them as resources or exclude from the target
    /host/spi-builder-workspace/.build/checkouts/JOSESwift/JOSESwift/Support/Info.plist
[1/1] Compiling plugin Swift-DocC Preview
[2/2] Compiling plugin Swift-DocC
[3/3] Compiling plugin SharedSourcesPlugin
Building for debugging...
[3/503] Write sources
[10/503] Copying PrivacyInfo.xcprivacy
[11/503] Write sources
[17/503] Copying valid_authorizaton_data_example.json
[18/503] Copying valid_authorizaton_data_by_reference_example.json
[19/503] Write sources
[19/503] Copying submission-requirements.json
[21/503] Copying submission-requirement.json
[21/503] Copying presentation_submission_example.json
[21/503] Copying presentation-submission.json
[21/503] Copying presentation-definition.json
[21/503] Copying presentation-definition-envelope.json
[21/503] Copying pidissuerca02_ut.der
[21/503] Copying pidissuerca02_pt.der
[21/503] Copying single_group_example.json
[21/503] Copying pidissuerca02_nl.der
[21/503] Copying pidissuerca02_lu.der
[21/503] Copying pidissuerca02_eu.der
[22/503] Copying pidissuerca02_ee.der
[33/503] Copying pidissuerca02_cz.der
[34/503] Copying pd_filter.json
[35/503] Copying pd_filter2.json
[35/503] Copying nested_submission_example.json
[37/503] Copying multi_group_example.json
[37/503] Copying minimal_example.json
[39/503] Copying mdl_example.json
[40/503] Copying invalid_authorizaton_data_example.json
[40/503] Copying input_descriptors_example.json
[42/503] Copying input_descriptor_id_tokens_example.json
[43/503] Copying input-descriptor.json
[43/503] Copying format_example.json
[45/503] Copying basic_example.json
[46/503] Copying appendix_DIDComm_example.json
[47/503] Copying appendix_VP_example.json
[47/503] Copying appendix_CHAPI_example.json
[48/503] Copying VC_revocation_example.json
[50/503] Copying VC_expiration_example.json
[51/503] Copying well_known_response.json
[52/503] Copying web_signature.jws
[53/503] Copying test.json
[54/503] Copying single_issuance_success_response_deffered.json
[55/503] Copying single_issuance_success_response_credential.json
[56/503] Copying sample_credential_offer.json
[57/503] Copying pushed_authorization_request_response.json
[58/503] Copying openid-credential-issuer_no_encryption_batch.json
[58/503] Copying openid-credential-issuer_no_encryption.json
[58/503] Write sources
[58/503] Copying openid-credential-issuer_key_attestation_required.json
[58/503] Copying openid-credential-issuer_attestation_only.json
[58/503] Copying openid-credential-issuer_encrypted_responses.json
[58/503] Copying openid-configuration.json
[58/503] Copying oidc_authorization_server_metadata_auth_server_example.json
[58/503] Copying oidc_authorization_server_metadata.json
[58/503] Copying oauth_authorization_server_metadata_two.json
[58/503] Copying oauth_authorization_server_metadata.json
[58/503] Copying no_proof_generic_error_response.json
[58/503] Copying mock_cnonce_endpoint_response.json
[58/503] Copying invalid_credential_issuer_metadata.json
[58/503] Copying generic_error_response.json
[58/503] Copying empty_response.json
[58/503] Copying credential_offer_with_unknown_format.json
[58/503] Copying credential_offer_with_second_auth_server_hint.json
[58/503] Copying credential_offer_with_pre_auth_server_hint.json
[58/503] Copying credential_offer_with_invalid_auth_server_hint.json
[58/503] Copying credential_offer_with_different_auth_servers.json
[59/503] Copying credential_offer_with_blank_pre_authorized_code.json
[80/503] Copying credential_offer_with_blank_issuer_state.json
[81/503] Copying credential_offer_with_auth_server_hint.json
[82/503] Copying credential_issuer_metadata_with_signed_partial.txt
[83/503] Copying credential_issuer_metadata_with_signed_invalid.txt
[84/503] Copying credential_issuer_metadata_with_signed_full.txt
[85/503] Copying credential_issuer_metadata_valid.json
[86/503] Copying credential_issuer_metadata_no_request_encryption_optional_response.json
[87/503] Copying credential_issuer_metadata_no_request_encryption.json
[88/503] Copying credential_issuer_metadata_no_asymmetric_algs.json
[89/503] Copying credential_issuer_metadata_multiple_auth_servers.json
[90/503] Copying credential_issuer_metadata.json
[91/503] Copying batch_issuance_success_response_credential.json
[92/503] Copying batch_credential_issuance_success_response_credentials.json
[93/503] Copying attestation_challenge.json
[94/503] Copying access_token_request_response_no_proof_auth_details.json
[95/503] Copying access_token_request_response_no_proof.json
[96/503] Copying access_token_request_response.json
[97/503] Write sources
[121/503] Compiling ZlibShims ZlibShim.c
[122/503] Compiling Utility.c
[123/503] Compiling precomputed_ecmult_gen.c
[124/503] Compiling CXKCPShims shims.c
[125/503] Compiling SimpleFIPS202.c
[126/503] Compiling KeccakHash.c
[126/503] Compiling KeccakSponge.c
[128/503] Compiling fiat_p256_adx_sqr.S
[128/503] Compiling fiat_curve25519_adx_square.S
[130/503] Compiling fiat_p256_adx_mul.S
[131/503] Compiling md5-x86_64-linux.S
[132/503] Compiling fiat_curve25519_adx_mul.S
[133/503] Compiling md5-x86_64-apple.S
[134/503] Compiling md5-586-linux.S
[135/503] Compiling md5-586-apple.S
[136/503] Compiling chacha20_poly1305_x86_64-apple.S
[137/503] Compiling chacha20_poly1305_x86_64-linux.S
[138/503] Compiling chacha20_poly1305_armv8-win.S
[139/503] Compiling chacha20_poly1305_armv8-linux.S
[140/503] Compiling chacha20_poly1305_armv8-apple.S
[141/503] Compiling secp256k1.c
[142/503] Compiling CCryptoBoringSSLShims shims.c
[143/503] Write swift-version-24593BA9C3E375BF.txt
[144/503] Compiling chacha-x86_64-apple.S
[145/503] Compiling chacha-x86_64-linux.S
[146/503] Compiling chacha-x86-linux.S
[147/503] Compiling chacha-x86-apple.S
[148/503] Compiling chacha-armv8-win.S
[149/503] Compiling err_data.cc
[150/507] Compiling KeccakP-1600-opt64.c
[151/601] Compiling precomputed_ecmult.c
error: emit-module command failed with exit code 1 (use -v to see invocation)
[153/619] Emitting module JOSESwift
/host/spi-builder-workspace/.build/checkouts/JOSESwift/JOSESwift/Sources/CryptoPrimitives/AESCBC/AES.swift:25:8: error: no such module 'CommonCrypto'
 23 |
 24 | import Foundation
 25 | import CommonCrypto
    |        `- error: no such module 'CommonCrypto'
 26 |
 27 | internal enum AESError: Error {
[154/627] Emitting module InternalCollectionsUtilities
[155/629] Compiling InternalCollectionsUtilities LifetimeOverride.swift
[156/629] Compiling InternalCollectionsUtilities RandomAccessCollection+Offsets.swift
[157/629] Compiling InternalCollectionsUtilities Span+Extras.swift
[158/629] Compiling Logging Logger+With.swift
[159/630] Compiling InternalCollectionsUtilities _SortedCollection.swift
[160/630] Compiling InternalCollectionsUtilities _UniqueCollection.swift
[161/630] Compiling InternalCollectionsUtilities String+Padding.swift
[162/630] Compiling InternalCollectionsUtilities _UnsafeBitSet+Index.swift
[163/630] Compiling InternalCollectionsUtilities Debugging.swift
[166/632] Compiling InternalCollectionsUtilities UnsafeRawBufferPointer+Extras.swift
[167/632] Compiling InternalCollectionsUtilities UnsafeBufferPointer+Extras.swift
[168/632] Compiling InternalCollectionsUtilities UnsafeMutableBufferPointer+Extras.swift
[172/632] Compiling InternalCollectionsUtilities _UnsafeBitSet+_Word.swift
[173/632] Compiling InternalCollectionsUtilities Integer rank.swift
[174/632] Compiling InternalCollectionsUtilities UInt+first and last set bit.swift
[175/632] Compiling InternalCollectionsUtilities UInt+reversed.swift
[176/632] Emitting module _CertificateInternals
[177/632] Compiling _CertificateInternals _TinyArray.swift
[180/633] Compiling InternalCollectionsUtilities Descriptions.swift
[181/633] Compiling InternalCollectionsUtilities FixedWidthInteger+roundUpToPowerOfTwo.swift
[182/633] Compiling Logging LoggingSystem.swift
[183/633] Emitting module SwiftASN1
[185/633] Compiling SwiftASN1 DER.swift
[186/633] Compiling InternalCollectionsUtilities UnsafeMutableRawBufferPointer+Extras.swift
[191/691] Compiling Logging Logger+Attributes.swift
[192/691] Compiling Logging Logger.swift
[193/691] Compiling P256K ASN1Boolean.swift
[194/691] Compiling P256K ASN1Identifier.swift
[195/791] Emitting module Logging
[196/791] Compiling CryptoSwift AEADXChaCha20Poly1305.swift
[197/791] Compiling CryptoSwift AES.Cryptors.swift
[198/791] Compiling CryptoSwift AEAD.swift
[199/791] Compiling CryptoSwift AEADChaCha20Poly1305.swift
[200/791] Compiling CryptoSwift ASN1.swift
[201/791] Compiling CryptoSwift ASN1Decoder.swift
[203/791] Compiling CryptoSwift AES.swift
[204/791] Compiling CryptoSwift ASN1Encoder.swift
[205/791] Compiling CryptoSwift ASN1Scanner.swift
[206/791] Compiling Logging MetadataProvider.swift
[208/792] Compiling CryptoSwift BlockMode.swift
[209/792] Compiling CryptoSwift BlockModeOptions.swift
[210/792] Compiling Tools JWTCodable.swift
[211/802] Compiling CryptoSwift Cipher.swift
/host/spi-builder-workspace/.build/checkouts/JOSESwift/JOSESwift/Sources/CryptoPrimitives/AESCBC/AES.swift:25:8: error: no such module 'CommonCrypto'
 23 |
 24 | import Foundation
 25 | import CommonCrypto
    |        `- error: no such module 'CommonCrypto'
 26 |
 27 | internal enum AESError: Error {
[212/803] Compiling CryptoSwift Collection+Extension.swift
/host/spi-builder-workspace/.build/checkouts/JOSESwift/JOSESwift/Sources/CryptoPrimitives/AESCBC/AES.swift:25:8: error: no such module 'CommonCrypto'
 23 |
 24 | import Foundation
 25 | import CommonCrypto
    |        `- error: no such module 'CommonCrypto'
 26 |
 27 | internal enum AESError: Error {
[213/803] Compiling CryptoSwift CompactMap.swift
/host/spi-builder-workspace/.build/checkouts/JOSESwift/JOSESwift/Sources/CryptoPrimitives/AESCBC/AES.swift:25:8: error: no such module 'CommonCrypto'
 23 |
 24 | import Foundation
 25 | import CommonCrypto
    |        `- error: no such module 'CommonCrypto'
 26 |
 27 | internal enum AESError: Error {
[214/803] Compiling CryptoSwift Cryptor.swift
/host/spi-builder-workspace/.build/checkouts/JOSESwift/JOSESwift/Sources/CryptoPrimitives/AESCBC/AES.swift:25:8: error: no such module 'CommonCrypto'
 23 |
 24 | import Foundation
 25 | import CommonCrypto
    |        `- error: no such module 'CommonCrypto'
 26 |
 27 | internal enum AESError: Error {
[215/803] Compiling CryptoSwift Cryptors.swift
/host/spi-builder-workspace/.build/checkouts/JOSESwift/JOSESwift/Sources/CryptoPrimitives/AESCBC/AES.swift:25:8: error: no such module 'CommonCrypto'
 23 |
 24 | import Foundation
 25 | import CommonCrypto
    |        `- error: no such module 'CommonCrypto'
 26 |
 27 | internal enum AESError: Error {
[216/803] Compiling CryptoSwift Digest.swift
/host/spi-builder-workspace/.build/checkouts/JOSESwift/JOSESwift/Sources/CryptoPrimitives/AESCBC/AES.swift:25:8: error: no such module 'CommonCrypto'
 23 |
 24 | import Foundation
 25 | import CommonCrypto
    |        `- error: no such module 'CommonCrypto'
 26 |
 27 | internal enum AESError: Error {
[217/803] Compiling CryptoSwift DigestType.swift
/host/spi-builder-workspace/.build/checkouts/JOSESwift/JOSESwift/Sources/CryptoPrimitives/AESCBC/AES.swift:25:8: error: no such module 'CommonCrypto'
 23 |
 24 | import Foundation
 25 | import CommonCrypto
    |        `- error: no such module 'CommonCrypto'
 26 |
 27 | internal enum AESError: Error {
[218/803] Compiling CryptoSwift AES+Foundation.swift
/host/spi-builder-workspace/.build/checkouts/JOSESwift/JOSESwift/Sources/CryptoPrimitives/AESCBC/AES.swift:25:8: error: no such module 'CommonCrypto'
 23 |
 24 | import Foundation
 25 | import CommonCrypto
    |        `- error: no such module 'CommonCrypto'
 26 |
 27 | internal enum AESError: Error {
[220/820] Compiling _RopeModule BigString+ExpressibleByStringLiteral.swift
/host/spi-builder-workspace/.build/checkouts/JOSESwift/JOSESwift/Sources/CryptoPrimitives/AESCBC/AES.swift:25:8: error: no such module 'CommonCrypto'
 23 |
 24 | import Foundation
 25 | import CommonCrypto
    |        `- error: no such module 'CommonCrypto'
 26 |
 27 | internal enum AESError: Error {
[221/820] Compiling _RopeModule BigString+Hashing.swift
/host/spi-builder-workspace/.build/checkouts/JOSESwift/JOSESwift/Sources/CryptoPrimitives/AESCBC/AES.swift:25:8: error: no such module 'CommonCrypto'
 23 |
 24 | import Foundation
 25 | import CommonCrypto
    |        `- error: no such module 'CommonCrypto'
 26 |
 27 | internal enum AESError: Error {
[222/820] Compiling _RopeModule BigString+LosslessStringConvertible.swift
/host/spi-builder-workspace/.build/checkouts/JOSESwift/JOSESwift/Sources/CryptoPrimitives/AESCBC/AES.swift:25:8: error: no such module 'CommonCrypto'
 23 |
 24 | import Foundation
 25 | import CommonCrypto
    |        `- error: no such module 'CommonCrypto'
 26 |
 27 | internal enum AESError: Error {
[223/820] Compiling _RopeModule BigString+RangeReplaceableCollection.swift
/host/spi-builder-workspace/.build/checkouts/JOSESwift/JOSESwift/Sources/CryptoPrimitives/AESCBC/AES.swift:25:8: error: no such module 'CommonCrypto'
 23 |
 24 | import Foundation
 25 | import CommonCrypto
    |        `- error: no such module 'CommonCrypto'
 26 |
 27 | internal enum AESError: Error {
[224/820] Compiling _RopeModule BigString+Chunk+Breaks.swift
/host/spi-builder-workspace/.build/checkouts/JOSESwift/JOSESwift/Sources/CryptoPrimitives/AESCBC/AES.swift:25:8: error: no such module 'CommonCrypto'
 23 |
 24 | import Foundation
 25 | import CommonCrypto
    |        `- error: no such module 'CommonCrypto'
 26 |
 27 | internal enum AESError: Error {
[225/820] Compiling _RopeModule BigString+Chunk+Character.swift
/host/spi-builder-workspace/.build/checkouts/JOSESwift/JOSESwift/Sources/CryptoPrimitives/AESCBC/AES.swift:25:8: error: no such module 'CommonCrypto'
 23 |
 24 | import Foundation
 25 | import CommonCrypto
    |        `- error: no such module 'CommonCrypto'
 26 |
 27 | internal enum AESError: Error {
[226/820] Compiling _RopeModule BigString+Chunk+Counts.swift
/host/spi-builder-workspace/.build/checkouts/JOSESwift/JOSESwift/Sources/CryptoPrimitives/AESCBC/AES.swift:25:8: error: no such module 'CommonCrypto'
 23 |
 24 | import Foundation
 25 | import CommonCrypto
    |        `- error: no such module 'CommonCrypto'
 26 |
 27 | internal enum AESError: Error {
[227/820] Compiling _RopeModule BigString+Chunk+Description.swift
/host/spi-builder-workspace/.build/checkouts/JOSESwift/JOSESwift/Sources/CryptoPrimitives/AESCBC/AES.swift:25:8: error: no such module 'CommonCrypto'
 23 |
 24 | import Foundation
 25 | import CommonCrypto
    |        `- error: no such module 'CommonCrypto'
 26 |
 27 | internal enum AESError: Error {
[228/829] Compiling Tools JSONEncoder+JoseEncoder.swift
[229/829] Compiling CryptoSwift Exponentiation.swift
/host/spi-builder-workspace/.build/checkouts/JOSESwift/JOSESwift/Sources/CryptoPrimitives/AESCBC/AES.swift:25:8: error: no such module 'CommonCrypto'
 23 |
 24 | import Foundation
 25 | import CommonCrypto
    |        `- error: no such module 'CommonCrypto'
 26 |
 27 | internal enum AESError: Error {
[230/829] Compiling CryptoSwift FloatingPointConversion.swift
/host/spi-builder-workspace/.build/checkouts/JOSESwift/JOSESwift/Sources/CryptoPrimitives/AESCBC/AES.swift:25:8: error: no such module 'CommonCrypto'
 23 |
 24 | import Foundation
 25 | import CommonCrypto
    |        `- error: no such module 'CommonCrypto'
 26 |
 27 | internal enum AESError: Error {
[231/829] Compiling CryptoSwift GCD.swift
/host/spi-builder-workspace/.build/checkouts/JOSESwift/JOSESwift/Sources/CryptoPrimitives/AESCBC/AES.swift:25:8: error: no such module 'CommonCrypto'
 23 |
 24 | import Foundation
 25 | import CommonCrypto
    |        `- error: no such module 'CommonCrypto'
 26 |
 27 | internal enum AESError: Error {
[232/829] Compiling CryptoSwift Hashable.swift
/host/spi-builder-workspace/.build/checkouts/JOSESwift/JOSESwift/Sources/CryptoPrimitives/AESCBC/AES.swift:25:8: error: no such module 'CommonCrypto'
 23 |
 24 | import Foundation
 25 | import CommonCrypto
    |        `- error: no such module 'CommonCrypto'
 26 |
 27 | internal enum AESError: Error {
[233/829] Compiling CryptoSwift IntegerConversion.swift
/host/spi-builder-workspace/.build/checkouts/JOSESwift/JOSESwift/Sources/CryptoPrimitives/AESCBC/AES.swift:25:8: error: no such module 'CommonCrypto'
 23 |
 24 | import Foundation
 25 | import CommonCrypto
    |        `- error: no such module 'CommonCrypto'
 26 |
 27 | internal enum AESError: Error {
[234/829] Compiling CryptoSwift Multiplication.swift
/host/spi-builder-workspace/.build/checkouts/JOSESwift/JOSESwift/Sources/CryptoPrimitives/AESCBC/AES.swift:25:8: error: no such module 'CommonCrypto'
 23 |
 24 | import Foundation
 25 | import CommonCrypto
    |        `- error: no such module 'CommonCrypto'
 26 |
 27 | internal enum AESError: Error {
[235/829] Compiling CryptoSwift PrimeTest.swift
/host/spi-builder-workspace/.build/checkouts/JOSESwift/JOSESwift/Sources/CryptoPrimitives/AESCBC/AES.swift:25:8: error: no such module 'CommonCrypto'
 23 |
 24 | import Foundation
 25 | import CommonCrypto
    |        `- error: no such module 'CommonCrypto'
 26 |
 27 | internal enum AESError: Error {
[236/829] Compiling CryptoSwift Random.swift
/host/spi-builder-workspace/.build/checkouts/JOSESwift/JOSESwift/Sources/CryptoPrimitives/AESCBC/AES.swift:25:8: error: no such module 'CommonCrypto'
 23 |
 24 | import Foundation
 25 | import CommonCrypto
    |        `- error: no such module 'CommonCrypto'
 26 |
 27 | internal enum AESError: Error {
[237/858] Compiling SwiftyJSON SwiftyJSON.swift
/host/spi-builder-workspace/.build/checkouts/SwiftyJSON/Source/SwiftyJSON/SwiftyJSON.swift:1215:51: error: ambiguous use of operator '<'
1213 |
1214 |     switch (lhs.type, rhs.type) {
1215 |     case (.number, .number): return lhs.rawNumber < rhs.rawNumber
     |                                                   `- error: ambiguous use of operator '<'
1216 |     case (.string, .string): return lhs.rawString < rhs.rawString
1217 |     default:                 return false
     :
1249 | }
1250 |
1251 | func < (lhs: NSNumber, rhs: NSNumber) -> Bool {
     |      `- note: found this candidate
1252 |
1253 |     switch (lhs.isBool, rhs.isBool) {
Foundation.NSNumber.<:2:20: note: found this candidate in module 'Foundation'
1 | class NSNumber {
2 | public static func < (lhs: NSNumber, rhs: NSNumber) -> Bool}
  |                    `- note: found this candidate in module 'Foundation'
3 |
[238/858] Emitting module SwiftyJSON
[239/863] Compiling SwiftyJSON resource_bundle_accessor.swift
[240/863] Emitting module ZlibSwift
[241/863] Compiling _RopeModule BigString+Chunk+Index.swift
/host/spi-builder-workspace/.build/checkouts/JOSESwift/JOSESwift/Sources/CryptoPrimitives/AESCBC/AES.swift:25:8: error: no such module 'CommonCrypto'
 23 |
 24 | import Foundation
 25 | import CommonCrypto
    |        `- error: no such module 'CommonCrypto'
 26 |
 27 | internal enum AESError: Error {
[242/863] Compiling _RopeModule BigString+Chunk+RopeElement.swift
/host/spi-builder-workspace/.build/checkouts/JOSESwift/JOSESwift/Sources/CryptoPrimitives/AESCBC/AES.swift:25:8: error: no such module 'CommonCrypto'
 23 |
 24 | import Foundation
 25 | import CommonCrypto
    |        `- error: no such module 'CommonCrypto'
 26 |
 27 | internal enum AESError: Error {
[243/863] Compiling _RopeModule BigString+Chunk+Splitting.swift
/host/spi-builder-workspace/.build/checkouts/JOSESwift/JOSESwift/Sources/CryptoPrimitives/AESCBC/AES.swift:25:8: error: no such module 'CommonCrypto'
 23 |
 24 | import Foundation
 25 | import CommonCrypto
    |        `- error: no such module 'CommonCrypto'
 26 |
 27 | internal enum AESError: Error {
[244/863] Compiling _RopeModule BigString+Chunk+UTF16.swift
/host/spi-builder-workspace/.build/checkouts/JOSESwift/JOSESwift/Sources/CryptoPrimitives/AESCBC/AES.swift:25:8: error: no such module 'CommonCrypto'
 23 |
 24 | import Foundation
 25 | import CommonCrypto
    |        `- error: no such module 'CommonCrypto'
 26 |
 27 | internal enum AESError: Error {
[245/863] Compiling _RopeModule BigString+Chunk+UTF8.swift
/host/spi-builder-workspace/.build/checkouts/JOSESwift/JOSESwift/Sources/CryptoPrimitives/AESCBC/AES.swift:25:8: error: no such module 'CommonCrypto'
 23 |
 24 | import Foundation
 25 | import CommonCrypto
    |        `- error: no such module 'CommonCrypto'
 26 |
 27 | internal enum AESError: Error {
[246/863] Compiling _RopeModule BigString+Chunk+UnicodeScalar.swift
/host/spi-builder-workspace/.build/checkouts/JOSESwift/JOSESwift/Sources/CryptoPrimitives/AESCBC/AES.swift:25:8: error: no such module 'CommonCrypto'
 23 |
 24 | import Foundation
 25 | import CommonCrypto
    |        `- error: no such module 'CommonCrypto'
 26 |
 27 | internal enum AESError: Error {
[247/863] Compiling _RopeModule BigString+Sequence.swift
/host/spi-builder-workspace/.build/checkouts/JOSESwift/JOSESwift/Sources/CryptoPrimitives/AESCBC/AES.swift:25:8: error: no such module 'CommonCrypto'
 23 |
 24 | import Foundation
 25 | import CommonCrypto
    |        `- error: no such module 'CommonCrypto'
 26 |
 27 | internal enum AESError: Error {
[248/863] Compiling _RopeModule BigString+TextOutputStream.swift
/host/spi-builder-workspace/.build/checkouts/JOSESwift/JOSESwift/Sources/CryptoPrimitives/AESCBC/AES.swift:25:8: error: no such module 'CommonCrypto'
 23 |
 24 | import Foundation
 25 | import CommonCrypto
    |        `- error: no such module 'CommonCrypto'
 26 |
 27 | internal enum AESError: Error {
[249/863] Compiling ZlibSwift Zlib.swift
[250/863] Compiling _RopeModule BigString+Append.swift
/host/spi-builder-workspace/.build/checkouts/JOSESwift/JOSESwift/Sources/CryptoPrimitives/AESCBC/AES.swift:25:8: error: no such module 'CommonCrypto'
 23 |
 24 | import Foundation
 25 | import CommonCrypto
    |        `- error: no such module 'CommonCrypto'
 26 |
 27 | internal enum AESError: Error {
[251/863] Compiling _RopeModule BigString+Initializers.swift
/host/spi-builder-workspace/.build/checkouts/JOSESwift/JOSESwift/Sources/CryptoPrimitives/AESCBC/AES.swift:25:8: error: no such module 'CommonCrypto'
 23 |
 24 | import Foundation
 25 | import CommonCrypto
    |        `- error: no such module 'CommonCrypto'
 26 |
 27 | internal enum AESError: Error {
[252/863] Compiling _RopeModule BigString+Insert.swift
/host/spi-builder-workspace/.build/checkouts/JOSESwift/JOSESwift/Sources/CryptoPrimitives/AESCBC/AES.swift:25:8: error: no such module 'CommonCrypto'
 23 |
 24 | import Foundation
 25 | import CommonCrypto
    |        `- error: no such module 'CommonCrypto'
 26 |
 27 | internal enum AESError: Error {
[253/863] Compiling _RopeModule BigString+Managing Breaks.swift
/host/spi-builder-workspace/.build/checkouts/JOSESwift/JOSESwift/Sources/CryptoPrimitives/AESCBC/AES.swift:25:8: error: no such module 'CommonCrypto'
 23 |
 24 | import Foundation
 25 | import CommonCrypto
    |        `- error: no such module 'CommonCrypto'
 26 |
 27 | internal enum AESError: Error {
[254/863] Compiling _RopeModule BigString+RemoveSubrange.swift
/host/spi-builder-workspace/.build/checkouts/JOSESwift/JOSESwift/Sources/CryptoPrimitives/AESCBC/AES.swift:25:8: error: no such module 'CommonCrypto'
 23 |
 24 | import Foundation
 25 | import CommonCrypto
    |        `- error: no such module 'CommonCrypto'
 26 |
 27 | internal enum AESError: Error {
[255/863] Compiling _RopeModule BigString+ReplaceSubrange.swift
/host/spi-builder-workspace/.build/checkouts/JOSESwift/JOSESwift/Sources/CryptoPrimitives/AESCBC/AES.swift:25:8: error: no such module 'CommonCrypto'
 23 |
 24 | import Foundation
 25 | import CommonCrypto
    |        `- error: no such module 'CommonCrypto'
 26 |
 27 | internal enum AESError: Error {
[256/863] Compiling _RopeModule BigString+Split.swift
/host/spi-builder-workspace/.build/checkouts/JOSESwift/JOSESwift/Sources/CryptoPrimitives/AESCBC/AES.swift:25:8: error: no such module 'CommonCrypto'
 23 |
 24 | import Foundation
 25 | import CommonCrypto
    |        `- error: no such module 'CommonCrypto'
 26 |
 27 | internal enum AESError: Error {
[257/863] Compiling _RopeModule Range+BigString.swift
/host/spi-builder-workspace/.build/checkouts/JOSESwift/JOSESwift/Sources/CryptoPrimitives/AESCBC/AES.swift:25:8: error: no such module 'CommonCrypto'
 23 |
 24 | import Foundation
 25 | import CommonCrypto
    |        `- error: no such module 'CommonCrypto'
 26 |
 27 | internal enum AESError: Error {
[258/863] Compiling _RopeModule Rope+Debugging.swift
/host/spi-builder-workspace/.build/checkouts/JOSESwift/JOSESwift/Sources/CryptoPrimitives/AESCBC/AES.swift:25:8: error: no such module 'CommonCrypto'
 23 |
 24 | import Foundation
 25 | import CommonCrypto
    |        `- error: no such module 'CommonCrypto'
 26 |
 27 | internal enum AESError: Error {
[259/863] Compiling _RopeModule Rope+Invariants.swift
/host/spi-builder-workspace/.build/checkouts/JOSESwift/JOSESwift/Sources/CryptoPrimitives/AESCBC/AES.swift:25:8: error: no such module 'CommonCrypto'
 23 |
 24 | import Foundation
 25 | import CommonCrypto
    |        `- error: no such module 'CommonCrypto'
 26 |
 27 | internal enum AESError: Error {
[260/863] Compiling _RopeModule Rope+_Node.swift
/host/spi-builder-workspace/.build/checkouts/JOSESwift/JOSESwift/Sources/CryptoPrimitives/AESCBC/AES.swift:25:8: error: no such module 'CommonCrypto'
 23 |
 24 | import Foundation
 25 | import CommonCrypto
    |        `- error: no such module 'CommonCrypto'
 26 |
 27 | internal enum AESError: Error {
[261/863] Compiling _RopeModule Rope+_Storage.swift
/host/spi-builder-workspace/.build/checkouts/JOSESwift/JOSESwift/Sources/CryptoPrimitives/AESCBC/AES.swift:25:8: error: no such module 'CommonCrypto'
 23 |
 24 | import Foundation
 25 | import CommonCrypto
    |        `- error: no such module 'CommonCrypto'
 26 |
 27 | internal enum AESError: Error {
[262/863] Compiling _RopeModule Rope+_UnmanagedLeaf.swift
/host/spi-builder-workspace/.build/checkouts/JOSESwift/JOSESwift/Sources/CryptoPrimitives/AESCBC/AES.swift:25:8: error: no such module 'CommonCrypto'
 23 |
 24 | import Foundation
 25 | import CommonCrypto
    |        `- error: no such module 'CommonCrypto'
 26 |
 27 | internal enum AESError: Error {
[263/863] Compiling _RopeModule Rope+_UnsafeHandle.swift
/host/spi-builder-workspace/.build/checkouts/JOSESwift/JOSESwift/Sources/CryptoPrimitives/AESCBC/AES.swift:25:8: error: no such module 'CommonCrypto'
 23 |
 24 | import Foundation
 25 | import CommonCrypto
    |        `- error: no such module 'CommonCrypto'
 26 |
 27 | internal enum AESError: Error {
[264/863] Compiling _RopeModule Rope.swift
/host/spi-builder-workspace/.build/checkouts/JOSESwift/JOSESwift/Sources/CryptoPrimitives/AESCBC/AES.swift:25:8: error: no such module 'CommonCrypto'
 23 |
 24 | import Foundation
 25 | import CommonCrypto
    |        `- error: no such module 'CommonCrypto'
 26 |
 27 | internal enum AESError: Error {
[265/863] Compiling _RopeModule RopeElement.swift
/host/spi-builder-workspace/.build/checkouts/JOSESwift/JOSESwift/Sources/CryptoPrimitives/AESCBC/AES.swift:25:8: error: no such module 'CommonCrypto'
 23 |
 24 | import Foundation
 25 | import CommonCrypto
    |        `- error: no such module 'CommonCrypto'
 26 |
 27 | internal enum AESError: Error {
[266/864] Compiling _RopeModule BigString.swift
/host/spi-builder-workspace/.build/checkouts/JOSESwift/JOSESwift/Sources/CryptoPrimitives/AESCBC/AES.swift:25:8: error: no such module 'CommonCrypto'
 23 |
 24 | import Foundation
 25 | import CommonCrypto
    |        `- error: no such module 'CommonCrypto'
 26 |
 27 | internal enum AESError: Error {
[267/864] Compiling _RopeModule BigString+Chunk+Append and Insert.swift
/host/spi-builder-workspace/.build/checkouts/JOSESwift/JOSESwift/Sources/CryptoPrimitives/AESCBC/AES.swift:25:8: error: no such module 'CommonCrypto'
 23 |
 24 | import Foundation
 25 | import CommonCrypto
    |        `- error: no such module 'CommonCrypto'
 26 |
 27 | internal enum AESError: Error {
[268/864] Compiling _RopeModule BigString+Chunk.swift
/host/spi-builder-workspace/.build/checkouts/JOSESwift/JOSESwift/Sources/CryptoPrimitives/AESCBC/AES.swift:25:8: error: no such module 'CommonCrypto'
 23 |
 24 | import Foundation
 25 | import CommonCrypto
    |        `- error: no such module 'CommonCrypto'
 26 |
 27 | internal enum AESError: Error {
[269/864] Compiling _RopeModule BigString+BidirectionalCollection.swift
/host/spi-builder-workspace/.build/checkouts/JOSESwift/JOSESwift/Sources/CryptoPrimitives/AESCBC/AES.swift:25:8: error: no such module 'CommonCrypto'
 23 |
 24 | import Foundation
 25 | import CommonCrypto
    |        `- error: no such module 'CommonCrypto'
 26 |
 27 | internal enum AESError: Error {
[270/864] Compiling _RopeModule BigString+Comparable.swift
/host/spi-builder-workspace/.build/checkouts/JOSESwift/JOSESwift/Sources/CryptoPrimitives/AESCBC/AES.swift:25:8: error: no such module 'CommonCrypto'
 23 |
 24 | import Foundation
 25 | import CommonCrypto
    |        `- error: no such module 'CommonCrypto'
 26 |
 27 | internal enum AESError: Error {
[271/864] Compiling _RopeModule BigString+CustomDebugStringConvertible.swift
/host/spi-builder-workspace/.build/checkouts/JOSESwift/JOSESwift/Sources/CryptoPrimitives/AESCBC/AES.swift:25:8: error: no such module 'CommonCrypto'
 23 |
 24 | import Foundation
 25 | import CommonCrypto
    |        `- error: no such module 'CommonCrypto'
 26 |
 27 | internal enum AESError: Error {
[272/864] Compiling _RopeModule BigString+CustomStringConvertible.swift
/host/spi-builder-workspace/.build/checkouts/JOSESwift/JOSESwift/Sources/CryptoPrimitives/AESCBC/AES.swift:25:8: error: no such module 'CommonCrypto'
 23 |
 24 | import Foundation
 25 | import CommonCrypto
    |        `- error: no such module 'CommonCrypto'
 26 |
 27 | internal enum AESError: Error {
[273/864] Compiling _RopeModule BigString+Equatable.swift
/host/spi-builder-workspace/.build/checkouts/JOSESwift/JOSESwift/Sources/CryptoPrimitives/AESCBC/AES.swift:25:8: error: no such module 'CommonCrypto'
 23 |
 24 | import Foundation
 25 | import CommonCrypto
    |        `- error: no such module 'CommonCrypto'
 26 |
 27 | internal enum AESError: Error {
/host/spi-builder-workspace/.build/checkouts/JOSESwift/JOSESwift/Sources/CryptoPrimitives/AESCBC/AES.swift:25:8: error: no such module 'CommonCrypto'
 23 |
 24 | import Foundation
 25 | import CommonCrypto
    |        `- error: no such module 'CommonCrypto'
 26 |
 27 | internal enum AESError: Error {
error: cancelled
error: cancelled
error: cancelled
error: cancelled
error: cancelled
error: cancelled
error: cancelled
error: cancelled
error: cancelled
BUILD FAILURE 6.3 linux