Build Information
Failed to build SharingRemoteConfig, reference main (e34124), with Swift 6.2 for Wasm on 8 Sep 2026 13:53:05 UTC.
Build Command
bash -c docker run --pull=always --rm -v "checkouts-54344845-1":/host -w "$PWD" -e JAVA_HOME="/root/.sdkman/candidates/java/current" -e SPI_BUILD="1" -e SPI_PROCESSING="1" registry.gitlab.com/saguaro1/spi-images:wasm-6.2-latest swift build --swift-sdk swift-6.2-RELEASE_wasm 2>&1Build Log
========================================
RunAll
========================================
Builder version: 5.0.2
Interrupt handler set up.
========================================
Checkout
========================================
Clone URL: https://github.com/zunda-pixel/sharing-remoteconfig.git
Reference: main
Initialized empty Git repository in /host/spi-builder-workspace/.git/
hint: Using 'master' as the name for the initial branch. This default branch name
hint: is subject to change. To configure the initial branch name to use in all
hint: of your new repositories, which will suppress this warning, call:
hint:
hint: git config --global init.defaultBranch <name>
hint:
hint: Names commonly chosen instead of 'master' are 'main', 'trunk' and
hint: 'development'. The just-created branch can be renamed via this command:
hint:
hint: git branch -m <name>
From https://github.com/zunda-pixel/sharing-remoteconfig
* branch main -> FETCH_HEAD
* [new branch] main -> origin/main
HEAD is now at e341243 Bump github.com/pointfreeco/swift-sharing from 2.9.1 to 2.10.1 (#33)
Cloned https://github.com/zunda-pixel/sharing-remoteconfig.git
Revision (git rev-parse @):
e341243f12d795c8f25e4ae7a237594e565bfba4
SUCCESS checkout https://github.com/zunda-pixel/sharing-remoteconfig.git at main
========================================
Build
========================================
Selected platform: wasm
Swift version: 6.2
Building package at path: $PWD
https://github.com/zunda-pixel/sharing-remoteconfig.git
Running build ...
bash -c docker run --pull=always --rm -v "checkouts-54344845-1":/host -w "$PWD" -e JAVA_HOME="/root/.sdkman/candidates/java/current" -e SPI_BUILD="1" -e SPI_PROCESSING="1" registry.gitlab.com/saguaro1/spi-images:wasm-6.2-latest swift build --swift-sdk swift-6.2-RELEASE_wasm 2>&1
wasm-6.2-latest: Pulling from saguaro1/spi-images
Digest: sha256:70428a4f4110aef5b17a27427e965f31cf3855e8cf1dfdc416ed61c780337965
Status: Image is up to date for registry.gitlab.com/saguaro1/spi-images:wasm-6.2-latest
Fetching https://github.com/pointfreeco/swift-sharing
Fetching https://github.com/zunda-pixel/firebase-swift
[1/4101] Fetching swift-sharing
[4102/5394] Fetching swift-sharing, firebase-swift
Fetched https://github.com/zunda-pixel/firebase-swift from cache (0.96s)
Fetched https://github.com/pointfreeco/swift-sharing from cache (0.96s)
Computing version for https://github.com/zunda-pixel/firebase-swift
Computed https://github.com/zunda-pixel/firebase-swift at 1.0.8 (1.12s)
Fetching https://github.com/zunda-pixel/http-client
Fetching https://github.com/apple/swift-http-types
[1/1935] Fetching swift-http-types
[1201/2162] Fetching swift-http-types, http-client
Fetched https://github.com/apple/swift-http-types from cache (0.51s)
[150/227] Fetching http-client
Fetched https://github.com/zunda-pixel/http-client from cache (0.53s)
Computing version for https://github.com/zunda-pixel/http-client
Computed https://github.com/zunda-pixel/http-client at 0.4.0 (0.71s)
Fetching https://github.com/swift-server/async-http-client.git
[1/16169] Fetching async-http-client
Fetched https://github.com/swift-server/async-http-client.git from cache (1.04s)
Computing version for https://github.com/swift-server/async-http-client.git
Computed https://github.com/swift-server/async-http-client.git at 1.36.1 (1.24s)
Fetching https://github.com/apple/swift-algorithms.git
Fetching https://github.com/apple/swift-distributed-tracing.git
Fetching https://github.com/apple/swift-configuration.git
Fetching https://github.com/apple/swift-service-context.git
Fetching https://github.com/apple/swift-nio-ssl.git
Fetching https://github.com/apple/swift-atomics.git
[1/1324] Fetching swift-service-context
[385/4959] Fetching swift-service-context, swift-configuration
[542/11093] Fetching swift-service-context, swift-configuration, swift-algorithms
[2035/12968] Fetching swift-service-context, swift-configuration, swift-algorithms, swift-atomics
[3287/19017] Fetching swift-service-context, swift-configuration, swift-algorithms, swift-atomics, swift-distributed-tracing
Fetched https://github.com/apple/swift-service-context.git from cache (0.61s)
Fetched https://github.com/apple/swift-distributed-tracing.git from cache (0.61s)
Fetching https://github.com/apple/swift-log.git
[11645/27716] Fetching swift-configuration, swift-algorithms, swift-atomics, swift-nio-ssl
[17753/35774] Fetching swift-configuration, swift-algorithms, swift-atomics, swift-nio-ssl, swift-log
Fetching https://github.com/apple/swift-nio-extras.git
Fetched https://github.com/apple/swift-log.git from cache (0.57s)
Fetching https://github.com/apple/swift-nio-http2.git
[22573/27716] Fetching swift-configuration, swift-algorithms, swift-atomics, swift-nio-ssl
[27717/34385] Fetching swift-configuration, swift-algorithms, swift-atomics, swift-nio-ssl, swift-nio-extras
Fetched https://github.com/apple/swift-atomics.git from cache (1.67s)
Fetched https://github.com/apple/swift-configuration.git from cache (1.67s)
[23073/28875] Fetching swift-algorithms, swift-nio-ssl, swift-nio-extras
Fetched https://github.com/apple/swift-algorithms.git from cache (1.67s)
[17006/22741] Fetching swift-nio-ssl, swift-nio-extras
Fetching https://github.com/apple/swift-nio.git
Fetching https://github.com/apple/swift-nio-transport-services.git
Fetched https://github.com/apple/swift-nio-ssl.git from cache (1.68s)
[2401/6669] Fetching swift-nio-extras
Fetched https://github.com/apple/swift-nio-extras.git from cache (0.56s)
[1/12249] Fetching swift-nio-http2
Fetched https://github.com/apple/swift-nio-http2.git from cache (0.96s)
[1/2860] Fetching swift-nio-transport-services
Fetched https://github.com/apple/swift-nio-transport-services.git from cache (0.56s)
[1/85850] Fetching swift-nio
Fetched https://github.com/apple/swift-nio.git from cache (3.01s)
Computing version for https://github.com/apple/swift-service-context.git
Computed https://github.com/apple/swift-service-context.git at 1.3.0 (4.83s)
Computing version for https://github.com/apple/swift-distributed-tracing.git
Computed https://github.com/apple/swift-distributed-tracing.git at 1.4.1 (0.16s)
Computing version for https://github.com/apple/swift-algorithms.git
Computed https://github.com/apple/swift-algorithms.git at 1.2.1 (0.90s)
Fetching https://github.com/apple/swift-numerics.git
[1/6598] Fetching swift-numerics
Fetched https://github.com/apple/swift-numerics.git from cache (0.56s)
Computing version for https://github.com/apple/swift-configuration.git
Computed https://github.com/apple/swift-configuration.git at 1.2.0 (1.37s)
Fetching https://github.com/apple/swift-collections
Fetching https://github.com/apple/swift-system
Fetching https://github.com/swift-server/swift-service-lifecycle
[1/2822] Fetching swift-service-lifecycle
[2823/9676] Fetching swift-service-lifecycle, swift-system
[4743/36832] Fetching swift-service-lifecycle, swift-system, swift-collections
Fetched https://github.com/swift-server/swift-service-lifecycle from cache (0.71s)
[12557/34010] Fetching swift-system, swift-collections
Fetched https://github.com/apple/swift-system from cache (1.19s)
Fetched https://github.com/apple/swift-collections from cache (1.20s)
Computing version for https://github.com/apple/swift-atomics.git
Computed https://github.com/apple/swift-atomics.git at 1.3.1 (1.36s)
Computing version for https://github.com/apple/swift-nio.git
Computed https://github.com/apple/swift-nio.git at 2.102.0 (0.37s)
Computing version for https://github.com/apple/swift-numerics.git
Computed https://github.com/apple/swift-numerics.git at 1.1.1 (0.16s)
Computing version for https://github.com/apple/swift-collections
Computed https://github.com/apple/swift-collections at 1.6.0 (0.25s)
Computing version for https://github.com/apple/swift-nio-transport-services.git
Computed https://github.com/apple/swift-nio-transport-services.git at 1.28.0 (0.18s)
Computing version for https://github.com/swift-server/swift-service-lifecycle
Computed https://github.com/swift-server/swift-service-lifecycle at 2.12.0 (0.17s)
Fetching https://github.com/apple/swift-async-algorithms.git
[1/6723] Fetching swift-async-algorithms
Fetched https://github.com/apple/swift-async-algorithms.git from cache (1.02s)
Computing version for https://github.com/apple/swift-log.git
Computed https://github.com/apple/swift-log.git at 1.15.1 (1.19s)
Computing version for https://github.com/apple/swift-async-algorithms.git
Computed https://github.com/apple/swift-async-algorithms.git at 1.1.5 (0.21s)
Computing version for https://github.com/apple/swift-http-types
Computed https://github.com/apple/swift-http-types at 1.8.0 (0.18s)
Computing version for https://github.com/apple/swift-nio-http2.git
Computed https://github.com/apple/swift-nio-http2.git at 1.46.0 (0.16s)
Computing version for https://github.com/apple/swift-nio-ssl.git
Computed https://github.com/apple/swift-nio-ssl.git at 2.37.4 (0.19s)
Computing version for https://github.com/apple/swift-system
Computed https://github.com/apple/swift-system at 1.8.1 (0.19s)
Computing version for https://github.com/pointfreeco/swift-sharing
Computed https://github.com/pointfreeco/swift-sharing at 2.10.1 (0.35s)
Fetching https://github.com/pointfreeco/swift-concurrency-extras
Fetching https://github.com/pointfreeco/swift-perception
Fetching https://github.com/pointfreeco/swift-dependencies
Fetching https://github.com/pointfreeco/swift-custom-dump
Fetching https://github.com/pointfreeco/xctest-dynamic-overlay
Fetching https://github.com/pointfreeco/swift-identified-collections
[1/2078] Fetching swift-perception
[2079/3136] Fetching swift-perception, swift-concurrency-extras
[2979/8792] Fetching swift-perception, swift-concurrency-extras, swift-custom-dump
[3307/16383] Fetching swift-perception, swift-concurrency-extras, swift-custom-dump, swift-dependencies
Fetched https://github.com/pointfreeco/swift-concurrency-extras from cache (0.51s)
Fetched https://github.com/pointfreeco/swift-perception from cache (0.51s)
[246/13247] Fetching swift-custom-dump, swift-dependencies
[5400/14827] Fetching swift-custom-dump, swift-dependencies, swift-identified-collections
Fetched https://github.com/pointfreeco/swift-custom-dump from cache (0.61s)
Fetched https://github.com/pointfreeco/swift-identified-collections from cache (0.61s)
[1/2727] Fetching xctest-dynamic-overlay
Fetched https://github.com/pointfreeco/swift-dependencies from cache (0.71s)
Fetched https://github.com/pointfreeco/xctest-dynamic-overlay from cache (0.71s)
Computing version for https://github.com/pointfreeco/xctest-dynamic-overlay
Computed https://github.com/pointfreeco/xctest-dynamic-overlay at 1.13.1 (0.92s)
Computing version for https://github.com/pointfreeco/swift-identified-collections
Computed https://github.com/pointfreeco/swift-identified-collections at 1.1.1 (0.14s)
Computing version for https://github.com/pointfreeco/swift-concurrency-extras
Computed https://github.com/pointfreeco/swift-concurrency-extras at 1.4.1 (0.15s)
Computing version for https://github.com/pointfreeco/swift-perception
Computed https://github.com/pointfreeco/swift-perception at 2.0.12 (0.16s)
Fetching https://github.com/swiftlang/swift-syntax
[1/79651] Fetching swift-syntax
Fetched https://github.com/swiftlang/swift-syntax from cache (3.05s)
Computing version for https://github.com/swiftlang/swift-syntax
Computed https://github.com/swiftlang/swift-syntax at 603.0.2 (3.34s)
Computing version for https://github.com/apple/swift-nio-extras.git
Computed https://github.com/apple/swift-nio-extras.git at 1.35.1 (0.27s)
Fetching https://github.com/apple/swift-asn1.git
Fetching https://github.com/apple/swift-http-structured-headers.git
Fetching https://github.com/apple/swift-certificates.git
[1/1253] Fetching swift-http-structured-headers
[1254/3202] Fetching swift-http-structured-headers, swift-asn1
Fetched https://github.com/apple/swift-asn1.git from cache (0.52s)
[1/7549] Fetching swift-certificates
Fetched https://github.com/apple/swift-http-structured-headers.git from cache (0.64s)
Fetched https://github.com/apple/swift-certificates.git from cache (0.64s)
Computing version for https://github.com/apple/swift-http-structured-headers.git
Computed https://github.com/apple/swift-http-structured-headers.git at 1.7.0 (0.80s)
Computing version for https://github.com/apple/swift-asn1.git
Computed https://github.com/apple/swift-asn1.git at 1.7.2 (0.18s)
Computing version for https://github.com/apple/swift-certificates.git
Computed https://github.com/apple/swift-certificates.git at 1.20.0 (0.21s)
Fetching https://github.com/apple/swift-crypto.git
[1/18478] Fetching swift-crypto
Fetched https://github.com/apple/swift-crypto.git from cache (1.16s)
Computing version for https://github.com/apple/swift-crypto.git
Computed https://github.com/apple/swift-crypto.git at 4.5.2 (1.64s)
Computing version for https://github.com/pointfreeco/swift-custom-dump
Computed https://github.com/pointfreeco/swift-custom-dump at 1.7.3 (0.15s)
Computing version for https://github.com/pointfreeco/swift-dependencies
Computed https://github.com/pointfreeco/swift-dependencies at 1.17.1 (0.17s)
Fetching https://github.com/pointfreeco/swift-clocks
Fetching https://github.com/pointfreeco/combine-schedulers
[1/2686] Fetching combine-schedulers
Fetched https://github.com/pointfreeco/combine-schedulers from cache (0.47s)
[1/1446] Fetching swift-clocks
Fetched https://github.com/pointfreeco/swift-clocks from cache (0.59s)
Computing version for https://github.com/pointfreeco/swift-clocks
Computed https://github.com/pointfreeco/swift-clocks at 1.1.1 (0.74s)
Computing version for https://github.com/pointfreeco/combine-schedulers
Computed https://github.com/pointfreeco/combine-schedulers at 1.2.2 (0.16s)
Fetching https://github.com/OpenCombine/OpenCombine.git
[1/8284] Fetching opencombine
Fetched https://github.com/OpenCombine/OpenCombine.git from cache (0.80s)
Computing version for https://github.com/OpenCombine/OpenCombine.git
Computed https://github.com/OpenCombine/OpenCombine.git at 0.14.0 (0.99s)
Creating working copy for https://github.com/apple/swift-nio-transport-services.git
Working copy of https://github.com/apple/swift-nio-transport-services.git resolved at 1.28.0
Creating working copy for https://github.com/apple/swift-certificates.git
Working copy of https://github.com/apple/swift-certificates.git resolved at 1.20.0
Creating working copy for https://github.com/pointfreeco/swift-perception
Working copy of https://github.com/pointfreeco/swift-perception resolved at 2.0.12
Creating working copy for https://github.com/zunda-pixel/firebase-swift
Working copy of https://github.com/zunda-pixel/firebase-swift resolved at 1.0.8
Creating working copy for https://github.com/apple/swift-system
Working copy of https://github.com/apple/swift-system resolved at 1.8.1
Creating working copy for https://github.com/pointfreeco/swift-dependencies
Working copy of https://github.com/pointfreeco/swift-dependencies resolved at 1.17.1
Creating working copy for https://github.com/swiftlang/swift-syntax
Working copy of https://github.com/swiftlang/swift-syntax resolved at 603.0.2
Creating working copy for https://github.com/apple/swift-configuration.git
Working copy of https://github.com/apple/swift-configuration.git resolved at 1.2.0
Creating working copy for https://github.com/apple/swift-nio-http2.git
Working copy of https://github.com/apple/swift-nio-http2.git resolved at 1.46.0
Creating working copy for https://github.com/apple/swift-algorithms.git
Working copy of https://github.com/apple/swift-algorithms.git resolved at 1.2.1
Creating working copy for https://github.com/pointfreeco/swift-concurrency-extras
Working copy of https://github.com/pointfreeco/swift-concurrency-extras resolved at 1.4.1
Creating working copy for https://github.com/apple/swift-distributed-tracing.git
Working copy of https://github.com/apple/swift-distributed-tracing.git resolved at 1.4.1
Creating working copy for https://github.com/apple/swift-atomics.git
Working copy of https://github.com/apple/swift-atomics.git resolved at 1.3.1
Creating working copy for https://github.com/pointfreeco/swift-custom-dump
Working copy of https://github.com/pointfreeco/swift-custom-dump resolved at 1.7.3
Creating working copy for https://github.com/apple/swift-async-algorithms.git
Working copy of https://github.com/apple/swift-async-algorithms.git resolved at 1.1.5
Creating working copy for https://github.com/apple/swift-nio-extras.git
Working copy of https://github.com/apple/swift-nio-extras.git resolved at 1.35.1
Creating working copy for https://github.com/apple/swift-nio-ssl.git
Working copy of https://github.com/apple/swift-nio-ssl.git resolved at 2.37.4
Creating working copy for https://github.com/pointfreeco/swift-identified-collections
Working copy of https://github.com/pointfreeco/swift-identified-collections resolved at 1.1.1
Creating working copy for https://github.com/apple/swift-log.git
Working copy of https://github.com/apple/swift-log.git resolved at 1.15.1
Creating working copy for https://github.com/apple/swift-numerics.git
Working copy of https://github.com/apple/swift-numerics.git resolved at 1.1.1
Creating working copy for https://github.com/OpenCombine/OpenCombine.git
Working copy of https://github.com/OpenCombine/OpenCombine.git resolved at 0.14.0
Creating working copy for https://github.com/apple/swift-service-context.git
Working copy of https://github.com/apple/swift-service-context.git resolved at 1.3.0
Creating working copy for https://github.com/pointfreeco/swift-sharing
Working copy of https://github.com/pointfreeco/swift-sharing resolved at 2.10.1
Creating working copy for https://github.com/pointfreeco/xctest-dynamic-overlay
Working copy of https://github.com/pointfreeco/xctest-dynamic-overlay resolved at 1.13.1
Creating working copy for https://github.com/pointfreeco/swift-clocks
Working copy of https://github.com/pointfreeco/swift-clocks resolved at 1.1.1
Creating working copy for https://github.com/apple/swift-crypto.git
Working copy of https://github.com/apple/swift-crypto.git resolved at 4.5.2
Creating working copy for https://github.com/apple/swift-http-structured-headers.git
Working copy of https://github.com/apple/swift-http-structured-headers.git resolved at 1.7.0
Creating working copy for https://github.com/swift-server/swift-service-lifecycle
Working copy of https://github.com/swift-server/swift-service-lifecycle resolved at 2.12.0
Creating working copy for https://github.com/apple/swift-nio.git
Working copy of https://github.com/apple/swift-nio.git resolved at 2.102.0
Creating working copy for https://github.com/apple/swift-http-types
Working copy of https://github.com/apple/swift-http-types resolved at 1.8.0
Creating working copy for https://github.com/apple/swift-collections
Working copy of https://github.com/apple/swift-collections resolved at 1.6.0
Creating working copy for https://github.com/pointfreeco/combine-schedulers
Working copy of https://github.com/pointfreeco/combine-schedulers resolved at 1.2.2
Creating working copy for https://github.com/swift-server/async-http-client.git
Working copy of https://github.com/swift-server/async-http-client.git resolved at 1.36.1
Creating working copy for https://github.com/apple/swift-asn1.git
Working copy of https://github.com/apple/swift-asn1.git resolved at 1.7.2
Creating working copy for https://github.com/zunda-pixel/http-client
Working copy of https://github.com/zunda-pixel/http-client resolved at 0.4.0
Building for debugging...
[0/473] Write sources
[0/473] Copying PrivacyInfo.xcprivacy
[0/473] Write sources
[42/473] Compiling _CWASI _CWASI.c
[43/473] Compiling CNIOWindows WSAStartup.c
[44/473] Compiling CNIOWindows shim.c
[45/473] Compiling _AtomicsShims.c
[46/473] Compiling CSystem shims.c
[47/473] Compiling CNIOWASI CNIOWASI.c
[48/473] Compiling CNIOOpenBSD shim.c
[49/473] Compiling CNIOPosix event_loop_id.c
[50/473] Compiling CNIOLinux shim.c
[51/473] Compiling CNIOLinux liburing_shims.c
[52/473] Compiling CNIOFreeBSD shim.c
[53/473] Compiling CNIOLLHTTP c_nio_http.c
[54/473] Compiling CNIOExtrasZlib zutil.c
[55/473] Compiling CNIOLLHTTP c_nio_api.c
[56/473] Compiling CNIOExtrasZlib inftrees.c
[57/473] Compiling _NumericsShims _NumericsShims.c
[58/473] Write swift-version-24593BA9C3E375BF.txt
[59/473] Compiling CNIODarwin shim.c
[60/473] Compiling CNIOExtrasZlib inffast.c
[61/473] Compiling CNIOExtrasZlib trees.c
[62/473] Compiling CNIOExtrasZlib crc32.c
[63/473] Compiling CNIOExtrasZlib adler32.c
[64/473] Compiling CNIOExtrasZlib deflate.c
[65/484] Compiling CNIOExtrasZlib inflate.c
[67/534] Emitting module _NIOBase64
[68/534] Emitting module SystemPackage
[68/539] Compiling CNIOLLHTTP c_nio_llhttp.c
[70/550] Compiling Sharing1 Empty.swift
[71/550] Emitting module Sharing1
[73/551] Compiling RealModule RealFunctions.swift
[74/551] Compiling RealModule Real.swift
[75/551] Compiling RealModule Float80+Real.swift
[76/552] Compiling Logging MultiplexLogHandler.swift
[77/552] Compiling Logging StreamLogHandler.swift
[78/573] Compiling IssueReporting UncheckedSendable.swift
[79/573] Compiling IssueReporting Warn.swift
[80/573] Compiling IssueReporting BreakpointReporter.swift
[81/573] Compiling IssueReporting DefaultReporter.swift
[82/573] Compiling IssueReporting FatalErrorReporter.swift
[83/573] Compiling IssueReporting TestContext.swift
[84/573] Emitting module Sharing2
[85/573] Compiling Sharing2 Empty.swift
[86/574] Compiling RealModule RelaxedArithmetic.swift
[87/574] Emitting module RealModule
[88/574] Compiling SystemPackage IOCompletion.swift
[89/574] Compiling SystemPackage IORequest.swift
[90/574] Compiling SystemPackage IORing+Util.swift
[91/574] Compiling SystemPackage IORing.swift
[92/574] Compiling SystemPackage RawIORequest.swift
[93/574] Compiling ServiceContextModule ServiceContext.swift
[94/574] Compiling ServiceContextModule ServiceContextKey.swift
[96/574] Emitting module ServiceContextModule
[97/574] Compiling _NIOBase64 Base64.swift
[98/575] Compiling IssueReporting Deprecations.swift
[99/575] Compiling IssueReporting FailureObserver.swift
[100/575] Compiling SystemPackage SystemString.swift
[101/575] Compiling SystemPackage Util+StringArray.swift
[102/576] Compiling SystemPackage Util.swift
[103/576] Compiling SystemPackage UtilConsumers.swift
[104/576] Compiling SystemPackage WinSDK+Overlay.swift
[105/576] Compiling Logging Logger+Attributes.swift
[106/577] Compiling IssueReporting LockIsolated.swift
[107/577] Compiling IssueReporting Rethrows.swift
[112/577] Compiling RealModule Float16+Real.swift
[113/578] Compiling Logging LoggingSystem.swift
[115/606] Compiling _NIODataStructures PriorityQueue.swift
[116/606] Compiling _NIODataStructures _TinyArray.swift
[117/623] Compiling Logging Logger+With.swift
[118/623] Compiling Logging Logger.swift
[119/623] Compiling Instrumentation NoOpInstrument.swift
[120/623] Compiling Instrumentation MultiplexInstrument.swift
[121/623] Compiling InternalCollectionsUtilities UnsafeMutableRawBufferPointer+Extras.swift
[122/623] Compiling InternalCollectionsUtilities UnsafeRawBufferPointer+Extras.swift
[123/625] Compiling InternalCollectionsUtilities _SortedCollection.swift
[124/625] Compiling InternalCollectionsUtilities _UniqueCollection.swift
[125/625] Emitting module Instrumentation
[126/625] Compiling Instrumentation Instrument.swift
[127/625] Compiling ConcurrencyExtras AsyncStream.swift
[128/625] Compiling ConcurrencyExtras AsyncThrowingStream.swift
[129/625] Compiling ConcurrencyExtras ActorIsolated.swift
[130/625] Emitting module Logging
[134/625] Compiling IssueReporting _Test.swift
[135/625] Compiling SystemPackage Stat.swift
[139/625] Compiling ConcurrencyExtras AnyHashableSendable.swift
[140/625] Compiling SystemPackage RawBuffer.swift
[141/625] Compiling SystemPackage Syscalls.swift
[142/625] Compiling SystemPackage WindowsSyscallAdapters.swift
[143/625] Compiling SystemPackage MachPort.swift
[144/625] Compiling SystemPackage PlatformString.swift
[145/625] Compiling Logging MetadataProvider.swift
[147/626] Compiling ConcurrencyExtras Locking.swift
[148/626] Compiling ConcurrencyExtras UncheckedBox.swift
[149/626] Compiling InternalCollectionsUtilities Integer rank.swift
[150/626] Compiling InternalCollectionsUtilities UInt+first and last set bit.swift
[151/626] Compiling InternalCollectionsUtilities UInt+reversed.swift
[153/626] Compiling Instrumentation InstrumentationSystem.swift
[154/626] Compiling Instrumentation Locks.swift
[155/627] Compiling _NIODataStructures Heap.swift
[156/627] Emitting module _NIODataStructures
[157/628] Compiling InternalCollectionsUtilities UnsafeBufferPointer+Extras.swift
[158/628] Compiling InternalCollectionsUtilities UnsafeMutableBufferPointer+Extras.swift
[171/628] Compiling SystemPackage Backcompat.swift
[172/628] Compiling SystemPackage CInterop.swift
[173/628] Compiling SystemPackage Constants.swift
[174/628] Compiling SystemPackage Exports.swift
[175/628] Compiling SystemPackage Mocking.swift
[175/629] Compiling fiat_p256_adx_sqr.S
[177/636] Compiling fiat_p256_adx_mul.S
[179/637] Emitting module InternalCollectionsUtilities
[179/637] Compiling fiat_curve25519_adx_square.S
[181/637] Compiling Tracing InstrumentationSystem+Tracing.swift
[181/637] Compiling fiat_curve25519_adx_mul.S
[183/637] Compiling Tracing NoOpTracer.swift
[184/637] Emitting module Tracing
[185/637] Compiling Tracing TracingTime.swift
[185/637] Compiling CNIOBoringSSLShims shims.c
[187/637] Compiling InternalCollectionsUtilities String+Padding.swift
[188/637] Compiling InternalCollectionsUtilities _UnsafeBitSet+Index.swift
[189/637] Compiling InternalCollectionsUtilities _UnsafeBitSet+_Word.swift
[190/637] Compiling InternalCollectionsUtilities _UnsafeBitSet.swift
[191/638] Compiling Tracing TracerProtocol.swift
[192/638] Compiling Tracing TracerProtocol+Legacy.swift
[193/638] Compiling Tracing Tracer.swift
[195/638] Compiling ConcurrencyExtras Result.swift
[196/638] Compiling ConcurrencyExtras MainSerialExecutor.swift
[197/639] Compiling Tracing SpanProtocol.swift
[199/640] Emitting module ConcurrencyExtras
[200/640] Compiling ConcurrencyExtras UncheckedSendable.swift
[200/693] Compiling tls_method.cc
[201/697] Compiling tls_record.cc
[203/697] Compiling OrderedCollections OrderedDictionary+CustomReflectable.swift
[204/697] Compiling OrderedCollections OrderedDictionary+Deprecations.swift
[205/697] Compiling OrderedCollections OrderedDictionary+Descriptions.swift
[206/697] Compiling OrderedCollections OrderedDictionary+Sequence.swift
[207/697] Compiling OrderedCollections OrderedDictionary+Codable.swift
[208/699] Compiling HTTPTypes HTTPParsedFields.swift
[209/700] Compiling HTTPTypes HTTPFields.swift
[210/736] Compiling ContainersPreview Producer+Map.swift
[211/736] Compiling ContainersPreview Producer+Reduce.swift
[212/736] Compiling ContainersPreview Producer.swift
[213/736] Compiling ContainersPreview InputSpan.swift
[214/736] Compiling ContainersPreview MutableRef.swift
[215/740] Compiling ContainersPreview Container+SpanwiseZip.swift
[216/740] Compiling ContainersPreview Container.swift
[217/740] Compiling ContainersPreview ContainerIterator.swift
[218/740] Compiling ContainersPreview DynamicContainer.swift
[219/740] Compiling ContainersPreview MutableContainer.swift
[220/740] Compiling ContainersPreview Drain+Map.swift
[221/740] Compiling ContainersPreview Drain+Reduce.swift
[222/740] Compiling ContainersPreview Drain.swift
[223/740] Compiling ContainersPreview Producer+Collect.swift
[224/740] Compiling ContainersPreview Producer+Filter.swift
[225/740] Compiling ContainersPreview PermutableContainer.swift
[226/740] Compiling ContainersPreview RandomAccessContainer.swift
[227/740] Compiling ContainersPreview RangeExpression2.swift
[228/740] Compiling ContainersPreview RangeReplaceableContainer.swift
[229/740] Compiling ContainersPreview Strideable+Limits.swift
[230/740] Compiling ContainersPreview BorrowingSequence+Standard Conformances.swift
[231/740] Compiling ContainersPreview BorrowingSequence+Utilities.swift
[232/740] Compiling ContainersPreview BorrowingSequence.swift
[233/740] Compiling ContainersPreview BidirectionalContainer.swift
[234/740] Compiling ContainersPreview Container+Filter.swift
[235/740] Compiling ContainersPreview BorrowingIteratorProtocol+Map.swift
[236/740] Compiling ContainersPreview BorrowingIteratorProtocol+Reduce.swift
[237/740] Compiling ContainersPreview BorrowingIteratorProtocol+SpanwiseZip.swift
[238/740] Compiling ContainersPreview BorrowingIteratorProtocol.swift
[239/740] Compiling ContainersPreview BorrowingSequence+Algorithms.swift
[240/740] Compiling ContainersPreview BorrowingIteratorProtocol+Filter.swift
[248/740] Compiling HTTPTypes HTTPRequest.swift
[249/740] Compiling HTTPTypes HTTPRequest+URL.swift
[250/740] Compiling ConcurrencyExtras Task.swift
[254/740] Compiling ContainersPreview BorrowingIteratorProtocol+ElementsEqual.swift
[257/740] Compiling ContainersPreview BorrowingIteratorProtocol+Copy.swift
[259/740] Compiling ContainersPreview OutputSpan+Extras.swift
[260/740] Compiling ContainersPreview TemporaryAllocation.swift
[261/740] Emitting module IssueReporting
[265/740] Compiling ContainersPreview Ref.swift
[266/740] Compiling ContainersPreview Shared.swift
[267/740] Compiling ContainersPreview SpanIterator.swift
[268/740] Compiling ContainersPreview UniqueBox.swift
[269/740] Compiling HTTPTypes HTTPFieldValue.swift
[274/740] Compiling ConcurrencyExtras LockIsolated.swift
[275/741] Emitting module ContainersPreview
[286/743] Emitting module HTTPTypes
[287/743] Compiling OrderedCollections OrderedSet+Partial SetAlgebra isSuperset.swift
[288/743] Compiling OrderedCollections OrderedSet+Partial SetAlgebra subtract.swift
[289/743] Compiling OrderedCollections OrderedSet+Partial SetAlgebra subtracting.swift
[290/743] Compiling OrderedCollections OrderedSet+Partial SetAlgebra symmetricDifference.swift
[291/743] Compiling OrderedCollections OrderedSet+Partial SetAlgebra union.swift
[292/743] Compiling OrderedCollections OrderedSet+Partial SetAlgebra+Basics.swift
[293/743] Compiling OrderedCollections OrderedSet+RandomAccessCollection.swift
[294/743] Compiling OrderedCollections OrderedSet+ReserveCapacity.swift
[295/750] Compiling OrderedCollections OrderedSet+Partial SetAlgebra formSymmetricDifference.swift
[296/750] Compiling OrderedCollections OrderedSet+Partial SetAlgebra formUnion.swift
[297/750] Compiling OrderedCollections OrderedSet+Partial SetAlgebra intersection.swift
[298/750] Compiling OrderedCollections OrderedSet+Partial SetAlgebra isDisjoint.swift
[299/750] Compiling OrderedCollections OrderedSet+Partial SetAlgebra isEqualSet.swift
[300/750] Compiling OrderedCollections OrderedSet+Partial SetAlgebra isStrictSubset.swift
[301/750] Compiling OrderedCollections OrderedSet+Partial SetAlgebra isStrictSuperset.swift
[302/750] Compiling OrderedCollections OrderedSet+Partial SetAlgebra isSubset.swift
[302/791] Compiling tls13_enc.cc
[304/794] Compiling DequeModule UniqueDeque+Container.swift
[305/794] Compiling DequeModule UniqueDeque+Deprecated.swift
[306/794] Compiling DequeModule UniqueDeque+Descriptions.swift
[307/794] Compiling DequeModule UniqueDeque+Equatable.swift
[308/794] Compiling DequeModule UniqueDeque+Experimental.swift
[309/800] Compiling DequeModule RigidDeque+Append.swift
[310/800] Compiling DequeModule RigidDeque+Consumption.swift
[311/800] Compiling DequeModule RigidDeque+Container.swift
[312/800] Compiling DequeModule RigidDeque+Descriptions.swift
[313/800] Compiling DequeModule Deque+Extras.swift
[314/800] Compiling DequeModule Deque+Hashable.swift
[315/800] Compiling DequeModule Deque+Testing.swift
[316/800] Compiling DequeModule Deque._Storage.swift
[317/800] Compiling DequeModule Deque._UnsafeHandle.swift
[318/800] Compiling DequeModule Deque.swift
[319/800] Compiling DequeModule RigidDeque+Equatable.swift
[320/800] Compiling DequeModule RigidDeque+Experimental.swift
[321/800] Compiling DequeModule RigidDeque+Hashable.swift
[322/800] Compiling DequeModule RigidDeque+Initializers.swift
[323/800] Compiling DequeModule RigidDeque+Insertions.swift
[324/800] Compiling DequeModule RigidDeque+Prepend.swift
[324/811] Compiling tls13_server.cc
[326/811] Compiling PerceptionCore Locking.swift
[327/811] Compiling PerceptionCore Perceptible.swift
[328/811] Compiling PerceptionCore Bindable.swift
[329/811] Compiling PerceptionCore Environment.swift
[330/811] Compiling PerceptionCore PerceptionTracking.swift
[331/811] Compiling PerceptionCore Perceptions.swift
[332/839] Compiling DequeModule UniqueDeque+Hashable.swift
[333/839] Compiling DequeModule UniqueDeque+Initializers.swift
[334/839] Compiling DequeModule UniqueDeque+Insertions.swift
[335/839] Compiling DequeModule UniqueDeque+Prepend.swift
[336/839] Compiling DequeModule UniqueDeque+Removals.swift
[337/839] Compiling HTTPTypes HTTPResponse.swift
[339/840] Compiling CustomDump UniformTypeIdentifiers.swift
[340/840] Compiling CustomDump UserNotifications.swift
[341/840] Compiling CustomDump UserNotificationsUI.swift
[342/840] Compiling CustomDump CustomDumpReflectable.swift
[343/843] Compiling CustomDump Diff.swift
[344/843] Compiling CustomDump Dump.swift
[345/843] Compiling CustomDump ExpectDifference.swift
[346/843] Compiling CustomDump ExpectNoDifference.swift
[347/843] Compiling CustomDump AnyType.swift
[348/843] Compiling CustomDump CollectionDifference.swift
[349/843] Compiling CustomDump XCTAssertNoDifference.swift
[350/843] Compiling DequeModule RigidDeque+Replacements.swift
[351/843] Compiling DequeModule RigidDeque+Testing.swift
[352/843] Compiling DequeModule RigidDeque.swift
[353/843] Compiling DequeModule UniqueDeque+Append.swift
[354/843] Compiling DequeModule UniqueDeque+Consumption.swift
[355/856] Compiling CustomDump Identifiable.swift
[356/856] Compiling CustomDump Mirror.swift
[357/856] Compiling CustomDump String.swift
[358/856] Compiling CustomDump StoreKit.swift
[359/856] Compiling CustomDump Swift.swift
[360/856] Compiling CustomDump SwiftUI.swift
[361/856] Compiling CustomDump UIKit.swift
[362/856] Compiling CombineSchedulers AnyScheduler.swift
[363/856] Compiling CombineSchedulers Concurrency.swift
[364/856] Compiling CombineSchedulers TestScheduler.swift
[365/856] Compiling CombineSchedulers Timer.swift
[370/856] Compiling CombineSchedulers ImmediateScheduler.swift
[371/856] Compiling CombineSchedulers Deprecations.swift
[372/856] Compiling CombineSchedulers Lock.swift
[373/856] Compiling CombineSchedulers NSRecursiveLock.swift
[373/856] Compiling tls13_client.cc
[379/862] Compiling HTTPTypesFoundation URLRequest+HTTPTypes.swift
[380/862] Compiling HTTPTypesFoundation HTTPTypesFoundation.swift
error: emit-module command failed with exit code 1 (use -v to see invocation)
[384/862] Compiling CustomDump Unordered.swift
[385/862] Emitting module HTTPTypesFoundation
/host/spi-builder-workspace/.build/checkouts/swift-http-types/Sources/HTTPTypesFoundation/URLSession+HTTPTypes.swift:50:1: error: non-nominal type 'URLSession' (aka 'AnyObject') cannot be extended [#NominalTypes]
48 | @available(macOS 12.0, iOS 15.0, watchOS 8.0, tvOS 15.0, *)
49 | @available(HTTPTypes 1.0, *)
50 | extension URLSession {
| `- error: non-nominal type 'URLSession' (aka 'AnyObject') cannot be extended [#NominalTypes]
51 | /// Convenience method to load data using an `HTTPRequest`; creates and resumes a `URLSessionDataTask` internally.
52 | ///
/host/spi-builder-workspace/.build/checkouts/swift-http-types/Sources/HTTPTypesFoundation/URLSession+HTTPTypes.swift:155:1: error: non-nominal type 'URLSession' (aka 'AnyObject') cannot be extended [#NominalTypes]
153 | @available(macOS 10.15, iOS 13.0, watchOS 6.0, tvOS 13.0, *)
154 | @available(HTTPTypes 1.0, *)
155 | extension URLSession {
| `- error: non-nominal type 'URLSession' (aka 'AnyObject') cannot be extended [#NominalTypes]
156 | /// Convenience method to load data using an `HTTPRequest`; creates and resumes a `URLSessionDataTask` internally.
157 | ///
[#NominalTypes]: <https://docs.swift.org/compiler/documentation/diagnostics/nominal-types>
[386/862] Compiling CustomDump XCTAssertDifference.swift
[398/862] Compiling HTTPTypesFoundation URLResponse+HTTPTypes.swift
[399/862] Compiling HTTPTypesFoundation URLSession+HTTPTypes.swift
/host/spi-builder-workspace/.build/checkouts/swift-http-types/Sources/HTTPTypesFoundation/URLSession+HTTPTypes.swift:50:1: error: non-nominal type 'URLSession' (aka 'AnyObject') cannot be extended [#NominalTypes]
48 | @available(macOS 12.0, iOS 15.0, watchOS 8.0, tvOS 15.0, *)
49 | @available(HTTPTypes 1.0, *)
50 | extension URLSession {
| `- error: non-nominal type 'URLSession' (aka 'AnyObject') cannot be extended [#NominalTypes]
51 | /// Convenience method to load data using an `HTTPRequest`; creates and resumes a `URLSessionDataTask` internally.
52 | ///
/host/spi-builder-workspace/.build/checkouts/swift-http-types/Sources/HTTPTypesFoundation/URLSession+HTTPTypes.swift:155:1: error: non-nominal type 'URLSession' (aka 'AnyObject') cannot be extended [#NominalTypes]
153 | @available(macOS 10.15, iOS 13.0, watchOS 6.0, tvOS 13.0, *)
154 | @available(HTTPTypes 1.0, *)
155 | extension URLSession {
| `- error: non-nominal type 'URLSession' (aka 'AnyObject') cannot be extended [#NominalTypes]
156 | /// Convenience method to load data using an `HTTPRequest`; creates and resumes a `URLSessionDataTask` internally.
157 | ///
/host/spi-builder-workspace/.build/checkouts/swift-http-types/Sources/HTTPTypesFoundation/URLSession+HTTPTypes.swift:58:19: error: cannot find type 'URLSessionTaskDelegate' in scope
56 | public func data(
57 | for request: HTTPRequest,
58 | delegate: URLSessionTaskDelegate? = nil
| `- error: cannot find type 'URLSessionTaskDelegate' in scope
59 | ) async throws -> (Data, HTTPResponse) {
60 | guard let urlRequest = URLRequest(httpRequest: request) else {
/host/spi-builder-workspace/.build/checkouts/swift-http-types/Sources/HTTPTypesFoundation/URLSession+HTTPTypes.swift:79:19: error: cannot find type 'URLSessionTaskDelegate' in scope
77 | for request: HTTPRequest,
78 | fromFile fileURL: URL,
79 | delegate: URLSessionTaskDelegate? = nil
| `- error: cannot find type 'URLSessionTaskDelegate' in scope
80 | ) async throws -> (Data, HTTPResponse) {
81 | guard let urlRequest = URLRequest(httpRequest: request) else {
/host/spi-builder-workspace/.build/checkouts/swift-http-types/Sources/HTTPTypesFoundation/URLSession+HTTPTypes.swift:100:19: error: cannot find type 'URLSessionTaskDelegate' in scope
98 | for request: HTTPRequest,
99 | from bodyData: Data,
100 | delegate: URLSessionTaskDelegate? = nil
| `- error: cannot find type 'URLSessionTaskDelegate' in scope
101 | ) async throws -> (Data, HTTPResponse) {
102 | guard let urlRequest = URLRequest(httpRequest: request) else {
/host/spi-builder-workspace/.build/checkouts/swift-http-types/Sources/HTTPTypesFoundation/URLSession+HTTPTypes.swift:119:19: error: cannot find type 'URLSessionTaskDelegate' in scope
117 | public func download(
118 | for request: HTTPRequest,
119 | delegate: URLSessionTaskDelegate? = nil
| `- error: cannot find type 'URLSessionTaskDelegate' in scope
120 | ) async throws -> (URL, HTTPResponse) {
121 | guard let urlRequest = URLRequest(httpRequest: request) else {
[#NominalTypes]: <https://docs.swift.org/compiler/documentation/diagnostics/nominal-types>
[406/862] Emitting module CustomDump
[406/862] Compiling tls13_both.cc
[407/862] Compiling t1_enc.cc
[409/862] Compiling OrderedCollections OrderedSet+Sendable.swift
[410/862] Compiling OrderedCollections OrderedSet+SubSequence.swift
[411/862] Compiling OrderedCollections OrderedSet+Testing.swift
[412/862] Compiling OrderedCollections OrderedSet+UnorderedView.swift
[413/862] Compiling OrderedCollections OrderedSet+UnstableInternals.swift
[414/862] Compiling OrderedCollections OrderedSet.swift
[415/862] Compiling OrderedCollections _UnsafeBitset.swift
[420/869] Compiling CustomDump CustomDumpRepresentable.swift
[421/869] Compiling CustomDump CustomDumpStringConvertible.swift
[426/870] Compiling HTTPTypesFoundation HTTPTypes+ISOLatin1.swift
[429/870] Compiling ssl_x509.cc
/root/.swiftpm/swift-sdks/swift-6.2-RELEASE_wasm.artifactbundle/swift-6.2-RELEASE_wasm/wasm32-unknown-wasip1/WASI.sdk/include/wasm32-wasip1/signal.h:2:2: error: "wasm lacks signal support; to enable minimal signal emulation, compile with -D_WASI_EMULATED_SIGNAL and link with -lwasi-emulated-signal"
1 | #ifndef _WASI_EMULATED_SIGNAL
2 | #error "wasm lacks signal support; to enable minimal signal emulation, \
| `- error: "wasm lacks signal support; to enable minimal signal emulation, compile with -D_WASI_EMULATED_SIGNAL and link with -lwasi-emulated-signal"
3 | compile with -D_WASI_EMULATED_SIGNAL and link with -lwasi-emulated-signal"
4 | #else
<module-includes>:1:10: note: in file included from <module-includes>:1:
1 | #include "CoreFoundation.h"
| `- note: in file included from <module-includes>:1:
2 |
/root/.swiftpm/swift-sdks/swift-6.2-RELEASE_wasm.artifactbundle/swift-6.2-RELEASE_wasm/wasm32-unknown-wasip1/swift.xctoolchain/usr/lib/swift_static/CoreFoundation/CoreFoundation.h:28:10: error: could not build module 'wasi_emulated_signal'
26 | #include <setjmp.h>
27 | #endif
28 | #include <signal.h>
| `- error: could not build module 'wasi_emulated_signal'
29 | #include <stddef.h>
30 | #include <stdio.h>
/root/.swiftpm/swift-sdks/swift-6.2-RELEASE_wasm.artifactbundle/swift-6.2-RELEASE_wasm/wasm32-unknown-wasip1/swift.xctoolchain/usr/lib/swift_static/CoreFoundation/ForSwiftFoundationOnly.h:86:10: note: while building module 'wasi_emulated_mman' imported from /root/.swiftpm/swift-sdks/swift-6.2-RELEASE_wasm.artifactbundle/swift-6.2-RELEASE_wasm/wasm32-unknown-wasip1/swift.xctoolchain/usr/lib/swift_static/CoreFoundation/ForSwiftFoundationOnly.h:86:
84 | #undef _WASI_EMULATED_MMAN
85 | #define _WASI_EMULATED_MMAN
86 | #include <sys/mman.h>
| `- note: while building module 'wasi_emulated_mman' imported from /root/.swiftpm/swift-sdks/swift-6.2-RELEASE_wasm.artifactbundle/swift-6.2-RELEASE_wasm/wasm32-unknown-wasip1/swift.xctoolchain/usr/lib/swift_static/CoreFoundation/ForSwiftFoundationOnly.h:86:
87 | #elif TARGET_OS_LINUX
88 | #include <errno.h>
<module-includes>:1:10: note: in file included from <module-includes>:1:
1 | #include "sys/mman.h"
| `- note: in file included from <module-includes>:1:
2 |
/root/.swiftpm/swift-sdks/swift-6.2-RELEASE_wasm.artifactbundle/swift-6.2-RELEASE_wasm/wasm32-unknown-wasip1/WASI.sdk/include/wasm32-wasip1/sys/mman.h:2:2: error: "WASI lacks a true mmap; to enable minimal mmap emulation, compile with -D_WASI_EMULATED_MMAN and link with -lwasi-emulated-mman"
1 | #ifndef _WASI_EMULATED_MMAN
2 | #error "WASI lacks a true mmap; to enable minimal mmap emulation, \
| `- error: "WASI lacks a true mmap; to enable minimal mmap emulation, compile with -D_WASI_EMULATED_MMAN and link with -lwasi-emulated-mman"
3 | compile with -D_WASI_EMULATED_MMAN and link with -lwasi-emulated-mman"
4 | #else
/host/spi-builder-workspace/.build/checkouts/combine-schedulers/Sources/CombineSchedulers/Internal/Lock.swift:48:12: error: could not build C module 'CoreFoundation'
46 | import Foundation
47 | #if canImport(CoreFoundation)
48 | import CoreFoundation
| `- error: could not build C module 'CoreFoundation'
49 | #endif
50 |
/root/.swiftpm/swift-sdks/swift-6.2-RELEASE_wasm.artifactbundle/swift-6.2-RELEASE_wasm/wasm32-unknown-wasip1/WASI.sdk/include/wasm32-wasip1/signal.h:2:2: error: "wasm lacks signal support; to enable minimal signal emulation, compile with -D_WASI_EMULATED_SIGNAL and link with -lwasi-emulated-signal"
1 | #ifndef _WASI_EMULATED_SIGNAL
2 | #error "wasm lacks signal support; to enable minimal signal emulation, \
| `- error: "wasm lacks signal support; to enable minimal signal emulation, compile with -D_WASI_EMULATED_SIGNAL and link with -lwasi-emulated-signal"
3 | compile with -D_WASI_EMULATED_SIGNAL and link with -lwasi-emulated-signal"
4 | #else
<module-includes>:1:10: note: in file included from <module-includes>:1:
1 | #include "CoreFoundation.h"
| `- note: in file included from <module-includes>:1:
2 |
/root/.swiftpm/swift-sdks/swift-6.2-RELEASE_wasm.artifactbundle/swift-6.2-RELEASE_wasm/wasm32-unknown-wasip1/swift.xctoolchain/usr/lib/swift_static/CoreFoundation/CoreFoundation.h:28:10: error: could not build module 'wasi_emulated_signal'
26 | #include <setjmp.h>
27 | #endif
28 | #include <signal.h>
| `- error: could not build module 'wasi_emulated_signal'
29 | #include <stddef.h>
30 | #include <stdio.h>
/root/.swiftpm/swift-sdks/swift-6.2-RELEASE_wasm.artifactbundle/swift-6.2-RELEASE_wasm/wasm32-unknown-wasip1/swift.xctoolchain/usr/lib/swift_static/CoreFoundation/ForSwiftFoundationOnly.h:86:10: note: while building module 'wasi_emulated_mman' imported from /root/.swiftpm/swift-sdks/swift-6.2-RELEASE_wasm.artifactbundle/swift-6.2-RELEASE_wasm/wasm32-unknown-wasip1/swift.xctoolchain/usr/lib/swift_static/CoreFoundation/ForSwiftFoundationOnly.h:86:
84 | #undef _WASI_EMULATED_MMAN
85 | #define _WASI_EMULATED_MMAN
86 | #include <sys/mman.h>
| `- note: while building module 'wasi_emulated_mman' imported from /root/.swiftpm/swift-sdks/swift-6.2-RELEASE_wasm.artifactbundle/swift-6.2-RELEASE_wasm/wasm32-unknown-wasip1/swift.xctoolchain/usr/lib/swift_static/CoreFoundation/ForSwiftFoundationOnly.h:86:
87 | #elif TARGET_OS_LINUX
88 | #include <errno.h>
<module-includes>:1:10: note: in file included from <module-includes>:1:
1 | #include "sys/mman.h"
| `- note: in file included from <module-includes>:1:
2 |
/root/.swiftpm/swift-sdks/swift-6.2-RELEASE_wasm.artifactbundle/swift-6.2-RELEASE_wasm/wasm32-unknown-wasip1/WASI.sdk/include/wasm32-wasip1/sys/mman.h:2:2: error: "WASI lacks a true mmap; to enable minimal mmap emulation, compile with -D_WASI_EMULATED_MMAN and link with -lwasi-emulated-mman"
1 | #ifndef _WASI_EMULATED_MMAN
2 | #error "WASI lacks a true mmap; to enable minimal mmap emulation, \
| `- error: "WASI lacks a true mmap; to enable minimal mmap emulation, compile with -D_WASI_EMULATED_MMAN and link with -lwasi-emulated-mman"
3 | compile with -D_WASI_EMULATED_MMAN and link with -lwasi-emulated-mman"
4 | #else
/host/spi-builder-workspace/.build/checkouts/combine-schedulers/Sources/CombineSchedulers/Internal/Lock.swift:48:12: error: could not build C module 'CoreFoundation'
46 | import Foundation
47 | #if canImport(CoreFoundation)
48 | import CoreFoundation
| `- error: could not build C module 'CoreFoundation'
49 | #endif
50 |
BUILD FAILURE 6.2 wasm