Build Information
Failed to build MixpanelSessionReplay, reference main (8ce38f), with Swift 6.4 for watchOS using Xcode 27.0 on 10 Oct 2026 13:37:00 UTC.
Build Command
env DEVELOPER_DIR=/Applications/Xcode-27.0.0-Release.Candidate.app xcrun xcodebuild -IDEClonedSourcePackagesDirPathOverride=$PWD/.dependencies -skipMacroValidation -skipPackagePluginValidation -derivedDataPath $PWD/.derivedData build -scheme MixpanelSessionReplay -destination generic/platform=watchOSBuild Log
========================================
RunAll
========================================
Builder version: 5.1.1
Interrupt handler set up.
========================================
Checkout
========================================
Clone URL: https://github.com/mixpanel/mixpanel-ios-session-replay-package.git
Reference: main
Initialized empty Git repository in /Users/admin/builder/spi-builder-workspace/.git/
From https://github.com/mixpanel/mixpanel-ios-session-replay-package
* branch main -> FETCH_HEAD
* [new branch] main -> origin/main
HEAD is now at 8ce38fc release: prepare 2.0.0 (#59)
Cloned https://github.com/mixpanel/mixpanel-ios-session-replay-package.git
Revision (git rev-parse @):
8ce38fc53ed1babc395865d0e8f058c0a73d3442
SUCCESS checkout https://github.com/mixpanel/mixpanel-ios-session-replay-package.git at main
========================================
Build
========================================
Selected platform: watchOS
Swift version: 6.4
Building package at path: $PWD
https://github.com/mixpanel/mixpanel-ios-session-replay-package.git
Command line invocation:
/Applications/Xcode-27.0.0.app/Contents/Developer/usr/bin/xcodebuild -IDEClonedSourcePackagesDirPathOverride=/Users/admin/builder/spi-builder-workspace/.dependencies -resolvePackageDependencies
Resolve Package Graph
Fetching from https://github.com/mixpanel/mixpanel-swift-common.git
Creating working copy of package ‘mixpanel-swift-common’
Checking out 2.0.0 of package ‘mixpanel-swift-common’
Resolve Package Graph
Resolved source packages:
MixpanelSwiftCommon: https://github.com/mixpanel/mixpanel-swift-common.git @ 2.0.0
MixpanelSessionReplay: /Users/admin/builder/spi-builder-workspace
resolved source packages: MixpanelSwiftCommon, MixpanelSessionReplay
2026-10-10 09:36:05.603 xcodebuild[563:3097] [MT] IDERunDestination: Supported platforms for the buildables in the current scheme is empty.
{
"dependencies" : [
{
"identity" : "mixpanel-swift-common",
"requirement" : {
"range" : [
{
"lower_bound" : "2.0.0",
"upper_bound" : "3.0.0"
}
]
},
"type" : "sourceControl",
"url" : "https://github.com/mixpanel/mixpanel-swift-common.git"
}
],
"manifest_display_name" : "MixpanelSessionReplay",
"name" : "MixpanelSessionReplay",
"path" : "/Users/admin/builder/spi-builder-workspace",
"platforms" : [
{
"name" : "ios",
"version" : "15.0"
}
],
"products" : [
{
"name" : "MixpanelSessionReplay",
"targets" : [
"MixpanelSessionReplay"
],
"type" : {
"library" : [
"automatic"
]
}
}
],
"targets" : [
{
"c99name" : "MixpanelSessionReplayTests",
"module_type" : "SwiftTarget",
"name" : "MixpanelSessionReplayTests",
"path" : "MixpanelSessionReplay/MixpanelSessionReplayTests",
"sources" : [
"BaseTests.swift",
"Debug/DebugMaskOverlayManagerTests.swift",
"Debug/DebugMaskOverlayViewTests.swift",
"Debug/DebugOptionsTests.swift",
"Debug/DebugOverlayColorsTests.swift",
"Debug/MaskDecisionTests.swift",
"MPSessionReplayAutoMaskedViewsTests.swift",
"MPSessionReplayInstanceTests.swift",
"MPSessionReplayTests.swift",
"MockClasses.swift",
"Models/EventTriggerTests.swift",
"Models/MPSessionReplayConfigTests.swift",
"Network/FlushRequestTests.swift",
"Network/NetworkTests.swift",
"SensitiveViews/HashableRectTests.swift",
"SensitiveViews/SensitiveViewManagerTests.swift",
"Services/EventServiceTests.swift",
"Services/FlushServiceTests.swift",
"Services/SettingsServiceTests.swift",
"Tracking/EventHandlerTouchTests.swift",
"Tracking/ScreenRecorderTests.swift",
"Tracking/TouchEventTrackerTests.swift",
"Utils/MPSessionReplayAPITests.swift",
"Utils/SwizzlerTests.swift",
"Utils/ViewUtilsTests.swift",
"Wireframe/MPWireframesOptionsCodableTests.swift",
"Wireframe/ReactNativeWireframeTests.swift",
"Wireframe/SensitiveViewManagerWireframeTests.swift",
"Wireframe/SwiftUIExtractionLabTests.swift",
"Wireframe/SwiftUIWireframeLayoutGoldenTests.swift",
"Wireframe/WireframeEmitterTests.swift",
"Wireframe/WireframeGoldenTestUtils.swift",
"Wireframe/WireframeGoldenTests.swift",
"Wireframe/WireframeLayoutGoldenTestUtils.swift",
"Wireframe/WireframeLayoutGoldenTests.swift"
],
"target_dependencies" : [
"MixpanelSessionReplay"
],
"type" : "test"
},
{
"c99name" : "MixpanelSessionReplay",
"module_type" : "SwiftTarget",
"name" : "MixpanelSessionReplay",
"path" : "MixpanelSessionReplay",
"product_dependencies" : [
"MixpanelSwiftCommon"
],
"product_memberships" : [
"MixpanelSessionReplay"
],
"resources" : [
{
"path" : "/Users/admin/builder/spi-builder-workspace/MixpanelSessionReplay/MixpanelSessionReplay/Resources/PrivacyInfo.xcprivacy",
"rule" : {
"copy" : {
}
}
}
],
"sources" : [
"MixpanelSessionReplay/Debug/DebugMaskOverlayManager.swift",
"MixpanelSessionReplay/Debug/DebugMaskOverlayView.swift",
"MixpanelSessionReplay/Debug/DebugOptions.swift",
"MixpanelSessionReplay/Debug/DebugOverlayColors.swift",
"MixpanelSessionReplay/EventBridge/EventBridge.swift",
"MixpanelSessionReplay/EventBridge/EventBridgeHandler.swift",
"MixpanelSessionReplay/Extensions/Data+Compression.swift",
"MixpanelSessionReplay/Extensions/UIApplication+firstKeyWindow.swift",
"MixpanelSessionReplay/Extensions/View+MPReplay.swift",
"MixpanelSessionReplay/Extensions/View+SensitiveView.swift",
"MixpanelSessionReplay/Logging/Logger.swift",
"MixpanelSessionReplay/Logging/PrintLogging.swift",
"MixpanelSessionReplay/MPSessionReplay.swift",
"MixpanelSessionReplay/MPSessionReplayInstance.swift",
"MixpanelSessionReplay/Models/MPSessionReplayConfig.swift",
"MixpanelSessionReplay/Models/MPSessionReplayModels.swift",
"MixpanelSessionReplay/Models/MPWireframesOptions.swift",
"MixpanelSessionReplay/Models/RawEvent.swift",
"MixpanelSessionReplay/Models/RecordingEventTrigger.swift",
"MixpanelSessionReplay/Models/ReplayJSONTemplate.swift",
"MixpanelSessionReplay/Models/SettingsResponse.swift",
"MixpanelSessionReplay/Network/FlushRequest.swift",
"MixpanelSessionReplay/Network/Network.swift",
"MixpanelSessionReplay/Network/NetworkMonitor.swift",
"MixpanelSessionReplay/SensitiveViews/HierarchyWalk.swift",
"MixpanelSessionReplay/SensitiveViews/SensitiveViewManager+HierarchyWalk.swift",
"MixpanelSessionReplay/SensitiveViews/SensitiveViewManager.swift",
"MixpanelSessionReplay/SensitiveViews/SwiftUIRenderClasses.swift",
"MixpanelSessionReplay/Services/EventService.swift",
"MixpanelSessionReplay/Services/FlushService.swift",
"MixpanelSessionReplay/Services/SessionManager.swift",
"MixpanelSessionReplay/Services/SettingsService.swift",
"MixpanelSessionReplay/Tracking/EventHandler.swift",
"MixpanelSessionReplay/Tracking/EventPublisher.swift",
"MixpanelSessionReplay/Tracking/ScreenRecorder.swift",
"MixpanelSessionReplay/Tracking/TouchEventTracker.swift",
"MixpanelSessionReplay/Utils/Constants.swift",
"MixpanelSessionReplay/Utils/DeviceInfo.swift",
"MixpanelSessionReplay/Utils/JSONHandler.swift",
"MixpanelSessionReplay/Utils/MPSessionReplayEncoder.swift",
"MixpanelSessionReplay/Utils/ReadWriteLock.swift",
"MixpanelSessionReplay/Utils/RecordingEventTriggerEvaluator.swift",
"MixpanelSessionReplay/Utils/Swizzler.swift",
"MixpanelSessionReplay/Utils/ThreadUtils.swift",
"MixpanelSessionReplay/Utils/TimestampUtils.swift",
"MixpanelSessionReplay/Utils/ViewUtils.swift",
"MixpanelSessionReplay/Wireframe/MPWireframeDebug.swift",
"MixpanelSessionReplay/Wireframe/ReactNativeWireframeSupport.swift",
"MixpanelSessionReplay/Wireframe/WireframeClassifier.swift",
"MixpanelSessionReplay/Wireframe/WireframeElement.swift",
"MixpanelSessionReplay/Wireframe/WireframeEmitter.swift",
"MixpanelSessionReplay/Wireframe/WireframePayload.swift"
],
"type" : "library"
}
],
"tools_version" : "5.6"
}
{
"workspace" : {
"name" : "MixpanelSessionReplay",
"schemes" : [
"MixpanelSessionReplay"
]
}
}
2026-10-10 09:36:47.249 xcodebuild[742:4504] [MT] IDERunDestination: Supported platforms for the buildables in the current scheme is empty.
Running build ...
env DEVELOPER_DIR=/Applications/Xcode-27.0.0-Release.Candidate.app xcrun xcodebuild -IDEClonedSourcePackagesDirPathOverride=$PWD/.dependencies -skipMacroValidation -skipPackagePluginValidation -derivedDataPath $PWD/.derivedData build -scheme MixpanelSessionReplay -destination generic/platform=watchOS
Command line invocation:
/Applications/Xcode-27.0.0.app/Contents/Developer/usr/bin/xcodebuild -IDEClonedSourcePackagesDirPathOverride=/Users/admin/builder/spi-builder-workspace/.dependencies -skipMacroValidation -skipPackagePluginValidation -derivedDataPath /Users/admin/builder/spi-builder-workspace/.derivedData build -scheme MixpanelSessionReplay -destination generic/platform=watchOS
Resolve Package Graph
Resolve Package Graph
Resolved source packages:
MixpanelSwiftCommon: https://github.com/mixpanel/mixpanel-swift-common.git @ 2.0.0
MixpanelSessionReplay: /Users/admin/builder/spi-builder-workspace
ComputePackagePrebuildTargetDependencyGraph
Prepare packages
CreateBuildRequest
SendProjectDescription
CreateBuildOperation
ComputeTargetDependencyGraph
note: Building targets in dependency order
note: Target dependency graph (5 targets)
Target 'MixpanelSessionReplay-product' in project 'MixpanelSessionReplay'
➜ Explicit dependency on target 'MixpanelSessionReplay' in project 'MixpanelSessionReplay'
➜ Explicit dependency on target 'MixpanelSessionReplay_MixpanelSessionReplay' in project 'MixpanelSessionReplay'
➜ Explicit dependency on target 'MixpanelSwiftCommon-product' in project 'MixpanelSwiftCommon'
Target 'MixpanelSessionReplay' in project 'MixpanelSessionReplay'
➜ Explicit dependency on target 'MixpanelSessionReplay_MixpanelSessionReplay' in project 'MixpanelSessionReplay'
➜ Explicit dependency on target 'MixpanelSwiftCommon-product' in project 'MixpanelSwiftCommon'
Target 'MixpanelSwiftCommon-product' in project 'MixpanelSwiftCommon'
➜ Explicit dependency on target 'MixpanelSwiftCommon' in project 'MixpanelSwiftCommon'
Target 'MixpanelSwiftCommon' in project 'MixpanelSwiftCommon' (no dependencies)
Target 'MixpanelSessionReplay_MixpanelSessionReplay' in project 'MixpanelSessionReplay' (no dependencies)
GatherProvisioningInputs
CreateBuildDescription
ExecuteExternalTool /Applications/Xcode-27.0.0.app/Contents/Developer/Toolchains/XcodeDefault.xctoolchain/usr/bin/clang -v -E -dM -isysroot /Applications/Xcode-27.0.0.app/Contents/Developer/Platforms/WatchOS.platform/Developer/SDKs/WatchOS27.0.sdk -x c -c /dev/null
ExecuteExternalTool /Applications/Xcode-27.0.0.app/Contents/Developer/Toolchains/XcodeDefault.xctoolchain/usr/bin/swiftc --version
ExecuteExternalTool /Applications/Xcode-27.0.0.app/Contents/Developer/Toolchains/XcodeDefault.xctoolchain/usr/bin/ld -version_details
Build description signature: 89806f7a42af092cc91c7112fb3e8fff
Build description path: /Users/admin/builder/spi-builder-workspace/.derivedData/Build/Intermediates.noindex/XCBuildData/89806f7a42af092cc91c7112fb3e8fff.xcbuilddata
CreateBuildDirectory /Users/admin/builder/spi-builder-workspace/.derivedData/ModuleCache.noindex
cd /Users/admin/builder/spi-builder-workspace/.swiftpm/xcode
builtin-create-build-directory /Users/admin/builder/spi-builder-workspace/.derivedData/ModuleCache.noindex
CreateBuildDirectory /Users/admin/builder/spi-builder-workspace/.derivedData/CompilationCache.noindex
cd /Users/admin/builder/spi-builder-workspace/.swiftpm/xcode
builtin-create-build-directory /Users/admin/builder/spi-builder-workspace/.derivedData/CompilationCache.noindex
CreateBuildDirectory /Users/admin/builder/spi-builder-workspace/.derivedData/SDKExplicitPrecompiledModules
cd /Users/admin/builder/spi-builder-workspace/.swiftpm/xcode
builtin-create-build-directory /Users/admin/builder/spi-builder-workspace/.derivedData/SDKExplicitPrecompiledModules
ClangStatCache /Applications/Xcode-27.0.0.app/Contents/Developer/Toolchains/XcodeDefault.xctoolchain/usr/bin/clang-stat-cache /Applications/Xcode-27.0.0.app/Contents/Developer/Platforms/WatchOS.platform/Developer/SDKs/WatchOS27.0.sdk /Users/admin/builder/spi-builder-workspace/.derivedData/SDKStatCaches.noindex/watchos27.0-24R360-e829b21a6f8c9b70876ba0858053c044b9db9bc9c079ee3c7b5f3373b13d10bc.sdkstatcache
cd /Users/admin/builder/spi-builder-workspace/.swiftpm/xcode
/Applications/Xcode-27.0.0.app/Contents/Developer/Toolchains/XcodeDefault.xctoolchain/usr/bin/clang-stat-cache /Applications/Xcode-27.0.0.app/Contents/Developer/Platforms/WatchOS.platform/Developer/SDKs/WatchOS27.0.sdk -o /Users/admin/builder/spi-builder-workspace/.derivedData/SDKStatCaches.noindex/watchos27.0-24R360-e829b21a6f8c9b70876ba0858053c044b9db9bc9c079ee3c7b5f3373b13d10bc.sdkstatcache
CreateBuildDirectory /Users/admin/builder/spi-builder-workspace/.derivedData/Build/Intermediates.noindex
cd /Users/admin/builder/spi-builder-workspace/.swiftpm/xcode
builtin-create-build-directory /Users/admin/builder/spi-builder-workspace/.derivedData/Build/Intermediates.noindex
CreateBuildDirectory /Users/admin/builder/spi-builder-workspace/.derivedData/Build/Products
cd /Users/admin/builder/spi-builder-workspace/.swiftpm/xcode
builtin-create-build-directory /Users/admin/builder/spi-builder-workspace/.derivedData/Build/Products
CreateBuildDirectory /Users/admin/builder/spi-builder-workspace/.derivedData/Build/Intermediates.noindex/PrecompiledHeaders
cd /Users/admin/builder/spi-builder-workspace/.swiftpm/xcode
builtin-create-build-directory /Users/admin/builder/spi-builder-workspace/.derivedData/Build/Intermediates.noindex/PrecompiledHeaders
CreateBuildDirectory /Users/admin/builder/spi-builder-workspace/.derivedData/Build/Intermediates.noindex/SwiftExplicitPrecompiledModules
cd /Users/admin/builder/spi-builder-workspace/.swiftpm/xcode
builtin-create-build-directory /Users/admin/builder/spi-builder-workspace/.derivedData/Build/Intermediates.noindex/SwiftExplicitPrecompiledModules
CreateBuildDirectory /Users/admin/builder/spi-builder-workspace/.derivedData/Build/Intermediates.noindex/ExplicitPrecompiledModules
cd /Users/admin/builder/spi-builder-workspace/.swiftpm/xcode
builtin-create-build-directory /Users/admin/builder/spi-builder-workspace/.derivedData/Build/Intermediates.noindex/ExplicitPrecompiledModules
CreateBuildDirectory /Users/admin/builder/spi-builder-workspace/.derivedData/Build/Products/Debug-watchos
cd /Users/admin/builder/spi-builder-workspace/.swiftpm/xcode
builtin-create-build-directory /Users/admin/builder/spi-builder-workspace/.derivedData/Build/Products/Debug-watchos
CreateBuildDirectory /Users/admin/builder/spi-builder-workspace/.derivedData/Build/Intermediates.noindex/EagerLinkingTBDs/Debug-watchos
cd /Users/admin/builder/spi-builder-workspace/.swiftpm/xcode
builtin-create-build-directory /Users/admin/builder/spi-builder-workspace/.derivedData/Build/Intermediates.noindex/EagerLinkingTBDs/Debug-watchos
CreateBuildDirectory /Users/admin/builder/spi-builder-workspace/.derivedData/Build/Products/Debug-watchos/PackageFrameworks
cd /Users/admin/builder/spi-builder-workspace/.swiftpm/xcode
builtin-create-build-directory /Users/admin/builder/spi-builder-workspace/.derivedData/Build/Products/Debug-watchos/PackageFrameworks
WriteAuxiliaryFile /Users/admin/builder/spi-builder-workspace/.derivedData/Build/Intermediates.noindex/MixpanelSwiftCommon.build/Debug-watchos/MixpanelSwiftCommon-t.build/Objects-normal/arm64/MixpanelSwiftCommon.SwiftConstValuesFileList (in target 'MixpanelSwiftCommon' from project 'MixpanelSwiftCommon')
cd /Users/admin/builder/spi-builder-workspace/.dependencies/checkouts/mixpanel-swift-common
write-file /Users/admin/builder/spi-builder-workspace/.derivedData/Build/Intermediates.noindex/MixpanelSwiftCommon.build/Debug-watchos/MixpanelSwiftCommon-t.build/Objects-normal/arm64/MixpanelSwiftCommon.SwiftConstValuesFileList
WriteAuxiliaryFile /Users/admin/builder/spi-builder-workspace/.derivedData/Build/Intermediates.noindex/MixpanelSwiftCommon.build/Debug-watchos/MixpanelSwiftCommon-t.build/Objects-normal/arm64_32/MixpanelSwiftCommon-OutputFileMap.json (in target 'MixpanelSwiftCommon' from project 'MixpanelSwiftCommon')
cd /Users/admin/builder/spi-builder-workspace/.dependencies/checkouts/mixpanel-swift-common
write-file /Users/admin/builder/spi-builder-workspace/.derivedData/Build/Intermediates.noindex/MixpanelSwiftCommon.build/Debug-watchos/MixpanelSwiftCommon-t.build/Objects-normal/arm64_32/MixpanelSwiftCommon-OutputFileMap.json
WriteAuxiliaryFile /Users/admin/builder/spi-builder-workspace/.derivedData/Build/Intermediates.noindex/MixpanelSwiftCommon.build/Debug-watchos/MixpanelSwiftCommon-t.build/Objects-normal/arm64/MixpanelSwiftCommon_const_extract_protocols.json (in target 'MixpanelSwiftCommon' from project 'MixpanelSwiftCommon')
cd /Users/admin/builder/spi-builder-workspace/.dependencies/checkouts/mixpanel-swift-common
write-file /Users/admin/builder/spi-builder-workspace/.derivedData/Build/Intermediates.noindex/MixpanelSwiftCommon.build/Debug-watchos/MixpanelSwiftCommon-t.build/Objects-normal/arm64/MixpanelSwiftCommon_const_extract_protocols.json
WriteAuxiliaryFile /Users/admin/builder/spi-builder-workspace/.derivedData/Build/Intermediates.noindex/MixpanelSwiftCommon.build/Debug-watchos/MixpanelSwiftCommon-t.build/Objects-normal/arm64_32/MixpanelSwiftCommon.LinkFileList (in target 'MixpanelSwiftCommon' from project 'MixpanelSwiftCommon')
cd /Users/admin/builder/spi-builder-workspace/.dependencies/checkouts/mixpanel-swift-common
write-file /Users/admin/builder/spi-builder-workspace/.derivedData/Build/Intermediates.noindex/MixpanelSwiftCommon.build/Debug-watchos/MixpanelSwiftCommon-t.build/Objects-normal/arm64_32/MixpanelSwiftCommon.LinkFileList
WriteAuxiliaryFile /Users/admin/builder/spi-builder-workspace/.derivedData/Build/Intermediates.noindex/MixpanelSwiftCommon.build/Debug-watchos/MixpanelSwiftCommon-t.build/Objects-normal/arm64_32/MixpanelSwiftCommon.SwiftConstValuesFileList (in target 'MixpanelSwiftCommon' from project 'MixpanelSwiftCommon')
cd /Users/admin/builder/spi-builder-workspace/.dependencies/checkouts/mixpanel-swift-common
write-file /Users/admin/builder/spi-builder-workspace/.derivedData/Build/Intermediates.noindex/MixpanelSwiftCommon.build/Debug-watchos/MixpanelSwiftCommon-t.build/Objects-normal/arm64_32/MixpanelSwiftCommon.SwiftConstValuesFileList
WriteAuxiliaryFile /Users/admin/builder/spi-builder-workspace/.derivedData/Build/Intermediates.noindex/MixpanelSwiftCommon.build/Debug-watchos/MixpanelSwiftCommon-t.build/Objects-normal/arm64_32/MixpanelSwiftCommon_const_extract_protocols.json (in target 'MixpanelSwiftCommon' from project 'MixpanelSwiftCommon')
cd /Users/admin/builder/spi-builder-workspace/.dependencies/checkouts/mixpanel-swift-common
write-file /Users/admin/builder/spi-builder-workspace/.derivedData/Build/Intermediates.noindex/MixpanelSwiftCommon.build/Debug-watchos/MixpanelSwiftCommon-t.build/Objects-normal/arm64_32/MixpanelSwiftCommon_const_extract_protocols.json
WriteAuxiliaryFile /Users/admin/builder/spi-builder-workspace/.derivedData/Build/Intermediates.noindex/MixpanelSwiftCommon.build/Debug-watchos/MixpanelSwiftCommon-t.build/Objects-normal/arm64/MixpanelSwiftCommon.LinkFileList (in target 'MixpanelSwiftCommon' from project 'MixpanelSwiftCommon')
cd /Users/admin/builder/spi-builder-workspace/.dependencies/checkouts/mixpanel-swift-common
write-file /Users/admin/builder/spi-builder-workspace/.derivedData/Build/Intermediates.noindex/MixpanelSwiftCommon.build/Debug-watchos/MixpanelSwiftCommon-t.build/Objects-normal/arm64/MixpanelSwiftCommon.LinkFileList
WriteAuxiliaryFile /Users/admin/builder/spi-builder-workspace/.derivedData/Build/Intermediates.noindex/MixpanelSwiftCommon.build/Debug-watchos/MixpanelSwiftCommon-t.build/Objects-normal/arm64_32/MixpanelSwiftCommon.SwiftFileList (in target 'MixpanelSwiftCommon' from project 'MixpanelSwiftCommon')
cd /Users/admin/builder/spi-builder-workspace/.dependencies/checkouts/mixpanel-swift-common
write-file /Users/admin/builder/spi-builder-workspace/.derivedData/Build/Intermediates.noindex/MixpanelSwiftCommon.build/Debug-watchos/MixpanelSwiftCommon-t.build/Objects-normal/arm64_32/MixpanelSwiftCommon.SwiftFileList
WriteAuxiliaryFile /Users/admin/builder/spi-builder-workspace/.derivedData/Build/Intermediates.noindex/MixpanelSwiftCommon.build/Debug-watchos/MixpanelSwiftCommon-t.build/Objects-normal/arm64/MixpanelSwiftCommon.SwiftFileList (in target 'MixpanelSwiftCommon' from project 'MixpanelSwiftCommon')
cd /Users/admin/builder/spi-builder-workspace/.dependencies/checkouts/mixpanel-swift-common
write-file /Users/admin/builder/spi-builder-workspace/.derivedData/Build/Intermediates.noindex/MixpanelSwiftCommon.build/Debug-watchos/MixpanelSwiftCommon-t.build/Objects-normal/arm64/MixpanelSwiftCommon.SwiftFileList
WriteAuxiliaryFile /Users/admin/builder/spi-builder-workspace/.derivedData/Build/Intermediates.noindex/MixpanelSwiftCommon.build/Debug-watchos/MixpanelSwiftCommon-t.build/Objects-normal/arm64/MixpanelSwiftCommon-OutputFileMap.json (in target 'MixpanelSwiftCommon' from project 'MixpanelSwiftCommon')
cd /Users/admin/builder/spi-builder-workspace/.dependencies/checkouts/mixpanel-swift-common
write-file /Users/admin/builder/spi-builder-workspace/.derivedData/Build/Intermediates.noindex/MixpanelSwiftCommon.build/Debug-watchos/MixpanelSwiftCommon-t.build/Objects-normal/arm64/MixpanelSwiftCommon-OutputFileMap.json
WriteAuxiliaryFile /Users/admin/builder/spi-builder-workspace/.derivedData/Build/Intermediates.noindex/MixpanelSwiftCommon.build/Debug-watchos/MixpanelSwiftCommon-t.build/MixpanelSwiftCommon.modulemap (in target 'MixpanelSwiftCommon' from project 'MixpanelSwiftCommon')
cd /Users/admin/builder/spi-builder-workspace/.dependencies/checkouts/mixpanel-swift-common
write-file /Users/admin/builder/spi-builder-workspace/.derivedData/Build/Intermediates.noindex/MixpanelSwiftCommon.build/Debug-watchos/MixpanelSwiftCommon-t.build/MixpanelSwiftCommon.modulemap
WriteAuxiliaryFile /Users/admin/builder/spi-builder-workspace/.derivedData/Build/Intermediates.noindex/MixpanelSwiftCommon.build/Debug-watchos/MixpanelSwiftCommon-t.build/MixpanelSwiftCommon.DependencyStaticMetadataFileList (in target 'MixpanelSwiftCommon' from project 'MixpanelSwiftCommon')
cd /Users/admin/builder/spi-builder-workspace/.dependencies/checkouts/mixpanel-swift-common
write-file /Users/admin/builder/spi-builder-workspace/.derivedData/Build/Intermediates.noindex/MixpanelSwiftCommon.build/Debug-watchos/MixpanelSwiftCommon-t.build/MixpanelSwiftCommon.DependencyStaticMetadataFileList
WriteAuxiliaryFile /Users/admin/builder/spi-builder-workspace/.derivedData/Build/Intermediates.noindex/MixpanelSwiftCommon.build/Debug-watchos/MixpanelSwiftCommon-t.build/MixpanelSwiftCommon.DependencyMetadataFileList (in target 'MixpanelSwiftCommon' from project 'MixpanelSwiftCommon')
cd /Users/admin/builder/spi-builder-workspace/.dependencies/checkouts/mixpanel-swift-common
write-file /Users/admin/builder/spi-builder-workspace/.derivedData/Build/Intermediates.noindex/MixpanelSwiftCommon.build/Debug-watchos/MixpanelSwiftCommon-t.build/MixpanelSwiftCommon.DependencyMetadataFileList
WriteAuxiliaryFile /Users/admin/builder/spi-builder-workspace/.derivedData/Build/Intermediates.noindex/MixpanelSessionReplay.build/Debug-watchos/MixpanelSessionReplay_MixpanelSessionReplay-b.build/MixpanelSessionReplay_MixpanelSessionReplay.DependencyStaticMetadataFileList (in target 'MixpanelSessionReplay_MixpanelSessionReplay' from project 'MixpanelSessionReplay')
cd /Users/admin/builder/spi-builder-workspace
write-file /Users/admin/builder/spi-builder-workspace/.derivedData/Build/Intermediates.noindex/MixpanelSessionReplay.build/Debug-watchos/MixpanelSessionReplay_MixpanelSessionReplay-b.build/MixpanelSessionReplay_MixpanelSessionReplay.DependencyStaticMetadataFileList
WriteAuxiliaryFile /Users/admin/builder/spi-builder-workspace/.derivedData/Build/Intermediates.noindex/MixpanelSessionReplay.build/Debug-watchos/MixpanelSessionReplay_MixpanelSessionReplay-b.build/MixpanelSessionReplay_MixpanelSessionReplay.DependencyMetadataFileList (in target 'MixpanelSessionReplay_MixpanelSessionReplay' from project 'MixpanelSessionReplay')
cd /Users/admin/builder/spi-builder-workspace
write-file /Users/admin/builder/spi-builder-workspace/.derivedData/Build/Intermediates.noindex/MixpanelSessionReplay.build/Debug-watchos/MixpanelSessionReplay_MixpanelSessionReplay-b.build/MixpanelSessionReplay_MixpanelSessionReplay.DependencyMetadataFileList
WriteAuxiliaryFile /Users/admin/builder/spi-builder-workspace/.derivedData/Build/Intermediates.noindex/MixpanelSessionReplay.build/Debug-watchos/MixpanelSessionReplay_MixpanelSessionReplay-b.build/empty-MixpanelSessionReplay_MixpanelSessionReplay.plist (in target 'MixpanelSessionReplay_MixpanelSessionReplay' from project 'MixpanelSessionReplay')
cd /Users/admin/builder/spi-builder-workspace
write-file /Users/admin/builder/spi-builder-workspace/.derivedData/Build/Intermediates.noindex/MixpanelSessionReplay.build/Debug-watchos/MixpanelSessionReplay_MixpanelSessionReplay-b.build/empty-MixpanelSessionReplay_MixpanelSessionReplay.plist
WriteAuxiliaryFile /Users/admin/builder/spi-builder-workspace/.derivedData/Build/Intermediates.noindex/MixpanelSessionReplay.build/Debug-watchos/MixpanelSessionReplay-t.build/Objects-normal/arm64_32/MixpanelSessionReplay_const_extract_protocols.json (in target 'MixpanelSessionReplay' from project 'MixpanelSessionReplay')
cd /Users/admin/builder/spi-builder-workspace
write-file /Users/admin/builder/spi-builder-workspace/.derivedData/Build/Intermediates.noindex/MixpanelSessionReplay.build/Debug-watchos/MixpanelSessionReplay-t.build/Objects-normal/arm64_32/MixpanelSessionReplay_const_extract_protocols.json
WriteAuxiliaryFile /Users/admin/builder/spi-builder-workspace/.derivedData/Build/Intermediates.noindex/MixpanelSessionReplay.build/Debug-watchos/MixpanelSessionReplay-t.build/Objects-normal/arm64_32/MixpanelSessionReplay.SwiftFileList (in target 'MixpanelSessionReplay' from project 'MixpanelSessionReplay')
cd /Users/admin/builder/spi-builder-workspace
write-file /Users/admin/builder/spi-builder-workspace/.derivedData/Build/Intermediates.noindex/MixpanelSessionReplay.build/Debug-watchos/MixpanelSessionReplay-t.build/Objects-normal/arm64_32/MixpanelSessionReplay.SwiftFileList
WriteAuxiliaryFile /Users/admin/builder/spi-builder-workspace/.derivedData/Build/Intermediates.noindex/MixpanelSessionReplay.build/Debug-watchos/MixpanelSessionReplay-t.build/Objects-normal/arm64_32/MixpanelSessionReplay.SwiftConstValuesFileList (in target 'MixpanelSessionReplay' from project 'MixpanelSessionReplay')
cd /Users/admin/builder/spi-builder-workspace
write-file /Users/admin/builder/spi-builder-workspace/.derivedData/Build/Intermediates.noindex/MixpanelSessionReplay.build/Debug-watchos/MixpanelSessionReplay-t.build/Objects-normal/arm64_32/MixpanelSessionReplay.SwiftConstValuesFileList
WriteAuxiliaryFile /Users/admin/builder/spi-builder-workspace/.derivedData/Build/Intermediates.noindex/MixpanelSessionReplay.build/Debug-watchos/MixpanelSessionReplay-t.build/Objects-normal/arm64_32/MixpanelSessionReplay.LinkFileList (in target 'MixpanelSessionReplay' from project 'MixpanelSessionReplay')
cd /Users/admin/builder/spi-builder-workspace
write-file /Users/admin/builder/spi-builder-workspace/.derivedData/Build/Intermediates.noindex/MixpanelSessionReplay.build/Debug-watchos/MixpanelSessionReplay-t.build/Objects-normal/arm64_32/MixpanelSessionReplay.LinkFileList
Copy /Users/admin/builder/spi-builder-workspace/.derivedData/Build/Intermediates.noindex/GeneratedModuleMaps-watchos/MixpanelSwiftCommon.modulemap /Users/admin/builder/spi-builder-workspace/.derivedData/Build/Intermediates.noindex/MixpanelSwiftCommon.build/Debug-watchos/MixpanelSwiftCommon-t.build/MixpanelSwiftCommon.modulemap (in target 'MixpanelSwiftCommon' from project 'MixpanelSwiftCommon')
cd /Users/admin/builder/spi-builder-workspace/.dependencies/checkouts/mixpanel-swift-common
builtin-copy -exclude .DS_Store -exclude CVS -exclude .svn -exclude .git -exclude .hg -resolve-src-symlinks /Users/admin/builder/spi-builder-workspace/.derivedData/Build/Intermediates.noindex/MixpanelSwiftCommon.build/Debug-watchos/MixpanelSwiftCommon-t.build/MixpanelSwiftCommon.modulemap /Users/admin/builder/spi-builder-workspace/.derivedData/Build/Intermediates.noindex/GeneratedModuleMaps-watchos
WriteAuxiliaryFile /Users/admin/builder/spi-builder-workspace/.derivedData/Build/Intermediates.noindex/MixpanelSessionReplay.build/Debug-watchos/MixpanelSessionReplay-t.build/Objects-normal/arm64_32/MixpanelSessionReplay-OutputFileMap.json (in target 'MixpanelSessionReplay' from project 'MixpanelSessionReplay')
cd /Users/admin/builder/spi-builder-workspace
write-file /Users/admin/builder/spi-builder-workspace/.derivedData/Build/Intermediates.noindex/MixpanelSessionReplay.build/Debug-watchos/MixpanelSessionReplay-t.build/Objects-normal/arm64_32/MixpanelSessionReplay-OutputFileMap.json
WriteAuxiliaryFile /Users/admin/builder/spi-builder-workspace/.derivedData/Build/Intermediates.noindex/MixpanelSessionReplay.build/Debug-watchos/MixpanelSessionReplay-t.build/Objects-normal/arm64/MixpanelSessionReplay.SwiftFileList (in target 'MixpanelSessionReplay' from project 'MixpanelSessionReplay')
cd /Users/admin/builder/spi-builder-workspace
write-file /Users/admin/builder/spi-builder-workspace/.derivedData/Build/Intermediates.noindex/MixpanelSessionReplay.build/Debug-watchos/MixpanelSessionReplay-t.build/Objects-normal/arm64/MixpanelSessionReplay.SwiftFileList
WriteAuxiliaryFile /Users/admin/builder/spi-builder-workspace/.derivedData/Build/Intermediates.noindex/MixpanelSessionReplay.build/Debug-watchos/MixpanelSessionReplay-t.build/Objects-normal/arm64/MixpanelSessionReplay_const_extract_protocols.json (in target 'MixpanelSessionReplay' from project 'MixpanelSessionReplay')
cd /Users/admin/builder/spi-builder-workspace
write-file /Users/admin/builder/spi-builder-workspace/.derivedData/Build/Intermediates.noindex/MixpanelSessionReplay.build/Debug-watchos/MixpanelSessionReplay-t.build/Objects-normal/arm64/MixpanelSessionReplay_const_extract_protocols.json
WriteAuxiliaryFile /Users/admin/builder/spi-builder-workspace/.derivedData/Build/Intermediates.noindex/MixpanelSessionReplay.build/Debug-watchos/MixpanelSessionReplay-t.build/Objects-normal/arm64/MixpanelSessionReplay.LinkFileList (in target 'MixpanelSessionReplay' from project 'MixpanelSessionReplay')
cd /Users/admin/builder/spi-builder-workspace
write-file /Users/admin/builder/spi-builder-workspace/.derivedData/Build/Intermediates.noindex/MixpanelSessionReplay.build/Debug-watchos/MixpanelSessionReplay-t.build/Objects-normal/arm64/MixpanelSessionReplay.LinkFileList
WriteAuxiliaryFile /Users/admin/builder/spi-builder-workspace/.derivedData/Build/Intermediates.noindex/MixpanelSessionReplay.build/Debug-watchos/MixpanelSessionReplay-t.build/Objects-normal/arm64/MixpanelSessionReplay.SwiftConstValuesFileList (in target 'MixpanelSessionReplay' from project 'MixpanelSessionReplay')
cd /Users/admin/builder/spi-builder-workspace
write-file /Users/admin/builder/spi-builder-workspace/.derivedData/Build/Intermediates.noindex/MixpanelSessionReplay.build/Debug-watchos/MixpanelSessionReplay-t.build/Objects-normal/arm64/MixpanelSessionReplay.SwiftConstValuesFileList
WriteAuxiliaryFile /Users/admin/builder/spi-builder-workspace/.derivedData/Build/Intermediates.noindex/MixpanelSessionReplay.build/Debug-watchos/MixpanelSessionReplay-t.build/Objects-normal/arm64/MixpanelSessionReplay-OutputFileMap.json (in target 'MixpanelSessionReplay' from project 'MixpanelSessionReplay')
cd /Users/admin/builder/spi-builder-workspace
write-file /Users/admin/builder/spi-builder-workspace/.derivedData/Build/Intermediates.noindex/MixpanelSessionReplay.build/Debug-watchos/MixpanelSessionReplay-t.build/Objects-normal/arm64/MixpanelSessionReplay-OutputFileMap.json
WriteAuxiliaryFile /Users/admin/builder/spi-builder-workspace/.derivedData/Build/Intermediates.noindex/MixpanelSessionReplay.build/Debug-watchos/MixpanelSessionReplay-t.build/MixpanelSessionReplay.modulemap (in target 'MixpanelSessionReplay' from project 'MixpanelSessionReplay')
cd /Users/admin/builder/spi-builder-workspace
write-file /Users/admin/builder/spi-builder-workspace/.derivedData/Build/Intermediates.noindex/MixpanelSessionReplay.build/Debug-watchos/MixpanelSessionReplay-t.build/MixpanelSessionReplay.modulemap
WriteAuxiliaryFile /Users/admin/builder/spi-builder-workspace/.derivedData/Build/Intermediates.noindex/MixpanelSessionReplay.build/Debug-watchos/MixpanelSessionReplay-t.build/MixpanelSessionReplay.DependencyStaticMetadataFileList (in target 'MixpanelSessionReplay' from project 'MixpanelSessionReplay')
cd /Users/admin/builder/spi-builder-workspace
write-file /Users/admin/builder/spi-builder-workspace/.derivedData/Build/Intermediates.noindex/MixpanelSessionReplay.build/Debug-watchos/MixpanelSessionReplay-t.build/MixpanelSessionReplay.DependencyStaticMetadataFileList
WriteAuxiliaryFile /Users/admin/builder/spi-builder-workspace/.derivedData/Build/Intermediates.noindex/MixpanelSessionReplay.build/Debug-watchos/MixpanelSessionReplay-t.build/MixpanelSessionReplay.DependencyMetadataFileList (in target 'MixpanelSessionReplay' from project 'MixpanelSessionReplay')
cd /Users/admin/builder/spi-builder-workspace
write-file /Users/admin/builder/spi-builder-workspace/.derivedData/Build/Intermediates.noindex/MixpanelSessionReplay.build/Debug-watchos/MixpanelSessionReplay-t.build/MixpanelSessionReplay.DependencyMetadataFileList
WriteAuxiliaryFile /Users/admin/builder/spi-builder-workspace/.derivedData/Build/Intermediates.noindex/MixpanelSessionReplay.build/Debug-watchos/MixpanelSessionReplay-t.build/DerivedSources/resource_bundle_accessor.swift (in target 'MixpanelSessionReplay' from project 'MixpanelSessionReplay')
cd /Users/admin/builder/spi-builder-workspace
write-file /Users/admin/builder/spi-builder-workspace/.derivedData/Build/Intermediates.noindex/MixpanelSessionReplay.build/Debug-watchos/MixpanelSessionReplay-t.build/DerivedSources/resource_bundle_accessor.swift
MkDir /Users/admin/builder/spi-builder-workspace/.derivedData/Build/Products/Debug-watchos/MixpanelSessionReplay_MixpanelSessionReplay.bundle (in target 'MixpanelSessionReplay_MixpanelSessionReplay' from project 'MixpanelSessionReplay')
cd /Users/admin/builder/spi-builder-workspace
/bin/mkdir -p /Users/admin/builder/spi-builder-workspace/.derivedData/Build/Products/Debug-watchos/MixpanelSessionReplay_MixpanelSessionReplay.bundle
Copy /Users/admin/builder/spi-builder-workspace/.derivedData/Build/Intermediates.noindex/GeneratedModuleMaps-watchos/MixpanelSessionReplay.modulemap /Users/admin/builder/spi-builder-workspace/.derivedData/Build/Intermediates.noindex/MixpanelSessionReplay.build/Debug-watchos/MixpanelSessionReplay-t.build/MixpanelSessionReplay.modulemap (in target 'MixpanelSessionReplay' from project 'MixpanelSessionReplay')
cd /Users/admin/builder/spi-builder-workspace
builtin-copy -exclude .DS_Store -exclude CVS -exclude .svn -exclude .git -exclude .hg -resolve-src-symlinks /Users/admin/builder/spi-builder-workspace/.derivedData/Build/Intermediates.noindex/MixpanelSessionReplay.build/Debug-watchos/MixpanelSessionReplay-t.build/MixpanelSessionReplay.modulemap /Users/admin/builder/spi-builder-workspace/.derivedData/Build/Intermediates.noindex/GeneratedModuleMaps-watchos
ProcessInfoPlistFile /Users/admin/builder/spi-builder-workspace/.derivedData/Build/Products/Debug-watchos/MixpanelSessionReplay_MixpanelSessionReplay.bundle/Info.plist /Users/admin/builder/spi-builder-workspace/.derivedData/Build/Intermediates.noindex/MixpanelSessionReplay.build/Debug-watchos/MixpanelSessionReplay_MixpanelSessionReplay-b.build/empty-MixpanelSessionReplay_MixpanelSessionReplay.plist (in target 'MixpanelSessionReplay_MixpanelSessionReplay' from project 'MixpanelSessionReplay')
cd /Users/admin/builder/spi-builder-workspace
builtin-infoPlistUtility /Users/admin/builder/spi-builder-workspace/.derivedData/Build/Intermediates.noindex/MixpanelSessionReplay.build/Debug-watchos/MixpanelSessionReplay_MixpanelSessionReplay-b.build/empty-MixpanelSessionReplay_MixpanelSessionReplay.plist -producttype com.apple.product-type.bundle -expandbuildsettings -format binary -platform watchos -o /Users/admin/builder/spi-builder-workspace/.derivedData/Build/Products/Debug-watchos/MixpanelSessionReplay_MixpanelSessionReplay.bundle/Info.plist
CpResource /Users/admin/builder/spi-builder-workspace/.derivedData/Build/Products/Debug-watchos/MixpanelSessionReplay_MixpanelSessionReplay.bundle/PrivacyInfo.xcprivacy /Users/admin/builder/spi-builder-workspace/MixpanelSessionReplay/MixpanelSessionReplay/Resources/PrivacyInfo.xcprivacy (in target 'MixpanelSessionReplay_MixpanelSessionReplay' from project 'MixpanelSessionReplay')
cd /Users/admin/builder/spi-builder-workspace
builtin-copy -exclude .DS_Store -exclude CVS -exclude .svn -exclude .git -exclude .hg -resolve-src-symlinks /Users/admin/builder/spi-builder-workspace/MixpanelSessionReplay/MixpanelSessionReplay/Resources/PrivacyInfo.xcprivacy /Users/admin/builder/spi-builder-workspace/.derivedData/Build/Products/Debug-watchos/MixpanelSessionReplay_MixpanelSessionReplay.bundle
RegisterExecutionPolicyException /Users/admin/builder/spi-builder-workspace/.derivedData/Build/Products/Debug-watchos/MixpanelSessionReplay_MixpanelSessionReplay.bundle (in target 'MixpanelSessionReplay_MixpanelSessionReplay' from project 'MixpanelSessionReplay')
cd /Users/admin/builder/spi-builder-workspace
builtin-RegisterExecutionPolicyException /Users/admin/builder/spi-builder-workspace/.derivedData/Build/Products/Debug-watchos/MixpanelSessionReplay_MixpanelSessionReplay.bundle
Touch /Users/admin/builder/spi-builder-workspace/.derivedData/Build/Products/Debug-watchos/MixpanelSessionReplay_MixpanelSessionReplay.bundle (in target 'MixpanelSessionReplay_MixpanelSessionReplay' from project 'MixpanelSessionReplay')
cd /Users/admin/builder/spi-builder-workspace
/usr/bin/touch -c /Users/admin/builder/spi-builder-workspace/.derivedData/Build/Products/Debug-watchos/MixpanelSessionReplay_MixpanelSessionReplay.bundle
SwiftDriver MixpanelSwiftCommon normal arm64 com.apple.xcode.tools.swift.compiler (in target 'MixpanelSwiftCommon' from project 'MixpanelSwiftCommon')
cd /Users/admin/builder/spi-builder-workspace/.swiftpm/xcode
builtin-SwiftDriver -- /Applications/Xcode-27.0.0.app/Contents/Developer/Toolchains/XcodeDefault.xctoolchain/usr/bin/swiftc -parse-as-library -module-name MixpanelSwiftCommon -Onone @/Users/admin/builder/spi-builder-workspace/.derivedData/Build/Intermediates.noindex/MixpanelSwiftCommon.build/Debug-watchos/MixpanelSwiftCommon-t.build/Objects-normal/arm64/MixpanelSwiftCommon.SwiftFileList -DSWIFT_PACKAGE -DDEBUG -DSWIFT_MODULE_RESOURCE_BUNDLE_UNAVAILABLE -DXcode -plugin-path /Applications/Xcode-27.0.0.app/Contents/Developer/Toolchains/XcodeDefault.xctoolchain/usr/lib/swift/host/plugins/testing -enable-experimental-feature DebugDescriptionMacro -sdk /Applications/Xcode-27.0.0.app/Contents/Developer/Platforms/WatchOS.platform/Developer/SDKs/WatchOS27.0.sdk -target arm64-apple-watchos9.0 -g -module-cache-path /Users/admin/builder/spi-builder-workspace/.derivedData/ModuleCache.noindex -Xfrontend -serialize-debugging-options -profile-coverage-mapping -profile-generate -enable-testing -suppress-warnings -index-store-path /Users/admin/builder/spi-builder-workspace/.derivedData/Index.noindex/DataStore -Xcc -D_LIBCPP_HARDENING_MODE\=_LIBCPP_HARDENING_MODE_DEBUG -swift-version 5 -I /Users/admin/builder/spi-builder-workspace/.derivedData/Build/Products/Debug-watchos -Isystem /Applications/Xcode-27.0.0.app/Contents/Developer/Platforms/WatchOS.platform/Developer/usr/lib -F /Users/admin/builder/spi-builder-workspace/.derivedData/Build/Products/Debug-watchos -F /Applications/Xcode-27.0.0.app/Contents/Developer/Platforms/WatchOS.platform/Developer/Library/Frameworks -F /Applications/Xcode-27.0.0.app/Contents/Developer/Platforms/WatchOS.platform/Developer/SDKs/WatchOS27.0.sdk/Developer/Library/Frameworks -c -j10 -enable-batch-mode -incremental -Xcc -ivfsstatcache -Xcc /Users/admin/builder/spi-builder-workspace/.derivedData/SDKStatCaches.noindex/watchos27.0-24R360-e829b21a6f8c9b70876ba0858053c044b9db9bc9c079ee3c7b5f3373b13d10bc.sdkstatcache -output-file-map /Users/admin/builder/spi-builder-workspace/.derivedData/Build/Intermediates.noindex/MixpanelSwiftCommon.build/Debug-watchos/MixpanelSwiftCommon-t.build/Objects-normal/arm64/MixpanelSwiftCommon-OutputFileMap.json -save-temps -no-color-diagnostics -explicit-module-build -module-cache-path /Users/admin/builder/spi-builder-workspace/.derivedData/Build/Intermediates.noindex/SwiftExplicitPrecompiledModules -clang-scanner-module-cache-path /Users/admin/builder/spi-builder-workspace/.derivedData/ModuleCache.noindex -sdk-module-cache-path /Users/admin/builder/spi-builder-workspace/.derivedData/SDKExplicitPrecompiledModules -emit-dependencies -emit-module -emit-module-path /Users/admin/builder/spi-builder-workspace/.derivedData/Build/Intermediates.noindex/MixpanelSwiftCommon.build/Debug-watchos/MixpanelSwiftCommon-t.build/Objects-normal/arm64/MixpanelSwiftCommon.swiftmodule -serialize-diagnostics -dependency-scan-serialize-diagnostics-path /Users/admin/builder/spi-builder-workspace/.derivedData/Build/Intermediates.noindex/MixpanelSwiftCommon.build/Debug-watchos/MixpanelSwiftCommon-t.build/Objects-normal/arm64/MixpanelSwiftCommon-dependency-scan.dia -validate-clang-modules-once -clang-build-session-file /Users/admin/builder/spi-builder-workspace/.derivedData/ModuleCache.noindex/Session.modulevalidation -Xcc -fmodules-prune-interval\=86400 -Xcc -fmodules-prune-after\=345600 -emit-const-values -const-gather-protocols-list /Users/admin/builder/spi-builder-workspace/.derivedData/Build/Intermediates.noindex/MixpanelSwiftCommon.build/Debug-watchos/MixpanelSwiftCommon-t.build/Objects-normal/arm64/MixpanelSwiftCommon_const_extract_protocols.json -Xcc -I/Users/admin/builder/spi-builder-workspace/.derivedData/Build/Products/Debug-watchos/include -Xcc -I/Users/admin/builder/spi-builder-workspace/.derivedData/Build/Intermediates.noindex/MixpanelSwiftCommon.build/Debug-watchos/MixpanelSwiftCommon-t.build/DerivedSources-normal/arm64 -Xcc -I/Users/admin/builder/spi-builder-workspace/.derivedData/Build/Intermediates.noindex/MixpanelSwiftCommon.build/Debug-watchos/MixpanelSwiftCommon-t.build/DerivedSources/arm64 -Xcc -I/Users/admin/builder/spi-builder-workspace/.derivedData/Build/Intermediates.noindex/MixpanelSwiftCommon.build/Debug-watchos/MixpanelSwiftCommon-t.build/DerivedSources -Xcc -DSWIFT_PACKAGE -Xcc -DDEBUG\=1 -emit-objc-header -emit-objc-header-path /Users/admin/builder/spi-builder-workspace/.derivedData/Build/Intermediates.noindex/MixpanelSwiftCommon.build/Debug-watchos/MixpanelSwiftCommon-t.build/Objects-normal/arm64/MixpanelSwiftCommon-Swift.h -working-directory /Users/admin/builder/spi-builder-workspace/.swiftpm/xcode -experimental-emit-module-separately -disable-cmo
SwiftDriver MixpanelSwiftCommon normal arm64_32 com.apple.xcode.tools.swift.compiler (in target 'MixpanelSwiftCommon' from project 'MixpanelSwiftCommon')
cd /Users/admin/builder/spi-builder-workspace/.swiftpm/xcode
builtin-SwiftDriver -- /Applications/Xcode-27.0.0.app/Contents/Developer/Toolchains/XcodeDefault.xctoolchain/usr/bin/swiftc -parse-as-library -module-name MixpanelSwiftCommon -Onone @/Users/admin/builder/spi-builder-workspace/.derivedData/Build/Intermediates.noindex/MixpanelSwiftCommon.build/Debug-watchos/MixpanelSwiftCommon-t.build/Objects-normal/arm64_32/MixpanelSwiftCommon.SwiftFileList -DSWIFT_PACKAGE -DDEBUG -DSWIFT_MODULE_RESOURCE_BUNDLE_UNAVAILABLE -DXcode -plugin-path /Applications/Xcode-27.0.0.app/Contents/Developer/Toolchains/XcodeDefault.xctoolchain/usr/lib/swift/host/plugins/testing -enable-experimental-feature DebugDescriptionMacro -sdk /Applications/Xcode-27.0.0.app/Contents/Developer/Platforms/WatchOS.platform/Developer/SDKs/WatchOS27.0.sdk -target arm64_32-apple-watchos9.0 -g -module-cache-path /Users/admin/builder/spi-builder-workspace/.derivedData/ModuleCache.noindex -Xfrontend -serialize-debugging-options -profile-coverage-mapping -profile-generate -enable-testing -suppress-warnings -index-store-path /Users/admin/builder/spi-builder-workspace/.derivedData/Index.noindex/DataStore -Xcc -D_LIBCPP_HARDENING_MODE\=_LIBCPP_HARDENING_MODE_DEBUG -swift-version 5 -I /Users/admin/builder/spi-builder-workspace/.derivedData/Build/Products/Debug-watchos -Isystem /Applications/Xcode-27.0.0.app/Contents/Developer/Platforms/WatchOS.platform/Developer/usr/lib -F /Users/admin/builder/spi-builder-workspace/.derivedData/Build/Products/Debug-watchos -F /Applications/Xcode-27.0.0.app/Contents/Developer/Platforms/WatchOS.platform/Developer/Library/Frameworks -F /Applications/Xcode-27.0.0.app/Contents/Developer/Platforms/WatchOS.platform/Developer/SDKs/WatchOS27.0.sdk/Developer/Library/Frameworks -c -j10 -enable-batch-mode -incremental -Xcc -ivfsstatcache -Xcc /Users/admin/builder/spi-builder-workspace/.derivedData/SDKStatCaches.noindex/watchos27.0-24R360-e829b21a6f8c9b70876ba0858053c044b9db9bc9c079ee3c7b5f3373b13d10bc.sdkstatcache -output-file-map /Users/admin/builder/spi-builder-workspace/.derivedData/Build/Intermediates.noindex/MixpanelSwiftCommon.build/Debug-watchos/MixpanelSwiftCommon-t.build/Objects-normal/arm64_32/MixpanelSwiftCommon-OutputFileMap.json -save-temps -no-color-diagnostics -explicit-module-build -module-cache-path /Users/admin/builder/spi-builder-workspace/.derivedData/Build/Intermediates.noindex/SwiftExplicitPrecompiledModules -clang-scanner-module-cache-path /Users/admin/builder/spi-builder-workspace/.derivedData/ModuleCache.noindex -sdk-module-cache-path /Users/admin/builder/spi-builder-workspace/.derivedData/SDKExplicitPrecompiledModules -emit-dependencies -emit-module -emit-module-path /Users/admin/builder/spi-builder-workspace/.derivedData/Build/Intermediates.noindex/MixpanelSwiftCommon.build/Debug-watchos/MixpanelSwiftCommon-t.build/Objects-normal/arm64_32/MixpanelSwiftCommon.swiftmodule -serialize-diagnostics -dependency-scan-serialize-diagnostics-path /Users/admin/builder/spi-builder-workspace/.derivedData/Build/Intermediates.noindex/MixpanelSwiftCommon.build/Debug-watchos/MixpanelSwiftCommon-t.build/Objects-normal/arm64_32/MixpanelSwiftCommon-dependency-scan.dia -validate-clang-modules-once -clang-build-session-file /Users/admin/builder/spi-builder-workspace/.derivedData/ModuleCache.noindex/Session.modulevalidation -Xcc -fmodules-prune-interval\=86400 -Xcc -fmodules-prune-after\=345600 -emit-const-values -const-gather-protocols-list /Users/admin/builder/spi-builder-workspace/.derivedData/Build/Intermediates.noindex/MixpanelSwiftCommon.build/Debug-watchos/MixpanelSwiftCommon-t.build/Objects-normal/arm64_32/MixpanelSwiftCommon_const_extract_protocols.json -Xcc -I/Users/admin/builder/spi-builder-workspace/.derivedData/Build/Products/Debug-watchos/include -Xcc -I/Users/admin/builder/spi-builder-workspace/.derivedData/Build/Intermediates.noindex/MixpanelSwiftCommon.build/Debug-watchos/MixpanelSwiftCommon-t.build/DerivedSources-normal/arm64_32 -Xcc -I/Users/admin/builder/spi-builder-workspace/.derivedData/Build/Intermediates.noindex/MixpanelSwiftCommon.build/Debug-watchos/MixpanelSwiftCommon-t.build/DerivedSources/arm64_32 -Xcc -I/Users/admin/builder/spi-builder-workspace/.derivedData/Build/Intermediates.noindex/MixpanelSwiftCommon.build/Debug-watchos/MixpanelSwiftCommon-t.build/DerivedSources -Xcc -DSWIFT_PACKAGE -Xcc -DDEBUG\=1 -emit-objc-header -emit-objc-header-path /Users/admin/builder/spi-builder-workspace/.derivedData/Build/Intermediates.noindex/MixpanelSwiftCommon.build/Debug-watchos/MixpanelSwiftCommon-t.build/Objects-normal/arm64_32/MixpanelSwiftCommon-Swift.h -working-directory /Users/admin/builder/spi-builder-workspace/.swiftpm/xcode -experimental-emit-module-separately -disable-cmo
SwiftExplicitDependencyGeneratePcm arm64_32 /Users/admin/builder/spi-builder-workspace/.derivedData/SDKExplicitPrecompiledModules/ptrcheck-BR45GYU0OXGGBT6UQES0MQ1N0.pcm
SwiftExplicitDependencyGeneratePcm arm64_32 /Users/admin/builder/spi-builder-workspace/.derivedData/SDKExplicitPrecompiledModules/_Builtin_float-EO919BOWGZLY4R4CLQ07XGI1B.pcm
SwiftExplicitDependencyGeneratePcm arm64_32 /Users/admin/builder/spi-builder-workspace/.derivedData/SDKExplicitPrecompiledModules/_Builtin_stdarg-EIY5S589Q5DGECFY19XTQD8M7.pcm
SwiftExplicitDependencyGeneratePcm arm64_32 /Users/admin/builder/spi-builder-workspace/.derivedData/SDKExplicitPrecompiledModules/_Builtin_stddef-7IVIF81HCPH4VETEG4IKQ3UQQ.pcm
SwiftExplicitDependencyGeneratePcm arm64_32 /Users/admin/builder/spi-builder-workspace/.derivedData/SDKExplicitPrecompiledModules/_AvailabilityInternal-17Z6RE1QMV2VXWEMAC9MW0NL2.pcm
SwiftExplicitDependencyGeneratePcm arm64_32 /Users/admin/builder/spi-builder-workspace/.derivedData/SDKExplicitPrecompiledModules/_Builtin_stdbool-2R26DWCM83W66RITBNPVY8WLG.pcm
SwiftExplicitDependencyGeneratePcm arm64_32 /Users/admin/builder/spi-builder-workspace/.derivedData/SDKExplicitPrecompiledModules/SwiftShims-FK6J9H4F4DCVC1W0HC6IAN7E.pcm
SwiftExplicitDependencyGeneratePcm arm64_32 /Users/admin/builder/spi-builder-workspace/.derivedData/SDKExplicitPrecompiledModules/ptrauth-9TF4O22D6TX777CFS74NYS6CY.pcm
SwiftExplicitDependencyGeneratePcm arm64 /Users/admin/builder/spi-builder-workspace/.derivedData/SDKExplicitPrecompiledModules/_SwiftConcurrencyShims-DV7QQKPN6TGJGC9GZTKV2BO5H.pcm
SwiftExplicitDependencyGeneratePcm arm64 /Users/admin/builder/spi-builder-workspace/.derivedData/SDKExplicitPrecompiledModules/ptrauth-6SG94WK08IK1YCEWQOZD37DN0.pcm
SwiftExplicitDependencyGeneratePcm arm64 /Users/admin/builder/spi-builder-workspace/.derivedData/SDKExplicitPrecompiledModules/_Builtin_float-5CYEICIOR71FH3JNBYO5RNW2Y.pcm
SwiftExplicitDependencyGeneratePcm arm64 /Users/admin/builder/spi-builder-workspace/.derivedData/SDKExplicitPrecompiledModules/_AvailabilityInternal-AF5SKZ02JKM4MFX7SHRO95N5P.pcm
SwiftExplicitDependencyGeneratePcm arm64 /Users/admin/builder/spi-builder-workspace/.derivedData/SDKExplicitPrecompiledModules/_Builtin_stdbool-3K4XSB9Q4L8IFTW70XLGVL6XX.pcm
SwiftExplicitDependencyGeneratePcm arm64 /Users/admin/builder/spi-builder-workspace/.derivedData/SDKExplicitPrecompiledModules/_Builtin_stddef-A11S6F17KAXV30S0KGP5CR2HY.pcm
SwiftExplicitDependencyGeneratePcm arm64 /Users/admin/builder/spi-builder-workspace/.derivedData/SDKExplicitPrecompiledModules/SwiftShims-EF6MVIY0O67MYUVBFUXUVMSI1.pcm
SwiftExplicitDependencyGeneratePcm arm64 /Users/admin/builder/spi-builder-workspace/.derivedData/SDKExplicitPrecompiledModules/ptrcheck-7FGMFZLUYUYHQ4SHZ6QURH9XO.pcm
SwiftExplicitDependencyGeneratePcm arm64_32 /Users/admin/builder/spi-builder-workspace/.derivedData/SDKExplicitPrecompiledModules/_SwiftConcurrencyShims-EMXWUK5EGT5ME6C38RQNDWMNP.pcm
SwiftExplicitDependencyGeneratePcm arm64 /Users/admin/builder/spi-builder-workspace/.derivedData/SDKExplicitPrecompiledModules/_Builtin_stdarg-E27KV476VNYRQJFKM7GUWE5EB.pcm
SwiftExplicitDependencyGeneratePcm arm64_32 /Users/admin/builder/spi-builder-workspace/.derivedData/SDKExplicitPrecompiledModules/_DarwinFoundation1-7K8R5BSKT1Q8NA8EO8Y97BRPU.pcm
SwiftExplicitDependencyGeneratePcm arm64 /Users/admin/builder/spi-builder-workspace/.derivedData/SDKExplicitPrecompiledModules/_DarwinFoundation1-7N0SGXTYCHMGUJDV48PP21F4C.pcm
SwiftExplicitDependencyGeneratePcm arm64_32 /Users/admin/builder/spi-builder-workspace/.derivedData/SDKExplicitPrecompiledModules/_DarwinFoundation2-1L1DGA5Y00GMMUA6S1357T8P5.pcm
SwiftExplicitDependencyGeneratePcm arm64_32 /Users/admin/builder/spi-builder-workspace/.derivedData/SDKExplicitPrecompiledModules/_Builtin_limits-GUPGFJ078RLT756BNJI0XWL.pcm
SwiftExplicitDependencyGeneratePcm arm64 /Users/admin/builder/spi-builder-workspace/.derivedData/SDKExplicitPrecompiledModules/_Builtin_limits-8ZG2VQ8V2RYXL3B9Y4E6DGCH0.pcm
SwiftExplicitDependencyGeneratePcm arm64 /Users/admin/builder/spi-builder-workspace/.derivedData/SDKExplicitPrecompiledModules/_DarwinFoundation2-4L3FV1RX9YL087FSDMFO2ZHRG.pcm
SwiftExplicitDependencyGeneratePcm arm64_32 /Users/admin/builder/spi-builder-workspace/.derivedData/SDKExplicitPrecompiledModules/_Builtin_stdint-CO1ZFP9095O15L3XEZDZ5QRCE.pcm
SwiftExplicitDependencyGeneratePcm arm64_32 /Users/admin/builder/spi-builder-workspace/.derivedData/SDKExplicitPrecompiledModules/sys_types-DW6ACFLMOYH9H8JQZARI5K6PT.pcm
SwiftExplicitDependencyGeneratePcm arm64_32 /Users/admin/builder/spi-builder-workspace/.derivedData/SDKExplicitPrecompiledModules/string_h-81YP5J2UC53QPS4YO8SKG6A9D.pcm
SwiftExplicitDependencyGeneratePcm arm64 /Users/admin/builder/spi-builder-workspace/.derivedData/SDKExplicitPrecompiledModules/_Builtin_stdint-DVIV8NGT87UZG5NODZGBEN6MQ.pcm
SwiftExplicitDependencyGeneratePcm arm64 /Users/admin/builder/spi-builder-workspace/.derivedData/SDKExplicitPrecompiledModules/sys_types-1QTBK62RTLQOA6UPGMTAIO90V.pcm
SwiftExplicitDependencyGeneratePcm arm64 /Users/admin/builder/spi-builder-workspace/.derivedData/SDKExplicitPrecompiledModules/string_h-6DIFPQAW6XJKBOLA1RB9BDYNT.pcm
SwiftExplicitDependencyGeneratePcm arm64_32 /Users/admin/builder/spi-builder-workspace/.derivedData/SDKExplicitPrecompiledModules/_DarwinFoundation3-4REFBLLOYWM9TKF690AB5HG9D.pcm
SwiftExplicitDependencyGeneratePcm arm64 /Users/admin/builder/spi-builder-workspace/.derivedData/SDKExplicitPrecompiledModules/_DarwinFoundation3-69S1IZN54A04V40F6LZUZQM1U.pcm
SwiftExplicitDependencyGeneratePcm arm64_32 /Users/admin/builder/spi-builder-workspace/.derivedData/SDKExplicitPrecompiledModules/_Builtin_inttypes-19ZDGQRY4BC1GU2LLTSHVKQ7Z.pcm
SwiftExplicitDependencyGeneratePcm arm64 /Users/admin/builder/spi-builder-workspace/.derivedData/SDKExplicitPrecompiledModules/_Builtin_inttypes-4BBW9ODF46683IQN290Q5KPBZ.pcm
SwiftExplicitDependencyGeneratePcm arm64_32 /Users/admin/builder/spi-builder-workspace/.derivedData/SDKExplicitPrecompiledModules/Darwin-5AE17T3V4HG2DSUV5M88MTR6P.pcm
SwiftExplicitDependencyGeneratePcm arm64 /Users/admin/builder/spi-builder-workspace/.derivedData/SDKExplicitPrecompiledModules/Darwin-CVUA7MO0M8ZZXZHP5VQJDYARR.pcm
SwiftExplicitDependencyGeneratePcm arm64_32 /Users/admin/builder/spi-builder-workspace/.derivedData/SDKExplicitPrecompiledModules/ObjectiveC-C2SXBJ4XCHOPW37WE6EYH1VP6.pcm
SwiftExplicitDependencyGeneratePcm arm64 /Users/admin/builder/spi-builder-workspace/.derivedData/SDKExplicitPrecompiledModules/ObjectiveC-AOKE7RYV3JL8DQK6GFG7FC40F.pcm
SwiftExplicitDependencyGeneratePcm arm64_32 /Users/admin/builder/spi-builder-workspace/.derivedData/SDKExplicitPrecompiledModules/os_object-C5UW3I42CB38OJPDAJAIGQSU0.pcm
SwiftExplicitDependencyGeneratePcm arm64 /Users/admin/builder/spi-builder-workspace/.derivedData/SDKExplicitPrecompiledModules/os_object-62CJ1DQOY9KI8Y9HLE6T7NWGU.pcm
SwiftExplicitDependencyGeneratePcm arm64_32 /Users/admin/builder/spi-builder-workspace/.derivedData/SDKExplicitPrecompiledModules/os_workgroup-EVS28DTM5N1LI6SPC508XAGAM.pcm
SwiftExplicitDependencyGeneratePcm arm64 /Users/admin/builder/spi-builder-workspace/.derivedData/SDKExplicitPrecompiledModules/os_workgroup-CZ3P364CI14HMS8EFDSYWQPJL.pcm
SwiftExplicitDependencyGeneratePcm arm64_32 /Users/admin/builder/spi-builder-workspace/.derivedData/SDKExplicitPrecompiledModules/Dispatch-58FLILJX3CKQLRDJCB3SG6E1Q.pcm
SwiftExplicitDependencyGeneratePcm arm64 /Users/admin/builder/spi-builder-workspace/.derivedData/SDKExplicitPrecompiledModules/Dispatch-58O9QPTF6ST7V8A7GDQ5Y1XHS.pcm
SwiftExplicitDependencyGeneratePcm arm64_32 /Users/admin/builder/spi-builder-workspace/.derivedData/SDKExplicitPrecompiledModules/XPC-958V8Q6FCC4PLYT1DZZ19RJS9.pcm
SwiftExplicitDependencyGeneratePcm arm64_32 /Users/admin/builder/spi-builder-workspace/.derivedData/SDKExplicitPrecompiledModules/CoreFoundation-1ISY9HVX5FUTVX25NNCPUZPKQ.pcm
SwiftExplicitDependencyGeneratePcm arm64 /Users/admin/builder/spi-builder-workspace/.derivedData/SDKExplicitPrecompiledModules/CoreFoundation-58AC9CNNA0EIGC7FAX7P2A24P.pcm
SwiftExplicitDependencyGeneratePcm arm64 /Users/admin/builder/spi-builder-workspace/.derivedData/SDKExplicitPrecompiledModules/XPC-57GG1FI5M2I09XYXHZQ4RT3LB.pcm
SwiftExplicitDependencyGeneratePcm arm64_32 /Users/admin/builder/spi-builder-workspace/.derivedData/SDKExplicitPrecompiledModules/Security-BYUKV3XOOFSMJINIAFUSOBX3G.pcm
SwiftExplicitDependencyGeneratePcm arm64 /Users/admin/builder/spi-builder-workspace/.derivedData/SDKExplicitPrecompiledModules/Security-CIP7TOFQEQF2GF4IJ44ZCF1OG.pcm
SwiftExplicitDependencyGeneratePcm arm64_32 /Users/admin/builder/spi-builder-workspace/.derivedData/SDKExplicitPrecompiledModules/Foundation-69CEH4QYZZMCOQZ4UEW8XRYBG.pcm
SwiftExplicitDependencyGeneratePcm arm64 /Users/admin/builder/spi-builder-workspace/.derivedData/SDKExplicitPrecompiledModules/Foundation-8Z6HVB6J38TM6E0X2YZ0SQT9H.pcm
SwiftCompile normal arm64_32 Compiling\ Parser.swift /Users/admin/builder/spi-builder-workspace/.dependencies/checkouts/mixpanel-swift-common/Sources/MixpanelSwiftCommon/Vendor/JSONLogicSwift/Parser.swift (in target 'MixpanelSwiftCommon' from project 'MixpanelSwiftCommon')
SwiftCompile normal arm64_32 /Users/admin/builder/spi-builder-workspace/.dependencies/checkouts/mixpanel-swift-common/Sources/MixpanelSwiftCommon/Vendor/JSONLogicSwift/Parser.swift (in target 'MixpanelSwiftCommon' from project 'MixpanelSwiftCommon')
cd /Users/admin/builder/spi-builder-workspace/.swiftpm/xcode
builtin-SwiftPerFileCompile Parser.swift
SwiftCompile normal arm64_32 Compiling\ JsonLogic.swift /Users/admin/builder/spi-builder-workspace/.dependencies/checkouts/mixpanel-swift-common/Sources/MixpanelSwiftCommon/Vendor/JSONLogicSwift/JsonLogic.swift (in target 'MixpanelSwiftCommon' from project 'MixpanelSwiftCommon')
SwiftCompile normal arm64_32 /Users/admin/builder/spi-builder-workspace/.dependencies/checkouts/mixpanel-swift-common/Sources/MixpanelSwiftCommon/Vendor/JSONLogicSwift/JsonLogic.swift (in target 'MixpanelSwiftCommon' from project 'MixpanelSwiftCommon')
cd /Users/admin/builder/spi-builder-workspace/.swiftpm/xcode
builtin-SwiftPerFileCompile JsonLogic.swift
SwiftCompile normal arm64_32 Compiling\ JSON.swift /Users/admin/builder/spi-builder-workspace/.dependencies/checkouts/mixpanel-swift-common/Sources/MixpanelSwiftCommon/Vendor/JSONLogicSwift/JSON.swift (in target 'MixpanelSwiftCommon' from project 'MixpanelSwiftCommon')
SwiftCompile normal arm64_32 /Users/admin/builder/spi-builder-workspace/.dependencies/checkouts/mixpanel-swift-common/Sources/MixpanelSwiftCommon/Vendor/JSONLogicSwift/JSON.swift (in target 'MixpanelSwiftCommon' from project 'MixpanelSwiftCommon')
cd /Users/admin/builder/spi-builder-workspace/.swiftpm/xcode
builtin-SwiftPerFileCompile JSON.swift
SwiftCompile normal arm64_32 Compiling\ Rfc3339.swift /Users/admin/builder/spi-builder-workspace/.dependencies/checkouts/mixpanel-swift-common/Sources/MixpanelSwiftCommon/Utils/Rfc3339.swift (in target 'MixpanelSwiftCommon' from project 'MixpanelSwiftCommon')
SwiftCompile normal arm64_32 /Users/admin/builder/spi-builder-workspace/.dependencies/checkouts/mixpanel-swift-common/Sources/MixpanelSwiftCommon/Utils/Rfc3339.swift (in target 'MixpanelSwiftCommon' from project 'MixpanelSwiftCommon')
cd /Users/admin/builder/spi-builder-workspace/.swiftpm/xcode
builtin-SwiftPerFileCompile Rfc3339.swift
SwiftCompile normal arm64_32 Compiling\ JSONLogicEvaluator.swift /Users/admin/builder/spi-builder-workspace/.dependencies/checkouts/mixpanel-swift-common/Sources/MixpanelSwiftCommon/Utils/JSONLogicEvaluator.swift (in target 'MixpanelSwiftCommon' from project 'MixpanelSwiftCommon')
SwiftCompile normal arm64_32 /Users/admin/builder/spi-builder-workspace/.dependencies/checkouts/mixpanel-swift-common/Sources/MixpanelSwiftCommon/Utils/JSONLogicEvaluator.swift (in target 'MixpanelSwiftCommon' from project 'MixpanelSwiftCommon')
cd /Users/admin/builder/spi-builder-workspace/.swiftpm/xcode
builtin-SwiftPerFileCompile JSONLogicEvaluator.swift
SwiftEmitModule normal arm64_32 Emitting\ module\ for\ MixpanelSwiftCommon (in target 'MixpanelSwiftCommon' from project 'MixpanelSwiftCommon')
SwiftCompile normal arm64_32 (in target 'MixpanelSwiftCommon' from project 'MixpanelSwiftCommon')
cd /Users/admin/builder/spi-builder-workspace/.swiftpm/xcode
SwiftCompile normal arm64_32 Compiling\ MixpanelEventBridge.swift /Users/admin/builder/spi-builder-workspace/.dependencies/checkouts/mixpanel-swift-common/Sources/MixpanelSwiftCommon/MixpanelEventBridge.swift (in target 'MixpanelSwiftCommon' from project 'MixpanelSwiftCommon')
SwiftCompile normal arm64_32 /Users/admin/builder/spi-builder-workspace/.dependencies/checkouts/mixpanel-swift-common/Sources/MixpanelSwiftCommon/MixpanelEventBridge.swift (in target 'MixpanelSwiftCommon' from project 'MixpanelSwiftCommon')
cd /Users/admin/builder/spi-builder-workspace/.swiftpm/xcode
builtin-SwiftPerFileCompile MixpanelEventBridge.swift
SwiftCompile normal arm64_32 Compiling\ Constants.swift /Users/admin/builder/spi-builder-workspace/.dependencies/checkouts/mixpanel-swift-common/Sources/MixpanelSwiftCommon/Utils/Constants.swift (in target 'MixpanelSwiftCommon' from project 'MixpanelSwiftCommon')
SwiftCompile normal arm64_32 /Users/admin/builder/spi-builder-workspace/.dependencies/checkouts/mixpanel-swift-common/Sources/MixpanelSwiftCommon/Utils/Constants.swift (in target 'MixpanelSwiftCommon' from project 'MixpanelSwiftCommon')
cd /Users/admin/builder/spi-builder-workspace/.swiftpm/xcode
builtin-SwiftPerFileCompile Constants.swift
SwiftCompile normal arm64_32 Compiling\ MixpanelJSONLogicRule.swift /Users/admin/builder/spi-builder-workspace/.dependencies/checkouts/mixpanel-swift-common/Sources/MixpanelSwiftCommon/Utils/MixpanelJSONLogicRule.swift (in target 'MixpanelSwiftCommon' from project 'MixpanelSwiftCommon')
SwiftCompile normal arm64_32 /Users/admin/builder/spi-builder-workspace/.dependencies/checkouts/mixpanel-swift-common/Sources/MixpanelSwiftCommon/Utils/MixpanelJSONLogicRule.swift (in target 'MixpanelSwiftCommon' from project 'MixpanelSwiftCommon')
cd /Users/admin/builder/spi-builder-workspace/.swiftpm/xcode
builtin-SwiftPerFileCompile MixpanelJSONLogicRule.swift
SwiftCompile normal arm64_32 Compiling\ SemanticVersion.swift /Users/admin/builder/spi-builder-workspace/.dependencies/checkouts/mixpanel-swift-common/Sources/MixpanelSwiftCommon/Utils/SemanticVersion.swift (in target 'MixpanelSwiftCommon' from project 'MixpanelSwiftCommon')
SwiftCompile normal arm64_32 /Users/admin/builder/spi-builder-workspace/.dependencies/checkouts/mixpanel-swift-common/Sources/MixpanelSwiftCommon/Utils/SemanticVersion.swift (in target 'MixpanelSwiftCommon' from project 'MixpanelSwiftCommon')
cd /Users/admin/builder/spi-builder-workspace/.swiftpm/xcode
builtin-SwiftPerFileCompile SemanticVersion.swift
SwiftEmitModule normal arm64 Emitting\ module\ for\ MixpanelSwiftCommon (in target 'MixpanelSwiftCommon' from project 'MixpanelSwiftCommon')
SwiftCompile normal arm64 (in target 'MixpanelSwiftCommon' from project 'MixpanelSwiftCommon')
cd /Users/admin/builder/spi-builder-workspace/.swiftpm/xcode
SwiftDriverJobDiscovery normal arm64_32 Emitting module for MixpanelSwiftCommon (in target 'MixpanelSwiftCommon' from project 'MixpanelSwiftCommon')
SwiftDriver\ Compilation\ Requirements MixpanelSwiftCommon normal arm64_32 com.apple.xcode.tools.swift.compiler (in target 'MixpanelSwiftCommon' from project 'MixpanelSwiftCommon')
cd /Users/admin/builder/spi-builder-workspace/.swiftpm/xcode
builtin-Swift-Compilation-Requirements -- /Applications/Xcode-27.0.0.app/Contents/Developer/Toolchains/XcodeDefault.xctoolchain/usr/bin/swiftc -parse-as-library -module-name MixpanelSwiftCommon -Onone @/Users/admin/builder/spi-builder-workspace/.derivedData/Build/Intermediates.noindex/MixpanelSwiftCommon.build/Debug-watchos/MixpanelSwiftCommon-t.build/Objects-normal/arm64_32/MixpanelSwiftCommon.SwiftFileList -DSWIFT_PACKAGE -DDEBUG -DSWIFT_MODULE_RESOURCE_BUNDLE_UNAVAILABLE -DXcode -plugin-path /Applications/Xcode-27.0.0.app/Contents/Developer/Toolchains/XcodeDefault.xctoolchain/usr/lib/swift/host/plugins/testing -enable-experimental-feature DebugDescriptionMacro -sdk /Applications/Xcode-27.0.0.app/Contents/Developer/Platforms/WatchOS.platform/Developer/SDKs/WatchOS27.0.sdk -target arm64_32-apple-watchos9.0 -g -module-cache-path /Users/admin/builder/spi-builder-workspace/.derivedData/ModuleCache.noindex -Xfrontend -serialize-debugging-options -profile-coverage-mapping -profile-generate -enable-testing -suppress-warnings -index-store-path /Users/admin/builder/spi-builder-workspace/.derivedData/Index.noindex/DataStore -Xcc -D_LIBCPP_HARDENING_MODE\=_LIBCPP_HARDENING_MODE_DEBUG -swift-version 5 -I /Users/admin/builder/spi-builder-workspace/.derivedData/Build/Products/Debug-watchos -Isystem /Applications/Xcode-27.0.0.app/Contents/Developer/Platforms/WatchOS.platform/Developer/usr/lib -F /Users/admin/builder/spi-builder-workspace/.derivedData/Build/Products/Debug-watchos -F /Applications/Xcode-27.0.0.app/Contents/Developer/Platforms/WatchOS.platform/Developer/Library/Frameworks -F /Applications/Xcode-27.0.0.app/Contents/Developer/Platforms/WatchOS.platform/Developer/SDKs/WatchOS27.0.sdk/Developer/Library/Frameworks -c -j10 -enable-batch-mode -incremental -Xcc -ivfsstatcache -Xcc /Users/admin/builder/spi-builder-workspace/.derivedData/SDKStatCaches.noindex/watchos27.0-24R360-e829b21a6f8c9b70876ba0858053c044b9db9bc9c079ee3c7b5f3373b13d10bc.sdkstatcache -output-file-map /Users/admin/builder/spi-builder-workspace/.derivedData/Build/Intermediates.noindex/MixpanelSwiftCommon.build/Debug-watchos/MixpanelSwiftCommon-t.build/Objects-normal/arm64_32/MixpanelSwiftCommon-OutputFileMap.json -save-temps -no-color-diagnostics -explicit-module-build -module-cache-path /Users/admin/builder/spi-builder-workspace/.derivedData/Build/Intermediates.noindex/SwiftExplicitPrecompiledModules -clang-scanner-module-cache-path /Users/admin/builder/spi-builder-workspace/.derivedData/ModuleCache.noindex -sdk-module-cache-path /Users/admin/builder/spi-builder-workspace/.derivedData/SDKExplicitPrecompiledModules -emit-dependencies -emit-module -emit-module-path /Users/admin/builder/spi-builder-workspace/.derivedData/Build/Intermediates.noindex/MixpanelSwiftCommon.build/Debug-watchos/MixpanelSwiftCommon-t.build/Objects-normal/arm64_32/MixpanelSwiftCommon.swiftmodule -serialize-diagnostics -dependency-scan-serialize-diagnostics-path /Users/admin/builder/spi-builder-workspace/.derivedData/Build/Intermediates.noindex/MixpanelSwiftCommon.build/Debug-watchos/MixpanelSwiftCommon-t.build/Objects-normal/arm64_32/MixpanelSwiftCommon-dependency-scan.dia -validate-clang-modules-once -clang-build-session-file /Users/admin/builder/spi-builder-workspace/.derivedData/ModuleCache.noindex/Session.modulevalidation -Xcc -fmodules-prune-interval\=86400 -Xcc -fmodules-prune-after\=345600 -emit-const-values -const-gather-protocols-list /Users/admin/builder/spi-builder-workspace/.derivedData/Build/Intermediates.noindex/MixpanelSwiftCommon.build/Debug-watchos/MixpanelSwiftCommon-t.build/Objects-normal/arm64_32/MixpanelSwiftCommon_const_extract_protocols.json -Xcc -I/Users/admin/builder/spi-builder-workspace/.derivedData/Build/Products/Debug-watchos/include -Xcc -I/Users/admin/builder/spi-builder-workspace/.derivedData/Build/Intermediates.noindex/MixpanelSwiftCommon.build/Debug-watchos/MixpanelSwiftCommon-t.build/DerivedSources-normal/arm64_32 -Xcc -I/Users/admin/builder/spi-builder-workspace/.derivedData/Build/Intermediates.noindex/MixpanelSwiftCommon.build/Debug-watchos/MixpanelSwiftCommon-t.build/DerivedSources/arm64_32 -Xcc -I/Users/admin/builder/spi-builder-workspace/.derivedData/Build/Intermediates.noindex/MixpanelSwiftCommon.build/Debug-watchos/MixpanelSwiftCommon-t.build/DerivedSources -Xcc -DSWIFT_PACKAGE -Xcc -DDEBUG\=1 -emit-objc-header -emit-objc-header-path /Users/admin/builder/spi-builder-workspace/.derivedData/Build/Intermediates.noindex/MixpanelSwiftCommon.build/Debug-watchos/MixpanelSwiftCommon-t.build/Objects-normal/arm64_32/MixpanelSwiftCommon-Swift.h -working-directory /Users/admin/builder/spi-builder-workspace/.swiftpm/xcode -experimental-emit-module-separately -disable-cmo
SwiftDriverJobDiscovery normal arm64 Emitting module for MixpanelSwiftCommon (in target 'MixpanelSwiftCommon' from project 'MixpanelSwiftCommon')
SwiftDriver\ Compilation\ Requirements MixpanelSwiftCommon normal arm64 com.apple.xcode.tools.swift.compiler (in target 'MixpanelSwiftCommon' from project 'MixpanelSwiftCommon')
cd /Users/admin/builder/spi-builder-workspace/.swiftpm/xcode
builtin-Swift-Compilation-Requirements -- /Applications/Xcode-27.0.0.app/Contents/Developer/Toolchains/XcodeDefault.xctoolchain/usr/bin/swiftc -parse-as-library -module-name MixpanelSwiftCommon -Onone @/Users/admin/builder/spi-builder-workspace/.derivedData/Build/Intermediates.noindex/MixpanelSwiftCommon.build/Debug-watchos/MixpanelSwiftCommon-t.build/Objects-normal/arm64/MixpanelSwiftCommon.SwiftFileList -DSWIFT_PACKAGE -DDEBUG -DSWIFT_MODULE_RESOURCE_BUNDLE_UNAVAILABLE -DXcode -plugin-path /Applications/Xcode-27.0.0.app/Contents/Developer/Toolchains/XcodeDefault.xctoolchain/usr/lib/swift/host/plugins/testing -enable-experimental-feature DebugDescriptionMacro -sdk /Applications/Xcode-27.0.0.app/Contents/Developer/Platforms/WatchOS.platform/Developer/SDKs/WatchOS27.0.sdk -target arm64-apple-watchos9.0 -g -module-cache-path /Users/admin/builder/spi-builder-workspace/.derivedData/ModuleCache.noindex -Xfrontend -serialize-debugging-options -profile-coverage-mapping -profile-generate -enable-testing -suppress-warnings -index-store-path /Users/admin/builder/spi-builder-workspace/.derivedData/Index.noindex/DataStore -Xcc -D_LIBCPP_HARDENING_MODE\=_LIBCPP_HARDENING_MODE_DEBUG -swift-version 5 -I /Users/admin/builder/spi-builder-workspace/.derivedData/Build/Products/Debug-watchos -Isystem /Applications/Xcode-27.0.0.app/Contents/Developer/Platforms/WatchOS.platform/Developer/usr/lib -F /Users/admin/builder/spi-builder-workspace/.derivedData/Build/Products/Debug-watchos -F /Applications/Xcode-27.0.0.app/Contents/Developer/Platforms/WatchOS.platform/Developer/Library/Frameworks -F /Applications/Xcode-27.0.0.app/Contents/Developer/Platforms/WatchOS.platform/Developer/SDKs/WatchOS27.0.sdk/Developer/Library/Frameworks -c -j10 -enable-batch-mode -incremental -Xcc -ivfsstatcache -Xcc /Users/admin/builder/spi-builder-workspace/.derivedData/SDKStatCaches.noindex/watchos27.0-24R360-e829b21a6f8c9b70876ba0858053c044b9db9bc9c079ee3c7b5f3373b13d10bc.sdkstatcache -output-file-map /Users/admin/builder/spi-builder-workspace/.derivedData/Build/Intermediates.noindex/MixpanelSwiftCommon.build/Debug-watchos/MixpanelSwiftCommon-t.build/Objects-normal/arm64/MixpanelSwiftCommon-OutputFileMap.json -save-temps -no-color-diagnostics -explicit-module-build -module-cache-path /Users/admin/builder/spi-builder-workspace/.derivedData/Build/Intermediates.noindex/SwiftExplicitPrecompiledModules -clang-scanner-module-cache-path /Users/admin/builder/spi-builder-workspace/.derivedData/ModuleCache.noindex -sdk-module-cache-path /Users/admin/builder/spi-builder-workspace/.derivedData/SDKExplicitPrecompiledModules -emit-dependencies -emit-module -emit-module-path /Users/admin/builder/spi-builder-workspace/.derivedData/Build/Intermediates.noindex/MixpanelSwiftCommon.build/Debug-watchos/MixpanelSwiftCommon-t.build/Objects-normal/arm64/MixpanelSwiftCommon.swiftmodule -serialize-diagnostics -dependency-scan-serialize-diagnostics-path /Users/admin/builder/spi-builder-workspace/.derivedData/Build/Intermediates.noindex/MixpanelSwiftCommon.build/Debug-watchos/MixpanelSwiftCommon-t.build/Objects-normal/arm64/MixpanelSwiftCommon-dependency-scan.dia -validate-clang-modules-once -clang-build-session-file /Users/admin/builder/spi-builder-workspace/.derivedData/ModuleCache.noindex/Session.modulevalidation -Xcc -fmodules-prune-interval\=86400 -Xcc -fmodules-prune-after\=345600 -emit-const-values -const-gather-protocols-list /Users/admin/builder/spi-builder-workspace/.derivedData/Build/Intermediates.noindex/MixpanelSwiftCommon.build/Debug-watchos/MixpanelSwiftCommon-t.build/Objects-normal/arm64/MixpanelSwiftCommon_const_extract_protocols.json -Xcc -I/Users/admin/builder/spi-builder-workspace/.derivedData/Build/Products/Debug-watchos/include -Xcc -I/Users/admin/builder/spi-builder-workspace/.derivedData/Build/Intermediates.noindex/MixpanelSwiftCommon.build/Debug-watchos/MixpanelSwiftCommon-t.build/DerivedSources-normal/arm64 -Xcc -I/Users/admin/builder/spi-builder-workspace/.derivedData/Build/Intermediates.noindex/MixpanelSwiftCommon.build/Debug-watchos/MixpanelSwiftCommon-t.build/DerivedSources/arm64 -Xcc -I/Users/admin/builder/spi-builder-workspace/.derivedData/Build/Intermediates.noindex/MixpanelSwiftCommon.build/Debug-watchos/MixpanelSwiftCommon-t.build/DerivedSources -Xcc -DSWIFT_PACKAGE -Xcc -DDEBUG\=1 -emit-objc-header -emit-objc-header-path /Users/admin/builder/spi-builder-workspace/.derivedData/Build/Intermediates.noindex/MixpanelSwiftCommon.build/Debug-watchos/MixpanelSwiftCommon-t.build/Objects-normal/arm64/MixpanelSwiftCommon-Swift.h -working-directory /Users/admin/builder/spi-builder-workspace/.swiftpm/xcode -experimental-emit-module-separately -disable-cmo
Copy /Users/admin/builder/spi-builder-workspace/.derivedData/Build/Products/Debug-watchos/MixpanelSwiftCommon.swiftmodule/arm64_32-apple-watchos.swiftmodule /Users/admin/builder/spi-builder-workspace/.derivedData/Build/Intermediates.noindex/MixpanelSwiftCommon.build/Debug-watchos/MixpanelSwiftCommon-t.build/Objects-normal/arm64_32/MixpanelSwiftCommon.swiftmodule (in target 'MixpanelSwiftCommon' from project 'MixpanelSwiftCommon')
cd /Users/admin/builder/spi-builder-workspace/.dependencies/checkouts/mixpanel-swift-common
builtin-copy -exclude .DS_Store -exclude CVS -exclude .svn -exclude .git -exclude .hg -resolve-src-symlinks -rename /Users/admin/builder/spi-builder-workspace/.derivedData/Build/Intermediates.noindex/MixpanelSwiftCommon.build/Debug-watchos/MixpanelSwiftCommon-t.build/Objects-normal/arm64_32/MixpanelSwiftCommon.swiftmodule /Users/admin/builder/spi-builder-workspace/.derivedData/Build/Products/Debug-watchos/MixpanelSwiftCommon.swiftmodule/arm64_32-apple-watchos.swiftmodule
SwiftMergeGeneratedHeaders /Users/admin/builder/spi-builder-workspace/.derivedData/Build/Intermediates.noindex/GeneratedModuleMaps-watchos/MixpanelSwiftCommon-Swift.h /Users/admin/builder/spi-builder-workspace/.derivedData/Build/Intermediates.noindex/MixpanelSwiftCommon.build/Debug-watchos/MixpanelSwiftCommon-t.build/Objects-normal/arm64/MixpanelSwiftCommon-Swift.h /Users/admin/builder/spi-builder-workspace/.derivedData/Build/Intermediates.noindex/MixpanelSwiftCommon.build/Debug-watchos/MixpanelSwiftCommon-t.build/Objects-normal/arm64_32/MixpanelSwiftCommon-Swift.h (in target 'MixpanelSwiftCommon' from project 'MixpanelSwiftCommon')
cd /Users/admin/builder/spi-builder-workspace/.dependencies/checkouts/mixpanel-swift-common
builtin-swiftHeaderTool -arch arm64 /Users/admin/builder/spi-builder-workspace/.derivedData/Build/Intermediates.noindex/MixpanelSwiftCommon.build/Debug-watchos/MixpanelSwiftCommon-t.build/Objects-normal/arm64/MixpanelSwiftCommon-Swift.h -arch arm64_32 /Users/admin/builder/spi-builder-workspace/.derivedData/Build/Intermediates.noindex/MixpanelSwiftCommon.build/Debug-watchos/MixpanelSwiftCommon-t.build/Objects-normal/arm64_32/MixpanelSwiftCommon-Swift.h -o /Users/admin/builder/spi-builder-workspace/.derivedData/Build/Intermediates.noindex/GeneratedModuleMaps-watchos/MixpanelSwiftCommon-Swift.h
Copy /Users/admin/builder/spi-builder-workspace/.derivedData/Build/Products/Debug-watchos/MixpanelSwiftCommon.swiftmodule/arm64_32-apple-watchos.swiftdoc /Users/admin/builder/spi-builder-workspace/.derivedData/Build/Intermediates.noindex/MixpanelSwiftCommon.build/Debug-watchos/MixpanelSwiftCommon-t.build/Objects-normal/arm64_32/MixpanelSwiftCommon.swiftdoc (in target 'MixpanelSwiftCommon' from project 'MixpanelSwiftCommon')
cd /Users/admin/builder/spi-builder-workspace/.dependencies/checkouts/mixpanel-swift-common
builtin-copy -exclude .DS_Store -exclude CVS -exclude .svn -exclude .git -exclude .hg -resolve-src-symlinks -rename /Users/admin/builder/spi-builder-workspace/.derivedData/Build/Intermediates.noindex/MixpanelSwiftCommon.build/Debug-watchos/MixpanelSwiftCommon-t.build/Objects-normal/arm64_32/MixpanelSwiftCommon.swiftdoc /Users/admin/builder/spi-builder-workspace/.derivedData/Build/Products/Debug-watchos/MixpanelSwiftCommon.swiftmodule/arm64_32-apple-watchos.swiftdoc
Copy /Users/admin/builder/spi-builder-workspace/.derivedData/Build/Products/Debug-watchos/MixpanelSwiftCommon.swiftmodule/arm64_32-apple-watchos.abi.json /Users/admin/builder/spi-builder-workspace/.derivedData/Build/Intermediates.noindex/MixpanelSwiftCommon.build/Debug-watchos/MixpanelSwiftCommon-t.build/Objects-normal/arm64_32/MixpanelSwiftCommon.abi.json (in target 'MixpanelSwiftCommon' from project 'MixpanelSwiftCommon')
cd /Users/admin/builder/spi-builder-workspace/.dependencies/checkouts/mixpanel-swift-common
builtin-copy -exclude .DS_Store -exclude CVS -exclude .svn -exclude .git -exclude .hg -resolve-src-symlinks -rename /Users/admin/builder/spi-builder-workspace/.derivedData/Build/Intermediates.noindex/MixpanelSwiftCommon.build/Debug-watchos/MixpanelSwiftCommon-t.build/Objects-normal/arm64_32/MixpanelSwiftCommon.abi.json /Users/admin/builder/spi-builder-workspace/.derivedData/Build/Products/Debug-watchos/MixpanelSwiftCommon.swiftmodule/arm64_32-apple-watchos.abi.json
Copy /Users/admin/builder/spi-builder-workspace/.derivedData/Build/Products/Debug-watchos/MixpanelSwiftCommon.swiftmodule/arm64-apple-watchos.swiftmodule /Users/admin/builder/spi-builder-workspace/.derivedData/Build/Intermediates.noindex/MixpanelSwiftCommon.build/Debug-watchos/MixpanelSwiftCommon-t.build/Objects-normal/arm64/MixpanelSwiftCommon.swiftmodule (in target 'MixpanelSwiftCommon' from project 'MixpanelSwiftCommon')
cd /Users/admin/builder/spi-builder-workspace/.dependencies/checkouts/mixpanel-swift-common
builtin-copy -exclude .DS_Store -exclude CVS -exclude .svn -exclude .git -exclude .hg -resolve-src-symlinks -rename /Users/admin/builder/spi-builder-workspace/.derivedData/Build/Intermediates.noindex/MixpanelSwiftCommon.build/Debug-watchos/MixpanelSwiftCommon-t.build/Objects-normal/arm64/MixpanelSwiftCommon.swiftmodule /Users/admin/builder/spi-builder-workspace/.derivedData/Build/Products/Debug-watchos/MixpanelSwiftCommon.swiftmodule/arm64-apple-watchos.swiftmodule
Copy /Users/admin/builder/spi-builder-workspace/.derivedData/Build/Products/Debug-watchos/MixpanelSwiftCommon.swiftmodule/arm64-apple-watchos.swiftdoc /Users/admin/builder/spi-builder-workspace/.derivedData/Build/Intermediates.noindex/MixpanelSwiftCommon.build/Debug-watchos/MixpanelSwiftCommon-t.build/Objects-normal/arm64/MixpanelSwiftCommon.swiftdoc (in target 'MixpanelSwiftCommon' from project 'MixpanelSwiftCommon')
cd /Users/admin/builder/spi-builder-workspace/.dependencies/checkouts/mixpanel-swift-common
builtin-copy -exclude .DS_Store -exclude CVS -exclude .svn -exclude .git -exclude .hg -resolve-src-symlinks -rename /Users/admin/builder/spi-builder-workspace/.derivedData/Build/Intermediates.noindex/MixpanelSwiftCommon.build/Debug-watchos/MixpanelSwiftCommon-t.build/Objects-normal/arm64/MixpanelSwiftCommon.swiftdoc /Users/admin/builder/spi-builder-workspace/.derivedData/Build/Products/Debug-watchos/MixpanelSwiftCommon.swiftmodule/arm64-apple-watchos.swiftdoc
Copy /Users/admin/builder/spi-builder-workspace/.derivedData/Build/Products/Debug-watchos/MixpanelSwiftCommon.swiftmodule/arm64-apple-watchos.abi.json /Users/admin/builder/spi-builder-workspace/.derivedData/Build/Intermediates.noindex/MixpanelSwiftCommon.build/Debug-watchos/MixpanelSwiftCommon-t.build/Objects-normal/arm64/MixpanelSwiftCommon.abi.json (in target 'MixpanelSwiftCommon' from project 'MixpanelSwiftCommon')
cd /Users/admin/builder/spi-builder-workspace/.dependencies/checkouts/mixpanel-swift-common
builtin-copy -exclude .DS_Store -exclude CVS -exclude .svn -exclude .git -exclude .hg -resolve-src-symlinks -rename /Users/admin/builder/spi-builder-workspace/.derivedData/Build/Intermediates.noindex/MixpanelSwiftCommon.build/Debug-watchos/MixpanelSwiftCommon-t.build/Objects-normal/arm64/MixpanelSwiftCommon.abi.json /Users/admin/builder/spi-builder-workspace/.derivedData/Build/Products/Debug-watchos/MixpanelSwiftCommon.swiftmodule/arm64-apple-watchos.abi.json
Copy /Users/admin/builder/spi-builder-workspace/.derivedData/Build/Products/Debug-watchos/MixpanelSwiftCommon.swiftmodule/Project/arm64_32-apple-watchos.swiftsourceinfo /Users/admin/builder/spi-builder-workspace/.derivedData/Build/Intermediates.noindex/MixpanelSwiftCommon.build/Debug-watchos/MixpanelSwiftCommon-t.build/Objects-normal/arm64_32/MixpanelSwiftCommon.swiftsourceinfo (in target 'MixpanelSwiftCommon' from project 'MixpanelSwiftCommon')
cd /Users/admin/builder/spi-builder-workspace/.dependencies/checkouts/mixpanel-swift-common
builtin-copy -exclude .DS_Store -exclude CVS -exclude .svn -exclude .git -exclude .hg -resolve-src-symlinks -rename /Users/admin/builder/spi-builder-workspace/.derivedData/Build/Intermediates.noindex/MixpanelSwiftCommon.build/Debug-watchos/MixpanelSwiftCommon-t.build/Objects-normal/arm64_32/MixpanelSwiftCommon.swiftsourceinfo /Users/admin/builder/spi-builder-workspace/.derivedData/Build/Products/Debug-watchos/MixpanelSwiftCommon.swiftmodule/Project/arm64_32-apple-watchos.swiftsourceinfo
Copy /Users/admin/builder/spi-builder-workspace/.derivedData/Build/Products/Debug-watchos/MixpanelSwiftCommon.swiftmodule/Project/arm64-apple-watchos.swiftsourceinfo /Users/admin/builder/spi-builder-workspace/.derivedData/Build/Intermediates.noindex/MixpanelSwiftCommon.build/Debug-watchos/MixpanelSwiftCommon-t.build/Objects-normal/arm64/MixpanelSwiftCommon.swiftsourceinfo (in target 'MixpanelSwiftCommon' from project 'MixpanelSwiftCommon')
cd /Users/admin/builder/spi-builder-workspace/.dependencies/checkouts/mixpanel-swift-common
builtin-copy -exclude .DS_Store -exclude CVS -exclude .svn -exclude .git -exclude .hg -resolve-src-symlinks -rename /Users/admin/builder/spi-builder-workspace/.derivedData/Build/Intermediates.noindex/MixpanelSwiftCommon.build/Debug-watchos/MixpanelSwiftCommon-t.build/Objects-normal/arm64/MixpanelSwiftCommon.swiftsourceinfo /Users/admin/builder/spi-builder-workspace/.derivedData/Build/Products/Debug-watchos/MixpanelSwiftCommon.swiftmodule/Project/arm64-apple-watchos.swiftsourceinfo
SwiftCompile normal arm64 Compiling\ SemanticVersion.swift /Users/admin/builder/spi-builder-workspace/.dependencies/checkouts/mixpanel-swift-common/Sources/MixpanelSwiftCommon/Utils/SemanticVersion.swift (in target 'MixpanelSwiftCommon' from project 'MixpanelSwiftCommon')
SwiftCompile normal arm64 /Users/admin/builder/spi-builder-workspace/.dependencies/checkouts/mixpanel-swift-common/Sources/MixpanelSwiftCommon/Utils/SemanticVersion.swift (in target 'MixpanelSwiftCommon' from project 'MixpanelSwiftCommon')
cd /Users/admin/builder/spi-builder-workspace/.swiftpm/xcode
builtin-SwiftPerFileCompile SemanticVersion.swift
SwiftCompile normal arm64 Compiling\ MixpanelJSONLogicRule.swift /Users/admin/builder/spi-builder-workspace/.dependencies/checkouts/mixpanel-swift-common/Sources/MixpanelSwiftCommon/Utils/MixpanelJSONLogicRule.swift (in target 'MixpanelSwiftCommon' from project 'MixpanelSwiftCommon')
SwiftCompile normal arm64 /Users/admin/builder/spi-builder-workspace/.dependencies/checkouts/mixpanel-swift-common/Sources/MixpanelSwiftCommon/Utils/MixpanelJSONLogicRule.swift (in target 'MixpanelSwiftCommon' from project 'MixpanelSwiftCommon')
cd /Users/admin/builder/spi-builder-workspace/.swiftpm/xcode
builtin-SwiftPerFileCompile MixpanelJSONLogicRule.swift
SwiftDriverJobDiscovery normal arm64_32 Compiling Constants.swift (in target 'MixpanelSwiftCommon' from project 'MixpanelSwiftCommon')
SwiftCompile normal arm64 Compiling\ JSONLogicEvaluator.swift /Users/admin/builder/spi-builder-workspace/.dependencies/checkouts/mixpanel-swift-common/Sources/MixpanelSwiftCommon/Utils/JSONLogicEvaluator.swift (in target 'MixpanelSwiftCommon' from project 'MixpanelSwiftCommon')
SwiftCompile normal arm64 /Users/admin/builder/spi-builder-workspace/.dependencies/checkouts/mixpanel-swift-common/Sources/MixpanelSwiftCommon/Utils/JSONLogicEvaluator.swift (in target 'MixpanelSwiftCommon' from project 'MixpanelSwiftCommon')
cd /Users/admin/builder/spi-builder-workspace/.swiftpm/xcode
builtin-SwiftPerFileCompile JSONLogicEvaluator.swift
SwiftDriverJobDiscovery normal arm64_32 Compiling MixpanelEventBridge.swift (in target 'MixpanelSwiftCommon' from project 'MixpanelSwiftCommon')
SwiftCompile normal arm64 Compiling\ JSON.swift /Users/admin/builder/spi-builder-workspace/.dependencies/checkouts/mixpanel-swift-common/Sources/MixpanelSwiftCommon/Vendor/JSONLogicSwift/JSON.swift (in target 'MixpanelSwiftCommon' from project 'MixpanelSwiftCommon')
SwiftCompile normal arm64 /Users/admin/builder/spi-builder-workspace/.dependencies/checkouts/mixpanel-swift-common/Sources/MixpanelSwiftCommon/Vendor/JSONLogicSwift/JSON.swift (in target 'MixpanelSwiftCommon' from project 'MixpanelSwiftCommon')
cd /Users/admin/builder/spi-builder-workspace/.swiftpm/xcode
builtin-SwiftPerFileCompile JSON.swift
SwiftDriverJobDiscovery normal arm64_32 Compiling Rfc3339.swift (in target 'MixpanelSwiftCommon' from project 'MixpanelSwiftCommon')
SwiftDriverJobDiscovery normal arm64 Compiling SemanticVersion.swift (in target 'MixpanelSwiftCommon' from project 'MixpanelSwiftCommon')
SwiftCompile normal arm64 Compiling\ Constants.swift /Users/admin/builder/spi-builder-workspace/.dependencies/checkouts/mixpanel-swift-common/Sources/MixpanelSwiftCommon/Utils/Constants.swift (in target 'MixpanelSwiftCommon' from project 'MixpanelSwiftCommon')
SwiftCompile normal arm64 /Users/admin/builder/spi-builder-workspace/.dependencies/checkouts/mixpanel-swift-common/Sources/MixpanelSwiftCommon/Utils/Constants.swift (in target 'MixpanelSwiftCommon' from project 'MixpanelSwiftCommon')
cd /Users/admin/builder/spi-builder-workspace/.swiftpm/xcode
builtin-SwiftPerFileCompile Constants.swift
SwiftCompile normal arm64 Compiling\ JsonLogic.swift /Users/admin/builder/spi-builder-workspace/.dependencies/checkouts/mixpanel-swift-common/Sources/MixpanelSwiftCommon/Vendor/JSONLogicSwift/JsonLogic.swift (in target 'MixpanelSwiftCommon' from project 'MixpanelSwiftCommon')
SwiftCompile normal arm64 /Users/admin/builder/spi-builder-workspace/.dependencies/checkouts/mixpanel-swift-common/Sources/MixpanelSwiftCommon/Vendor/JSONLogicSwift/JsonLogic.swift (in target 'MixpanelSwiftCommon' from project 'MixpanelSwiftCommon')
cd /Users/admin/builder/spi-builder-workspace/.swiftpm/xcode
builtin-SwiftPerFileCompile JsonLogic.swift
SwiftDriverJobDiscovery normal arm64_32 Compiling JsonLogic.swift (in target 'MixpanelSwiftCommon' from project 'MixpanelSwiftCommon')
SwiftDriverJobDiscovery normal arm64_32 Compiling SemanticVersion.swift (in target 'MixpanelSwiftCommon' from project 'MixpanelSwiftCommon')
SwiftCompile normal arm64 Compiling\ Parser.swift /Users/admin/builder/spi-builder-workspace/.dependencies/checkouts/mixpanel-swift-common/Sources/MixpanelSwiftCommon/Vendor/JSONLogicSwift/Parser.swift (in target 'MixpanelSwiftCommon' from project 'MixpanelSwiftCommon')
SwiftCompile normal arm64 /Users/admin/builder/spi-builder-workspace/.dependencies/checkouts/mixpanel-swift-common/Sources/MixpanelSwiftCommon/Vendor/JSONLogicSwift/Parser.swift (in target 'MixpanelSwiftCommon' from project 'MixpanelSwiftCommon')
cd /Users/admin/builder/spi-builder-workspace/.swiftpm/xcode
builtin-SwiftPerFileCompile Parser.swift
SwiftCompile normal arm64 Compiling\ Rfc3339.swift /Users/admin/builder/spi-builder-workspace/.dependencies/checkouts/mixpanel-swift-common/Sources/MixpanelSwiftCommon/Utils/Rfc3339.swift (in target 'MixpanelSwiftCommon' from project 'MixpanelSwiftCommon')
SwiftCompile normal arm64 /Users/admin/builder/spi-builder-workspace/.dependencies/checkouts/mixpanel-swift-common/Sources/MixpanelSwiftCommon/Utils/Rfc3339.swift (in target 'MixpanelSwiftCommon' from project 'MixpanelSwiftCommon')
cd /Users/admin/builder/spi-builder-workspace/.swiftpm/xcode
builtin-SwiftPerFileCompile Rfc3339.swift
SwiftDriverJobDiscovery normal arm64_32 Compiling MixpanelJSONLogicRule.swift (in target 'MixpanelSwiftCommon' from project 'MixpanelSwiftCommon')
SwiftDriverJobDiscovery normal arm64_32 Compiling JSONLogicEvaluator.swift (in target 'MixpanelSwiftCommon' from project 'MixpanelSwiftCommon')
SwiftCompile normal arm64 Compiling\ MixpanelEventBridge.swift /Users/admin/builder/spi-builder-workspace/.dependencies/checkouts/mixpanel-swift-common/Sources/MixpanelSwiftCommon/MixpanelEventBridge.swift (in target 'MixpanelSwiftCommon' from project 'MixpanelSwiftCommon')
SwiftCompile normal arm64 /Users/admin/builder/spi-builder-workspace/.dependencies/checkouts/mixpanel-swift-common/Sources/MixpanelSwiftCommon/MixpanelEventBridge.swift (in target 'MixpanelSwiftCommon' from project 'MixpanelSwiftCommon')
cd /Users/admin/builder/spi-builder-workspace/.swiftpm/xcode
builtin-SwiftPerFileCompile MixpanelEventBridge.swift
SwiftDriverJobDiscovery normal arm64_32 Compiling JSON.swift (in target 'MixpanelSwiftCommon' from project 'MixpanelSwiftCommon')
SwiftDriver MixpanelSessionReplay normal arm64_32 com.apple.xcode.tools.swift.compiler (in target 'MixpanelSessionReplay' from project 'MixpanelSessionReplay')
cd /Users/admin/builder/spi-builder-workspace/.swiftpm/xcode
builtin-SwiftDriver -- /Applications/Xcode-27.0.0.app/Contents/Developer/Toolchains/XcodeDefault.xctoolchain/usr/bin/swiftc -parse-as-library -module-name MixpanelSessionReplay -Onone @/Users/admin/builder/spi-builder-workspace/.derivedData/Build/Intermediates.noindex/MixpanelSessionReplay.build/Debug-watchos/MixpanelSessionReplay-t.build/Objects-normal/arm64_32/MixpanelSessionReplay.SwiftFileList -DSWIFT_PACKAGE -DDEBUG -DSWIFT_MODULE_RESOURCE_BUNDLE_AVAILABLE -DXcode -plugin-path /Applications/Xcode-27.0.0.app/Contents/Developer/Toolchains/XcodeDefault.xctoolchain/usr/lib/swift/host/plugins/testing -enable-experimental-feature DebugDescriptionMacro -sdk /Applications/Xcode-27.0.0.app/Contents/Developer/Platforms/WatchOS.platform/Developer/SDKs/WatchOS27.0.sdk -target arm64_32-apple-watchos9.0 -g -module-cache-path /Users/admin/builder/spi-builder-workspace/.derivedData/ModuleCache.noindex -Xfrontend -serialize-debugging-options -profile-coverage-mapping -profile-generate -enable-testing -index-store-path /Users/admin/builder/spi-builder-workspace/.derivedData/Index.noindex/DataStore -Xcc -D_LIBCPP_HARDENING_MODE\=_LIBCPP_HARDENING_MODE_DEBUG -swift-version 5 -I /Users/admin/builder/spi-builder-workspace/.derivedData/Build/Products/Debug-watchos -Isystem /Applications/Xcode-27.0.0.app/Contents/Developer/Platforms/WatchOS.platform/Developer/usr/lib -F /Users/admin/builder/spi-builder-workspace/.derivedData/Build/Products/Debug-watchos/PackageFrameworks -F /Users/admin/builder/spi-builder-workspace/.derivedData/Build/Products/Debug-watchos -F /Applications/Xcode-27.0.0.app/Contents/Developer/Platforms/WatchOS.platform/Developer/Library/Frameworks -F /Applications/Xcode-27.0.0.app/Contents/Developer/Platforms/WatchOS.platform/Developer/SDKs/WatchOS27.0.sdk/Developer/Library/Frameworks -c -j10 -enable-batch-mode -incremental -Xcc -ivfsstatcache -Xcc /Users/admin/builder/spi-builder-workspace/.derivedData/SDKStatCaches.noindex/watchos27.0-24R360-e829b21a6f8c9b70876ba0858053c044b9db9bc9c079ee3c7b5f3373b13d10bc.sdkstatcache -output-file-map /Users/admin/builder/spi-builder-workspace/.derivedData/Build/Intermediates.noindex/MixpanelSessionReplay.build/Debug-watchos/MixpanelSessionReplay-t.build/Objects-normal/arm64_32/MixpanelSessionReplay-OutputFileMap.json -save-temps -no-color-diagnostics -explicit-module-build -module-cache-path /Users/admin/builder/spi-builder-workspace/.derivedData/Build/Intermediates.noindex/SwiftExplicitPrecompiledModules -clang-scanner-module-cache-path /Users/admin/builder/spi-builder-workspace/.derivedData/ModuleCache.noindex -sdk-module-cache-path /Users/admin/builder/spi-builder-workspace/.derivedData/SDKExplicitPrecompiledModules -emit-dependencies -emit-module -emit-module-path /Users/admin/builder/spi-builder-workspace/.derivedData/Build/Intermediates.noindex/MixpanelSessionReplay.build/Debug-watchos/MixpanelSessionReplay-t.build/Objects-normal/arm64_32/MixpanelSessionReplay.swiftmodule -serialize-diagnostics -dependency-scan-serialize-diagnostics-path /Users/admin/builder/spi-builder-workspace/.derivedData/Build/Intermediates.noindex/MixpanelSessionReplay.build/Debug-watchos/MixpanelSessionReplay-t.build/Objects-normal/arm64_32/MixpanelSessionReplay-dependency-scan.dia -validate-clang-modules-once -clang-build-session-file /Users/admin/builder/spi-builder-workspace/.derivedData/ModuleCache.noindex/Session.modulevalidation -Xcc -fmodules-prune-interval\=86400 -Xcc -fmodules-prune-after\=345600 -emit-const-values -const-gather-protocols-list /Users/admin/builder/spi-builder-workspace/.derivedData/Build/Intermediates.noindex/MixpanelSessionReplay.build/Debug-watchos/MixpanelSessionReplay-t.build/Objects-normal/arm64_32/MixpanelSessionReplay_const_extract_protocols.json -Xcc -I/Users/admin/builder/spi-builder-workspace/.derivedData/Build/Products/Debug-watchos/include -Xcc -I/Users/admin/builder/spi-builder-workspace/.derivedData/Build/Intermediates.noindex/MixpanelSessionReplay.build/Debug-watchos/MixpanelSessionReplay-t.build/DerivedSources-normal/arm64_32 -Xcc -I/Users/admin/builder/spi-builder-workspace/.derivedData/Build/Intermediates.noindex/MixpanelSessionReplay.build/Debug-watchos/MixpanelSessionReplay-t.build/DerivedSources/arm64_32 -Xcc -I/Users/admin/builder/spi-builder-workspace/.derivedData/Build/Intermediates.noindex/MixpanelSessionReplay.build/Debug-watchos/MixpanelSessionReplay-t.build/DerivedSources -Xcc -DSWIFT_PACKAGE -Xcc -DDEBUG\=1 -emit-objc-header -emit-objc-header-path /Users/admin/builder/spi-builder-workspace/.derivedData/Build/Intermediates.noindex/MixpanelSessionReplay.build/Debug-watchos/MixpanelSessionReplay-t.build/Objects-normal/arm64_32/MixpanelSessionReplay-Swift.h -working-directory /Users/admin/builder/spi-builder-workspace/.swiftpm/xcode -experimental-emit-module-separately -disable-cmo
/Users/admin/builder/spi-builder-workspace/MixpanelSessionReplay/MixpanelSessionReplay/SensitiveViews/SensitiveViewManager.swift:13:8: error: Unable to resolve module dependency: 'WebKit' (in target 'MixpanelSessionReplay' from project 'MixpanelSessionReplay')
note: A dependency of main module 'MixpanelSessionReplay'
/Users/admin/builder/spi-builder-workspace/MixpanelSessionReplay/MixpanelSessionReplay/SensitiveViews/SensitiveViewManager.swift:13:8: note: A dependency of main module 'MixpanelSessionReplay'
import WebKit
^ (in target 'MixpanelSessionReplay' from project 'MixpanelSessionReplay')
SwiftDriver MixpanelSessionReplay normal arm64 com.apple.xcode.tools.swift.compiler (in target 'MixpanelSessionReplay' from project 'MixpanelSessionReplay')
cd /Users/admin/builder/spi-builder-workspace/.swiftpm/xcode
builtin-SwiftDriver -- /Applications/Xcode-27.0.0.app/Contents/Developer/Toolchains/XcodeDefault.xctoolchain/usr/bin/swiftc -parse-as-library -module-name MixpanelSessionReplay -Onone @/Users/admin/builder/spi-builder-workspace/.derivedData/Build/Intermediates.noindex/MixpanelSessionReplay.build/Debug-watchos/MixpanelSessionReplay-t.build/Objects-normal/arm64/MixpanelSessionReplay.SwiftFileList -DSWIFT_PACKAGE -DDEBUG -DSWIFT_MODULE_RESOURCE_BUNDLE_AVAILABLE -DXcode -plugin-path /Applications/Xcode-27.0.0.app/Contents/Developer/Toolchains/XcodeDefault.xctoolchain/usr/lib/swift/host/plugins/testing -enable-experimental-feature DebugDescriptionMacro -sdk /Applications/Xcode-27.0.0.app/Contents/Developer/Platforms/WatchOS.platform/Developer/SDKs/WatchOS27.0.sdk -target arm64-apple-watchos9.0 -g -module-cache-path /Users/admin/builder/spi-builder-workspace/.derivedData/ModuleCache.noindex -Xfrontend -serialize-debugging-options -profile-coverage-mapping -profile-generate -enable-testing -index-store-path /Users/admin/builder/spi-builder-workspace/.derivedData/Index.noindex/DataStore -Xcc -D_LIBCPP_HARDENING_MODE\=_LIBCPP_HARDENING_MODE_DEBUG -swift-version 5 -I /Users/admin/builder/spi-builder-workspace/.derivedData/Build/Products/Debug-watchos -Isystem /Applications/Xcode-27.0.0.app/Contents/Developer/Platforms/WatchOS.platform/Developer/usr/lib -F /Users/admin/builder/spi-builder-workspace/.derivedData/Build/Products/Debug-watchos/PackageFrameworks -F /Users/admin/builder/spi-builder-workspace/.derivedData/Build/Products/Debug-watchos -F /Applications/Xcode-27.0.0.app/Contents/Developer/Platforms/WatchOS.platform/Developer/Library/Frameworks -F /Applications/Xcode-27.0.0.app/Contents/Developer/Platforms/WatchOS.platform/Developer/SDKs/WatchOS27.0.sdk/Developer/Library/Frameworks -c -j10 -enable-batch-mode -incremental -Xcc -ivfsstatcache -Xcc /Users/admin/builder/spi-builder-workspace/.derivedData/SDKStatCaches.noindex/watchos27.0-24R360-e829b21a6f8c9b70876ba0858053c044b9db9bc9c079ee3c7b5f3373b13d10bc.sdkstatcache -output-file-map /Users/admin/builder/spi-builder-workspace/.derivedData/Build/Intermediates.noindex/MixpanelSessionReplay.build/Debug-watchos/MixpanelSessionReplay-t.build/Objects-normal/arm64/MixpanelSessionReplay-OutputFileMap.json -save-temps -no-color-diagnostics -explicit-module-build -module-cache-path /Users/admin/builder/spi-builder-workspace/.derivedData/Build/Intermediates.noindex/SwiftExplicitPrecompiledModules -clang-scanner-module-cache-path /Users/admin/builder/spi-builder-workspace/.derivedData/ModuleCache.noindex -sdk-module-cache-path /Users/admin/builder/spi-builder-workspace/.derivedData/SDKExplicitPrecompiledModules -emit-dependencies -emit-module -emit-module-path /Users/admin/builder/spi-builder-workspace/.derivedData/Build/Intermediates.noindex/MixpanelSessionReplay.build/Debug-watchos/MixpanelSessionReplay-t.build/Objects-normal/arm64/MixpanelSessionReplay.swiftmodule -serialize-diagnostics -dependency-scan-serialize-diagnostics-path /Users/admin/builder/spi-builder-workspace/.derivedData/Build/Intermediates.noindex/MixpanelSessionReplay.build/Debug-watchos/MixpanelSessionReplay-t.build/Objects-normal/arm64/MixpanelSessionReplay-dependency-scan.dia -validate-clang-modules-once -clang-build-session-file /Users/admin/builder/spi-builder-workspace/.derivedData/ModuleCache.noindex/Session.modulevalidation -Xcc -fmodules-prune-interval\=86400 -Xcc -fmodules-prune-after\=345600 -emit-const-values -const-gather-protocols-list /Users/admin/builder/spi-builder-workspace/.derivedData/Build/Intermediates.noindex/MixpanelSessionReplay.build/Debug-watchos/MixpanelSessionReplay-t.build/Objects-normal/arm64/MixpanelSessionReplay_const_extract_protocols.json -Xcc -I/Users/admin/builder/spi-builder-workspace/.derivedData/Build/Products/Debug-watchos/include -Xcc -I/Users/admin/builder/spi-builder-workspace/.derivedData/Build/Intermediates.noindex/MixpanelSessionReplay.build/Debug-watchos/MixpanelSessionReplay-t.build/DerivedSources-normal/arm64 -Xcc -I/Users/admin/builder/spi-builder-workspace/.derivedData/Build/Intermediates.noindex/MixpanelSessionReplay.build/Debug-watchos/MixpanelSessionReplay-t.build/DerivedSources/arm64 -Xcc -I/Users/admin/builder/spi-builder-workspace/.derivedData/Build/Intermediates.noindex/MixpanelSessionReplay.build/Debug-watchos/MixpanelSessionReplay-t.build/DerivedSources -Xcc -DSWIFT_PACKAGE -Xcc -DDEBUG\=1 -emit-objc-header -emit-objc-header-path /Users/admin/builder/spi-builder-workspace/.derivedData/Build/Intermediates.noindex/MixpanelSessionReplay.build/Debug-watchos/MixpanelSessionReplay-t.build/Objects-normal/arm64/MixpanelSessionReplay-Swift.h -working-directory /Users/admin/builder/spi-builder-workspace/.swiftpm/xcode -experimental-emit-module-separately -disable-cmo
/Users/admin/builder/spi-builder-workspace/MixpanelSessionReplay/MixpanelSessionReplay/SensitiveViews/SensitiveViewManager.swift:13:8: error: Unable to resolve module dependency: 'WebKit' (in target 'MixpanelSessionReplay' from project 'MixpanelSessionReplay')
note: A dependency of main module 'MixpanelSessionReplay'
/Users/admin/builder/spi-builder-workspace/MixpanelSessionReplay/MixpanelSessionReplay/SensitiveViews/SensitiveViewManager.swift:13:8: note: A dependency of main module 'MixpanelSessionReplay'
import WebKit
^ (in target 'MixpanelSessionReplay' from project 'MixpanelSessionReplay')
SwiftDriverJobDiscovery normal arm64 Compiling Constants.swift (in target 'MixpanelSwiftCommon' from project 'MixpanelSwiftCommon')
SwiftDriverJobDiscovery normal arm64_32 Compiling Parser.swift (in target 'MixpanelSwiftCommon' from project 'MixpanelSwiftCommon')
SwiftDriver\ Compilation MixpanelSwiftCommon normal arm64_32 com.apple.xcode.tools.swift.compiler (in target 'MixpanelSwiftCommon' from project 'MixpanelSwiftCommon')
cd /Users/admin/builder/spi-builder-workspace/.swiftpm/xcode
builtin-Swift-Compilation -- /Applications/Xcode-27.0.0.app/Contents/Developer/Toolchains/XcodeDefault.xctoolchain/usr/bin/swiftc -parse-as-library -module-name MixpanelSwiftCommon -Onone @/Users/admin/builder/spi-builder-workspace/.derivedData/Build/Intermediates.noindex/MixpanelSwiftCommon.build/Debug-watchos/MixpanelSwiftCommon-t.build/Objects-normal/arm64_32/MixpanelSwiftCommon.SwiftFileList -DSWIFT_PACKAGE -DDEBUG -DSWIFT_MODULE_RESOURCE_BUNDLE_UNAVAILABLE -DXcode -plugin-path /Applications/Xcode-27.0.0.app/Contents/Developer/Toolchains/XcodeDefault.xctoolchain/usr/lib/swift/host/plugins/testing -enable-experimental-feature DebugDescriptionMacro -sdk /Applications/Xcode-27.0.0.app/Contents/Developer/Platforms/WatchOS.platform/Developer/SDKs/WatchOS27.0.sdk -target arm64_32-apple-watchos9.0 -g -module-cache-path /Users/admin/builder/spi-builder-workspace/.derivedData/ModuleCache.noindex -Xfrontend -serialize-debugging-options -profile-coverage-mapping -profile-generate -enable-testing -suppress-warnings -index-store-path /Users/admin/builder/spi-builder-workspace/.derivedData/Index.noindex/DataStore -Xcc -D_LIBCPP_HARDENING_MODE\=_LIBCPP_HARDENING_MODE_DEBUG -swift-version 5 -I /Users/admin/builder/spi-builder-workspace/.derivedData/Build/Products/Debug-watchos -Isystem /Applications/Xcode-27.0.0.app/Contents/Developer/Platforms/WatchOS.platform/Developer/usr/lib -F /Users/admin/builder/spi-builder-workspace/.derivedData/Build/Products/Debug-watchos -F /Applications/Xcode-27.0.0.app/Contents/Developer/Platforms/WatchOS.platform/Developer/Library/Frameworks -F /Applications/Xcode-27.0.0.app/Contents/Developer/Platforms/WatchOS.platform/Developer/SDKs/WatchOS27.0.sdk/Developer/Library/Frameworks -c -j10 -enable-batch-mode -incremental -Xcc -ivfsstatcache -Xcc /Users/admin/builder/spi-builder-workspace/.derivedData/SDKStatCaches.noindex/watchos27.0-24R360-e829b21a6f8c9b70876ba0858053c044b9db9bc9c079ee3c7b5f3373b13d10bc.sdkstatcache -output-file-map /Users/admin/builder/spi-builder-workspace/.derivedData/Build/Intermediates.noindex/MixpanelSwiftCommon.build/Debug-watchos/MixpanelSwiftCommon-t.build/Objects-normal/arm64_32/MixpanelSwiftCommon-OutputFileMap.json -save-temps -no-color-diagnostics -explicit-module-build -module-cache-path /Users/admin/builder/spi-builder-workspace/.derivedData/Build/Intermediates.noindex/SwiftExplicitPrecompiledModules -clang-scanner-module-cache-path /Users/admin/builder/spi-builder-workspace/.derivedData/ModuleCache.noindex -sdk-module-cache-path /Users/admin/builder/spi-builder-workspace/.derivedData/SDKExplicitPrecompiledModules -emit-dependencies -emit-module -emit-module-path /Users/admin/builder/spi-builder-workspace/.derivedData/Build/Intermediates.noindex/MixpanelSwiftCommon.build/Debug-watchos/MixpanelSwiftCommon-t.build/Objects-normal/arm64_32/MixpanelSwiftCommon.swiftmodule -serialize-diagnostics -dependency-scan-serialize-diagnostics-path /Users/admin/builder/spi-builder-workspace/.derivedData/Build/Intermediates.noindex/MixpanelSwiftCommon.build/Debug-watchos/MixpanelSwiftCommon-t.build/Objects-normal/arm64_32/MixpanelSwiftCommon-dependency-scan.dia -validate-clang-modules-once -clang-build-session-file /Users/admin/builder/spi-builder-workspace/.derivedData/ModuleCache.noindex/Session.modulevalidation -Xcc -fmodules-prune-interval\=86400 -Xcc -fmodules-prune-after\=345600 -emit-const-values -const-gather-protocols-list /Users/admin/builder/spi-builder-workspace/.derivedData/Build/Intermediates.noindex/MixpanelSwiftCommon.build/Debug-watchos/MixpanelSwiftCommon-t.build/Objects-normal/arm64_32/MixpanelSwiftCommon_const_extract_protocols.json -Xcc -I/Users/admin/builder/spi-builder-workspace/.derivedData/Build/Products/Debug-watchos/include -Xcc -I/Users/admin/builder/spi-builder-workspace/.derivedData/Build/Intermediates.noindex/MixpanelSwiftCommon.build/Debug-watchos/MixpanelSwiftCommon-t.build/DerivedSources-normal/arm64_32 -Xcc -I/Users/admin/builder/spi-builder-workspace/.derivedData/Build/Intermediates.noindex/MixpanelSwiftCommon.build/Debug-watchos/MixpanelSwiftCommon-t.build/DerivedSources/arm64_32 -Xcc -I/Users/admin/builder/spi-builder-workspace/.derivedData/Build/Intermediates.noindex/MixpanelSwiftCommon.build/Debug-watchos/MixpanelSwiftCommon-t.build/DerivedSources -Xcc -DSWIFT_PACKAGE -Xcc -DDEBUG\=1 -emit-objc-header -emit-objc-header-path /Users/admin/builder/spi-builder-workspace/.derivedData/Build/Intermediates.noindex/MixpanelSwiftCommon.build/Debug-watchos/MixpanelSwiftCommon-t.build/Objects-normal/arm64_32/MixpanelSwiftCommon-Swift.h -working-directory /Users/admin/builder/spi-builder-workspace/.swiftpm/xcode -experimental-emit-module-separately -disable-cmo
Ld /Users/admin/builder/spi-builder-workspace/.derivedData/Build/Intermediates.noindex/MixpanelSwiftCommon.build/Debug-watchos/MixpanelSwiftCommon-t.build/Objects-normal/arm64_32/Binary/MixpanelSwiftCommon.o normal arm64_32 (in target 'MixpanelSwiftCommon' from project 'MixpanelSwiftCommon')
cd /Users/admin/builder/spi-builder-workspace/.dependencies/checkouts/mixpanel-swift-common
/Applications/Xcode-27.0.0.app/Contents/Developer/Toolchains/XcodeDefault.xctoolchain/usr/bin/clang -Xlinker -reproducible -target arm64_32-apple-watchos9.0 -r -isysroot /Applications/Xcode-27.0.0.app/Contents/Developer/Platforms/WatchOS.platform/Developer/SDKs/WatchOS27.0.sdk -O0 -w -Xlinker -no_warn_duplicate_libraries -F/Users/admin/builder/spi-builder-workspace/.derivedData/Build/Intermediates.noindex/EagerLinkingTBDs/Debug-watchos -F/Users/admin/builder/spi-builder-workspace/.derivedData/Build/Products/Debug-watchos -iframework /Applications/Xcode-27.0.0.app/Contents/Developer/Platforms/WatchOS.platform/Developer/Library/Frameworks -iframework /Applications/Xcode-27.0.0.app/Contents/Developer/Platforms/WatchOS.platform/Developer/SDKs/WatchOS27.0.sdk/Developer/Library/Frameworks -filelist /Users/admin/builder/spi-builder-workspace/.derivedData/Build/Intermediates.noindex/MixpanelSwiftCommon.build/Debug-watchos/MixpanelSwiftCommon-t.build/Objects-normal/arm64_32/MixpanelSwiftCommon.LinkFileList -nostdlib -Xlinker -object_path_lto -Xlinker /Users/admin/builder/spi-builder-workspace/.derivedData/Build/Intermediates.noindex/MixpanelSwiftCommon.build/Debug-watchos/MixpanelSwiftCommon-t.build/Objects-normal/arm64_32/MixpanelSwiftCommon_lto.o -Xlinker -no_deduplicate -Xlinker -debug_variant -Xlinker -dependency_info -Xlinker /Users/admin/builder/spi-builder-workspace/.derivedData/Build/Intermediates.noindex/MixpanelSwiftCommon.build/Debug-watchos/MixpanelSwiftCommon-t.build/Objects-normal/arm64_32/MixpanelSwiftCommon_dependency_info.dat -fobjc-link-runtime -L/Applications/Xcode-27.0.0.app/Contents/Developer/Toolchains/XcodeDefault.xctoolchain/usr/lib/swift/watchos -L/usr/lib/swift -Xlinker -add_ast_path -Xlinker /Users/admin/builder/spi-builder-workspace/.derivedData/Build/Intermediates.noindex/MixpanelSwiftCommon.build/Debug-watchos/MixpanelSwiftCommon-t.build/Objects-normal/arm64_32/MixpanelSwiftCommon.swiftmodule -o /Users/admin/builder/spi-builder-workspace/.derivedData/Build/Intermediates.noindex/MixpanelSwiftCommon.build/Debug-watchos/MixpanelSwiftCommon-t.build/Objects-normal/arm64_32/Binary/MixpanelSwiftCommon.o
SwiftDriverJobDiscovery normal arm64 Compiling MixpanelEventBridge.swift (in target 'MixpanelSwiftCommon' from project 'MixpanelSwiftCommon')
SwiftDriverJobDiscovery normal arm64 Compiling JsonLogic.swift (in target 'MixpanelSwiftCommon' from project 'MixpanelSwiftCommon')
SwiftDriverJobDiscovery normal arm64 Compiling Rfc3339.swift (in target 'MixpanelSwiftCommon' from project 'MixpanelSwiftCommon')
SwiftDriverJobDiscovery normal arm64 Compiling MixpanelJSONLogicRule.swift (in target 'MixpanelSwiftCommon' from project 'MixpanelSwiftCommon')
SwiftDriverJobDiscovery normal arm64 Compiling JSONLogicEvaluator.swift (in target 'MixpanelSwiftCommon' from project 'MixpanelSwiftCommon')
SwiftDriverJobDiscovery normal arm64 Compiling JSON.swift (in target 'MixpanelSwiftCommon' from project 'MixpanelSwiftCommon')
SwiftDriverJobDiscovery normal arm64 Compiling Parser.swift (in target 'MixpanelSwiftCommon' from project 'MixpanelSwiftCommon')
SwiftDriver\ Compilation MixpanelSwiftCommon normal arm64 com.apple.xcode.tools.swift.compiler (in target 'MixpanelSwiftCommon' from project 'MixpanelSwiftCommon')
cd /Users/admin/builder/spi-builder-workspace/.swiftpm/xcode
builtin-Swift-Compilation -- /Applications/Xcode-27.0.0.app/Contents/Developer/Toolchains/XcodeDefault.xctoolchain/usr/bin/swiftc -parse-as-library -module-name MixpanelSwiftCommon -Onone @/Users/admin/builder/spi-builder-workspace/.derivedData/Build/Intermediates.noindex/MixpanelSwiftCommon.build/Debug-watchos/MixpanelSwiftCommon-t.build/Objects-normal/arm64/MixpanelSwiftCommon.SwiftFileList -DSWIFT_PACKAGE -DDEBUG -DSWIFT_MODULE_RESOURCE_BUNDLE_UNAVAILABLE -DXcode -plugin-path /Applications/Xcode-27.0.0.app/Contents/Developer/Toolchains/XcodeDefault.xctoolchain/usr/lib/swift/host/plugins/testing -enable-experimental-feature DebugDescriptionMacro -sdk /Applications/Xcode-27.0.0.app/Contents/Developer/Platforms/WatchOS.platform/Developer/SDKs/WatchOS27.0.sdk -target arm64-apple-watchos9.0 -g -module-cache-path /Users/admin/builder/spi-builder-workspace/.derivedData/ModuleCache.noindex -Xfrontend -serialize-debugging-options -profile-coverage-mapping -profile-generate -enable-testing -suppress-warnings -index-store-path /Users/admin/builder/spi-builder-workspace/.derivedData/Index.noindex/DataStore -Xcc -D_LIBCPP_HARDENING_MODE\=_LIBCPP_HARDENING_MODE_DEBUG -swift-version 5 -I /Users/admin/builder/spi-builder-workspace/.derivedData/Build/Products/Debug-watchos -Isystem /Applications/Xcode-27.0.0.app/Contents/Developer/Platforms/WatchOS.platform/Developer/usr/lib -F /Users/admin/builder/spi-builder-workspace/.derivedData/Build/Products/Debug-watchos -F /Applications/Xcode-27.0.0.app/Contents/Developer/Platforms/WatchOS.platform/Developer/Library/Frameworks -F /Applications/Xcode-27.0.0.app/Contents/Developer/Platforms/WatchOS.platform/Developer/SDKs/WatchOS27.0.sdk/Developer/Library/Frameworks -c -j10 -enable-batch-mode -incremental -Xcc -ivfsstatcache -Xcc /Users/admin/builder/spi-builder-workspace/.derivedData/SDKStatCaches.noindex/watchos27.0-24R360-e829b21a6f8c9b70876ba0858053c044b9db9bc9c079ee3c7b5f3373b13d10bc.sdkstatcache -output-file-map /Users/admin/builder/spi-builder-workspace/.derivedData/Build/Intermediates.noindex/MixpanelSwiftCommon.build/Debug-watchos/MixpanelSwiftCommon-t.build/Objects-normal/arm64/MixpanelSwiftCommon-OutputFileMap.json -save-temps -no-color-diagnostics -explicit-module-build -module-cache-path /Users/admin/builder/spi-builder-workspace/.derivedData/Build/Intermediates.noindex/SwiftExplicitPrecompiledModules -clang-scanner-module-cache-path /Users/admin/builder/spi-builder-workspace/.derivedData/ModuleCache.noindex -sdk-module-cache-path /Users/admin/builder/spi-builder-workspace/.derivedData/SDKExplicitPrecompiledModules -emit-dependencies -emit-module -emit-module-path /Users/admin/builder/spi-builder-workspace/.derivedData/Build/Intermediates.noindex/MixpanelSwiftCommon.build/Debug-watchos/MixpanelSwiftCommon-t.build/Objects-normal/arm64/MixpanelSwiftCommon.swiftmodule -serialize-diagnostics -dependency-scan-serialize-diagnostics-path /Users/admin/builder/spi-builder-workspace/.derivedData/Build/Intermediates.noindex/MixpanelSwiftCommon.build/Debug-watchos/MixpanelSwiftCommon-t.build/Objects-normal/arm64/MixpanelSwiftCommon-dependency-scan.dia -validate-clang-modules-once -clang-build-session-file /Users/admin/builder/spi-builder-workspace/.derivedData/ModuleCache.noindex/Session.modulevalidation -Xcc -fmodules-prune-interval\=86400 -Xcc -fmodules-prune-after\=345600 -emit-const-values -const-gather-protocols-list /Users/admin/builder/spi-builder-workspace/.derivedData/Build/Intermediates.noindex/MixpanelSwiftCommon.build/Debug-watchos/MixpanelSwiftCommon-t.build/Objects-normal/arm64/MixpanelSwiftCommon_const_extract_protocols.json -Xcc -I/Users/admin/builder/spi-builder-workspace/.derivedData/Build/Products/Debug-watchos/include -Xcc -I/Users/admin/builder/spi-builder-workspace/.derivedData/Build/Intermediates.noindex/MixpanelSwiftCommon.build/Debug-watchos/MixpanelSwiftCommon-t.build/DerivedSources-normal/arm64 -Xcc -I/Users/admin/builder/spi-builder-workspace/.derivedData/Build/Intermediates.noindex/MixpanelSwiftCommon.build/Debug-watchos/MixpanelSwiftCommon-t.build/DerivedSources/arm64 -Xcc -I/Users/admin/builder/spi-builder-workspace/.derivedData/Build/Intermediates.noindex/MixpanelSwiftCommon.build/Debug-watchos/MixpanelSwiftCommon-t.build/DerivedSources -Xcc -DSWIFT_PACKAGE -Xcc -DDEBUG\=1 -emit-objc-header -emit-objc-header-path /Users/admin/builder/spi-builder-workspace/.derivedData/Build/Intermediates.noindex/MixpanelSwiftCommon.build/Debug-watchos/MixpanelSwiftCommon-t.build/Objects-normal/arm64/MixpanelSwiftCommon-Swift.h -working-directory /Users/admin/builder/spi-builder-workspace/.swiftpm/xcode -experimental-emit-module-separately -disable-cmo
Ld /Users/admin/builder/spi-builder-workspace/.derivedData/Build/Intermediates.noindex/MixpanelSwiftCommon.build/Debug-watchos/MixpanelSwiftCommon-t.build/Objects-normal/arm64/Binary/MixpanelSwiftCommon.o normal arm64 (in target 'MixpanelSwiftCommon' from project 'MixpanelSwiftCommon')
cd /Users/admin/builder/spi-builder-workspace/.dependencies/checkouts/mixpanel-swift-common
/Applications/Xcode-27.0.0.app/Contents/Developer/Toolchains/XcodeDefault.xctoolchain/usr/bin/clang -Xlinker -reproducible -target arm64-apple-watchos9.0 -r -isysroot /Applications/Xcode-27.0.0.app/Contents/Developer/Platforms/WatchOS.platform/Developer/SDKs/WatchOS27.0.sdk -O0 -w -Xlinker -no_warn_duplicate_libraries -F/Users/admin/builder/spi-builder-workspace/.derivedData/Build/Intermediates.noindex/EagerLinkingTBDs/Debug-watchos -F/Users/admin/builder/spi-builder-workspace/.derivedData/Build/Products/Debug-watchos -iframework /Applications/Xcode-27.0.0.app/Contents/Developer/Platforms/WatchOS.platform/Developer/Library/Frameworks -iframework /Applications/Xcode-27.0.0.app/Contents/Developer/Platforms/WatchOS.platform/Developer/SDKs/WatchOS27.0.sdk/Developer/Library/Frameworks -filelist /Users/admin/builder/spi-builder-workspace/.derivedData/Build/Intermediates.noindex/MixpanelSwiftCommon.build/Debug-watchos/MixpanelSwiftCommon-t.build/Objects-normal/arm64/MixpanelSwiftCommon.LinkFileList -nostdlib -Xlinker -object_path_lto -Xlinker /Users/admin/builder/spi-builder-workspace/.derivedData/Build/Intermediates.noindex/MixpanelSwiftCommon.build/Debug-watchos/MixpanelSwiftCommon-t.build/Objects-normal/arm64/MixpanelSwiftCommon_lto.o -Xlinker -no_deduplicate -Xlinker -debug_variant -Xlinker -dependency_info -Xlinker /Users/admin/builder/spi-builder-workspace/.derivedData/Build/Intermediates.noindex/MixpanelSwiftCommon.build/Debug-watchos/MixpanelSwiftCommon-t.build/Objects-normal/arm64/MixpanelSwiftCommon_dependency_info.dat -fobjc-link-runtime -L/Applications/Xcode-27.0.0.app/Contents/Developer/Toolchains/XcodeDefault.xctoolchain/usr/lib/swift/watchos -L/usr/lib/swift -Xlinker -add_ast_path -Xlinker /Users/admin/builder/spi-builder-workspace/.derivedData/Build/Intermediates.noindex/MixpanelSwiftCommon.build/Debug-watchos/MixpanelSwiftCommon-t.build/Objects-normal/arm64/MixpanelSwiftCommon.swiftmodule -o /Users/admin/builder/spi-builder-workspace/.derivedData/Build/Intermediates.noindex/MixpanelSwiftCommon.build/Debug-watchos/MixpanelSwiftCommon-t.build/Objects-normal/arm64/Binary/MixpanelSwiftCommon.o
CreateUniversalBinary /Users/admin/builder/spi-builder-workspace/.derivedData/Build/Products/Debug-watchos/MixpanelSwiftCommon.o normal arm64\ arm64_32 (in target 'MixpanelSwiftCommon' from project 'MixpanelSwiftCommon')
cd /Users/admin/builder/spi-builder-workspace/.dependencies/checkouts/mixpanel-swift-common
/Applications/Xcode-27.0.0.app/Contents/Developer/Toolchains/XcodeDefault.xctoolchain/usr/bin/lipo -create /Users/admin/builder/spi-builder-workspace/.derivedData/Build/Intermediates.noindex/MixpanelSwiftCommon.build/Debug-watchos/MixpanelSwiftCommon-t.build/Objects-normal/arm64/Binary/MixpanelSwiftCommon.o /Users/admin/builder/spi-builder-workspace/.derivedData/Build/Intermediates.noindex/MixpanelSwiftCommon.build/Debug-watchos/MixpanelSwiftCommon-t.build/Objects-normal/arm64_32/Binary/MixpanelSwiftCommon.o -output /Users/admin/builder/spi-builder-workspace/.derivedData/Build/Products/Debug-watchos/MixpanelSwiftCommon.o
ExtractAppIntentsMetadata (in target 'MixpanelSwiftCommon' from project 'MixpanelSwiftCommon')
cd /Users/admin/builder/spi-builder-workspace/.dependencies/checkouts/mixpanel-swift-common
/Applications/Xcode-27.0.0.app/Contents/Developer/Toolchains/XcodeDefault.xctoolchain/usr/bin/appintentsmetadataprocessor --toolchain-dir /var/run/com.apple.security.cryptexd/mnt/com.apple.MobileAsset.MetalToolchain-v27.1.266.1.zygDWB/Metal.xctoolchain --module-name MixpanelSwiftCommon --sdk-root /Applications/Xcode-27.0.0.app/Contents/Developer/Platforms/WatchOS.platform/Developer/SDKs/WatchOS27.0.sdk --xcode-version 27A266a --platform-family watchOS --deployment-target 9.0 --bundle-identifier mixpanel-swift-common.MixpanelSwiftCommon --output /Users/admin/builder/spi-builder-workspace/.derivedData/Build/Products/Debug-watchos/MixpanelSwiftCommon.appintents --target-triple arm64-apple-watchos9.0 --target-triple arm64_32-apple-watchos9.0 --binary-file /Users/admin/builder/spi-builder-workspace/.derivedData/Build/Products/Debug-watchos/MixpanelSwiftCommon.o --dependency-file /Users/admin/builder/spi-builder-workspace/.derivedData/Build/Intermediates.noindex/MixpanelSwiftCommon.build/Debug-watchos/MixpanelSwiftCommon-t.build/Objects-normal/arm64/MixpanelSwiftCommon_dependency_info.dat --dependency-file /Users/admin/builder/spi-builder-workspace/.derivedData/Build/Intermediates.noindex/MixpanelSwiftCommon.build/Debug-watchos/MixpanelSwiftCommon-t.build/Objects-normal/arm64_32/MixpanelSwiftCommon_dependency_info.dat --stringsdata-file /Users/admin/builder/spi-builder-workspace/.derivedData/Build/Intermediates.noindex/MixpanelSwiftCommon.build/Debug-watchos/MixpanelSwiftCommon-t.build/Objects-normal/arm64/ExtractedAppShortcutsMetadata.stringsdata --stringsdata-file /Users/admin/builder/spi-builder-workspace/.derivedData/Build/Intermediates.noindex/MixpanelSwiftCommon.build/Debug-watchos/MixpanelSwiftCommon-t.build/Objects-normal/arm64_32/ExtractedAppShortcutsMetadata.stringsdata --source-file-list /Users/admin/builder/spi-builder-workspace/.derivedData/Build/Intermediates.noindex/MixpanelSwiftCommon.build/Debug-watchos/MixpanelSwiftCommon-t.build/Objects-normal/arm64/MixpanelSwiftCommon.SwiftFileList --source-file-list /Users/admin/builder/spi-builder-workspace/.derivedData/Build/Intermediates.noindex/MixpanelSwiftCommon.build/Debug-watchos/MixpanelSwiftCommon-t.build/Objects-normal/arm64_32/MixpanelSwiftCommon.SwiftFileList --metadata-file-list /Users/admin/builder/spi-builder-workspace/.derivedData/Build/Intermediates.noindex/MixpanelSwiftCommon.build/Debug-watchos/MixpanelSwiftCommon-t.build/MixpanelSwiftCommon.DependencyMetadataFileList --static-metadata-file-list /Users/admin/builder/spi-builder-workspace/.derivedData/Build/Intermediates.noindex/MixpanelSwiftCommon.build/Debug-watchos/MixpanelSwiftCommon-t.build/MixpanelSwiftCommon.DependencyStaticMetadataFileList --swift-const-vals-list /Users/admin/builder/spi-builder-workspace/.derivedData/Build/Intermediates.noindex/MixpanelSwiftCommon.build/Debug-watchos/MixpanelSwiftCommon-t.build/Objects-normal/arm64/MixpanelSwiftCommon.SwiftConstValuesFileList --swift-const-vals-list /Users/admin/builder/spi-builder-workspace/.derivedData/Build/Intermediates.noindex/MixpanelSwiftCommon.build/Debug-watchos/MixpanelSwiftCommon-t.build/Objects-normal/arm64_32/MixpanelSwiftCommon.SwiftConstValuesFileList --force --compile-time-extraction --deployment-aware-processing --no-app-shortcuts-localization
2026-10-10 09:36:55.944 appintentsmetadataprocessor[844:5109] Starting appintentsmetadataprocessor export
2026-10-10 09:36:56.039 appintentsmetadataprocessor[844:5109] Extracted no relevant App Intents symbols, skipping writing output
PruneExplicitPrecompiledModules /Users/admin/builder/spi-builder-workspace/.derivedData/Build/Intermediates.noindex/ExplicitPrecompiledModules
PruneExplicitPrecompiledModules /Users/admin/builder/spi-builder-workspace/.derivedData/Build/Intermediates.noindex/SwiftExplicitPrecompiledModules
PruneExplicitPrecompiledModules /Users/admin/builder/spi-builder-workspace/.derivedData/SDKExplicitPrecompiledModules
2026-10-10 09:36:49.540 xcodebuild[743:4553] [MT] IDERunDestination: Supported platforms for the buildables in the current scheme is empty.
** BUILD FAILED **
The following build commands failed:
SwiftDriver MixpanelSessionReplay normal arm64_32 com.apple.xcode.tools.swift.compiler (in target 'MixpanelSessionReplay' from project 'MixpanelSessionReplay')
SwiftDriver MixpanelSessionReplay normal arm64 com.apple.xcode.tools.swift.compiler (in target 'MixpanelSessionReplay' from project 'MixpanelSessionReplay')
Building workspace MixpanelSessionReplay with scheme MixpanelSessionReplay
(3 failures)
Command line invocation:
/Applications/Xcode-27.0.0.app/Contents/Developer/usr/bin/xcodebuild -IDEClonedSourcePackagesDirPathOverride=/Users/admin/builder/spi-builder-workspace/.dependencies -resolvePackageDependencies
Resolve Package Graph
Resolved source packages:
MixpanelSessionReplay: /Users/admin/builder/spi-builder-workspace
MixpanelSwiftCommon: https://github.com/mixpanel/mixpanel-swift-common.git @ 2.0.0
resolved source packages: MixpanelSessionReplay, MixpanelSwiftCommon
2026-10-10 09:36:57.208 xcodebuild[845:5140] [MT] IDERunDestination: Supported platforms for the buildables in the current scheme is empty.
{
"dependencies" : [
{
"identity" : "mixpanel-swift-common",
"requirement" : {
"range" : [
{
"lower_bound" : "2.0.0",
"upper_bound" : "3.0.0"
}
]
},
"type" : "sourceControl",
"url" : "https://github.com/mixpanel/mixpanel-swift-common.git"
}
],
"manifest_display_name" : "MixpanelSessionReplay",
"name" : "MixpanelSessionReplay",
"path" : "/Users/admin/builder/spi-builder-workspace",
"platforms" : [
{
"name" : "ios",
"version" : "15.0"
}
],
"products" : [
{
"name" : "MixpanelSessionReplay",
"targets" : [
"MixpanelSessionReplay"
],
"type" : {
"library" : [
"automatic"
]
}
}
],
"targets" : [
{
"c99name" : "MixpanelSessionReplayTests",
"module_type" : "SwiftTarget",
"name" : "MixpanelSessionReplayTests",
"path" : "MixpanelSessionReplay/MixpanelSessionReplayTests",
"sources" : [
"BaseTests.swift",
"Debug/DebugMaskOverlayManagerTests.swift",
"Debug/DebugMaskOverlayViewTests.swift",
"Debug/DebugOptionsTests.swift",
"Debug/DebugOverlayColorsTests.swift",
"Debug/MaskDecisionTests.swift",
"MPSessionReplayAutoMaskedViewsTests.swift",
"MPSessionReplayInstanceTests.swift",
"MPSessionReplayTests.swift",
"MockClasses.swift",
"Models/EventTriggerTests.swift",
"Models/MPSessionReplayConfigTests.swift",
"Network/FlushRequestTests.swift",
"Network/NetworkTests.swift",
"SensitiveViews/HashableRectTests.swift",
"SensitiveViews/SensitiveViewManagerTests.swift",
"Services/EventServiceTests.swift",
"Services/FlushServiceTests.swift",
"Services/SettingsServiceTests.swift",
"Tracking/EventHandlerTouchTests.swift",
"Tracking/ScreenRecorderTests.swift",
"Tracking/TouchEventTrackerTests.swift",
"Utils/MPSessionReplayAPITests.swift",
"Utils/SwizzlerTests.swift",
"Utils/ViewUtilsTests.swift",
"Wireframe/MPWireframesOptionsCodableTests.swift",
"Wireframe/ReactNativeWireframeTests.swift",
"Wireframe/SensitiveViewManagerWireframeTests.swift",
"Wireframe/SwiftUIExtractionLabTests.swift",
"Wireframe/SwiftUIWireframeLayoutGoldenTests.swift",
"Wireframe/WireframeEmitterTests.swift",
"Wireframe/WireframeGoldenTestUtils.swift",
"Wireframe/WireframeGoldenTests.swift",
"Wireframe/WireframeLayoutGoldenTestUtils.swift",
"Wireframe/WireframeLayoutGoldenTests.swift"
],
"target_dependencies" : [
"MixpanelSessionReplay"
],
"type" : "test"
},
{
"c99name" : "MixpanelSessionReplay",
"module_type" : "SwiftTarget",
"name" : "MixpanelSessionReplay",
"path" : "MixpanelSessionReplay",
"product_dependencies" : [
"MixpanelSwiftCommon"
],
"product_memberships" : [
"MixpanelSessionReplay"
],
"resources" : [
{
"path" : "/Users/admin/builder/spi-builder-workspace/MixpanelSessionReplay/MixpanelSessionReplay/Resources/PrivacyInfo.xcprivacy",
"rule" : {
"copy" : {
}
}
}
],
"sources" : [
"MixpanelSessionReplay/Debug/DebugMaskOverlayManager.swift",
"MixpanelSessionReplay/Debug/DebugMaskOverlayView.swift",
"MixpanelSessionReplay/Debug/DebugOptions.swift",
"MixpanelSessionReplay/Debug/DebugOverlayColors.swift",
"MixpanelSessionReplay/EventBridge/EventBridge.swift",
"MixpanelSessionReplay/EventBridge/EventBridgeHandler.swift",
"MixpanelSessionReplay/Extensions/Data+Compression.swift",
"MixpanelSessionReplay/Extensions/UIApplication+firstKeyWindow.swift",
"MixpanelSessionReplay/Extensions/View+MPReplay.swift",
"MixpanelSessionReplay/Extensions/View+SensitiveView.swift",
"MixpanelSessionReplay/Logging/Logger.swift",
"MixpanelSessionReplay/Logging/PrintLogging.swift",
"MixpanelSessionReplay/MPSessionReplay.swift",
"MixpanelSessionReplay/MPSessionReplayInstance.swift",
"MixpanelSessionReplay/Models/MPSessionReplayConfig.swift",
"MixpanelSessionReplay/Models/MPSessionReplayModels.swift",
"MixpanelSessionReplay/Models/MPWireframesOptions.swift",
"MixpanelSessionReplay/Models/RawEvent.swift",
"MixpanelSessionReplay/Models/RecordingEventTrigger.swift",
"MixpanelSessionReplay/Models/ReplayJSONTemplate.swift",
"MixpanelSessionReplay/Models/SettingsResponse.swift",
"MixpanelSessionReplay/Network/FlushRequest.swift",
"MixpanelSessionReplay/Network/Network.swift",
"MixpanelSessionReplay/Network/NetworkMonitor.swift",
"MixpanelSessionReplay/SensitiveViews/HierarchyWalk.swift",
"MixpanelSessionReplay/SensitiveViews/SensitiveViewManager+HierarchyWalk.swift",
"MixpanelSessionReplay/SensitiveViews/SensitiveViewManager.swift",
"MixpanelSessionReplay/SensitiveViews/SwiftUIRenderClasses.swift",
"MixpanelSessionReplay/Services/EventService.swift",
"MixpanelSessionReplay/Services/FlushService.swift",
"MixpanelSessionReplay/Services/SessionManager.swift",
"MixpanelSessionReplay/Services/SettingsService.swift",
"MixpanelSessionReplay/Tracking/EventHandler.swift",
"MixpanelSessionReplay/Tracking/EventPublisher.swift",
"MixpanelSessionReplay/Tracking/ScreenRecorder.swift",
"MixpanelSessionReplay/Tracking/TouchEventTracker.swift",
"MixpanelSessionReplay/Utils/Constants.swift",
"MixpanelSessionReplay/Utils/DeviceInfo.swift",
"MixpanelSessionReplay/Utils/JSONHandler.swift",
"MixpanelSessionReplay/Utils/MPSessionReplayEncoder.swift",
"MixpanelSessionReplay/Utils/ReadWriteLock.swift",
"MixpanelSessionReplay/Utils/RecordingEventTriggerEvaluator.swift",
"MixpanelSessionReplay/Utils/Swizzler.swift",
"MixpanelSessionReplay/Utils/ThreadUtils.swift",
"MixpanelSessionReplay/Utils/TimestampUtils.swift",
"MixpanelSessionReplay/Utils/ViewUtils.swift",
"MixpanelSessionReplay/Wireframe/MPWireframeDebug.swift",
"MixpanelSessionReplay/Wireframe/ReactNativeWireframeSupport.swift",
"MixpanelSessionReplay/Wireframe/WireframeClassifier.swift",
"MixpanelSessionReplay/Wireframe/WireframeElement.swift",
"MixpanelSessionReplay/Wireframe/WireframeEmitter.swift",
"MixpanelSessionReplay/Wireframe/WireframePayload.swift"
],
"type" : "library"
}
],
"tools_version" : "5.6"
}
{
"workspace" : {
"name" : "MixpanelSessionReplay",
"schemes" : [
"MixpanelSessionReplay"
]
}
}
2026-10-10 09:36:58.544 xcodebuild[853:5211] [MT] IDERunDestination: Supported platforms for the buildables in the current scheme is empty.
Running build ...
env DEVELOPER_DIR=/Applications/Xcode-27.0.0-Release.Candidate.app xcrun xcodebuild -IDEClonedSourcePackagesDirPathOverride=$PWD/.dependencies -skipMacroValidation -skipPackagePluginValidation -derivedDataPath $PWD/.derivedData build -scheme MixpanelSessionReplay -destination generic/platform=watchOS
Command line invocation:
/Applications/Xcode-27.0.0.app/Contents/Developer/usr/bin/xcodebuild -IDEClonedSourcePackagesDirPathOverride=/Users/admin/builder/spi-builder-workspace/.dependencies -skipMacroValidation -skipPackagePluginValidation -derivedDataPath /Users/admin/builder/spi-builder-workspace/.derivedData build -scheme MixpanelSessionReplay -destination generic/platform=watchOS
Resolve Package Graph
Resolved source packages:
MixpanelSessionReplay: /Users/admin/builder/spi-builder-workspace
MixpanelSwiftCommon: https://github.com/mixpanel/mixpanel-swift-common.git @ 2.0.0
ComputePackagePrebuildTargetDependencyGraph
Prepare packages
CreateBuildRequest
SendProjectDescription
CreateBuildOperation
ComputeTargetDependencyGraph
note: Building targets in dependency order
note: Target dependency graph (5 targets)
Target 'MixpanelSessionReplay-product' in project 'MixpanelSessionReplay'
➜ Explicit dependency on target 'MixpanelSessionReplay' in project 'MixpanelSessionReplay'
➜ Explicit dependency on target 'MixpanelSessionReplay_MixpanelSessionReplay' in project 'MixpanelSessionReplay'
➜ Explicit dependency on target 'MixpanelSwiftCommon-product' in project 'MixpanelSwiftCommon'
Target 'MixpanelSessionReplay' in project 'MixpanelSessionReplay'
➜ Explicit dependency on target 'MixpanelSessionReplay_MixpanelSessionReplay' in project 'MixpanelSessionReplay'
➜ Explicit dependency on target 'MixpanelSwiftCommon-product' in project 'MixpanelSwiftCommon'
Target 'MixpanelSwiftCommon-product' in project 'MixpanelSwiftCommon'
➜ Explicit dependency on target 'MixpanelSwiftCommon' in project 'MixpanelSwiftCommon'
Target 'MixpanelSwiftCommon' in project 'MixpanelSwiftCommon' (no dependencies)
Target 'MixpanelSessionReplay_MixpanelSessionReplay' in project 'MixpanelSessionReplay' (no dependencies)
GatherProvisioningInputs
CreateBuildDescription
ClangStatCache /Applications/Xcode-27.0.0.app/Contents/Developer/Toolchains/XcodeDefault.xctoolchain/usr/bin/clang-stat-cache /Applications/Xcode-27.0.0.app/Contents/Developer/Platforms/WatchOS.platform/Developer/SDKs/WatchOS27.0.sdk /Users/admin/builder/spi-builder-workspace/.derivedData/SDKStatCaches.noindex/watchos27.0-24R360-e829b21a6f8c9b70876ba0858053c044b9db9bc9c079ee3c7b5f3373b13d10bc.sdkstatcache
cd /Users/admin/builder/spi-builder-workspace/.swiftpm/xcode
/Applications/Xcode-27.0.0.app/Contents/Developer/Toolchains/XcodeDefault.xctoolchain/usr/bin/clang-stat-cache /Applications/Xcode-27.0.0.app/Contents/Developer/Platforms/WatchOS.platform/Developer/SDKs/WatchOS27.0.sdk -o /Users/admin/builder/spi-builder-workspace/.derivedData/SDKStatCaches.noindex/watchos27.0-24R360-e829b21a6f8c9b70876ba0858053c044b9db9bc9c079ee3c7b5f3373b13d10bc.sdkstatcache
SwiftDriver MixpanelSessionReplay normal arm64_32 com.apple.xcode.tools.swift.compiler (in target 'MixpanelSessionReplay' from project 'MixpanelSessionReplay')
cd /Users/admin/builder/spi-builder-workspace/.swiftpm/xcode
builtin-SwiftDriver -- /Applications/Xcode-27.0.0.app/Contents/Developer/Toolchains/XcodeDefault.xctoolchain/usr/bin/swiftc -parse-as-library -module-name MixpanelSessionReplay -Onone @/Users/admin/builder/spi-builder-workspace/.derivedData/Build/Intermediates.noindex/MixpanelSessionReplay.build/Debug-watchos/MixpanelSessionReplay-t.build/Objects-normal/arm64_32/MixpanelSessionReplay.SwiftFileList -DSWIFT_PACKAGE -DDEBUG -DSWIFT_MODULE_RESOURCE_BUNDLE_AVAILABLE -DXcode -plugin-path /Applications/Xcode-27.0.0.app/Contents/Developer/Toolchains/XcodeDefault.xctoolchain/usr/lib/swift/host/plugins/testing -enable-experimental-feature DebugDescriptionMacro -sdk /Applications/Xcode-27.0.0.app/Contents/Developer/Platforms/WatchOS.platform/Developer/SDKs/WatchOS27.0.sdk -target arm64_32-apple-watchos9.0 -g -module-cache-path /Users/admin/builder/spi-builder-workspace/.derivedData/ModuleCache.noindex -Xfrontend -serialize-debugging-options -profile-coverage-mapping -profile-generate -enable-testing -index-store-path /Users/admin/builder/spi-builder-workspace/.derivedData/Index.noindex/DataStore -Xcc -D_LIBCPP_HARDENING_MODE\=_LIBCPP_HARDENING_MODE_DEBUG -swift-version 5 -I /Users/admin/builder/spi-builder-workspace/.derivedData/Build/Products/Debug-watchos -Isystem /Applications/Xcode-27.0.0.app/Contents/Developer/Platforms/WatchOS.platform/Developer/usr/lib -F /Users/admin/builder/spi-builder-workspace/.derivedData/Build/Products/Debug-watchos/PackageFrameworks -F /Users/admin/builder/spi-builder-workspace/.derivedData/Build/Products/Debug-watchos -F /Applications/Xcode-27.0.0.app/Contents/Developer/Platforms/WatchOS.platform/Developer/Library/Frameworks -F /Applications/Xcode-27.0.0.app/Contents/Developer/Platforms/WatchOS.platform/Developer/SDKs/WatchOS27.0.sdk/Developer/Library/Frameworks -c -j10 -enable-batch-mode -incremental -Xcc -ivfsstatcache -Xcc /Users/admin/builder/spi-builder-workspace/.derivedData/SDKStatCaches.noindex/watchos27.0-24R360-e829b21a6f8c9b70876ba0858053c044b9db9bc9c079ee3c7b5f3373b13d10bc.sdkstatcache -output-file-map /Users/admin/builder/spi-builder-workspace/.derivedData/Build/Intermediates.noindex/MixpanelSessionReplay.build/Debug-watchos/MixpanelSessionReplay-t.build/Objects-normal/arm64_32/MixpanelSessionReplay-OutputFileMap.json -save-temps -no-color-diagnostics -explicit-module-build -module-cache-path /Users/admin/builder/spi-builder-workspace/.derivedData/Build/Intermediates.noindex/SwiftExplicitPrecompiledModules -clang-scanner-module-cache-path /Users/admin/builder/spi-builder-workspace/.derivedData/ModuleCache.noindex -sdk-module-cache-path /Users/admin/builder/spi-builder-workspace/.derivedData/SDKExplicitPrecompiledModules -emit-dependencies -emit-module -emit-module-path /Users/admin/builder/spi-builder-workspace/.derivedData/Build/Intermediates.noindex/MixpanelSessionReplay.build/Debug-watchos/MixpanelSessionReplay-t.build/Objects-normal/arm64_32/MixpanelSessionReplay.swiftmodule -serialize-diagnostics -dependency-scan-serialize-diagnostics-path /Users/admin/builder/spi-builder-workspace/.derivedData/Build/Intermediates.noindex/MixpanelSessionReplay.build/Debug-watchos/MixpanelSessionReplay-t.build/Objects-normal/arm64_32/MixpanelSessionReplay-dependency-scan.dia -validate-clang-modules-once -clang-build-session-file /Users/admin/builder/spi-builder-workspace/.derivedData/ModuleCache.noindex/Session.modulevalidation -Xcc -fmodules-prune-interval\=86400 -Xcc -fmodules-prune-after\=345600 -emit-const-values -const-gather-protocols-list /Users/admin/builder/spi-builder-workspace/.derivedData/Build/Intermediates.noindex/MixpanelSessionReplay.build/Debug-watchos/MixpanelSessionReplay-t.build/Objects-normal/arm64_32/MixpanelSessionReplay_const_extract_protocols.json -Xcc -I/Users/admin/builder/spi-builder-workspace/.derivedData/Build/Products/Debug-watchos/include -Xcc -I/Users/admin/builder/spi-builder-workspace/.derivedData/Build/Intermediates.noindex/MixpanelSessionReplay.build/Debug-watchos/MixpanelSessionReplay-t.build/DerivedSources-normal/arm64_32 -Xcc -I/Users/admin/builder/spi-builder-workspace/.derivedData/Build/Intermediates.noindex/MixpanelSessionReplay.build/Debug-watchos/MixpanelSessionReplay-t.build/DerivedSources/arm64_32 -Xcc -I/Users/admin/builder/spi-builder-workspace/.derivedData/Build/Intermediates.noindex/MixpanelSessionReplay.build/Debug-watchos/MixpanelSessionReplay-t.build/DerivedSources -Xcc -DSWIFT_PACKAGE -Xcc -DDEBUG\=1 -emit-objc-header -emit-objc-header-path /Users/admin/builder/spi-builder-workspace/.derivedData/Build/Intermediates.noindex/MixpanelSessionReplay.build/Debug-watchos/MixpanelSessionReplay-t.build/Objects-normal/arm64_32/MixpanelSessionReplay-Swift.h -working-directory /Users/admin/builder/spi-builder-workspace/.swiftpm/xcode -experimental-emit-module-separately -disable-cmo
/Users/admin/builder/spi-builder-workspace/MixpanelSessionReplay/MixpanelSessionReplay/SensitiveViews/SensitiveViewManager.swift:13:8: error: Unable to resolve module dependency: 'WebKit' (in target 'MixpanelSessionReplay' from project 'MixpanelSessionReplay')
note: A dependency of main module 'MixpanelSessionReplay'
/Users/admin/builder/spi-builder-workspace/MixpanelSessionReplay/MixpanelSessionReplay/SensitiveViews/SensitiveViewManager.swift:13:8: note: A dependency of main module 'MixpanelSessionReplay'
import WebKit
^ (in target 'MixpanelSessionReplay' from project 'MixpanelSessionReplay')
SwiftDriver MixpanelSessionReplay normal arm64 com.apple.xcode.tools.swift.compiler (in target 'MixpanelSessionReplay' from project 'MixpanelSessionReplay')
cd /Users/admin/builder/spi-builder-workspace/.swiftpm/xcode
builtin-SwiftDriver -- /Applications/Xcode-27.0.0.app/Contents/Developer/Toolchains/XcodeDefault.xctoolchain/usr/bin/swiftc -parse-as-library -module-name MixpanelSessionReplay -Onone @/Users/admin/builder/spi-builder-workspace/.derivedData/Build/Intermediates.noindex/MixpanelSessionReplay.build/Debug-watchos/MixpanelSessionReplay-t.build/Objects-normal/arm64/MixpanelSessionReplay.SwiftFileList -DSWIFT_PACKAGE -DDEBUG -DSWIFT_MODULE_RESOURCE_BUNDLE_AVAILABLE -DXcode -plugin-path /Applications/Xcode-27.0.0.app/Contents/Developer/Toolchains/XcodeDefault.xctoolchain/usr/lib/swift/host/plugins/testing -enable-experimental-feature DebugDescriptionMacro -sdk /Applications/Xcode-27.0.0.app/Contents/Developer/Platforms/WatchOS.platform/Developer/SDKs/WatchOS27.0.sdk -target arm64-apple-watchos9.0 -g -module-cache-path /Users/admin/builder/spi-builder-workspace/.derivedData/ModuleCache.noindex -Xfrontend -serialize-debugging-options -profile-coverage-mapping -profile-generate -enable-testing -index-store-path /Users/admin/builder/spi-builder-workspace/.derivedData/Index.noindex/DataStore -Xcc -D_LIBCPP_HARDENING_MODE\=_LIBCPP_HARDENING_MODE_DEBUG -swift-version 5 -I /Users/admin/builder/spi-builder-workspace/.derivedData/Build/Products/Debug-watchos -Isystem /Applications/Xcode-27.0.0.app/Contents/Developer/Platforms/WatchOS.platform/Developer/usr/lib -F /Users/admin/builder/spi-builder-workspace/.derivedData/Build/Products/Debug-watchos/PackageFrameworks -F /Users/admin/builder/spi-builder-workspace/.derivedData/Build/Products/Debug-watchos -F /Applications/Xcode-27.0.0.app/Contents/Developer/Platforms/WatchOS.platform/Developer/Library/Frameworks -F /Applications/Xcode-27.0.0.app/Contents/Developer/Platforms/WatchOS.platform/Developer/SDKs/WatchOS27.0.sdk/Developer/Library/Frameworks -c -j10 -enable-batch-mode -incremental -Xcc -ivfsstatcache -Xcc /Users/admin/builder/spi-builder-workspace/.derivedData/SDKStatCaches.noindex/watchos27.0-24R360-e829b21a6f8c9b70876ba0858053c044b9db9bc9c079ee3c7b5f3373b13d10bc.sdkstatcache -output-file-map /Users/admin/builder/spi-builder-workspace/.derivedData/Build/Intermediates.noindex/MixpanelSessionReplay.build/Debug-watchos/MixpanelSessionReplay-t.build/Objects-normal/arm64/MixpanelSessionReplay-OutputFileMap.json -save-temps -no-color-diagnostics -explicit-module-build -module-cache-path /Users/admin/builder/spi-builder-workspace/.derivedData/Build/Intermediates.noindex/SwiftExplicitPrecompiledModules -clang-scanner-module-cache-path /Users/admin/builder/spi-builder-workspace/.derivedData/ModuleCache.noindex -sdk-module-cache-path /Users/admin/builder/spi-builder-workspace/.derivedData/SDKExplicitPrecompiledModules -emit-dependencies -emit-module -emit-module-path /Users/admin/builder/spi-builder-workspace/.derivedData/Build/Intermediates.noindex/MixpanelSessionReplay.build/Debug-watchos/MixpanelSessionReplay-t.build/Objects-normal/arm64/MixpanelSessionReplay.swiftmodule -serialize-diagnostics -dependency-scan-serialize-diagnostics-path /Users/admin/builder/spi-builder-workspace/.derivedData/Build/Intermediates.noindex/MixpanelSessionReplay.build/Debug-watchos/MixpanelSessionReplay-t.build/Objects-normal/arm64/MixpanelSessionReplay-dependency-scan.dia -validate-clang-modules-once -clang-build-session-file /Users/admin/builder/spi-builder-workspace/.derivedData/ModuleCache.noindex/Session.modulevalidation -Xcc -fmodules-prune-interval\=86400 -Xcc -fmodules-prune-after\=345600 -emit-const-values -const-gather-protocols-list /Users/admin/builder/spi-builder-workspace/.derivedData/Build/Intermediates.noindex/MixpanelSessionReplay.build/Debug-watchos/MixpanelSessionReplay-t.build/Objects-normal/arm64/MixpanelSessionReplay_const_extract_protocols.json -Xcc -I/Users/admin/builder/spi-builder-workspace/.derivedData/Build/Products/Debug-watchos/include -Xcc -I/Users/admin/builder/spi-builder-workspace/.derivedData/Build/Intermediates.noindex/MixpanelSessionReplay.build/Debug-watchos/MixpanelSessionReplay-t.build/DerivedSources-normal/arm64 -Xcc -I/Users/admin/builder/spi-builder-workspace/.derivedData/Build/Intermediates.noindex/MixpanelSessionReplay.build/Debug-watchos/MixpanelSessionReplay-t.build/DerivedSources/arm64 -Xcc -I/Users/admin/builder/spi-builder-workspace/.derivedData/Build/Intermediates.noindex/MixpanelSessionReplay.build/Debug-watchos/MixpanelSessionReplay-t.build/DerivedSources -Xcc -DSWIFT_PACKAGE -Xcc -DDEBUG\=1 -emit-objc-header -emit-objc-header-path /Users/admin/builder/spi-builder-workspace/.derivedData/Build/Intermediates.noindex/MixpanelSessionReplay.build/Debug-watchos/MixpanelSessionReplay-t.build/Objects-normal/arm64/MixpanelSessionReplay-Swift.h -working-directory /Users/admin/builder/spi-builder-workspace/.swiftpm/xcode -experimental-emit-module-separately -disable-cmo
/Users/admin/builder/spi-builder-workspace/MixpanelSessionReplay/MixpanelSessionReplay/SensitiveViews/SensitiveViewManager.swift:13:8: error: Unable to resolve module dependency: 'WebKit' (in target 'MixpanelSessionReplay' from project 'MixpanelSessionReplay')
note: A dependency of main module 'MixpanelSessionReplay'
/Users/admin/builder/spi-builder-workspace/MixpanelSessionReplay/MixpanelSessionReplay/SensitiveViews/SensitiveViewManager.swift:13:8: note: A dependency of main module 'MixpanelSessionReplay'
import WebKit
^ (in target 'MixpanelSessionReplay' from project 'MixpanelSessionReplay')
PruneExplicitPrecompiledModules /Users/admin/builder/spi-builder-workspace/.derivedData/Build/Intermediates.noindex/SwiftExplicitPrecompiledModules
PruneExplicitPrecompiledModules /Users/admin/builder/spi-builder-workspace/.derivedData/SDKExplicitPrecompiledModules
PruneExplicitPrecompiledModules /Users/admin/builder/spi-builder-workspace/.derivedData/Build/Intermediates.noindex/ExplicitPrecompiledModules
2026-10-10 09:36:59.633 xcodebuild[854:5237] [MT] IDERunDestination: Supported platforms for the buildables in the current scheme is empty.
** BUILD FAILED **
The following build commands failed:
SwiftDriver MixpanelSessionReplay normal arm64_32 com.apple.xcode.tools.swift.compiler (in target 'MixpanelSessionReplay' from project 'MixpanelSessionReplay')
SwiftDriver MixpanelSessionReplay normal arm64 com.apple.xcode.tools.swift.compiler (in target 'MixpanelSessionReplay' from project 'MixpanelSessionReplay')
Building workspace MixpanelSessionReplay with scheme MixpanelSessionReplay
(3 failures)
BUILD FAILURE 6.4 watchOS