Build Information
Failed to build Rapidly SDK, reference v1.1.0 (0a26fa), with Swift 6.4 for watchOS using Xcode 27.0 on 27 Sep 2026 22:01:44 UTC.
Build Command
env DEVELOPER_DIR=/Applications/Xcode-27.0.0-Release.Candidate.app xcrun xcodebuild -IDEClonedSourcePackagesDirPathOverride=$PWD/.dependencies -skipMacroValidation -skipPackagePluginValidation -derivedDataPath $PWD/.derivedData build -scheme Rapidly SDK -destination generic/platform=watchOSBuild Log
========================================
RunAll
========================================
Builder version: 5.1.0
Interrupt handler set up.
========================================
Checkout
========================================
Clone URL: https://github.com/rapidly-labs/rapidly-sdk.git
Reference: v1.1.0
Initialized empty Git repository in /Users/admin/builder/spi-builder-workspace/.git/
From https://github.com/rapidly-labs/rapidly-sdk
* tag v1.1.0 -> FETCH_HEAD
HEAD is now at 0a26fad Release v1.1.0
Cloned https://github.com/rapidly-labs/rapidly-sdk.git
Revision (git rev-parse @):
0a26fade7ca6eb5212072e3e8dac43dd866c0518
SUCCESS checkout https://github.com/rapidly-labs/rapidly-sdk.git at v1.1.0
========================================
Build
========================================
Selected platform: watchOS
Swift version: 6.4
Building package at path: $PWD
https://github.com/rapidly-labs/rapidly-sdk.git
Command line invocation:
/Applications/Xcode-27.0.0-Release.Candidate.app/Contents/Developer/usr/bin/xcodebuild -IDEClonedSourcePackagesDirPathOverride=/Users/admin/builder/spi-builder-workspace/.dependencies -resolvePackageDependencies
Resolve Package Graph
Resolve Package Graph
Resolved source packages:
Rapidly SDK: /Users/admin/builder/spi-builder-workspace
resolved source packages: Rapidly SDK
2026-09-27 18:01:06.348 xcodebuild[529:3056] [MT] IDERunDestination: Supported platforms for the buildables in the current scheme is empty.
{
"dependencies" : [
],
"manifest_display_name" : "Rapidly SDK",
"name" : "Rapidly SDK",
"path" : "/Users/admin/builder/spi-builder-workspace",
"platforms" : [
{
"name" : "ios",
"version" : "14.0"
},
{
"name" : "macos",
"version" : "11.0"
}
],
"products" : [
{
"name" : "RapidlySDK",
"targets" : [
"RapidlyEngine"
],
"type" : {
"library" : [
"automatic"
]
}
}
],
"targets" : [
{
"c99name" : "RapidlyEngineC",
"module_type" : "BinaryTarget",
"name" : "RapidlyEngineC",
"path" : "remote/archive/RapidlyEngine.xcframework.zip",
"product_memberships" : [
"RapidlySDK"
],
"sources" : [
],
"type" : "binary"
},
{
"c99name" : "RapidlyEngine",
"module_type" : "SwiftTarget",
"name" : "RapidlyEngine",
"path" : "bindings/swift/Sources/RapidlyEngine",
"product_memberships" : [
"RapidlySDK"
],
"sources" : [
"RapidlyEngine.swift"
],
"target_dependencies" : [
"RapidlyEngineC"
],
"type" : "library"
}
],
"tools_version" : "5.9"
}
{
"workspace" : {
"name" : "Rapidly SDK",
"schemes" : [
"Rapidly SDK"
]
}
}
2026-09-27 18:01:38.522 xcodebuild[638:3909] [MT] IDERunDestination: Supported platforms for the buildables in the current scheme is empty.
Running build ...
env DEVELOPER_DIR=/Applications/Xcode-27.0.0-Release.Candidate.app xcrun xcodebuild -IDEClonedSourcePackagesDirPathOverride=$PWD/.dependencies -skipMacroValidation -skipPackagePluginValidation -derivedDataPath $PWD/.derivedData build -scheme Rapidly SDK -destination generic/platform=watchOS
Command line invocation:
/Applications/Xcode-27.0.0-Release.Candidate.app/Contents/Developer/usr/bin/xcodebuild -IDEClonedSourcePackagesDirPathOverride=/Users/admin/builder/spi-builder-workspace/.dependencies -skipMacroValidation -skipPackagePluginValidation -derivedDataPath /Users/admin/builder/spi-builder-workspace/.derivedData build -scheme "Rapidly SDK" -destination generic/platform=watchOS
Resolve Package Graph
Resolved source packages:
Rapidly SDK: /Users/admin/builder/spi-builder-workspace
ComputePackagePrebuildTargetDependencyGraph
Prepare packages
CreateBuildRequest
SendProjectDescription
CreateBuildOperation
ComputeTargetDependencyGraph
note: Building targets in dependency order
note: Target dependency graph (2 targets)
Target 'RapidlySDK-product' in project 'Rapidly SDK'
➜ Explicit dependency on target 'RapidlyEngine' in project 'Rapidly SDK'
Target 'RapidlyEngine' in project 'Rapidly SDK' (no dependencies)
GatherProvisioningInputs
CreateBuildDescription
ExecuteExternalTool /Applications/Xcode-27.0.0-Release.Candidate.app/Contents/Developer/Toolchains/XcodeDefault.xctoolchain/usr/bin/clang -v -E -dM -isysroot /Applications/Xcode-27.0.0-Release.Candidate.app/Contents/Developer/Platforms/WatchOS.platform/Developer/SDKs/WatchOS27.0.sdk -x c -c /dev/null
ExecuteExternalTool /Applications/Xcode-27.0.0-Release.Candidate.app/Contents/Developer/Toolchains/XcodeDefault.xctoolchain/usr/bin/swiftc --version
ExecuteExternalTool /Applications/Xcode-27.0.0-Release.Candidate.app/Contents/Developer/Toolchains/XcodeDefault.xctoolchain/usr/bin/ld -version_details
Build description signature: 41a9e41b67d10237fc288fbe3607c918
Build description path: /Users/admin/builder/spi-builder-workspace/.derivedData/Build/Intermediates.noindex/XCBuildData/41a9e41b67d10237fc288fbe3607c918.xcbuilddata
/Users/admin/builder/spi-builder-workspace/.dependencies/artifacts/spi-builder-workspace/RapidlyEngineC/RapidlyEngine.xcframework:1:1: error: While building for watchOS, no library for this platform was found in '/Users/admin/builder/spi-builder-workspace/.dependencies/artifacts/spi-builder-workspace/RapidlyEngineC/RapidlyEngine.xcframework'. (in target 'RapidlyEngine' from project 'Rapidly SDK')
/Users/admin/builder/spi-builder-workspace/.dependencies/artifacts/spi-builder-workspace/RapidlyEngineC/RapidlyEngine.xcframework:1:1: error: While building for watchOS, no library for this platform was found in '/Users/admin/builder/spi-builder-workspace/.dependencies/artifacts/spi-builder-workspace/RapidlyEngineC/RapidlyEngine.xcframework'. (in target 'RapidlySDK-product' from project 'Rapidly SDK')
2026-09-27 18:01:40.167 xcodebuild[640:3975] [MT] IDERunDestination: Supported platforms for the buildables in the current scheme is empty.
** BUILD FAILED **
The following build commands failed:
Building workspace Rapidly SDK with scheme Rapidly SDK
(1 failure)
Command line invocation:
/Applications/Xcode-27.0.0-Release.Candidate.app/Contents/Developer/usr/bin/xcodebuild -IDEClonedSourcePackagesDirPathOverride=/Users/admin/builder/spi-builder-workspace/.dependencies -resolvePackageDependencies
Resolve Package Graph
Resolved source packages:
Rapidly SDK: /Users/admin/builder/spi-builder-workspace
resolved source packages: Rapidly SDK
2026-09-27 18:01:41.901 xcodebuild[686:4316] [MT] IDERunDestination: Supported platforms for the buildables in the current scheme is empty.
{
"dependencies" : [
],
"manifest_display_name" : "Rapidly SDK",
"name" : "Rapidly SDK",
"path" : "/Users/admin/builder/spi-builder-workspace",
"platforms" : [
{
"name" : "ios",
"version" : "14.0"
},
{
"name" : "macos",
"version" : "11.0"
}
],
"products" : [
{
"name" : "RapidlySDK",
"targets" : [
"RapidlyEngine"
],
"type" : {
"library" : [
"automatic"
]
}
}
],
"targets" : [
{
"c99name" : "RapidlyEngineC",
"module_type" : "BinaryTarget",
"name" : "RapidlyEngineC",
"path" : "remote/archive/RapidlyEngine.xcframework.zip",
"product_memberships" : [
"RapidlySDK"
],
"sources" : [
],
"type" : "binary"
},
{
"c99name" : "RapidlyEngine",
"module_type" : "SwiftTarget",
"name" : "RapidlyEngine",
"path" : "bindings/swift/Sources/RapidlyEngine",
"product_memberships" : [
"RapidlySDK"
],
"sources" : [
"RapidlyEngine.swift"
],
"target_dependencies" : [
"RapidlyEngineC"
],
"type" : "library"
}
],
"tools_version" : "5.9"
}
{
"workspace" : {
"name" : "Rapidly SDK",
"schemes" : [
"Rapidly SDK"
]
}
}
2026-09-27 18:01:43.174 xcodebuild[694:4375] [MT] IDERunDestination: Supported platforms for the buildables in the current scheme is empty.
Running build ...
env DEVELOPER_DIR=/Applications/Xcode-27.0.0-Release.Candidate.app xcrun xcodebuild -IDEClonedSourcePackagesDirPathOverride=$PWD/.dependencies -skipMacroValidation -skipPackagePluginValidation -derivedDataPath $PWD/.derivedData build -scheme Rapidly SDK -destination generic/platform=watchOS
Command line invocation:
/Applications/Xcode-27.0.0-Release.Candidate.app/Contents/Developer/usr/bin/xcodebuild -IDEClonedSourcePackagesDirPathOverride=/Users/admin/builder/spi-builder-workspace/.dependencies -skipMacroValidation -skipPackagePluginValidation -derivedDataPath /Users/admin/builder/spi-builder-workspace/.derivedData build -scheme "Rapidly SDK" -destination generic/platform=watchOS
Resolve Package Graph
Resolved source packages:
Rapidly SDK: /Users/admin/builder/spi-builder-workspace
ComputePackagePrebuildTargetDependencyGraph
Prepare packages
CreateBuildRequest
SendProjectDescription
CreateBuildOperation
ComputeTargetDependencyGraph
note: Building targets in dependency order
note: Target dependency graph (2 targets)
Target 'RapidlySDK-product' in project 'Rapidly SDK'
➜ Explicit dependency on target 'RapidlyEngine' in project 'Rapidly SDK'
Target 'RapidlyEngine' in project 'Rapidly SDK' (no dependencies)
GatherProvisioningInputs
CreateBuildDescription
/Users/admin/builder/spi-builder-workspace/.dependencies/artifacts/spi-builder-workspace/RapidlyEngineC/RapidlyEngine.xcframework:1:1: error: While building for watchOS, no library for this platform was found in '/Users/admin/builder/spi-builder-workspace/.dependencies/artifacts/spi-builder-workspace/RapidlyEngineC/RapidlyEngine.xcframework'. (in target 'RapidlySDK-product' from project 'Rapidly SDK')
/Users/admin/builder/spi-builder-workspace/.dependencies/artifacts/spi-builder-workspace/RapidlyEngineC/RapidlyEngine.xcframework:1:1: error: While building for watchOS, no library for this platform was found in '/Users/admin/builder/spi-builder-workspace/.dependencies/artifacts/spi-builder-workspace/RapidlyEngineC/RapidlyEngine.xcframework'. (in target 'RapidlyEngine' from project 'Rapidly SDK')
2026-09-27 18:01:44.172 xcodebuild[695:4400] [MT] IDERunDestination: Supported platforms for the buildables in the current scheme is empty.
** BUILD FAILED **
The following build commands failed:
Building workspace Rapidly SDK with scheme Rapidly SDK
(1 failure)
BUILD FAILURE 6.4 watchOS