Build Information
Failed to build kadr-audio, reference main (5cc593), with Swift 6.3 for Android on 4 Sep 2026 10:12:40 UTC.
Build Command
bash -c docker run --pull=always --rm -v "checkouts-54344847-2":/host -w "$PWD" -e JAVA_HOME="/root/.sdkman/candidates/java/current" -e SPI_BUILD="1" -e SPI_PROCESSING="1" registry.gitlab.com/saguaro1/spi-images:android-6.3-latest swift build --swift-sdk aarch64-unknown-linux-android28 2>&1Build Log
========================================
RunAll
========================================
Builder version: 5.0.2
Interrupt handler set up.
========================================
Checkout
========================================
Clone URL: https://github.com/SteliyanH/kadr-audio.git
Reference: main
Initialized empty Git repository in /host/spi-builder-workspace/.git/
hint: Using 'master' as the name for the initial branch. This default branch name
hint: is subject to change. To configure the initial branch name to use in all
hint: of your new repositories, which will suppress this warning, call:
hint:
hint: git config --global init.defaultBranch <name>
hint:
hint: Names commonly chosen instead of 'master' are 'main', 'trunk' and
hint: 'development'. The just-created branch can be renamed via this command:
hint:
hint: git branch -m <name>
From https://github.com/SteliyanH/kadr-audio
* branch main -> FETCH_HEAD
* [new branch] main -> origin/main
HEAD is now at 5cc5932 Merge pull request #15 from SteliyanH/develop
Cloned https://github.com/SteliyanH/kadr-audio.git
Revision (git rev-parse @):
5cc59326e94c3a0f27bde3a68dd4c63f51fe0c20
SPI manifest file found: $PWD/.spi.yml
SUCCESS checkout https://github.com/SteliyanH/kadr-audio.git at main
========================================
Build
========================================
Selected platform: android
Swift version: 6.3
Building package at path: $PWD
https://github.com/SteliyanH/kadr-audio.git
Running build ...
bash -c docker run --pull=always --rm -v "checkouts-54344847-2":/host -w "$PWD" -e JAVA_HOME="/root/.sdkman/candidates/java/current" -e SPI_BUILD="1" -e SPI_PROCESSING="1" registry.gitlab.com/saguaro1/spi-images:android-6.3-latest swift build --swift-sdk aarch64-unknown-linux-android28 2>&1
android-6.3-latest: Pulling from saguaro1/spi-images
Digest: sha256:2b782c87e0bdf114eb0da12f6379a346f06569d6991407581da7dc03d1813adf
Status: Image is up to date for registry.gitlab.com/saguaro1/spi-images:android-6.3-latest
Fetching https://github.com/SteliyanH/kadr.git
[1/2042] Fetching kadr
Fetched https://github.com/SteliyanH/kadr.git from cache (1.44s)
Computing version for https://github.com/SteliyanH/kadr.git
Computed https://github.com/SteliyanH/kadr.git at 1.1.0 (1.58s)
Creating working copy for https://github.com/SteliyanH/kadr.git
Working copy of https://github.com/SteliyanH/kadr.git resolved at 1.1.0
Building for debugging...
[0/3] Write sources
[2/3] Write swift-version-272D24FF697CF451.txt
error: emit-module command failed with exit code 1 (use -v to see invocation)
[4/66] Emitting module Kadr
/host/spi-builder-workspace/.build/checkouts/kadr/Sources/Kadr/Animation/Animatable.swift:2:8: error: no such module 'CoreGraphics'
1 | import Foundation
2 | import CoreGraphics
| `- error: no such module 'CoreGraphics'
3 |
4 | /// A type whose values can be smoothly interpolated between keyframes.
[5/74] Compiling Kadr AssetWriterExporter.swift
/host/spi-builder-workspace/.build/checkouts/kadr/Sources/Kadr/Animation/Animatable.swift:2:8: error: no such module 'CoreGraphics'
1 | import Foundation
2 | import CoreGraphics
| `- error: no such module 'CoreGraphics'
3 |
4 | /// A type whose values can be smoothly interpolated between keyframes.
[6/74] Compiling Kadr AudioWaveform.swift
/host/spi-builder-workspace/.build/checkouts/kadr/Sources/Kadr/Animation/Animatable.swift:2:8: error: no such module 'CoreGraphics'
1 | import Foundation
2 | import CoreGraphics
| `- error: no such module 'CoreGraphics'
3 |
4 | /// A type whose values can be smoothly interpolated between keyframes.
[7/74] Compiling Kadr AudioWaveformLoader.swift
/host/spi-builder-workspace/.build/checkouts/kadr/Sources/Kadr/Animation/Animatable.swift:2:8: error: no such module 'CoreGraphics'
1 | import Foundation
2 | import CoreGraphics
| `- error: no such module 'CoreGraphics'
3 |
4 | /// A type whose values can be smoothly interpolated between keyframes.
[8/74] Compiling Kadr CancellationToken.swift
/host/spi-builder-workspace/.build/checkouts/kadr/Sources/Kadr/Animation/Animatable.swift:2:8: error: no such module 'CoreGraphics'
1 | import Foundation
2 | import CoreGraphics
| `- error: no such module 'CoreGraphics'
3 |
4 | /// A type whose values can be smoothly interpolated between keyframes.
[9/74] Compiling Kadr CompositionBuilder.swift
/host/spi-builder-workspace/.build/checkouts/kadr/Sources/Kadr/Animation/Animatable.swift:2:8: error: no such module 'CoreGraphics'
1 | import Foundation
2 | import CoreGraphics
| `- error: no such module 'CoreGraphics'
3 |
4 | /// A type whose values can be smoothly interpolated between keyframes.
[10/74] Compiling Kadr Compositor.swift
/host/spi-builder-workspace/.build/checkouts/kadr/Sources/Kadr/Animation/Animatable.swift:2:8: error: no such module 'CoreGraphics'
1 | import Foundation
2 | import CoreGraphics
| `- error: no such module 'CoreGraphics'
3 |
4 | /// A type whose values can be smoothly interpolated between keyframes.
[11/74] Compiling Kadr CropCompositor.swift
/host/spi-builder-workspace/.build/checkouts/kadr/Sources/Kadr/Animation/Animatable.swift:2:8: error: no such module 'CoreGraphics'
1 | import Foundation
2 | import CoreGraphics
| `- error: no such module 'CoreGraphics'
3 |
4 | /// A type whose values can be smoothly interpolated between keyframes.
[12/74] Compiling Kadr ExportEngine.swift
/host/spi-builder-workspace/.build/checkouts/kadr/Sources/Kadr/Animation/Animatable.swift:2:8: error: no such module 'CoreGraphics'
1 | import Foundation
2 | import CoreGraphics
| `- error: no such module 'CoreGraphics'
3 |
4 | /// A type whose values can be smoothly interpolated between keyframes.
[13/74] Compiling Kadr FilterProcessor.swift
/host/spi-builder-workspace/.build/checkouts/kadr/Sources/Kadr/Animation/Animatable.swift:2:8: error: no such module 'CoreGraphics'
1 | import Foundation
2 | import CoreGraphics
| `- error: no such module 'CoreGraphics'
3 |
4 | /// A type whose values can be smoothly interpolated between keyframes.
[14/74] Compiling Kadr Size.swift
/host/spi-builder-workspace/.build/checkouts/kadr/Sources/Kadr/Animation/Animatable.swift:2:8: error: no such module 'CoreGraphics'
1 | import Foundation
2 | import CoreGraphics
| `- error: no such module 'CoreGraphics'
3 |
4 | /// A type whose values can be smoothly interpolated between keyframes.
[15/74] Compiling Kadr Transform.swift
/host/spi-builder-workspace/.build/checkouts/kadr/Sources/Kadr/Animation/Animatable.swift:2:8: error: no such module 'CoreGraphics'
1 | import Foundation
2 | import CoreGraphics
| `- error: no such module 'CoreGraphics'
3 |
4 | /// A type whose values can be smoothly interpolated between keyframes.
[16/74] Compiling Kadr Clip+AnimationClearing.swift
/host/spi-builder-workspace/.build/checkouts/kadr/Sources/Kadr/Animation/Animatable.swift:2:8: error: no such module 'CoreGraphics'
1 | import Foundation
2 | import CoreGraphics
| `- error: no such module 'CoreGraphics'
3 |
4 | /// A type whose values can be smoothly interpolated between keyframes.
[17/74] Compiling Kadr Clip+FilterID.swift
/host/spi-builder-workspace/.build/checkouts/kadr/Sources/Kadr/Animation/Animatable.swift:2:8: error: no such module 'CoreGraphics'
1 | import Foundation
2 | import CoreGraphics
| `- error: no such module 'CoreGraphics'
3 |
4 | /// A type whose values can be smoothly interpolated between keyframes.
[18/74] Compiling Kadr Clip+Speed.swift
/host/spi-builder-workspace/.build/checkouts/kadr/Sources/Kadr/Animation/Animatable.swift:2:8: error: no such module 'CoreGraphics'
1 | import Foundation
2 | import CoreGraphics
| `- error: no such module 'CoreGraphics'
3 |
4 | /// A type whose values can be smoothly interpolated between keyframes.
[19/74] Compiling Kadr ImageOverlay.swift
/host/spi-builder-workspace/.build/checkouts/kadr/Sources/Kadr/Animation/Animatable.swift:2:8: error: no such module 'CoreGraphics'
1 | import Foundation
2 | import CoreGraphics
| `- error: no such module 'CoreGraphics'
3 |
4 | /// A type whose values can be smoothly interpolated between keyframes.
[20/74] Compiling Kadr Overlay.swift
/host/spi-builder-workspace/.build/checkouts/kadr/Sources/Kadr/Animation/Animatable.swift:2:8: error: no such module 'CoreGraphics'
1 | import Foundation
2 | import CoreGraphics
| `- error: no such module 'CoreGraphics'
3 |
4 | /// A type whose values can be smoothly interpolated between keyframes.
[21/74] Compiling Kadr StickerOverlay.swift
/host/spi-builder-workspace/.build/checkouts/kadr/Sources/Kadr/Animation/Animatable.swift:2:8: error: no such module 'CoreGraphics'
1 | import Foundation
2 | import CoreGraphics
| `- error: no such module 'CoreGraphics'
3 |
4 | /// A type whose values can be smoothly interpolated between keyframes.
[22/74] Compiling Kadr KadrError+LocalizedError.swift
/host/spi-builder-workspace/.build/checkouts/kadr/Sources/Kadr/Animation/Animatable.swift:2:8: error: no such module 'CoreGraphics'
1 | import Foundation
2 | import CoreGraphics
| `- error: no such module 'CoreGraphics'
3 |
4 | /// A type whose values can be smoothly interpolated between keyframes.
[23/74] Compiling Kadr KadrError.swift
/host/spi-builder-workspace/.build/checkouts/kadr/Sources/Kadr/Animation/Animatable.swift:2:8: error: no such module 'CoreGraphics'
1 | import Foundation
2 | import CoreGraphics
| `- error: no such module 'CoreGraphics'
3 |
4 | /// A type whose values can be smoothly interpolated between keyframes.
[24/74] Compiling Kadr ExportProgress.swift
/host/spi-builder-workspace/.build/checkouts/kadr/Sources/Kadr/Animation/Animatable.swift:2:8: error: no such module 'CoreGraphics'
1 | import Foundation
2 | import CoreGraphics
| `- error: no such module 'CoreGraphics'
3 |
4 | /// A type whose values can be smoothly interpolated between keyframes.
[25/74] Compiling Kadr ExportSettings.swift
/host/spi-builder-workspace/.build/checkouts/kadr/Sources/Kadr/Animation/Animatable.swift:2:8: error: no such module 'CoreGraphics'
1 | import Foundation
2 | import CoreGraphics
| `- error: no such module 'CoreGraphics'
3 |
4 | /// A type whose values can be smoothly interpolated between keyframes.
[26/74] Compiling Kadr Exporter.swift
/host/spi-builder-workspace/.build/checkouts/kadr/Sources/Kadr/Animation/Animatable.swift:2:8: error: no such module 'CoreGraphics'
1 | import Foundation
2 | import CoreGraphics
| `- error: no such module 'CoreGraphics'
3 |
4 | /// A type whose values can be smoothly interpolated between keyframes.
[27/74] Compiling Kadr Preset.swift
/host/spi-builder-workspace/.build/checkouts/kadr/Sources/Kadr/Animation/Animatable.swift:2:8: error: no such module 'CoreGraphics'
1 | import Foundation
2 | import CoreGraphics
| `- error: no such module 'CoreGraphics'
3 |
4 | /// A type whose values can be smoothly interpolated between keyframes.
[28/74] Compiling Kadr ChromaKey.swift
/host/spi-builder-workspace/.build/checkouts/kadr/Sources/Kadr/Animation/Animatable.swift:2:8: error: no such module 'CoreGraphics'
1 | import Foundation
2 | import CoreGraphics
| `- error: no such module 'CoreGraphics'
3 |
4 | /// A type whose values can be smoothly interpolated between keyframes.
[29/74] Compiling Kadr Filter.swift
/host/spi-builder-workspace/.build/checkouts/kadr/Sources/Kadr/Animation/Animatable.swift:2:8: error: no such module 'CoreGraphics'
1 | import Foundation
2 | import CoreGraphics
| `- error: no such module 'CoreGraphics'
3 |
4 | /// A type whose values can be smoothly interpolated between keyframes.
[30/74] Compiling Kadr FilterKind.swift
/host/spi-builder-workspace/.build/checkouts/kadr/Sources/Kadr/Animation/Animatable.swift:2:8: error: no such module 'CoreGraphics'
1 | import Foundation
2 | import CoreGraphics
| `- error: no such module 'CoreGraphics'
3 |
4 | /// A type whose values can be smoothly interpolated between keyframes.
[31/74] Compiling Kadr Animatable.swift
/host/spi-builder-workspace/.build/checkouts/kadr/Sources/Kadr/Animation/Animatable.swift:2:8: error: no such module 'CoreGraphics'
1 | import Foundation
2 | import CoreGraphics
| `- error: no such module 'CoreGraphics'
3 |
4 | /// A type whose values can be smoothly interpolated between keyframes.
[32/74] Compiling Kadr Animation.swift
/host/spi-builder-workspace/.build/checkouts/kadr/Sources/Kadr/Animation/Animatable.swift:2:8: error: no such module 'CoreGraphics'
1 | import Foundation
2 | import CoreGraphics
| `- error: no such module 'CoreGraphics'
3 |
4 | /// A type whose values can be smoothly interpolated between keyframes.
[33/74] Compiling Kadr TimingFunction.swift
/host/spi-builder-workspace/.build/checkouts/kadr/Sources/Kadr/Animation/Animatable.swift:2:8: error: no such module 'CoreGraphics'
1 | import Foundation
2 | import CoreGraphics
| `- error: no such module 'CoreGraphics'
3 |
4 | /// A type whose values can be smoothly interpolated between keyframes.
[34/74] Compiling Kadr AudioBuilder.swift
/host/spi-builder-workspace/.build/checkouts/kadr/Sources/Kadr/Animation/Animatable.swift:2:8: error: no such module 'CoreGraphics'
1 | import Foundation
2 | import CoreGraphics
| `- error: no such module 'CoreGraphics'
3 |
4 | /// A type whose values can be smoothly interpolated between keyframes.
[35/74] Compiling Kadr AudioTimePitchAlgorithm.swift
/host/spi-builder-workspace/.build/checkouts/kadr/Sources/Kadr/Animation/Animatable.swift:2:8: error: no such module 'CoreGraphics'
1 | import Foundation
2 | import CoreGraphics
| `- error: no such module 'CoreGraphics'
3 |
4 | /// A type whose values can be smoothly interpolated between keyframes.
[36/74] Compiling Kadr AudioTrack.swift
/host/spi-builder-workspace/.build/checkouts/kadr/Sources/Kadr/Animation/Animatable.swift:2:8: error: no such module 'CoreGraphics'
1 | import Foundation
2 | import CoreGraphics
| `- error: no such module 'CoreGraphics'
3 |
4 | /// A type whose values can be smoothly interpolated between keyframes.
[37/74] Compiling Kadr BackgroundMusic.swift
/host/spi-builder-workspace/.build/checkouts/kadr/Sources/Kadr/Animation/Animatable.swift:2:8: error: no such module 'CoreGraphics'
1 | import Foundation
2 | import CoreGraphics
| `- error: no such module 'CoreGraphics'
3 |
4 | /// A type whose values can be smoothly interpolated between keyframes.
[38/74] Compiling Kadr Caption.swift
/host/spi-builder-workspace/.build/checkouts/kadr/Sources/Kadr/Animation/Animatable.swift:2:8: error: no such module 'CoreGraphics'
1 | import Foundation
2 | import CoreGraphics
| `- error: no such module 'CoreGraphics'
3 |
4 | /// A type whose values can be smoothly interpolated between keyframes.
[39/74] Compiling Kadr Clip.swift
/host/spi-builder-workspace/.build/checkouts/kadr/Sources/Kadr/Animation/Animatable.swift:2:8: error: no such module 'CoreGraphics'
1 | import Foundation
2 | import CoreGraphics
| `- error: no such module 'CoreGraphics'
3 |
4 | /// A type whose values can be smoothly interpolated between keyframes.
[40/74] Compiling Kadr TextAnimation.swift
/host/spi-builder-workspace/.build/checkouts/kadr/Sources/Kadr/Animation/Animatable.swift:2:8: error: no such module 'CoreGraphics'
1 | import Foundation
2 | import CoreGraphics
| `- error: no such module 'CoreGraphics'
3 |
4 | /// A type whose values can be smoothly interpolated between keyframes.
[41/74] Compiling Kadr TextOverlay.swift
/host/spi-builder-workspace/.build/checkouts/kadr/Sources/Kadr/Animation/Animatable.swift:2:8: error: no such module 'CoreGraphics'
1 | import Foundation
2 | import CoreGraphics
| `- error: no such module 'CoreGraphics'
3 |
4 | /// A type whose values can be smoothly interpolated between keyframes.
[42/74] Compiling Kadr TextShadow.swift
/host/spi-builder-workspace/.build/checkouts/kadr/Sources/Kadr/Animation/Animatable.swift:2:8: error: no such module 'CoreGraphics'
1 | import Foundation
2 | import CoreGraphics
| `- error: no such module 'CoreGraphics'
3 |
4 | /// A type whose values can be smoothly interpolated between keyframes.
[43/74] Compiling Kadr TextStroke.swift
/host/spi-builder-workspace/.build/checkouts/kadr/Sources/Kadr/Animation/Animatable.swift:2:8: error: no such module 'CoreGraphics'
1 | import Foundation
2 | import CoreGraphics
| `- error: no such module 'CoreGraphics'
3 |
4 | /// A type whose values can be smoothly interpolated between keyframes.
[44/74] Compiling Kadr TextStyle.swift
/host/spi-builder-workspace/.build/checkouts/kadr/Sources/Kadr/Animation/Animatable.swift:2:8: error: no such module 'CoreGraphics'
1 | import Foundation
2 | import CoreGraphics
| `- error: no such module 'CoreGraphics'
3 |
4 | /// A type whose values can be smoothly interpolated between keyframes.
[45/74] Compiling Kadr Watermark.swift
/host/spi-builder-workspace/.build/checkouts/kadr/Sources/Kadr/Animation/Animatable.swift:2:8: error: no such module 'CoreGraphics'
1 | import Foundation
2 | import CoreGraphics
| `- error: no such module 'CoreGraphics'
3 |
4 | /// A type whose values can be smoothly interpolated between keyframes.
[46/74] Compiling Kadr PlatformTypes.swift
/host/spi-builder-workspace/.build/checkouts/kadr/Sources/Kadr/Animation/Animatable.swift:2:8: error: no such module 'CoreGraphics'
1 | import Foundation
2 | import CoreGraphics
| `- error: no such module 'CoreGraphics'
3 |
4 | /// A type whose values can be smoothly interpolated between keyframes.
[47/74] Compiling Kadr Timecode.swift
/host/spi-builder-workspace/.build/checkouts/kadr/Sources/Kadr/Animation/Animatable.swift:2:8: error: no such module 'CoreGraphics'
1 | import Foundation
2 | import CoreGraphics
| `- error: no such module 'CoreGraphics'
3 |
4 | /// A type whose values can be smoothly interpolated between keyframes.
[48/74] Compiling Kadr ImageClip+Color.swift
/host/spi-builder-workspace/.build/checkouts/kadr/Sources/Kadr/Animation/Animatable.swift:2:8: error: no such module 'CoreGraphics'
1 | import Foundation
2 | import CoreGraphics
| `- error: no such module 'CoreGraphics'
3 |
4 | /// A type whose values can be smoothly interpolated between keyframes.
[49/74] Compiling Kadr ImageClip.swift
/host/spi-builder-workspace/.build/checkouts/kadr/Sources/Kadr/Animation/Animatable.swift:2:8: error: no such module 'CoreGraphics'
1 | import Foundation
2 | import CoreGraphics
| `- error: no such module 'CoreGraphics'
3 |
4 | /// A type whose values can be smoothly interpolated between keyframes.
[50/74] Compiling Kadr SampleMedia.swift
/host/spi-builder-workspace/.build/checkouts/kadr/Sources/Kadr/Animation/Animatable.swift:2:8: error: no such module 'CoreGraphics'
1 | import Foundation
2 | import CoreGraphics
| `- error: no such module 'CoreGraphics'
3 |
4 | /// A type whose values can be smoothly interpolated between keyframes.
[51/74] Compiling Kadr TitleSequence.swift
/host/spi-builder-workspace/.build/checkouts/kadr/Sources/Kadr/Animation/Animatable.swift:2:8: error: no such module 'CoreGraphics'
1 | import Foundation
2 | import CoreGraphics
| `- error: no such module 'CoreGraphics'
3 |
4 | /// A type whose values can be smoothly interpolated between keyframes.
[52/74] Compiling Kadr Track.swift
/host/spi-builder-workspace/.build/checkouts/kadr/Sources/Kadr/Animation/Animatable.swift:2:8: error: no such module 'CoreGraphics'
1 | import Foundation
2 | import CoreGraphics
| `- error: no such module 'CoreGraphics'
3 |
4 | /// A type whose values can be smoothly interpolated between keyframes.
[53/74] Compiling Kadr Transition.swift
/host/spi-builder-workspace/.build/checkouts/kadr/Sources/Kadr/Animation/Animatable.swift:2:8: error: no such module 'CoreGraphics'
1 | import Foundation
2 | import CoreGraphics
| `- error: no such module 'CoreGraphics'
3 |
4 | /// A type whose values can be smoothly interpolated between keyframes.
[54/74] Compiling Kadr Video.swift
/host/spi-builder-workspace/.build/checkouts/kadr/Sources/Kadr/Animation/Animatable.swift:2:8: error: no such module 'CoreGraphics'
1 | import Foundation
2 | import CoreGraphics
| `- error: no such module 'CoreGraphics'
3 |
4 | /// A type whose values can be smoothly interpolated between keyframes.
[55/74] Compiling Kadr VideoBuilder.swift
/host/spi-builder-workspace/.build/checkouts/kadr/Sources/Kadr/Animation/Animatable.swift:2:8: error: no such module 'CoreGraphics'
1 | import Foundation
2 | import CoreGraphics
| `- error: no such module 'CoreGraphics'
3 |
4 | /// A type whose values can be smoothly interpolated between keyframes.
[56/74] Compiling Kadr VideoClip.swift
/host/spi-builder-workspace/.build/checkouts/kadr/Sources/Kadr/Animation/Animatable.swift:2:8: error: no such module 'CoreGraphics'
1 | import Foundation
2 | import CoreGraphics
| `- error: no such module 'CoreGraphics'
3 |
4 | /// A type whose values can be smoothly interpolated between keyframes.
[57/74] Compiling Kadr ImageEncoder.swift
/host/spi-builder-workspace/.build/checkouts/kadr/Sources/Kadr/Animation/Animatable.swift:2:8: error: no such module 'CoreGraphics'
1 | import Foundation
2 | import CoreGraphics
| `- error: no such module 'CoreGraphics'
3 |
4 | /// A type whose values can be smoothly interpolated between keyframes.
[58/74] Compiling Kadr KadrVideoCompositor.swift
/host/spi-builder-workspace/.build/checkouts/kadr/Sources/Kadr/Animation/Animatable.swift:2:8: error: no such module 'CoreGraphics'
1 | import Foundation
2 | import CoreGraphics
| `- error: no such module 'CoreGraphics'
3 |
4 | /// A type whose values can be smoothly interpolated between keyframes.
[59/74] Compiling Kadr MaskCompositor.swift
/host/spi-builder-workspace/.build/checkouts/kadr/Sources/Kadr/Animation/Animatable.swift:2:8: error: no such module 'CoreGraphics'
1 | import Foundation
2 | import CoreGraphics
| `- error: no such module 'CoreGraphics'
3 |
4 | /// A type whose values can be smoothly interpolated between keyframes.
[60/74] Compiling Kadr MultiInputCompositor.swift
/host/spi-builder-workspace/.build/checkouts/kadr/Sources/Kadr/Animation/Animatable.swift:2:8: error: no such module 'CoreGraphics'
1 | import Foundation
2 | import CoreGraphics
| `- error: no such module 'CoreGraphics'
3 |
4 | /// A type whose values can be smoothly interpolated between keyframes.
[61/74] Compiling Kadr OverlayRenderer.swift
/host/spi-builder-workspace/.build/checkouts/kadr/Sources/Kadr/Animation/Animatable.swift:2:8: error: no such module 'CoreGraphics'
1 | import Foundation
2 | import CoreGraphics
| `- error: no such module 'CoreGraphics'
3 |
4 | /// A type whose values can be smoothly interpolated between keyframes.
[62/74] Compiling Kadr PlaybackComposer.swift
/host/spi-builder-workspace/.build/checkouts/kadr/Sources/Kadr/Animation/Animatable.swift:2:8: error: no such module 'CoreGraphics'
1 | import Foundation
2 | import CoreGraphics
| `- error: no such module 'CoreGraphics'
3 |
4 | /// A type whose values can be smoothly interpolated between keyframes.
[63/74] Compiling Kadr ReverseProcessor.swift
/host/spi-builder-workspace/.build/checkouts/kadr/Sources/Kadr/Animation/Animatable.swift:2:8: error: no such module 'CoreGraphics'
1 | import Foundation
2 | import CoreGraphics
| `- error: no such module 'CoreGraphics'
3 |
4 | /// A type whose values can be smoothly interpolated between keyframes.
[64/74] Compiling Kadr SpeedCurveSampler.swift
/host/spi-builder-workspace/.build/checkouts/kadr/Sources/Kadr/Animation/Animatable.swift:2:8: error: no such module 'CoreGraphics'
1 | import Foundation
2 | import CoreGraphics
| `- error: no such module 'CoreGraphics'
3 |
4 | /// A type whose values can be smoothly interpolated between keyframes.
[65/74] Compiling Kadr ThumbnailGenerator.swift
/host/spi-builder-workspace/.build/checkouts/kadr/Sources/Kadr/Animation/Animatable.swift:2:8: error: no such module 'CoreGraphics'
1 | import Foundation
2 | import CoreGraphics
| `- error: no such module 'CoreGraphics'
3 |
4 | /// A type whose values can be smoothly interpolated between keyframes.
[66/74] Compiling Kadr LUT.swift
/host/spi-builder-workspace/.build/checkouts/kadr/Sources/Kadr/Animation/Animatable.swift:2:8: error: no such module 'CoreGraphics'
1 | import Foundation
2 | import CoreGraphics
| `- error: no such module 'CoreGraphics'
3 |
4 | /// A type whose values can be smoothly interpolated between keyframes.
[67/74] Compiling Kadr Anchor.swift
/host/spi-builder-workspace/.build/checkouts/kadr/Sources/Kadr/Animation/Animatable.swift:2:8: error: no such module 'CoreGraphics'
1 | import Foundation
2 | import CoreGraphics
| `- error: no such module 'CoreGraphics'
3 |
4 | /// A type whose values can be smoothly interpolated between keyframes.
[68/74] Compiling Kadr ClipID.swift
/host/spi-builder-workspace/.build/checkouts/kadr/Sources/Kadr/Animation/Animatable.swift:2:8: error: no such module 'CoreGraphics'
1 | import Foundation
2 | import CoreGraphics
| `- error: no such module 'CoreGraphics'
3 |
4 | /// A type whose values can be smoothly interpolated between keyframes.
[69/74] Compiling Kadr CropRegion.swift
/host/spi-builder-workspace/.build/checkouts/kadr/Sources/Kadr/Animation/Animatable.swift:2:8: error: no such module 'CoreGraphics'
1 | import Foundation
2 | import CoreGraphics
| `- error: no such module 'CoreGraphics'
3 |
4 | /// A type whose values can be smoothly interpolated between keyframes.
[70/74] Compiling Kadr FilterID.swift
/host/spi-builder-workspace/.build/checkouts/kadr/Sources/Kadr/Animation/Animatable.swift:2:8: error: no such module 'CoreGraphics'
1 | import Foundation
2 | import CoreGraphics
| `- error: no such module 'CoreGraphics'
3 |
4 | /// A type whose values can be smoothly interpolated between keyframes.
[71/74] Compiling Kadr Frame.swift
/host/spi-builder-workspace/.build/checkouts/kadr/Sources/Kadr/Animation/Animatable.swift:2:8: error: no such module 'CoreGraphics'
1 | import Foundation
2 | import CoreGraphics
| `- error: no such module 'CoreGraphics'
3 |
4 | /// A type whose values can be smoothly interpolated between keyframes.
[72/74] Compiling Kadr LayerID.swift
/host/spi-builder-workspace/.build/checkouts/kadr/Sources/Kadr/Animation/Animatable.swift:2:8: error: no such module 'CoreGraphics'
1 | import Foundation
2 | import CoreGraphics
| `- error: no such module 'CoreGraphics'
3 |
4 | /// A type whose values can be smoothly interpolated between keyframes.
[73/74] Compiling Kadr Layout.swift
/host/spi-builder-workspace/.build/checkouts/kadr/Sources/Kadr/Animation/Animatable.swift:2:8: error: no such module 'CoreGraphics'
1 | import Foundation
2 | import CoreGraphics
| `- error: no such module 'CoreGraphics'
3 |
4 | /// A type whose values can be smoothly interpolated between keyframes.
[74/74] Compiling Kadr Position.swift
/host/spi-builder-workspace/.build/checkouts/kadr/Sources/Kadr/Animation/Animatable.swift:2:8: error: no such module 'CoreGraphics'
1 | import Foundation
2 | import CoreGraphics
| `- error: no such module 'CoreGraphics'
3 |
4 | /// A type whose values can be smoothly interpolated between keyframes.
BUILD FAILURE 6.3 android