The Swift Package Index logo.Swift Package Index

Build Information

Failed to build swift-test-containers, reference 0.1.0 (55d52f), with Swift 6.4 for macOS (SPM) on 24 Sep 2026 03:45:17 UTC.

Build Command

env DEVELOPER_DIR=/Applications/Xcode-27.0.0-Release.Candidate.app xcrun swift build --arch arm64

Build Log

========================================
RunAll
========================================
Builder version: 5.1.0
Interrupt handler set up.
========================================
Checkout
========================================
Clone URL: https://github.com/Mongey/swift-test-containers.git
Reference: 0.1.0
Initialized empty Git repository in /Users/admin/builder/spi-builder-workspace/.git/
From https://github.com/Mongey/swift-test-containers
 * tag               0.1.0      -> FETCH_HEAD
HEAD is now at 55d52f7 Add FoundationNetworking import to test files for Linux
Cloned https://github.com/Mongey/swift-test-containers.git
Revision (git rev-parse @):
55d52f75e5de95571054e715af335bc0966ac9e4
SPI manifest file found: $PWD/.spi.yml
SUCCESS checkout https://github.com/Mongey/swift-test-containers.git at 0.1.0
========================================
Build
========================================
Selected platform:         macosSpm
Swift version:             6.4
Building package at path:  $PWD
https://github.com/Mongey/swift-test-containers.git
Running build ...
env DEVELOPER_DIR=/Applications/Xcode-27.0.0-Release.Candidate.app xcrun swift build --arch arm64
Building for debugging...
[Constructing description]
[Planning deferred tasks]
[35 / 66]
[38 / 67] CSystem
[43 / 76]
[54 / 89] SystemPackage
[67 / 117]
[73 / 117]
[76 / 117]
[79 / 117] _SubprocessCShims
[80 / 117]
[92 / 117] SystemPackage
[99 / 118] SystemPackage
[99 / 118] Subprocess
[107 / 150]
[109 / 150]
[111 / 150]
[114 / 150]
[117 / 150] SystemPackage
[119 / 150]
[121 / 150]
[122 / 150]
[133 / 150] Subprocess
[140 / 151] Subprocess
[140 / 151] TestContainers
[147 / 163] TestContainers
Fetching https://github.com/swiftlang/swift-subprocess.git
[1/4776] Fetching swift-subprocess
Fetched https://github.com/swiftlang/swift-subprocess.git (1.39s)
Fetching https://github.com/apple/swift-system
Fetching https://github.com/apple/swift-crypto.git
[1/6916] Fetching swift-system
[2/25465] Fetching swift-system, swift-crypto
Fetched https://github.com/apple/swift-system (1.42s)
[1670/18549] Fetching swift-crypto
Fetched https://github.com/apple/swift-crypto.git (3.04s)
Computing version for https://github.com/apple/swift-system
Computed https://github.com/apple/swift-system at 1.8.1 (3.68s)
Computing version for https://github.com/apple/swift-crypto.git
Computed https://github.com/apple/swift-crypto.git at 3.15.1 (2.79s)
Fetching https://github.com/apple/swift-asn1.git
[1/1983] Fetching swift-asn1
Fetched https://github.com/apple/swift-asn1.git (1.13s)
Computing version for https://github.com/apple/swift-asn1.git
Computed https://github.com/apple/swift-asn1.git at 1.7.3 (3.43s)
Creating working copy for https://github.com/apple/swift-system
Working copy of https://github.com/apple/swift-system resolved at 1.8.1
Creating working copy for https://github.com/apple/swift-asn1.git
Working copy of https://github.com/apple/swift-asn1.git resolved at 1.7.3
Creating working copy for https://github.com/apple/swift-crypto.git
Working copy of https://github.com/apple/swift-crypto.git resolved at 3.15.1
Creating working copy for https://github.com/swiftlang/swift-subprocess.git
Working copy of https://github.com/swiftlang/swift-subprocess.git resolved at main (8f099c6)
error: SwiftCompile normal arm64 /Users/admin/builder/spi-builder-workspace/Sources/TestContainers/ProcessRunner.swift failed with a nonzero exit code. Command line:     cd /Users/admin/builder
    builtin-SwiftPerFileCompile ProcessRunner.swift
/Users/admin/builder/spi-builder-workspace/Sources/TestContainers/ProcessRunner.swift:124:15: error: type 'TerminationStatus' has no member 'unhandledException'
122 |         case .exited(let code):
123 |             exitCode = Int32(code)
124 |         case .unhandledException(let code):
    |               `- error: type 'TerminationStatus' has no member 'unhandledException'
125 |             exitCode = Int32(code)
126 |         }
/Users/admin/builder/spi-builder-workspace/Sources/TestContainers/ProcessRunner.swift:146:9: error: failed to produce diagnostic for expression; please submit a bug report (https://swift.org/contributing/#reporting-bugs)
144 |         environment: [String: String] = [:]
145 |     ) -> AsyncThrowingStream<String, Error> {
146 |         AsyncThrowingStream { continuation in
    |         `- error: failed to produce diagnostic for expression; please submit a bug report (https://swift.org/contributing/#reporting-bugs)
147 |             let task = Task {
148 |                 do {
Failed frontend command:
/Applications/Xcode-27.0.0-Release.Candidate.app/Contents/Developer/Toolchains/XcodeDefault.xctoolchain/usr/bin/swift-frontend -frontend -c /Users/admin/builder/spi-builder-workspace/Sources/TestContainers/ArtifactCollector.swift /Users/admin/builder/spi-builder-workspace/Sources/TestContainers/ArtifactConfig.swift /Users/admin/builder/spi-builder-workspace/Sources/TestContainers/CleanupResult.swift /Users/admin/builder/spi-builder-workspace/Sources/TestContainers/Container.swift /Users/admin/builder/spi-builder-workspace/Sources/TestContainers/ContainerArtifact.swift /Users/admin/builder/spi-builder-workspace/Sources/TestContainers/ContainerInspection.swift /Users/admin/builder/spi-builder-workspace/Sources/TestContainers/ContainerListItem.swift /Users/admin/builder/spi-builder-workspace/Sources/TestContainers/ContainerNameGenerator.swift /Users/admin/builder/spi-builder-workspace/Sources/TestContainers/ContainerRequest.swift /Users/admin/builder/spi-builder-workspace/Sources/TestContainers/ContainerReuse.swift /Users/admin/builder/spi-builder-workspace/Sources/TestContainers/ContainerStack.swift /Users/admin/builder/spi-builder-workspace/Sources/TestContainers/DependencyGraph.swift /Users/admin/builder/spi-builder-workspace/Sources/TestContainers/DockerClient.swift /Users/admin/builder/spi-builder-workspace/Sources/TestContainers/ElasticsearchContainer.swift /Users/admin/builder/spi-builder-workspace/Sources/TestContainers/ExecTypes.swift /Users/admin/builder/spi-builder-workspace/Sources/TestContainers/HTTPProbe.swift /Users/admin/builder/spi-builder-workspace/Sources/TestContainers/HTTPWaitConfig.swift /Users/admin/builder/spi-builder-workspace/Sources/TestContainers/ImageFromDockerfile.swift /Users/admin/builder/spi-builder-workspace/Sources/TestContainers/ImageInspection.swift /Users/admin/builder/spi-builder-workspace/Sources/TestContainers/ImageSubstitutorConfig.swift /Users/admin/builder/spi-builder-workspace/Sources/TestContainers/KafkaContainer.swift /Users/admin/builder/spi-builder-workspace/Sources/TestContainers/LifecycleHook.swift /Users/admin/builder/spi-builder-workspace/Sources/TestContainers/LocalStackContainer.swift /Users/admin/builder/spi-builder-workspace/Sources/TestContainers/LogConsumer.swift /Users/admin/builder/spi-builder-workspace/Sources/TestContainers/LogHandler.swift /Users/admin/builder/spi-builder-workspace/Sources/TestContainers/LogLevel.swift /Users/admin/builder/spi-builder-workspace/Sources/TestContainers/LogStreaming.swift /Users/admin/builder/spi-builder-workspace/Sources/TestContainers/MariaDBContainer.swift /Users/admin/builder/spi-builder-workspace/Sources/TestContainers/MinioContainer.swift /Users/admin/builder/spi-builder-workspace/Sources/TestContainers/MongoDBContainer.swift /Users/admin/builder/spi-builder-workspace/Sources/TestContainers/MySQLContainer.swift /Users/admin/builder/spi-builder-workspace/Sources/TestContainers/NATSContainer.swift /Users/admin/builder/spi-builder-workspace/Sources/TestContainers/Network.swift /Users/admin/builder/spi-builder-workspace/Sources/TestContainers/NetworkConfig.swift /Users/admin/builder/spi-builder-workspace/Sources/TestContainers/NetworkRequest.swift /Users/admin/builder/spi-builder-workspace/Sources/TestContainers/NginxContainer.swift -primary-file /Users/admin/builder/spi-builder-workspace/Sources/TestContainers/OSLogHandler.swift -primary-file /Users/admin/builder/spi-builder-workspace/Sources/TestContainers/OpenSearchContainer.swift -primary-file /Users/admin/builder/spi-builder-workspace/Sources/TestContainers/ParallelSafetyConfig.swift -primary-file /Users/admin/builder/spi-builder-workspace/Sources/TestContainers/PostgresContainer.swift -primary-file /Users/admin/builder/spi-builder-workspace/Sources/TestContainers/PrintLogHandler.swift -primary-file /Users/admin/builder/spi-builder-workspace/Sources/TestContainers/ProcessRunner.swift /Users/admin/builder/spi-builder-workspace/Sources/TestContainers/RabbitMQContainer.swift /Users/admin/builder/spi-builder-workspace/Sources/TestContainers/RedisContainer.swift /Users/admin/builder/spi-builder-workspace/Sources/TestContainers/RetryPolicy.swift /Users/admin/builder/spi-builder-workspace/Sources/TestContainers/RunningStack.swift /Users/admin/builder/spi-builder-workspace/Sources/TestContainers/TCLogger.swift /Users/admin/builder/spi-builder-workspace/Sources/TestContainers/TCPProbe.swift /Users/admin/builder/spi-builder-workspace/Sources/TestContainers/TestContainersCleanup.swift /Users/admin/builder/spi-builder-workspace/Sources/TestContainers/TestContainersCleanupConfig.swift /Users/admin/builder/spi-builder-workspace/Sources/TestContainers/TestContainersError.swift /Users/admin/builder/spi-builder-workspace/Sources/TestContainers/TestContainersSession.swift /Users/admin/builder/spi-builder-workspace/Sources/TestContainers/VaultContainer.swift /Users/admin/builder/spi-builder-workspace/Sources/TestContainers/Waiter.swift /Users/admin/builder/spi-builder-workspace/Sources/TestContainers/WithContainer.swift /Users/admin/builder/spi-builder-workspace/Sources/TestContainers/WithContainerGroup.swift /Users/admin/builder/spi-builder-workspace/Sources/TestContainers/WithNetwork.swift /Users/admin/builder/spi-builder-workspace/Sources/TestContainers/WithStack.swift -supplementary-output-file-map /Users/admin/builder/spi-builder-workspace/.build/out/Intermediates.noindex/swift-test-containers.build/Debug/TestContainers-t.build/Objects-normal/arm64/supplementaryOutputs-21 -target arm64-apple-macos13.0 -module-can-import-version CryptoKit 383.1.1 0 -module-can-import-version Darwin 428.0.10 0 -module-can-import-version os 1090 0 -disable-cross-import-overlay-search -swift-module-cross-import Darwin /Applications/Xcode-27.0.0-Release.Candidate.app/Contents/Developer/Platforms/MacOSX.platform/Developer/SDKs/MacOSX.sdk/usr/include/Darwin.swiftcrossimport/xlocale.swiftoverlay -load-resolved-plugin /Applications/Xcode-27.0.0-Release.Candidate.app/Contents/Developer/Platforms/MacOSX.platform/Developer/usr/lib/swift/host/plugins/libFoundationMacros.dylib\#/Applications/Xcode-27.0.0-Release.Candidate.app/Contents/Developer/Platforms/MacOSX.platform/Developer/usr/bin/swift-plugin-server\#FoundationMacros -load-resolved-plugin /Applications/Xcode-27.0.0-Release.Candidate.app/Contents/Developer/Platforms/MacOSX.platform/Developer/usr/lib/swift/host/plugins/libObservationMacros.dylib\#/Applications/Xcode-27.0.0-Release.Candidate.app/Contents/Developer/Platforms/MacOSX.platform/Developer/usr/bin/swift-plugin-server\#ObservationMacros -load-resolved-plugin /Applications/Xcode-27.0.0-Release.Candidate.app/Contents/Developer/Platforms/MacOSX.platform/Developer/usr/lib/swift/host/plugins/libSwiftMacros.dylib\#/Applications/Xcode-27.0.0-Release.Candidate.app/Contents/Developer/Platforms/MacOSX.platform/Developer/usr/bin/swift-plugin-server\#SwiftMacros -disable-implicit-swift-modules -Xcc -fno-implicit-modules -Xcc -fno-implicit-module-maps -explicit-swift-module-map-file /Users/admin/builder/spi-builder-workspace/.build/out/Intermediates.noindex/swift-test-containers.build/Debug/TestContainers-t.build/Objects-normal/arm64/TestContainers-dependencies-1.json -Xllvm -aarch64-use-tbi -enable-objc-interop -stack-check -sdk /Applications/Xcode-27.0.0-Release.Candidate.app/Contents/Developer/Platforms/MacOSX.platform/Developer/SDKs/MacOSX27.0.sdk -I /Users/admin/builder/spi-builder-workspace/.build/out/Products/Debug -Isystem /Applications/Xcode-27.0.0-Release.Candidate.app/Contents/Developer/Platforms/MacOSX.platform/Developer/usr/lib -F /Users/admin/builder/spi-builder-workspace/.build/out/Products/Debug/PackageFrameworks -F /Users/admin/builder/spi-builder-workspace/.build/out/Products/Debug -F /Applications/Xcode-27.0.0-Release.Candidate.app/Contents/Developer/Platforms/MacOSX.platform/Developer/Library/Frameworks -module-cache-path /Users/admin/builder/spi-builder-workspace/.build/out/Intermediates.noindex/SwiftExplicitPrecompiledModules -color-diagnostics -Xcc -fcolor-diagnostics -enable-testing -g -debug-info-format\=dwarf -dwarf-version\=4 -swift-version 6 -Onone -D SWIFT_PACKAGE -D DEBUG -D SWIFT_MODULE_RESOURCE_BUNDLE_UNAVAILABLE -D Xcode -serialize-debugging-options -enable-experimental-feature DebugDescriptionMacro -empty-abi-descriptor -validate-clang-modules-once -clang-build-session-file /Users/admin/builder/spi-builder-workspace/.build/out/ModuleCache.noindex/Session.modulevalidation -Xcc -working-directory -Xcc /Users/admin/builder -enable-anonymous-context-mangled-names -file-compilation-dir /Users/admin/builder -Xcc -fmodule-map-file\=/Users/admin/builder/spi-builder-workspace/.build/checkouts/swift-system/Sources/CSystem/include/module.modulemap -Xcc -fmodule-map-file\=/Users/admin/builder/spi-builder-workspace/.build/checkouts/swift-subprocess/Sources/_SubprocessCShims/include/module.modulemap -Xcc -D_LIBCPP_HARDENING_MODE\=_LIBCPP_HARDENING_MODE_DEBUG -Xcc -ivfsstatcache -Xcc /Users/admin/builder/spi-builder-workspace/.build/out/SDKStatCaches.noindex/macosx27.0-26A425-80c5bbf1d171475443272936d42f90a36a22442a12e9d48fe1a705f55a1adfc4.sdkstatcache -Xcc -fmodules-prune-interval\=86400 -Xcc -fmodules-prune-after\=345600 -Xcc -I/Users/admin/builder/spi-builder-workspace/.build/checkouts/swift-system/Sources/CSystem/include -Xcc -I/Users/admin/builder/spi-builder-workspace/.build/checkouts/swift-subprocess/Sources/_SubprocessCShims/include -Xcc -I/Users/admin/builder/spi-builder-workspace/.build/out/Products/Debug/include -Xcc -I/Users/admin/builder/spi-builder-workspace/.build/out/Intermediates.noindex/swift-test-containers.build/Debug/TestContainers-t.build/DerivedSources-normal/arm64 -Xcc -I/Users/admin/builder/spi-builder-workspace/.build/out/Intermediates.noindex/swift-test-containers.build/Debug/TestContainers-t.build/DerivedSources/arm64 -Xcc -I/Users/admin/builder/spi-builder-workspace/.build/out/Intermediates.noindex/swift-test-containers.build/Debug/TestContainers-t.build/DerivedSources -Xcc -DSWIFT_PACKAGE -Xcc -DDEBUG\=1 -no-auto-bridging-header-chaining -module-name TestContainers -package-name spi_builder_workspace -const-gather-protocols-file /Users/admin/builder/spi-builder-workspace/.build/out/Intermediates.noindex/swift-test-containers.build/Debug/TestContainers-t.build/Objects-normal/arm64/TestContainers_const_extract_protocols.json -disable-clang-spi -clang-target arm64-apple-macos27.0 -target-sdk-version 27.0 -target-sdk-name macosx27.0 -in-process-plugin-server-path /Applications/Xcode-27.0.0-Release.Candidate.app/Contents/Developer/Toolchains/XcodeDefault.xctoolchain/usr/lib/swift/host/libSwiftInProcPluginServer.dylib -parse-as-library -o /Users/admin/builder/spi-builder-workspace/.build/out/Intermediates.noindex/swift-test-containers.build/Debug/TestContainers-t.build/Objects-normal/arm64/OSLogHandler.o -o /Users/admin/builder/spi-builder-workspace/.build/out/Intermediates.noindex/swift-test-containers.build/Debug/TestContainers-t.build/Objects-normal/arm64/OpenSearchContainer.o -o /Users/admin/builder/spi-builder-workspace/.build/out/Intermediates.noindex/swift-test-containers.build/Debug/TestContainers-t.build/Objects-normal/arm64/ParallelSafetyConfig.o -o /Users/admin/builder/spi-builder-workspace/.build/out/Intermediates.noindex/swift-test-containers.build/Debug/TestContainers-t.build/Objects-normal/arm64/PostgresContainer.o -o /Users/admin/builder/spi-builder-workspace/.build/out/Intermediates.noindex/swift-test-containers.build/Debug/TestContainers-t.build/Objects-normal/arm64/PrintLogHandler.o -o /Users/admin/builder/spi-builder-workspace/.build/out/Intermediates.noindex/swift-test-containers.build/Debug/TestContainers-t.build/Objects-normal/arm64/ProcessRunner.o -debug-module-path /Users/admin/builder/spi-builder-workspace/.build/out/Intermediates.noindex/swift-test-containers.build/Debug/TestContainers-t.build/Objects-normal/arm64/TestContainers.swiftmodule -index-unit-output-path /swift-test-containers.build/Debug/TestContainers-t.build/Objects-normal/arm64/OSLogHandler.o -index-unit-output-path /swift-test-containers.build/Debug/TestContainers-t.build/Objects-normal/arm64/OpenSearchContainer.o -index-unit-output-path /swift-test-containers.build/Debug/TestContainers-t.build/Objects-normal/arm64/ParallelSafetyConfig.o -index-unit-output-path /swift-test-containers.build/Debug/TestContainers-t.build/Objects-normal/arm64/PostgresContainer.o -index-unit-output-path /swift-test-containers.build/Debug/TestContainers-t.build/Objects-normal/arm64/PrintLogHandler.o -index-unit-output-path /swift-test-containers.build/Debug/TestContainers-t.build/Objects-normal/arm64/ProcessRunner.o -index-store-path /Users/admin/builder/spi-builder-workspace/.build/out -index-system-modules
error: Build failed
BUILD FAILURE 6.4 macosSpm