The Swift Package Index logo.Swift Package Index

Build Information

Failed to build tws-api-swift, reference main (b81806), with Swift 6.3 for Wasm on 4 Sep 2026 16:45:57 UTC.

Build Command

bash -c docker run --pull=always --rm -v "checkouts-53886770-0":/host -w "$PWD" -e JAVA_HOME="/root/.sdkman/candidates/java/current" -e SPI_BUILD="1" -e SPI_PROCESSING="1" registry.gitlab.com/saguaro1/spi-images:wasm-6.3-latest swift build --swift-sdk swift-6.3.2-RELEASE_wasm 2>&1

Build Log

========================================
RunAll
========================================
Builder version: 5.0.2
Interrupt handler set up.
========================================
Checkout
========================================
Clone URL: https://github.com/stensoosaar/tws-api-swift.git
Reference: main
Initialized empty Git repository in /host/spi-builder-workspace/.git/
hint: Using 'master' as the name for the initial branch. This default branch name
hint: is subject to change. To configure the initial branch name to use in all
hint: of your new repositories, which will suppress this warning, call:
hint:
hint: 	git config --global init.defaultBranch <name>
hint:
hint: Names commonly chosen instead of 'master' are 'main', 'trunk' and
hint: 'development'. The just-created branch can be renamed via this command:
hint:
hint: 	git branch -m <name>
From https://github.com/stensoosaar/tws-api-swift
 * branch            main       -> FETCH_HEAD
 * [new branch]      main       -> origin/main
HEAD is now at b818061 Delete Package.resolved
Cloned https://github.com/stensoosaar/tws-api-swift.git
Revision (git rev-parse @):
b818061b896403eb88be62cf7529a93882a9f860
SUCCESS checkout https://github.com/stensoosaar/tws-api-swift.git at main
========================================
Build
========================================
Selected platform:         wasm
Swift version:             6.3
Building package at path:  $PWD
https://github.com/stensoosaar/tws-api-swift.git
Running build ...
bash -c docker run --pull=always --rm -v "checkouts-53886770-0":/host -w "$PWD" -e JAVA_HOME="/root/.sdkman/candidates/java/current" -e SPI_BUILD="1" -e SPI_PROCESSING="1" registry.gitlab.com/saguaro1/spi-images:wasm-6.3-latest swift build --swift-sdk swift-6.3.2-RELEASE_wasm 2>&1
wasm-6.3-latest: Pulling from saguaro1/spi-images
Digest: sha256:e92e38b97676c18adb57b57429ddfb766786102cb50cb918e0d9e8055d05b35d
Status: Image is up to date for registry.gitlab.com/saguaro1/spi-images:wasm-6.3-latest
Fetching https://github.com/apple/swift-protobuf.git
Fetching https://github.com/apple/swift-nio.git
[1/85770] Fetching swift-nio
[2/139816] Fetching swift-nio, swift-protobuf
Fetched https://github.com/apple/swift-nio.git from cache (3.98s)
Fetched https://github.com/apple/swift-protobuf.git from cache (3.98s)
Computing version for https://github.com/apple/swift-protobuf.git
Computed https://github.com/apple/swift-protobuf.git at 1.38.1 (4.16s)
Computing version for https://github.com/apple/swift-nio.git
Computed https://github.com/apple/swift-nio.git at 2.102.0 (0.26s)
Fetching https://github.com/apple/swift-system.git
Fetching https://github.com/apple/swift-collections.git
Fetching https://github.com/apple/swift-atomics.git
[1/1875] Fetching swift-atomics
[1876/8729] Fetching swift-atomics, swift-system
Fetched https://github.com/apple/swift-system.git from cache (0.67s)
[1/27133] Fetching swift-collections
Fetched https://github.com/apple/swift-atomics.git from cache (1.22s)
Fetched https://github.com/apple/swift-collections.git from cache (1.23s)
Computing version for https://github.com/apple/swift-atomics.git
Computed https://github.com/apple/swift-atomics.git at 1.3.1 (1.40s)
Computing version for https://github.com/apple/swift-collections.git
Computed https://github.com/apple/swift-collections.git at 1.6.0 (0.23s)
Computing version for https://github.com/apple/swift-system.git
Computed https://github.com/apple/swift-system.git at 1.8.1 (0.17s)
Creating working copy for https://github.com/apple/swift-system.git
Working copy of https://github.com/apple/swift-system.git resolved at 1.8.1
Creating working copy for https://github.com/apple/swift-nio.git
Working copy of https://github.com/apple/swift-nio.git resolved at 2.102.0
Creating working copy for https://github.com/apple/swift-atomics.git
Working copy of https://github.com/apple/swift-atomics.git resolved at 1.3.1
Creating working copy for https://github.com/apple/swift-protobuf.git
Working copy of https://github.com/apple/swift-protobuf.git resolved at 1.38.1
Creating working copy for https://github.com/apple/swift-collections.git
Working copy of https://github.com/apple/swift-collections.git resolved at 1.6.0
[1/1] Compiling plugin SwiftProtobufPlugin
Building for debugging...
[1/30] Write sources
[13/30] Compiling CNIOWindows WSAStartup.c
[13/30] Compiling CNIOWindows shim.c
[15/30] Compiling CNIOOpenBSD shim.c
[15/30] Compiling CNIOWASI CNIOWASI.c
[15/30] Compiling _AtomicsShims.c
[18/30] Compiling CNIOLinux shim.c
[18/30] Compiling CNIOPosix event_loop_id.c
[20/30] Compiling CNIOFreeBSD shim.c
[21/30] Compiling CNIODarwin shim.c
[21/30] Compiling CNIOLinux liburing_shims.c
[23/30] Write sources
[24/30] Compiling CNIOLLHTTP c_nio_http.c
[25/30] Write swift-version-24593BA9C3E375BF.txt
[26/30] Compiling CNIOLLHTTP c_nio_api.c
[28/156] Emitting module InternalCollectionsUtilities
[28/158] Compiling CNIOLLHTTP c_nio_llhttp.c
[29/158] Compiling c-nioatomics.c
[30/158] Compiling c-atomics.c
[32/165] Emitting module Atomics
[33/167] Compiling Atomics IntegerOperations.swift
[34/167] Compiling Atomics Unmanaged extensions.swift
[35/167] Compiling SwiftProtobuf BinaryDelimited.swift
[36/167] Compiling SwiftProtobuf BinaryEncoder.swift
[37/167] Compiling SwiftProtobuf BinaryEncodingError.swift
[38/167] Compiling SwiftProtobuf TimeUtils.swift
[39/167] Compiling SwiftProtobuf UnknownStorage.swift
[40/167] Compiling SwiftProtobuf AnyMessageStorage.swift
[41/167] Compiling SwiftProtobuf AnyUnpackError.swift
[42/167] Compiling SwiftProtobuf AsyncMessageSequence.swift
[46/167] Compiling _NIODataStructures PriorityQueue.swift
[49/167] Compiling _NIOBase64 Base64.swift
[50/167] Emitting module _NIOBase64
[51/168] Compiling SwiftProtobuf BinaryDecoder.swift
[52/168] Compiling SwiftProtobuf BinaryDecodingError.swift
[53/168] Compiling SwiftProtobuf BinaryEncodingVisitor.swift
[54/168] Compiling SwiftProtobuf TextFormatEncodingOptions.swift
[56/168] Compiling SwiftProtobuf BinaryDecodingOptions.swift
[59/168] Compiling SwiftProtobuf TextFormatEncodingVisitor.swift
[60/168] Compiling SwiftProtobuf TextFormatScanner.swift
[62/168] Compiling SwiftProtobuf BinaryEncodingOptions.swift
[63/168] Compiling SwiftProtobuf BinaryEncodingSizeVisitor.swift
[68/169] Emitting module SwiftProtobuf
[78/197] Compiling _NIODataStructures _TinyArray.swift
[79/217] Compiling ContainersPreview Producer+Map.swift
[80/217] Compiling ContainersPreview Producer+Reduce.swift
[81/217] Compiling ContainersPreview Producer.swift
[82/217] Compiling ContainersPreview InputSpan.swift
[83/217] Compiling ContainersPreview MutableRef.swift
[84/217] Compiling ContainersPreview BorrowingSequence+Standard Conformances.swift
[85/217] Compiling ContainersPreview BorrowingSequence+Utilities.swift
[86/217] Compiling ContainersPreview BorrowingSequence.swift
[87/217] Compiling ContainersPreview BidirectionalContainer.swift
[88/217] Compiling ContainersPreview Container+Filter.swift
[89/217] Compiling ContainersPreview Drain+Map.swift
[90/217] Compiling ContainersPreview Drain+Reduce.swift
[91/217] Compiling ContainersPreview Drain.swift
[92/217] Compiling ContainersPreview Producer+Collect.swift
[93/217] Compiling ContainersPreview Producer+Filter.swift
[94/221] Compiling ContainersPreview PermutableContainer.swift
[95/221] Compiling ContainersPreview RandomAccessContainer.swift
[96/221] Compiling ContainersPreview RangeExpression2.swift
[97/221] Compiling ContainersPreview RangeReplaceableContainer.swift
[98/221] Compiling ContainersPreview Strideable+Limits.swift
[99/221] Compiling ContainersPreview BorrowingIteratorProtocol+Map.swift
[100/221] Compiling ContainersPreview BorrowingIteratorProtocol+Reduce.swift
[101/221] Compiling ContainersPreview BorrowingIteratorProtocol+SpanwiseZip.swift
[102/221] Compiling ContainersPreview BorrowingIteratorProtocol.swift
[103/221] Compiling ContainersPreview BorrowingSequence+Algorithms.swift
[104/221] Emitting module ContainersPreview
[105/221] Compiling ContainersPreview Ref.swift
[106/221] Compiling ContainersPreview Shared.swift
[107/221] Compiling ContainersPreview SpanIterator.swift
[108/221] Compiling ContainersPreview UniqueBox.swift
[109/221] Compiling ContainersPreview OutputSpan+Extras.swift
[110/221] Compiling ContainersPreview TemporaryAllocation.swift
[111/221] Compiling ContainersPreview BorrowingIteratorProtocol+Copy.swift
[112/221] Compiling ContainersPreview BorrowingIteratorProtocol+ElementsEqual.swift
[113/221] Compiling ContainersPreview BorrowingIteratorProtocol+Filter.swift
[114/221] Compiling ContainersPreview Container+SpanwiseZip.swift
[115/221] Compiling ContainersPreview Container.swift
[116/221] Compiling ContainersPreview ContainerIterator.swift
[117/221] Compiling ContainersPreview DynamicContainer.swift
[118/221] Compiling ContainersPreview MutableContainer.swift
[119/222] Compiling NIOConcurrencyHelpers lock.swift
[121/222] Emitting module _NIODataStructures
[122/222] Compiling _NIODataStructures Heap.swift
[136/264] Compiling NIOConcurrencyHelpers NIOThreadPoolWorkAvailable.swift
[137/264] Compiling SwiftProtobuf ProtoNameProviding.swift
[138/264] Compiling SwiftProtobuf ProtobufAPIVersionCheck.swift
[139/264] Compiling SwiftProtobuf ProtobufMap.swift
[140/264] Compiling SwiftProtobuf SelectiveVisitor.swift
[141/264] Compiling SwiftProtobuf SimpleExtensionMap.swift
[142/264] Compiling SwiftProtobuf StringUtils.swift
[143/264] Compiling SwiftProtobuf SwiftProtobufContiguousBytes.swift
[144/264] Compiling SwiftProtobuf SwiftProtobufError.swift
[145/264] Compiling SwiftProtobuf TextFormatDecoder.swift
[146/264] Compiling SwiftProtobuf TextFormatDecodingError.swift
[147/264] Compiling SwiftProtobuf TextFormatDecodingOptions.swift
[148/264] Compiling SwiftProtobuf TextFormatEncoder.swift
[149/264] Compiling DequeModule _DequeBuffer.swift
[150/264] Compiling DequeModule _DequeBufferHeader.swift
[151/264] Compiling DequeModule RigidDeque+Append.swift
[152/264] Compiling DequeModule RigidDeque+Consumption.swift
[153/264] Compiling DequeModule RigidDeque+Container.swift
[154/264] Compiling DequeModule RigidDeque+Descriptions.swift
[155/269] Emitting module NIOConcurrencyHelpers
[156/269] Compiling NIOConcurrencyHelpers atomics.swift
[157/269] Compiling NIOConcurrencyHelpers NIOAtomic.swift
[158/269] Compiling NIOConcurrencyHelpers NIOLock.swift
[159/269] Compiling NIOConcurrencyHelpers NIOLockedValueBox.swift
[160/270] Compiling SwiftProtobuf JSONDecoder.swift
[161/270] Compiling SwiftProtobuf JSONDecodingError.swift
[162/270] Compiling SwiftProtobuf JSONDecodingOptions.swift
[163/270] Compiling SwiftProtobuf JSONEncoder.swift
[164/270] Compiling SwiftProtobuf JSONEncodingError.swift
[165/270] Compiling SwiftProtobuf JSONEncodingOptions.swift
[166/270] Compiling SwiftProtobuf JSONEncodingVisitor.swift
[167/270] Compiling SwiftProtobuf JSONMapEncodingVisitor.swift
[168/270] Compiling SwiftProtobuf JSONScanner.swift
[169/270] Compiling SwiftProtobuf MathUtils.swift
[170/270] Compiling SwiftProtobuf Message+AnyAdditions.swift
[171/270] Compiling SwiftProtobuf Message+BinaryAdditions.swift
[173/270] Compiling DequeModule UniqueDeque+Container.swift
[174/270] Compiling DequeModule UniqueDeque+Deprecated.swift
[175/270] Compiling DequeModule UniqueDeque+Descriptions.swift
[176/270] Compiling DequeModule UniqueDeque+Equatable.swift
[177/270] Compiling DequeModule UniqueDeque+Experimental.swift
[178/270] Compiling DequeModule UniqueDeque+Replacements.swift
[179/270] Compiling DequeModule UniqueDeque.swift
[180/270] Compiling DequeModule _DequeSlot.swift
[181/270] Compiling DequeModule _UnsafeDequeHandle.swift
[182/270] Compiling DequeModule _UnsafeDequeSegments.swift
[183/270] Compiling SwiftProtobuf PathDecoder.swift
[184/270] Compiling SwiftProtobuf PathVisitor.swift
[185/270] Compiling SwiftProtobuf BytecodeInterpreter.swift
[186/270] Compiling SwiftProtobuf BytecodeReader.swift
[187/270] Compiling SwiftProtobuf CustomJSONCodable.swift
[188/270] Compiling SwiftProtobuf Decoder.swift
[189/270] Compiling SwiftProtobuf DoubleParser.swift
[190/270] Compiling SwiftProtobuf Enum.swift
[191/270] Compiling DequeModule UniqueDeque+Hashable.swift
[192/270] Compiling DequeModule UniqueDeque+Initializers.swift
[193/270] Compiling DequeModule UniqueDeque+Insertions.swift
[194/270] Compiling DequeModule UniqueDeque+Prepend.swift
[195/270] Compiling DequeModule UniqueDeque+Removals.swift
[201/270] Compiling SwiftProtobuf ExtensibleMessage.swift
[202/270] Compiling SwiftProtobuf ExtensionFieldValueSet.swift
[203/270] Compiling SwiftProtobuf ExtensionFields.swift
[204/270] Compiling SwiftProtobuf ExtensionMap.swift
[205/270] Compiling SwiftProtobuf FieldTag.swift
[206/270] Compiling SwiftProtobuf FieldTypes.swift
[207/270] Compiling DequeModule RigidDeque+Removals.swift
[208/270] Compiling DequeModule RigidDeque+Replacements.swift
[209/270] Compiling DequeModule RigidDeque+Testing.swift
[210/270] Compiling DequeModule RigidDeque.swift
[211/270] Compiling DequeModule UniqueDeque+Append.swift
[212/270] Compiling DequeModule UniqueDeque+Consumption.swift
[213/270] Compiling DequeModule RigidDeque+Equatable.swift
[214/270] Compiling DequeModule RigidDeque+Experimental.swift
[215/270] Compiling DequeModule RigidDeque+Hashable.swift
[216/270] Compiling DequeModule RigidDeque+Initializers.swift
[217/270] Compiling DequeModule RigidDeque+Insertions.swift
[218/270] Compiling DequeModule RigidDeque+Prepend.swift
[230/270] Compiling DequeModule Deque+Codable.swift
[231/270] Compiling DequeModule Deque+Collection.swift
[232/270] Compiling DequeModule Deque+CustomReflectable.swift
[233/270] Compiling DequeModule Deque+Descriptions.swift
[234/270] Compiling DequeModule Deque+Equatable.swift
[235/270] Compiling DequeModule Deque+ExpressibleByArrayLiteral.swift
[236/270] Compiling DequeModule Deque+Extras.swift
[237/270] Compiling DequeModule Deque+Hashable.swift
[238/270] Compiling DequeModule Deque+Testing.swift
[239/270] Compiling DequeModule Deque._Storage.swift
[240/270] Compiling DequeModule Deque._UnsafeHandle.swift
[241/270] Compiling DequeModule Deque.swift
[254/270] Emitting module DequeModule
[261/335] Compiling NIOCore NIOCoreSendableMetatype.swift
[262/335] Compiling NIOCore NIODecodedAsyncSequence.swift
[263/335] Compiling NIOCore NIOLoopBound.swift
[264/335] Compiling NIOCore NIOPooledRecvBufferAllocator.swift
[265/335] Compiling NIOCore NIOScheduledCallback.swift
[266/335] Compiling NIOCore NIOSendable.swift
[267/335] Compiling NIOCore NIOSplitLinesMessageDecoder.swift
[268/335] Compiling NIOCore NIOTransportAccessibleChannelCore.swift
[269/335] Compiling NIOCore RecvByteBufferAllocator.swift
[270/343] Compiling NIOCore IPProtocol.swift
[271/343] Compiling NIOCore IntegerBitPacking.swift
[272/343] Compiling NIOCore IntegerTypes.swift
[273/343] Compiling NIOCore Interfaces.swift
[274/343] Compiling NIOCore Linux.swift
[275/343] Compiling NIOCore MarkedCircularBuffer.swift
[276/343] Compiling NIOCore MulticastChannel.swift
[277/343] Compiling NIOCore NIOAny.swift
[278/343] Compiling NIOCore NIOCloseOnErrorHandler.swift
[279/343] Compiling NIOCore AddressedEnvelope.swift
[280/343] Compiling NIOCore AsyncAwaitSupport.swift
[281/343] Compiling NIOCore AsyncChannel.swift
[282/343] Compiling NIOCore AsyncChannelHandler.swift
[283/343] Compiling NIOCore AsyncChannelInboundStream.swift
[284/343] Compiling NIOCore AsyncChannelOutboundWriter.swift
[285/343] Compiling NIOCore NIOAsyncSequenceProducer.swift
[286/343] Compiling NIOCore NIOAsyncSequenceProducerStrategies.swift
[287/343] Compiling NIOCore NIOAsyncWriter.swift
[288/343] Compiling NIOCore SingleStepByteToMessageDecoder.swift
[289/343] Compiling NIOCore SocketAddresses.swift
[290/343] Compiling NIOCore SocketOptionProvider.swift
[291/343] Compiling NIOCore SystemCallHelpers.swift
[292/343] Compiling NIOCore TimeAmount+Duration.swift
[293/343] Compiling NIOCore TypeAssistedChannelHandler.swift
[294/343] Compiling NIOCore UniversalBootstrapSupport.swift
[295/343] Compiling NIOCore Utilities.swift
[296/343] Compiling NIOCore NIOThrowingAsyncSequenceProducer.swift
[297/343] Compiling NIOCore BSDSocketAPI.swift
[298/343] Compiling NIOCore ByteBuffer-aux.swift
[299/343] Compiling NIOCore ByteBuffer-binaryEncodedLengthPrefix.swift
[300/343] Compiling NIOCore ByteBuffer-conversions.swift
[301/343] Compiling NIOCore ByteBuffer-core.swift
[302/343] Compiling NIOCore ByteBuffer-hex.swift
[303/343] Compiling NIOCore ByteBuffer-int.swift
[304/343] Compiling NIOCore ByteBuffer-lengthPrefix.swift
[305/343] Compiling SwiftProtobuf any.pb.swift
[306/343] Compiling SwiftProtobuf api.pb.swift
[307/343] Compiling SwiftProtobuf descriptor.pb.swift
[308/343] Compiling SwiftProtobuf duration.pb.swift
[309/343] Compiling SwiftProtobuf empty.pb.swift
[310/343] Compiling SwiftProtobuf field_mask.pb.swift
[311/343] Compiling SwiftProtobuf source_context.pb.swift
[312/343] Compiling SwiftProtobuf struct.pb.swift
[313/343] Compiling SwiftProtobuf timestamp.pb.swift
[314/343] Compiling SwiftProtobuf type.pb.swift
[315/343] Compiling SwiftProtobuf wrappers.pb.swift
[317/520] Compiling TWSModels FamilyCode.pb.swift
[318/520] Compiling TWSModels FamilyCodes.pb.swift
[319/520] Compiling TWSModels FamilyCodesRequest.pb.swift
[320/520] Compiling TWSModels GlobalCancelRequest.pb.swift
[321/520] Compiling TWSModels HeadTimestamp.pb.swift
[322/520] Compiling TWSModels Order.pb.swift
[323/520] Compiling TWSModels OrderAllocation.pb.swift
[324/520] Compiling TWSModels OrderBound.pb.swift
[325/520] Compiling TWSModels OrderCancel.pb.swift
[326/520] Compiling TWSModels ErrorMessage.pb.swift
[327/520] Compiling TWSModels Execution.pb.swift
[328/520] Compiling TWSModels ExecutionDetails.pb.swift
[329/520] Compiling TWSModels ExecutionDetailsEnd.pb.swift
[330/520] Compiling TWSModels ExecutionFilter.pb.swift
[331/520] Compiling TWSModels ExecutionRequest.pb.swift
[332/520] Compiling TWSModels ExerciseOptionsRequest.pb.swift
[333/520] Compiling TWSModels FAReplace.pb.swift
[334/520] Compiling TWSModels FARequest.pb.swift
[335/520] Compiling TWSModels CancelAccountSummary.pb.swift
[336/520] Compiling TWSModels CancelAccountUpdatesMulti.pb.swift
[337/520] Compiling TWSModels CancelCalculateImpliedVolatility.pb.swift
[338/520] Compiling TWSModels CancelCalculateOptionPrice.pb.swift
[339/520] Compiling TWSModels CancelContractData.pb.swift
[340/520] Compiling TWSModels CancelHeadTimestamp.pb.swift
[341/520] Compiling TWSModels CancelHistogramData.pb.swift
[342/520] Compiling TWSModels ContractDataRequest.pb.swift
[343/520] Compiling TWSModels ContractDescription.pb.swift
[344/520] Emitting module NIOCore
[346/588] Compiling NIOPosix PipeChannel.swift
[347/588] Compiling NIOPosix PipePair.swift
[348/588] Compiling NIOPosix Pool.swift
[349/588] Compiling NIOPosix PosixSingletons+ConcurrencyTakeOver.swift
[350/588] Compiling NIOPosix PosixSingletons.swift
[351/588] Compiling NIOPosix RawSocketBootstrap.swift
[352/588] Compiling NIOPosix Resolver.swift
[353/595] Compiling NIOPosix BaseStreamSocketChannel.swift
[354/595] Compiling NIOPosix Bootstrap.swift
[355/595] Compiling NIOPosix ControlMessage.swift
[356/595] Compiling NIOPosix DatagramVectorReadManager.swift
[357/595] Compiling NIOPosix Errors+Any.swift
[358/595] Compiling NIOPosix FileDescriptor.swift
[359/595] Compiling NIOPosix GetaddrinfoResolver.swift
error: emit-module command failed with exit code 1 (use -v to see invocation)
[360/595] Emitting module NIOPosix
/host/spi-builder-workspace/.build/checkouts/swift-nio/Sources/NIOPosix/BaseSocketChannel+AccessibleTransport.swift:17:11: error: cannot find type 'BaseSocketChannel' in scope
15 | import NIOCore
16 |
17 | extension BaseSocketChannel where SocketType: BaseSocket {
   |           `- error: cannot find type 'BaseSocketChannel' in scope
18 |     /// The underlying transport type backing this channel.
19 |     typealias Transport = NIOBSDSocket.Handle
/host/spi-builder-workspace/.build/checkouts/swift-nio/Sources/NIOPosix/BaseSocketChannel+AccessibleTransport.swift:27:11: error: cannot find type 'BaseSocketChannel' in scope
25 | }
26 |
27 | extension BaseSocketChannel where SocketType: PipePair {
   |           `- error: cannot find type 'BaseSocketChannel' in scope
28 |     /// The underlying transport type backing this channel.
29 |     typealias Transport = NIOBSDSocket.PipeHandle
/host/spi-builder-workspace/.build/checkouts/swift-nio/Sources/NIOPosix/BaseSocketChannel+AccessibleTransport.swift:42:11: error: cannot find type 'SocketChannel' in scope
40 | }
41 |
42 | extension SocketChannel: NIOTransportAccessibleChannelCore {}
   |           `- error: cannot find type 'SocketChannel' in scope
43 | extension ServerSocketChannel: NIOTransportAccessibleChannelCore {}
44 | extension DatagramChannel: NIOTransportAccessibleChannelCore {}
/host/spi-builder-workspace/.build/checkouts/swift-nio/Sources/NIOPosix/BaseSocketChannel+AccessibleTransport.swift:43:11: error: cannot find type 'ServerSocketChannel' in scope
41 |
42 | extension SocketChannel: NIOTransportAccessibleChannelCore {}
43 | extension ServerSocketChannel: NIOTransportAccessibleChannelCore {}
   |           `- error: cannot find type 'ServerSocketChannel' in scope
44 | extension DatagramChannel: NIOTransportAccessibleChannelCore {}
45 | extension PipeChannel: NIOTransportAccessibleChannelCore {}
/host/spi-builder-workspace/.build/checkouts/swift-nio/Sources/NIOPosix/BaseSocketChannel+AccessibleTransport.swift:44:11: error: cannot find type 'DatagramChannel' in scope
42 | extension SocketChannel: NIOTransportAccessibleChannelCore {}
43 | extension ServerSocketChannel: NIOTransportAccessibleChannelCore {}
44 | extension DatagramChannel: NIOTransportAccessibleChannelCore {}
   |           `- error: cannot find type 'DatagramChannel' in scope
45 | extension PipeChannel: NIOTransportAccessibleChannelCore {}
46 |
/host/spi-builder-workspace/.build/checkouts/swift-nio/Sources/NIOPosix/BaseSocketChannel+AccessibleTransport.swift:45:11: error: cannot find type 'PipeChannel' in scope
43 | extension ServerSocketChannel: NIOTransportAccessibleChannelCore {}
44 | extension DatagramChannel: NIOTransportAccessibleChannelCore {}
45 | extension PipeChannel: NIOTransportAccessibleChannelCore {}
   |           `- error: cannot find type 'PipeChannel' in scope
46 |
[361/595] Compiling NIOPosix MultiThreadedEventLoopGroup.swift
[362/595] Compiling NIOPosix NIOPosixSendableMetatype.swift
[363/595] Compiling NIOPosix NIORandomizedDNSResolver.swift
[364/595] Compiling NIOPosix NIOThreadPool.swift
[365/595] Compiling NIOPosix NonBlockingFileIO.swift
[366/595] Compiling NIOPosix PendingDatagramWritesManager.swift
[367/595] Compiling NIOPosix PendingWritesManager.swift
[368/595] Compiling NIOPosix HappyEyeballs.swift
[369/595] Compiling NIOPosix IO.swift
[370/595] Compiling NIOPosix IntegerBitPacking.swift
[371/595] Compiling NIOPosix IntegerTypes.swift
[372/595] Compiling NIOPosix Linux.swift
[373/595] Compiling NIOPosix LinuxCPUSet.swift
[374/595] Compiling NIOPosix LinuxUring.swift
[375/595] Compiling NIOPosix SelectorWSAPoll.swift
[376/595] Compiling NIOPosix ServerSocket.swift
[377/595] Compiling NIOPosix Socket.swift
[378/595] Compiling NIOPosix SocketChannel.swift
[379/595] Compiling NIOPosix SocketProtocols.swift
[380/595] Compiling NIOPosix StructuredConcurrencyHelpers.swift
[381/595] Compiling NIOPosix System.swift
[382/595] Compiling NIOPosix BSDSocketAPICommon.swift
/host/spi-builder-workspace/.build/checkouts/swift-nio/Sources/NIOPosix/BaseSocketChannel+AccessibleTransport.swift:17:11: error: cannot find type 'BaseSocketChannel' in scope
15 | import NIOCore
16 |
17 | extension BaseSocketChannel where SocketType: BaseSocket {
   |           `- error: cannot find type 'BaseSocketChannel' in scope
18 |     /// The underlying transport type backing this channel.
19 |     typealias Transport = NIOBSDSocket.Handle
/host/spi-builder-workspace/.build/checkouts/swift-nio/Sources/NIOPosix/BaseSocketChannel+AccessibleTransport.swift:27:11: error: cannot find type 'BaseSocketChannel' in scope
25 | }
26 |
27 | extension BaseSocketChannel where SocketType: PipePair {
   |           `- error: cannot find type 'BaseSocketChannel' in scope
28 |     /// The underlying transport type backing this channel.
29 |     typealias Transport = NIOBSDSocket.PipeHandle
/host/spi-builder-workspace/.build/checkouts/swift-nio/Sources/NIOPosix/BaseSocketChannel+AccessibleTransport.swift:42:11: error: cannot find type 'SocketChannel' in scope
40 | }
41 |
42 | extension SocketChannel: NIOTransportAccessibleChannelCore {}
   |           `- error: cannot find type 'SocketChannel' in scope
43 | extension ServerSocketChannel: NIOTransportAccessibleChannelCore {}
44 | extension DatagramChannel: NIOTransportAccessibleChannelCore {}
/host/spi-builder-workspace/.build/checkouts/swift-nio/Sources/NIOPosix/BaseSocketChannel+AccessibleTransport.swift:43:11: error: cannot find type 'ServerSocketChannel' in scope
41 |
42 | extension SocketChannel: NIOTransportAccessibleChannelCore {}
43 | extension ServerSocketChannel: NIOTransportAccessibleChannelCore {}
   |           `- error: cannot find type 'ServerSocketChannel' in scope
44 | extension DatagramChannel: NIOTransportAccessibleChannelCore {}
45 | extension PipeChannel: NIOTransportAccessibleChannelCore {}
/host/spi-builder-workspace/.build/checkouts/swift-nio/Sources/NIOPosix/BaseSocketChannel+AccessibleTransport.swift:44:11: error: cannot find type 'DatagramChannel' in scope
42 | extension SocketChannel: NIOTransportAccessibleChannelCore {}
43 | extension ServerSocketChannel: NIOTransportAccessibleChannelCore {}
44 | extension DatagramChannel: NIOTransportAccessibleChannelCore {}
   |           `- error: cannot find type 'DatagramChannel' in scope
45 | extension PipeChannel: NIOTransportAccessibleChannelCore {}
46 |
/host/spi-builder-workspace/.build/checkouts/swift-nio/Sources/NIOPosix/BaseSocketChannel+AccessibleTransport.swift:45:11: error: cannot find type 'PipeChannel' in scope
43 | extension ServerSocketChannel: NIOTransportAccessibleChannelCore {}
44 | extension DatagramChannel: NIOTransportAccessibleChannelCore {}
45 | extension PipeChannel: NIOTransportAccessibleChannelCore {}
   |           `- error: cannot find type 'PipeChannel' in scope
46 |
/host/spi-builder-workspace/.build/checkouts/swift-nio/Sources/NIOPosix/BaseSocketChannel+AccessibleTransport.swift:17:29: error: 'where' clause cannot be applied to a non-generic top-level declaration
15 | import NIOCore
16 |
17 | extension BaseSocketChannel where SocketType: BaseSocket {
   |                             `- error: 'where' clause cannot be applied to a non-generic top-level declaration
18 |     /// The underlying transport type backing this channel.
19 |     typealias Transport = NIOBSDSocket.Handle
/host/spi-builder-workspace/.build/checkouts/swift-nio/Sources/NIOPosix/BaseSocketChannel+AccessibleTransport.swift:27:29: error: 'where' clause cannot be applied to a non-generic top-level declaration
25 | }
26 |
27 | extension BaseSocketChannel where SocketType: PipePair {
   |                             `- error: 'where' clause cannot be applied to a non-generic top-level declaration
28 |     /// The underlying transport type backing this channel.
29 |     typealias Transport = NIOBSDSocket.PipeHandle
[383/595] Compiling NIOPosix BSDSocketAPIPosix.swift
/host/spi-builder-workspace/.build/checkouts/swift-nio/Sources/NIOPosix/BaseSocketChannel+AccessibleTransport.swift:17:11: error: cannot find type 'BaseSocketChannel' in scope
15 | import NIOCore
16 |
17 | extension BaseSocketChannel where SocketType: BaseSocket {
   |           `- error: cannot find type 'BaseSocketChannel' in scope
18 |     /// The underlying transport type backing this channel.
19 |     typealias Transport = NIOBSDSocket.Handle
/host/spi-builder-workspace/.build/checkouts/swift-nio/Sources/NIOPosix/BaseSocketChannel+AccessibleTransport.swift:27:11: error: cannot find type 'BaseSocketChannel' in scope
25 | }
26 |
27 | extension BaseSocketChannel where SocketType: PipePair {
   |           `- error: cannot find type 'BaseSocketChannel' in scope
28 |     /// The underlying transport type backing this channel.
29 |     typealias Transport = NIOBSDSocket.PipeHandle
/host/spi-builder-workspace/.build/checkouts/swift-nio/Sources/NIOPosix/BaseSocketChannel+AccessibleTransport.swift:42:11: error: cannot find type 'SocketChannel' in scope
40 | }
41 |
42 | extension SocketChannel: NIOTransportAccessibleChannelCore {}
   |           `- error: cannot find type 'SocketChannel' in scope
43 | extension ServerSocketChannel: NIOTransportAccessibleChannelCore {}
44 | extension DatagramChannel: NIOTransportAccessibleChannelCore {}
/host/spi-builder-workspace/.build/checkouts/swift-nio/Sources/NIOPosix/BaseSocketChannel+AccessibleTransport.swift:43:11: error: cannot find type 'ServerSocketChannel' in scope
41 |
42 | extension SocketChannel: NIOTransportAccessibleChannelCore {}
43 | extension ServerSocketChannel: NIOTransportAccessibleChannelCore {}
   |           `- error: cannot find type 'ServerSocketChannel' in scope
44 | extension DatagramChannel: NIOTransportAccessibleChannelCore {}
45 | extension PipeChannel: NIOTransportAccessibleChannelCore {}
/host/spi-builder-workspace/.build/checkouts/swift-nio/Sources/NIOPosix/BaseSocketChannel+AccessibleTransport.swift:44:11: error: cannot find type 'DatagramChannel' in scope
42 | extension SocketChannel: NIOTransportAccessibleChannelCore {}
43 | extension ServerSocketChannel: NIOTransportAccessibleChannelCore {}
44 | extension DatagramChannel: NIOTransportAccessibleChannelCore {}
   |           `- error: cannot find type 'DatagramChannel' in scope
45 | extension PipeChannel: NIOTransportAccessibleChannelCore {}
46 |
/host/spi-builder-workspace/.build/checkouts/swift-nio/Sources/NIOPosix/BaseSocketChannel+AccessibleTransport.swift:45:11: error: cannot find type 'PipeChannel' in scope
43 | extension ServerSocketChannel: NIOTransportAccessibleChannelCore {}
44 | extension DatagramChannel: NIOTransportAccessibleChannelCore {}
45 | extension PipeChannel: NIOTransportAccessibleChannelCore {}
   |           `- error: cannot find type 'PipeChannel' in scope
46 |
/host/spi-builder-workspace/.build/checkouts/swift-nio/Sources/NIOPosix/BaseSocketChannel+AccessibleTransport.swift:17:29: error: 'where' clause cannot be applied to a non-generic top-level declaration
15 | import NIOCore
16 |
17 | extension BaseSocketChannel where SocketType: BaseSocket {
   |                             `- error: 'where' clause cannot be applied to a non-generic top-level declaration
18 |     /// The underlying transport type backing this channel.
19 |     typealias Transport = NIOBSDSocket.Handle
/host/spi-builder-workspace/.build/checkouts/swift-nio/Sources/NIOPosix/BaseSocketChannel+AccessibleTransport.swift:27:29: error: 'where' clause cannot be applied to a non-generic top-level declaration
25 | }
26 |
27 | extension BaseSocketChannel where SocketType: PipePair {
   |                             `- error: 'where' clause cannot be applied to a non-generic top-level declaration
28 |     /// The underlying transport type backing this channel.
29 |     typealias Transport = NIOBSDSocket.PipeHandle
[384/595] Compiling NIOPosix BSDSocketAPIWindows.swift
/host/spi-builder-workspace/.build/checkouts/swift-nio/Sources/NIOPosix/BaseSocketChannel+AccessibleTransport.swift:17:11: error: cannot find type 'BaseSocketChannel' in scope
15 | import NIOCore
16 |
17 | extension BaseSocketChannel where SocketType: BaseSocket {
   |           `- error: cannot find type 'BaseSocketChannel' in scope
18 |     /// The underlying transport type backing this channel.
19 |     typealias Transport = NIOBSDSocket.Handle
/host/spi-builder-workspace/.build/checkouts/swift-nio/Sources/NIOPosix/BaseSocketChannel+AccessibleTransport.swift:27:11: error: cannot find type 'BaseSocketChannel' in scope
25 | }
26 |
27 | extension BaseSocketChannel where SocketType: PipePair {
   |           `- error: cannot find type 'BaseSocketChannel' in scope
28 |     /// The underlying transport type backing this channel.
29 |     typealias Transport = NIOBSDSocket.PipeHandle
/host/spi-builder-workspace/.build/checkouts/swift-nio/Sources/NIOPosix/BaseSocketChannel+AccessibleTransport.swift:42:11: error: cannot find type 'SocketChannel' in scope
40 | }
41 |
42 | extension SocketChannel: NIOTransportAccessibleChannelCore {}
   |           `- error: cannot find type 'SocketChannel' in scope
43 | extension ServerSocketChannel: NIOTransportAccessibleChannelCore {}
44 | extension DatagramChannel: NIOTransportAccessibleChannelCore {}
/host/spi-builder-workspace/.build/checkouts/swift-nio/Sources/NIOPosix/BaseSocketChannel+AccessibleTransport.swift:43:11: error: cannot find type 'ServerSocketChannel' in scope
41 |
42 | extension SocketChannel: NIOTransportAccessibleChannelCore {}
43 | extension ServerSocketChannel: NIOTransportAccessibleChannelCore {}
   |           `- error: cannot find type 'ServerSocketChannel' in scope
44 | extension DatagramChannel: NIOTransportAccessibleChannelCore {}
45 | extension PipeChannel: NIOTransportAccessibleChannelCore {}
/host/spi-builder-workspace/.build/checkouts/swift-nio/Sources/NIOPosix/BaseSocketChannel+AccessibleTransport.swift:44:11: error: cannot find type 'DatagramChannel' in scope
42 | extension SocketChannel: NIOTransportAccessibleChannelCore {}
43 | extension ServerSocketChannel: NIOTransportAccessibleChannelCore {}
44 | extension DatagramChannel: NIOTransportAccessibleChannelCore {}
   |           `- error: cannot find type 'DatagramChannel' in scope
45 | extension PipeChannel: NIOTransportAccessibleChannelCore {}
46 |
/host/spi-builder-workspace/.build/checkouts/swift-nio/Sources/NIOPosix/BaseSocketChannel+AccessibleTransport.swift:45:11: error: cannot find type 'PipeChannel' in scope
43 | extension ServerSocketChannel: NIOTransportAccessibleChannelCore {}
44 | extension DatagramChannel: NIOTransportAccessibleChannelCore {}
45 | extension PipeChannel: NIOTransportAccessibleChannelCore {}
   |           `- error: cannot find type 'PipeChannel' in scope
46 |
/host/spi-builder-workspace/.build/checkouts/swift-nio/Sources/NIOPosix/BaseSocketChannel+AccessibleTransport.swift:17:29: error: 'where' clause cannot be applied to a non-generic top-level declaration
15 | import NIOCore
16 |
17 | extension BaseSocketChannel where SocketType: BaseSocket {
   |                             `- error: 'where' clause cannot be applied to a non-generic top-level declaration
18 |     /// The underlying transport type backing this channel.
19 |     typealias Transport = NIOBSDSocket.Handle
/host/spi-builder-workspace/.build/checkouts/swift-nio/Sources/NIOPosix/BaseSocketChannel+AccessibleTransport.swift:27:29: error: 'where' clause cannot be applied to a non-generic top-level declaration
25 | }
26 |
27 | extension BaseSocketChannel where SocketType: PipePair {
   |                             `- error: 'where' clause cannot be applied to a non-generic top-level declaration
28 |     /// The underlying transport type backing this channel.
29 |     typealias Transport = NIOBSDSocket.PipeHandle
[385/595] Compiling NIOPosix BaseSocket.swift
/host/spi-builder-workspace/.build/checkouts/swift-nio/Sources/NIOPosix/BaseSocketChannel+AccessibleTransport.swift:17:11: error: cannot find type 'BaseSocketChannel' in scope
15 | import NIOCore
16 |
17 | extension BaseSocketChannel where SocketType: BaseSocket {
   |           `- error: cannot find type 'BaseSocketChannel' in scope
18 |     /// The underlying transport type backing this channel.
19 |     typealias Transport = NIOBSDSocket.Handle
/host/spi-builder-workspace/.build/checkouts/swift-nio/Sources/NIOPosix/BaseSocketChannel+AccessibleTransport.swift:27:11: error: cannot find type 'BaseSocketChannel' in scope
25 | }
26 |
27 | extension BaseSocketChannel where SocketType: PipePair {
   |           `- error: cannot find type 'BaseSocketChannel' in scope
28 |     /// The underlying transport type backing this channel.
29 |     typealias Transport = NIOBSDSocket.PipeHandle
/host/spi-builder-workspace/.build/checkouts/swift-nio/Sources/NIOPosix/BaseSocketChannel+AccessibleTransport.swift:42:11: error: cannot find type 'SocketChannel' in scope
40 | }
41 |
42 | extension SocketChannel: NIOTransportAccessibleChannelCore {}
   |           `- error: cannot find type 'SocketChannel' in scope
43 | extension ServerSocketChannel: NIOTransportAccessibleChannelCore {}
44 | extension DatagramChannel: NIOTransportAccessibleChannelCore {}
/host/spi-builder-workspace/.build/checkouts/swift-nio/Sources/NIOPosix/BaseSocketChannel+AccessibleTransport.swift:43:11: error: cannot find type 'ServerSocketChannel' in scope
41 |
42 | extension SocketChannel: NIOTransportAccessibleChannelCore {}
43 | extension ServerSocketChannel: NIOTransportAccessibleChannelCore {}
   |           `- error: cannot find type 'ServerSocketChannel' in scope
44 | extension DatagramChannel: NIOTransportAccessibleChannelCore {}
45 | extension PipeChannel: NIOTransportAccessibleChannelCore {}
/host/spi-builder-workspace/.build/checkouts/swift-nio/Sources/NIOPosix/BaseSocketChannel+AccessibleTransport.swift:44:11: error: cannot find type 'DatagramChannel' in scope
42 | extension SocketChannel: NIOTransportAccessibleChannelCore {}
43 | extension ServerSocketChannel: NIOTransportAccessibleChannelCore {}
44 | extension DatagramChannel: NIOTransportAccessibleChannelCore {}
   |           `- error: cannot find type 'DatagramChannel' in scope
45 | extension PipeChannel: NIOTransportAccessibleChannelCore {}
46 |
/host/spi-builder-workspace/.build/checkouts/swift-nio/Sources/NIOPosix/BaseSocketChannel+AccessibleTransport.swift:45:11: error: cannot find type 'PipeChannel' in scope
43 | extension ServerSocketChannel: NIOTransportAccessibleChannelCore {}
44 | extension DatagramChannel: NIOTransportAccessibleChannelCore {}
45 | extension PipeChannel: NIOTransportAccessibleChannelCore {}
   |           `- error: cannot find type 'PipeChannel' in scope
46 |
/host/spi-builder-workspace/.build/checkouts/swift-nio/Sources/NIOPosix/BaseSocketChannel+AccessibleTransport.swift:17:29: error: 'where' clause cannot be applied to a non-generic top-level declaration
15 | import NIOCore
16 |
17 | extension BaseSocketChannel where SocketType: BaseSocket {
   |                             `- error: 'where' clause cannot be applied to a non-generic top-level declaration
18 |     /// The underlying transport type backing this channel.
19 |     typealias Transport = NIOBSDSocket.Handle
/host/spi-builder-workspace/.build/checkouts/swift-nio/Sources/NIOPosix/BaseSocketChannel+AccessibleTransport.swift:27:29: error: 'where' clause cannot be applied to a non-generic top-level declaration
25 | }
26 |
27 | extension BaseSocketChannel where SocketType: PipePair {
   |                             `- error: 'where' clause cannot be applied to a non-generic top-level declaration
28 |     /// The underlying transport type backing this channel.
29 |     typealias Transport = NIOBSDSocket.PipeHandle
[386/595] Compiling NIOPosix BaseSocketChannel+AccessibleTransport.swift
/host/spi-builder-workspace/.build/checkouts/swift-nio/Sources/NIOPosix/BaseSocketChannel+AccessibleTransport.swift:17:11: error: cannot find type 'BaseSocketChannel' in scope
15 | import NIOCore
16 |
17 | extension BaseSocketChannel where SocketType: BaseSocket {
   |           `- error: cannot find type 'BaseSocketChannel' in scope
18 |     /// The underlying transport type backing this channel.
19 |     typealias Transport = NIOBSDSocket.Handle
/host/spi-builder-workspace/.build/checkouts/swift-nio/Sources/NIOPosix/BaseSocketChannel+AccessibleTransport.swift:27:11: error: cannot find type 'BaseSocketChannel' in scope
25 | }
26 |
27 | extension BaseSocketChannel where SocketType: PipePair {
   |           `- error: cannot find type 'BaseSocketChannel' in scope
28 |     /// The underlying transport type backing this channel.
29 |     typealias Transport = NIOBSDSocket.PipeHandle
/host/spi-builder-workspace/.build/checkouts/swift-nio/Sources/NIOPosix/BaseSocketChannel+AccessibleTransport.swift:42:11: error: cannot find type 'SocketChannel' in scope
40 | }
41 |
42 | extension SocketChannel: NIOTransportAccessibleChannelCore {}
   |           `- error: cannot find type 'SocketChannel' in scope
43 | extension ServerSocketChannel: NIOTransportAccessibleChannelCore {}
44 | extension DatagramChannel: NIOTransportAccessibleChannelCore {}
/host/spi-builder-workspace/.build/checkouts/swift-nio/Sources/NIOPosix/BaseSocketChannel+AccessibleTransport.swift:43:11: error: cannot find type 'ServerSocketChannel' in scope
41 |
42 | extension SocketChannel: NIOTransportAccessibleChannelCore {}
43 | extension ServerSocketChannel: NIOTransportAccessibleChannelCore {}
   |           `- error: cannot find type 'ServerSocketChannel' in scope
44 | extension DatagramChannel: NIOTransportAccessibleChannelCore {}
45 | extension PipeChannel: NIOTransportAccessibleChannelCore {}
/host/spi-builder-workspace/.build/checkouts/swift-nio/Sources/NIOPosix/BaseSocketChannel+AccessibleTransport.swift:44:11: error: cannot find type 'DatagramChannel' in scope
42 | extension SocketChannel: NIOTransportAccessibleChannelCore {}
43 | extension ServerSocketChannel: NIOTransportAccessibleChannelCore {}
44 | extension DatagramChannel: NIOTransportAccessibleChannelCore {}
   |           `- error: cannot find type 'DatagramChannel' in scope
45 | extension PipeChannel: NIOTransportAccessibleChannelCore {}
46 |
/host/spi-builder-workspace/.build/checkouts/swift-nio/Sources/NIOPosix/BaseSocketChannel+AccessibleTransport.swift:45:11: error: cannot find type 'PipeChannel' in scope
43 | extension ServerSocketChannel: NIOTransportAccessibleChannelCore {}
44 | extension DatagramChannel: NIOTransportAccessibleChannelCore {}
45 | extension PipeChannel: NIOTransportAccessibleChannelCore {}
   |           `- error: cannot find type 'PipeChannel' in scope
46 |
/host/spi-builder-workspace/.build/checkouts/swift-nio/Sources/NIOPosix/BaseSocketChannel+AccessibleTransport.swift:17:29: error: 'where' clause cannot be applied to a non-generic top-level declaration
15 | import NIOCore
16 |
17 | extension BaseSocketChannel where SocketType: BaseSocket {
   |                             `- error: 'where' clause cannot be applied to a non-generic top-level declaration
18 |     /// The underlying transport type backing this channel.
19 |     typealias Transport = NIOBSDSocket.Handle
/host/spi-builder-workspace/.build/checkouts/swift-nio/Sources/NIOPosix/BaseSocketChannel+AccessibleTransport.swift:27:29: error: 'where' clause cannot be applied to a non-generic top-level declaration
25 | }
26 |
27 | extension BaseSocketChannel where SocketType: PipePair {
   |                             `- error: 'where' clause cannot be applied to a non-generic top-level declaration
28 |     /// The underlying transport type backing this channel.
29 |     typealias Transport = NIOBSDSocket.PipeHandle
[387/595] Compiling NIOPosix BaseSocketChannel+SocketOptionProvider.swift
/host/spi-builder-workspace/.build/checkouts/swift-nio/Sources/NIOPosix/BaseSocketChannel+AccessibleTransport.swift:17:11: error: cannot find type 'BaseSocketChannel' in scope
15 | import NIOCore
16 |
17 | extension BaseSocketChannel where SocketType: BaseSocket {
   |           `- error: cannot find type 'BaseSocketChannel' in scope
18 |     /// The underlying transport type backing this channel.
19 |     typealias Transport = NIOBSDSocket.Handle
/host/spi-builder-workspace/.build/checkouts/swift-nio/Sources/NIOPosix/BaseSocketChannel+AccessibleTransport.swift:27:11: error: cannot find type 'BaseSocketChannel' in scope
25 | }
26 |
27 | extension BaseSocketChannel where SocketType: PipePair {
   |           `- error: cannot find type 'BaseSocketChannel' in scope
28 |     /// The underlying transport type backing this channel.
29 |     typealias Transport = NIOBSDSocket.PipeHandle
/host/spi-builder-workspace/.build/checkouts/swift-nio/Sources/NIOPosix/BaseSocketChannel+AccessibleTransport.swift:42:11: error: cannot find type 'SocketChannel' in scope
40 | }
41 |
42 | extension SocketChannel: NIOTransportAccessibleChannelCore {}
   |           `- error: cannot find type 'SocketChannel' in scope
43 | extension ServerSocketChannel: NIOTransportAccessibleChannelCore {}
44 | extension DatagramChannel: NIOTransportAccessibleChannelCore {}
/host/spi-builder-workspace/.build/checkouts/swift-nio/Sources/NIOPosix/BaseSocketChannel+AccessibleTransport.swift:43:11: error: cannot find type 'ServerSocketChannel' in scope
41 |
42 | extension SocketChannel: NIOTransportAccessibleChannelCore {}
43 | extension ServerSocketChannel: NIOTransportAccessibleChannelCore {}
   |           `- error: cannot find type 'ServerSocketChannel' in scope
44 | extension DatagramChannel: NIOTransportAccessibleChannelCore {}
45 | extension PipeChannel: NIOTransportAccessibleChannelCore {}
/host/spi-builder-workspace/.build/checkouts/swift-nio/Sources/NIOPosix/BaseSocketChannel+AccessibleTransport.swift:44:11: error: cannot find type 'DatagramChannel' in scope
42 | extension SocketChannel: NIOTransportAccessibleChannelCore {}
43 | extension ServerSocketChannel: NIOTransportAccessibleChannelCore {}
44 | extension DatagramChannel: NIOTransportAccessibleChannelCore {}
   |           `- error: cannot find type 'DatagramChannel' in scope
45 | extension PipeChannel: NIOTransportAccessibleChannelCore {}
46 |
/host/spi-builder-workspace/.build/checkouts/swift-nio/Sources/NIOPosix/BaseSocketChannel+AccessibleTransport.swift:45:11: error: cannot find type 'PipeChannel' in scope
43 | extension ServerSocketChannel: NIOTransportAccessibleChannelCore {}
44 | extension DatagramChannel: NIOTransportAccessibleChannelCore {}
45 | extension PipeChannel: NIOTransportAccessibleChannelCore {}
   |           `- error: cannot find type 'PipeChannel' in scope
46 |
/host/spi-builder-workspace/.build/checkouts/swift-nio/Sources/NIOPosix/BaseSocketChannel+AccessibleTransport.swift:17:29: error: 'where' clause cannot be applied to a non-generic top-level declaration
15 | import NIOCore
16 |
17 | extension BaseSocketChannel where SocketType: BaseSocket {
   |                             `- error: 'where' clause cannot be applied to a non-generic top-level declaration
18 |     /// The underlying transport type backing this channel.
19 |     typealias Transport = NIOBSDSocket.Handle
/host/spi-builder-workspace/.build/checkouts/swift-nio/Sources/NIOPosix/BaseSocketChannel+AccessibleTransport.swift:27:29: error: 'where' clause cannot be applied to a non-generic top-level declaration
25 | }
26 |
27 | extension BaseSocketChannel where SocketType: PipePair {
   |                             `- error: 'where' clause cannot be applied to a non-generic top-level declaration
28 |     /// The underlying transport type backing this channel.
29 |     typealias Transport = NIOBSDSocket.PipeHandle
[388/595] Compiling NIOPosix BaseSocketChannel.swift
/host/spi-builder-workspace/.build/checkouts/swift-nio/Sources/NIOPosix/BaseSocketChannel+AccessibleTransport.swift:17:11: error: cannot find type 'BaseSocketChannel' in scope
15 | import NIOCore
16 |
17 | extension BaseSocketChannel where SocketType: BaseSocket {
   |           `- error: cannot find type 'BaseSocketChannel' in scope
18 |     /// The underlying transport type backing this channel.
19 |     typealias Transport = NIOBSDSocket.Handle
/host/spi-builder-workspace/.build/checkouts/swift-nio/Sources/NIOPosix/BaseSocketChannel+AccessibleTransport.swift:27:11: error: cannot find type 'BaseSocketChannel' in scope
25 | }
26 |
27 | extension BaseSocketChannel where SocketType: PipePair {
   |           `- error: cannot find type 'BaseSocketChannel' in scope
28 |     /// The underlying transport type backing this channel.
29 |     typealias Transport = NIOBSDSocket.PipeHandle
/host/spi-builder-workspace/.build/checkouts/swift-nio/Sources/NIOPosix/BaseSocketChannel+AccessibleTransport.swift:42:11: error: cannot find type 'SocketChannel' in scope
40 | }
41 |
42 | extension SocketChannel: NIOTransportAccessibleChannelCore {}
   |           `- error: cannot find type 'SocketChannel' in scope
43 | extension ServerSocketChannel: NIOTransportAccessibleChannelCore {}
44 | extension DatagramChannel: NIOTransportAccessibleChannelCore {}
/host/spi-builder-workspace/.build/checkouts/swift-nio/Sources/NIOPosix/BaseSocketChannel+AccessibleTransport.swift:43:11: error: cannot find type 'ServerSocketChannel' in scope
41 |
42 | extension SocketChannel: NIOTransportAccessibleChannelCore {}
43 | extension ServerSocketChannel: NIOTransportAccessibleChannelCore {}
   |           `- error: cannot find type 'ServerSocketChannel' in scope
44 | extension DatagramChannel: NIOTransportAccessibleChannelCore {}
45 | extension PipeChannel: NIOTransportAccessibleChannelCore {}
/host/spi-builder-workspace/.build/checkouts/swift-nio/Sources/NIOPosix/BaseSocketChannel+AccessibleTransport.swift:44:11: error: cannot find type 'DatagramChannel' in scope
42 | extension SocketChannel: NIOTransportAccessibleChannelCore {}
43 | extension ServerSocketChannel: NIOTransportAccessibleChannelCore {}
44 | extension DatagramChannel: NIOTransportAccessibleChannelCore {}
   |           `- error: cannot find type 'DatagramChannel' in scope
45 | extension PipeChannel: NIOTransportAccessibleChannelCore {}
46 |
/host/spi-builder-workspace/.build/checkouts/swift-nio/Sources/NIOPosix/BaseSocketChannel+AccessibleTransport.swift:45:11: error: cannot find type 'PipeChannel' in scope
43 | extension ServerSocketChannel: NIOTransportAccessibleChannelCore {}
44 | extension DatagramChannel: NIOTransportAccessibleChannelCore {}
45 | extension PipeChannel: NIOTransportAccessibleChannelCore {}
   |           `- error: cannot find type 'PipeChannel' in scope
46 |
/host/spi-builder-workspace/.build/checkouts/swift-nio/Sources/NIOPosix/BaseSocketChannel+AccessibleTransport.swift:17:29: error: 'where' clause cannot be applied to a non-generic top-level declaration
15 | import NIOCore
16 |
17 | extension BaseSocketChannel where SocketType: BaseSocket {
   |                             `- error: 'where' clause cannot be applied to a non-generic top-level declaration
18 |     /// The underlying transport type backing this channel.
19 |     typealias Transport = NIOBSDSocket.Handle
/host/spi-builder-workspace/.build/checkouts/swift-nio/Sources/NIOPosix/BaseSocketChannel+AccessibleTransport.swift:27:29: error: 'where' clause cannot be applied to a non-generic top-level declaration
25 | }
26 |
27 | extension BaseSocketChannel where SocketType: PipePair {
   |                             `- error: 'where' clause cannot be applied to a non-generic top-level declaration
28 |     /// The underlying transport type backing this channel.
29 |     typealias Transport = NIOBSDSocket.PipeHandle
[389/595] Compiling NIOPosix Selectable.swift
[390/595] Compiling NIOPosix SelectableChannel.swift
[391/595] Compiling NIOPosix SelectableEventLoop.swift
[392/595] Compiling NIOPosix SelectorEpoll.swift
[393/595] Compiling NIOPosix SelectorGeneric.swift
[394/595] Compiling NIOPosix SelectorKqueue.swift
[395/595] Compiling NIOPosix SelectorUring.swift
[396/595] Compiling NIOPosix Thread.swift
[397/595] Compiling NIOPosix ThreadPosix.swift
[398/595] Compiling NIOPosix ThreadWindows.swift
[399/595] Compiling NIOPosix Utilities.swift
[400/595] Compiling NIOPosix VsockAddress.swift
[401/595] Compiling NIOPosix VsockChannelEvents.swift
[402/595] Compiling NIOPosix Windows.swift
BUILD FAILURE 6.3 wasm